I20260709 12:20:32.466357  1250 catalog_manager.cc:5697] T 5b2b1bf1819a49988286e6e0914c2a45 P b24441641b814559b7ba7def34f95ab4 reported cstate change: term changed from 0 to 1, leader changed from <none> to b24441641b814559b7ba7def34f95ab4 (127.31.226.131). New cstate: current_term: 1 leader_uuid: "b24441641b814559b7ba7def34f95ab4" committed_config { opid_index: -1 OBSOLETE_local: false peers { permanent_uuid: "cac7295426d94089845959a23cf51235" member_type: VOTER last_known_addr { host: "127.31.226.129" port: 40153 } health_report { overall_health: UNKNOWN } } peers { permanent_uuid: "6185b5c4fdfc42f4b205f388165ebe24" member_type: VOTER last_known_addr { host: "127.31.226.130" port: 35651 } health_report { overall_health: UNKNOWN } } peers { permanent_uuid: "b24441641b814559b7ba7def34f95ab4" member_type: VOTER last_known_addr { host: "127.31.226.131" port: 40585 } health_report { overall_health: HEALTHY } } }
I20260709 12:20:32.595954  1351 tablet_service.cc:1917] Received RequestConsensusVote() RPC: tablet_id: "955bdd1d929a4fe589eaae0e3f4ec758" candidate_uuid: "6185b5c4fdfc42f4b205f388165ebe24" candidate_term: 1 candidate_status { last_received { term: 0 index: 0 } } ignore_live_leader: false dest_uuid: "cac7295426d94089845959a23cf51235" is_pre_election: true
I20260709 12:20:32.598203  1348 raft_consensus.cc:1275] T 1c9c2298c7a244f59dfb6bc71149e86e P cac7295426d94089845959a23cf51235 [term 2 FOLLOWER]: Refusing update from remote peer 6185b5c4fdfc42f4b205f388165ebe24: Log matching property violated. Preceding OpId in replica: term: 1 index: 1. Preceding OpId from leader: term: 2 index: 2. (index mismatch)
I20260709 12:20:32.485693  1430 tablet_service.cc:1917] Received RequestConsensusVote() RPC: tablet_id: "408bd7452dde49c7af7845910c6c3d07" candidate_uuid: "cac7295426d94089845959a23cf51235" candidate_term: 1 candidate_status { last_received { term: 0 index: 0 } } ignore_live_leader: false dest_uuid: "6185b5c4fdfc42f4b205f388165ebe24"
I20260709 12:20:32.613539  1396 leader_election.cc:304] T a0ffdf5cfc1d4df984566f65067fff1e P 6185b5c4fdfc42f4b205f388165ebe24 [CANDIDATE]: Term 1 pre-election: Election decided. Result: candidate won. Election summary: received 3 responses out of 3 voters: 2 yes votes; 1 no votes. yes voters: 6185b5c4fdfc42f4b205f388165ebe24, cac7295426d94089845959a23cf51235; no voters: b24441641b814559b7ba7def34f95ab4
I20260709 12:20:32.615238  1425 tablet_service.cc:1917] Received RequestConsensusVote() RPC: tablet_id: "955bdd1d929a4fe589eaae0e3f4ec758" candidate_uuid: "cac7295426d94089845959a23cf51235" candidate_term: 1 candidate_status { last_received { term: 0 index: 0 } } ignore_live_leader: false dest_uuid: "6185b5c4fdfc42f4b205f388165ebe24" is_pre_election: true
I20260709 12:20:32.607919  1430 raft_consensus.cc:3060] T 408bd7452dde49c7af7845910c6c3d07 P 6185b5c4fdfc42f4b205f388165ebe24 [term 0 FOLLOWER]: Advancing to term 1
I20260709 12:20:32.493780  1427 tablet_service.cc:1917] Received RequestConsensusVote() RPC: tablet_id: "1a7547aa9c8e43f6810d589c9f29a424" candidate_uuid: "cac7295426d94089845959a23cf51235" candidate_term: 1 candidate_status { last_received { term: 0 index: 0 } } ignore_live_leader: false dest_uuid: "6185b5c4fdfc42f4b205f388165ebe24" is_pre_election: true
I20260709 12:20:32.461501  1545 raft_consensus.cc:359] T a0ffdf5cfc1d4df984566f65067fff1e P b24441641b814559b7ba7def34f95ab4 [term 0 FOLLOWER]: Replica starting. Triggering 0 pending ops. Active config: opid_index: -1 OBSOLETE_local: false peers { permanent_uuid: "cac7295426d94089845959a23cf51235" member_type: VOTER last_known_addr { host: "127.31.226.129" port: 40153 } } peers { permanent_uuid: "6185b5c4fdfc42f4b205f388165ebe24" member_type: VOTER last_known_addr { host: "127.31.226.130" port: 35651 } } peers { permanent_uuid: "b24441641b814559b7ba7def34f95ab4" member_type: VOTER last_known_addr { host: "127.31.226.131" port: 40585 } }
I20260709 12:20:32.531467  1547 tablet_bootstrap.cc:492] T 2d8e5908aa914a0ebbfaaf2390e978f0 P cac7295426d94089845959a23cf51235: No bootstrap required, opened a new log
I20260709 12:20:32.508288  1905 raft_consensus.cc:2749] T 623456446c2143c29c07ccc034f87750 P b24441641b814559b7ba7def34f95ab4 [term 1 FOLLOWER]: Leader pre-election lost for term 1. Reason: could not achieve majority
I20260709 12:20:32.498344  1915 raft_consensus.cc:515] T 955bdd1d929a4fe589eaae0e3f4ec758 P 6185b5c4fdfc42f4b205f388165ebe24 [term 1 FOLLOWER]: Starting leader election with config: opid_index: -1 OBSOLETE_local: false peers { permanent_uuid: "cac7295426d94089845959a23cf51235" member_type: VOTER last_known_addr { host: "127.31.226.129" port: 40153 } } peers { permanent_uuid: "6185b5c4fdfc42f4b205f388165ebe24" member_type: VOTER last_known_addr { host: "127.31.226.130" port: 35651 } } peers { permanent_uuid: "b24441641b814559b7ba7def34f95ab4" member_type: VOTER last_known_addr { host: "127.31.226.131" port: 40585 } }
I20260709 12:20:32.670107  1547 ts_tablet_manager.cc:1403] T 2d8e5908aa914a0ebbfaaf2390e978f0 P cac7295426d94089845959a23cf51235: Time spent bootstrapping tablet: real 0.511s	user 0.024s	sys 0.043s
W20260709 12:20:32.496894  1926 log.cc:927] Time spent T 5a369318a50b425c8aed6c5a9d5c8a73 P b24441641b814559b7ba7def34f95ab4: Append to log took a long time: real 0.072s	user 0.000s	sys 0.000s
I20260709 12:20:32.627360  1919 raft_consensus.cc:2804] T a0ffdf5cfc1d4df984566f65067fff1e P 6185b5c4fdfc42f4b205f388165ebe24 [term 0 FOLLOWER]: Leader pre-election won for term 1
I20260709 12:20:32.678761  1919 raft_consensus.cc:493] T a0ffdf5cfc1d4df984566f65067fff1e P 6185b5c4fdfc42f4b205f388165ebe24 [term 0 FOLLOWER]: Starting leader election (no leader contacted us within the election timeout)
W20260709 12:20:32.679803  1302 auto_rebalancer.cc:288] Could not retrieve cluster info: Service unavailable: Tablet not running
I20260709 12:20:32.696738  1425 raft_consensus.cc:2393] T 955bdd1d929a4fe589eaae0e3f4ec758 P 6185b5c4fdfc42f4b205f388165ebe24 [term 1 FOLLOWER]: Leader pre-election vote request: Denying vote to candidate cac7295426d94089845959a23cf51235 in current term 1: Already voted for candidate 6185b5c4fdfc42f4b205f388165ebe24 in this term.
I20260709 12:20:32.697902  1545 raft_consensus.cc:385] T a0ffdf5cfc1d4df984566f65067fff1e P b24441641b814559b7ba7def34f95ab4 [term 0 FOLLOWER]: Consensus starting up: Expiring failure detector timer to make a prompt election more likely
I20260709 12:20:32.698467  1545 raft_consensus.cc:740] T a0ffdf5cfc1d4df984566f65067fff1e P b24441641b814559b7ba7def34f95ab4 [term 0 FOLLOWER]: Becoming Follower/Learner. State: Replica: b24441641b814559b7ba7def34f95ab4, State: Initialized, Role: FOLLOWER
I20260709 12:20:32.684365  1919 raft_consensus.cc:3060] T a0ffdf5cfc1d4df984566f65067fff1e P 6185b5c4fdfc42f4b205f388165ebe24 [term 0 FOLLOWER]: Advancing to term 1
I20260709 12:20:32.773618  1915 leader_election.cc:290] T 955bdd1d929a4fe589eaae0e3f4ec758 P 6185b5c4fdfc42f4b205f388165ebe24 [CANDIDATE]: Term 1 election: Requested vote from peers cac7295426d94089845959a23cf51235 (127.31.226.129:40153), b24441641b814559b7ba7def34f95ab4 (127.31.226.131:40585)
I20260709 12:20:32.905364  1545 consensus_queue.cc:260] T a0ffdf5cfc1d4df984566f65067fff1e P b24441641b814559b7ba7def34f95ab4 [NON_LEADER]: Queue going to NON_LEADER mode. State: All replicated index: 0, Majority replicated index: 0, Committed index: 0, Last appended: 0.0, Last appended by leader: 0, Current term: 0, Majority size: -1, State: 0, Mode: NON_LEADER, active raft config: opid_index: -1 OBSOLETE_local: false peers { permanent_uuid: "cac7295426d94089845959a23cf51235" member_type: VOTER last_known_addr { host: "127.31.226.129" port: 40153 } } peers { permanent_uuid: "6185b5c4fdfc42f4b205f388165ebe24" member_type: VOTER last_known_addr { host: "127.31.226.130" port: 35651 } } peers { permanent_uuid: "b24441641b814559b7ba7def34f95ab4" member_type: VOTER last_known_addr { host: "127.31.226.131" port: 40585 } }
I20260709 12:20:32.906991  1907 raft_consensus.cc:493] T a0ffdf5cfc1d4df984566f65067fff1e P b24441641b814559b7ba7def34f95ab4 [term 0 FOLLOWER]: Starting pre-election (no leader contacted us within the election timeout)
I20260709 12:20:32.907588  1907 raft_consensus.cc:515] T a0ffdf5cfc1d4df984566f65067fff1e P b24441641b814559b7ba7def34f95ab4 [term 0 FOLLOWER]: Starting pre-election with config: opid_index: -1 OBSOLETE_local: false peers { permanent_uuid: "cac7295426d94089845959a23cf51235" member_type: VOTER last_known_addr { host: "127.31.226.129" port: 40153 } } peers { permanent_uuid: "6185b5c4fdfc42f4b205f388165ebe24" member_type: VOTER last_known_addr { host: "127.31.226.130" port: 35651 } } peers { permanent_uuid: "b24441641b814559b7ba7def34f95ab4" member_type: VOTER last_known_addr { host: "127.31.226.131" port: 40585 } }
I20260709 12:20:32.922531  1547 raft_consensus.cc:359] T 2d8e5908aa914a0ebbfaaf2390e978f0 P cac7295426d94089845959a23cf51235 [term 0 FOLLOWER]: Replica starting. Triggering 0 pending ops. Active config: opid_index: -1 OBSOLETE_local: false peers { permanent_uuid: "cac7295426d94089845959a23cf51235" member_type: VOTER last_known_addr { host: "127.31.226.129" port: 40153 } } peers { permanent_uuid: "6185b5c4fdfc42f4b205f388165ebe24" member_type: VOTER last_known_addr { host: "127.31.226.130" port: 35651 } } peers { permanent_uuid: "b24441641b814559b7ba7def34f95ab4" member_type: VOTER last_known_addr { host: "127.31.226.131" port: 40585 } }
I20260709 12:20:32.923388  1547 raft_consensus.cc:385] T 2d8e5908aa914a0ebbfaaf2390e978f0 P cac7295426d94089845959a23cf51235 [term 0 FOLLOWER]: Consensus starting up: Expiring failure detector timer to make a prompt election more likely
I20260709 12:20:32.924088  1547 raft_consensus.cc:740] T 2d8e5908aa914a0ebbfaaf2390e978f0 P cac7295426d94089845959a23cf51235 [term 0 FOLLOWER]: Becoming Follower/Learner. State: Replica: cac7295426d94089845959a23cf51235, State: Initialized, Role: FOLLOWER
I20260709 12:20:32.931141  1546 tablet_bootstrap.cc:492] T 2c8852876de143a9be1fabfd2452d31e P 6185b5c4fdfc42f4b205f388165ebe24: No bootstrap required, opened a new log
I20260709 12:20:32.925616  1547 consensus_queue.cc:260] T 2d8e5908aa914a0ebbfaaf2390e978f0 P cac7295426d94089845959a23cf51235 [NON_LEADER]: Queue going to NON_LEADER mode. State: All replicated index: 0, Majority replicated index: 0, Committed index: 0, Last appended: 0.0, Last appended by leader: 0, Current term: 0, Majority size: -1, State: 0, Mode: NON_LEADER, active raft config: opid_index: -1 OBSOLETE_local: false peers { permanent_uuid: "cac7295426d94089845959a23cf51235" member_type: VOTER last_known_addr { host: "127.31.226.129" port: 40153 } } peers { permanent_uuid: "6185b5c4fdfc42f4b205f388165ebe24" member_type: VOTER last_known_addr { host: "127.31.226.130" port: 35651 } } peers { permanent_uuid: "b24441641b814559b7ba7def34f95ab4" member_type: VOTER last_known_addr { host: "127.31.226.131" port: 40585 } }
I20260709 12:20:32.936105  1918 raft_consensus.cc:493] T 5a369318a50b425c8aed6c5a9d5c8a73 P 6185b5c4fdfc42f4b205f388165ebe24 [term 1 FOLLOWER]: Starting pre-election (no leader contacted us within the election timeout)
I20260709 12:20:32.937129  1918 raft_consensus.cc:515] T 5a369318a50b425c8aed6c5a9d5c8a73 P 6185b5c4fdfc42f4b205f388165ebe24 [term 1 FOLLOWER]: Starting pre-election with config: opid_index: -1 OBSOLETE_local: false peers { permanent_uuid: "cac7295426d94089845959a23cf51235" member_type: VOTER last_known_addr { host: "127.31.226.129" port: 40153 } } peers { permanent_uuid: "6185b5c4fdfc42f4b205f388165ebe24" member_type: VOTER last_known_addr { host: "127.31.226.130" port: 35651 } } peers { permanent_uuid: "b24441641b814559b7ba7def34f95ab4" member_type: VOTER last_known_addr { host: "127.31.226.131" port: 40585 } }
I20260709 12:20:32.940647  1918 leader_election.cc:290] T 5a369318a50b425c8aed6c5a9d5c8a73 P 6185b5c4fdfc42f4b205f388165ebe24 [CANDIDATE]: Term 2 pre-election: Requested pre-vote from peers cac7295426d94089845959a23cf51235 (127.31.226.129:40153), b24441641b814559b7ba7def34f95ab4 (127.31.226.131:40585)
W20260709 12:20:32.944463  1322 outbound_call.cc:321] RPC callback for RPC call kudu.consensus.ConsensusService.UpdateConsensus -> {remote=127.31.226.130:35651, user_credentials={real_user=slave}} blocked reactor thread for 457390us
I20260709 12:20:32.945237  1546 ts_tablet_manager.cc:1403] T 2c8852876de143a9be1fabfd2452d31e P 6185b5c4fdfc42f4b205f388165ebe24: Time spent bootstrapping tablet: real 0.758s	user 0.022s	sys 0.029s
I20260709 12:20:32.944358  1356 tablet_service.cc:1917] Received RequestConsensusVote() RPC: tablet_id: "955bdd1d929a4fe589eaae0e3f4ec758" candidate_uuid: "6185b5c4fdfc42f4b205f388165ebe24" candidate_term: 1 candidate_status { last_received { term: 0 index: 0 } } ignore_live_leader: false dest_uuid: "cac7295426d94089845959a23cf51235"
I20260709 12:20:32.929857  1907 leader_election.cc:290] T a0ffdf5cfc1d4df984566f65067fff1e P b24441641b814559b7ba7def34f95ab4 [CANDIDATE]: Term 1 pre-election: Requested pre-vote from peers cac7295426d94089845959a23cf51235 (127.31.226.129:40153), 6185b5c4fdfc42f4b205f388165ebe24 (127.31.226.130:35651)
I20260709 12:20:32.958128  1815 consensus_queue.cc:1048] T 1c9c2298c7a244f59dfb6bc71149e86e P 6185b5c4fdfc42f4b205f388165ebe24 [LEADER]: Connected to new peer: Peer: permanent_uuid: "cac7295426d94089845959a23cf51235" member_type: VOTER last_known_addr { host: "127.31.226.129" port: 40153 }, Status: LMP_MISMATCH, Last received: 0.0, Next index: 2, Last known committed idx: 1, Time since last communication: 0.001s
I20260709 12:20:32.958302  1909 consensus_queue.cc:1048] T 623456446c2143c29c07ccc034f87750 P cac7295426d94089845959a23cf51235 [LEADER]: Connected to new peer: Peer: permanent_uuid: "6185b5c4fdfc42f4b205f388165ebe24" member_type: VOTER last_known_addr { host: "127.31.226.130" port: 35651 }, Status: LMP_MISMATCH, Last received: 0.0, Next index: 1, Last known committed idx: 0, Time since last communication: 0.001s
I20260709 12:20:32.961546  1545 ts_tablet_manager.cc:1434] T a0ffdf5cfc1d4df984566f65067fff1e P b24441641b814559b7ba7def34f95ab4: Time spent starting tablet: real 0.570s	user 0.008s	sys 0.029s
W20260709 12:20:32.962028  1545 ts_tablet_manager.cc:1467] T a0ffdf5cfc1d4df984566f65067fff1e P b24441641b814559b7ba7def34f95ab4: Tablet startup took 570ms
W20260709 12:20:32.962445  1545 ts_tablet_manager.cc:1469] T a0ffdf5cfc1d4df984566f65067fff1e P b24441641b814559b7ba7def34f95ab4: Trace:
0709 12:20:24.738011 (+     0us) service_pool.cc:167] Inserting onto call queue
0709 12:20:24.759324 (+ 21313us) service_pool.cc:224] Handling call
0709 12:20:24.798012 (+ 38688us) ts_tablet_manager.cc:669] Acquired tablet manager lock
0709 12:20:24.798122 (+   110us) ts_tablet_manager.cc:682] Creating new metadata...
0709 12:20:25.024727 (+226605us) tablet_metadata.cc:665] Metadata flushed
0709 12:20:25.111807 (+ 87080us) tablet_replica.cc:206] Creating consensus instance
0709 12:20:25.163394 (+ 51587us) inbound_call.cc:177] Queueing success response
0709 12:20:31.940184 (+6776790us) ts_tablet_manager.cc:1379] Bootstrapping tablet
0709 12:20:32.391666 (+451482us) ts_tablet_manager.cc:1435] Starting tablet replica
0709 12:20:32.438541 (+ 46875us) tablet_replica.cc:261] Starting instrumentation
0709 12:20:32.439206 (+   665us) tablet_replica.cc:280] Starting consensus
0709 12:20:32.917960 (+478754us) spinlock_profiling.cc:243] Waited 2.06 ms on lock 0x7b54003110d4. stack: 00007f2db5c3c343 00007f2db5c3c240 00007f2db55cb1d4 00007f2dbf309304 00007f2dbf309299 00007f2db8cc4571 00007f2db8d52a3d 00007f2db8d55ece 00007f2db8d6d451 00007f2db8d6d409 00007f2db8d6d399 00007f2db8d6d361 00007f2db8d6c58d 0000000000388634 0000000000388479 00007f2db5c6e475
Metrics: {"raft.queue_time_us":9700,"raft.run_cpu_time_us":9282,"raft.run_wall_time_us":63921,"spinlock_wait_cycles":4743424,"tablet-open.queue_time_us":6788575}
I20260709 12:20:32.974107  1547 ts_tablet_manager.cc:1434] T 2d8e5908aa914a0ebbfaaf2390e978f0 P cac7295426d94089845959a23cf51235: Time spent starting tablet: real 0.303s	user 0.011s	sys 0.000s
I20260709 12:20:32.944002  1919 raft_consensus.cc:515] T a0ffdf5cfc1d4df984566f65067fff1e P 6185b5c4fdfc42f4b205f388165ebe24 [term 1 FOLLOWER]: Starting leader election with config: opid_index: -1 OBSOLETE_local: false peers { permanent_uuid: "cac7295426d94089845959a23cf51235" member_type: VOTER last_known_addr { host: "127.31.226.129" port: 40153 } } peers { permanent_uuid: "6185b5c4fdfc42f4b205f388165ebe24" member_type: VOTER last_known_addr { host: "127.31.226.130" port: 35651 } } peers { permanent_uuid: "b24441641b814559b7ba7def34f95ab4" member_type: VOTER last_known_addr { host: "127.31.226.131" port: 40585 } }
W20260709 12:20:32.978180  1322 leader_election.cc:343] T 1a7547aa9c8e43f6810d589c9f29a424 P cac7295426d94089845959a23cf51235 [CANDIDATE]: Term 1 pre-election: Tablet error from VoteRequest() call to peer 6185b5c4fdfc42f4b205f388165ebe24 (127.31.226.130:35651): Illegal state: must be running to vote when last-logged opid is not known
I20260709 12:20:32.978937  1684 consensus_queue.cc:1048] T 5a369318a50b425c8aed6c5a9d5c8a73 P cac7295426d94089845959a23cf51235 [LEADER]: Connected to new peer: Peer: permanent_uuid: "6185b5c4fdfc42f4b205f388165ebe24" member_type: VOTER last_known_addr { host: "127.31.226.130" port: 35651 }, Status: LMP_MISMATCH, Last received: 0.0, Next index: 1, Last known committed idx: 0, Time since last communication: 0.001s
I20260709 12:20:32.979362  1430 raft_consensus.cc:2468] T 408bd7452dde49c7af7845910c6c3d07 P 6185b5c4fdfc42f4b205f388165ebe24 [term 1 FOLLOWER]: Leader election vote request: Granting yes vote for candidate cac7295426d94089845959a23cf51235 in term 1.
I20260709 12:20:32.984653  1322 leader_election.cc:304] T 1a7547aa9c8e43f6810d589c9f29a424 P cac7295426d94089845959a23cf51235 [CANDIDATE]: Term 1 pre-election: Election decided. Result: candidate lost. Election summary: received 3 responses out of 3 voters: 1 yes votes; 2 no votes. yes voters: cac7295426d94089845959a23cf51235; no voters: 6185b5c4fdfc42f4b205f388165ebe24, b24441641b814559b7ba7def34f95ab4
I20260709 12:20:32.992059  1500 tablet_service.cc:1917] Received RequestConsensusVote() RPC: tablet_id: "955bdd1d929a4fe589eaae0e3f4ec758" candidate_uuid: "6185b5c4fdfc42f4b205f388165ebe24" candidate_term: 1 candidate_status { last_received { term: 0 index: 0 } } ignore_live_leader: false dest_uuid: "b24441641b814559b7ba7def34f95ab4"
I20260709 12:20:32.993043  1500 raft_consensus.cc:3060] T 955bdd1d929a4fe589eaae0e3f4ec758 P b24441641b814559b7ba7def34f95ab4 [term 0 FOLLOWER]: Advancing to term 1
I20260709 12:20:32.993479  1919 leader_election.cc:290] T a0ffdf5cfc1d4df984566f65067fff1e P 6185b5c4fdfc42f4b205f388165ebe24 [CANDIDATE]: Term 1 election: Requested vote from peers cac7295426d94089845959a23cf51235 (127.31.226.129:40153), b24441641b814559b7ba7def34f95ab4 (127.31.226.131:40585)
I20260709 12:20:32.996544  1684 raft_consensus.cc:2749] T 1a7547aa9c8e43f6810d589c9f29a424 P cac7295426d94089845959a23cf51235 [term 0 FOLLOWER]: Leader pre-election lost for term 1. Reason: could not achieve majority
I20260709 12:20:32.998703  1545 tablet_bootstrap.cc:492] T 1a7547aa9c8e43f6810d589c9f29a424 P b24441641b814559b7ba7def34f95ab4: Bootstrap starting.
I20260709 12:20:33.003024  1547 tablet_bootstrap.cc:492] T 649edfa84ea94cb48c10d0b7b681efee P cac7295426d94089845959a23cf51235: Bootstrap starting.
W20260709 12:20:33.003566  1804 consensus_meta.cc:287] T 955bdd1d929a4fe589eaae0e3f4ec758 P cac7295426d94089845959a23cf51235: Time spent flushing consensus metadata: real 0.598s	user 0.008s	sys 0.011s
I20260709 12:20:33.010018  1499 tablet_service.cc:1917] Received RequestConsensusVote() RPC: tablet_id: "5a369318a50b425c8aed6c5a9d5c8a73" candidate_uuid: "6185b5c4fdfc42f4b205f388165ebe24" candidate_term: 2 candidate_status { last_received { term: 0 index: 0 } } ignore_live_leader: false dest_uuid: "b24441641b814559b7ba7def34f95ab4" is_pre_election: true
I20260709 12:20:33.008554  1804 raft_consensus.cc:515] T 955bdd1d929a4fe589eaae0e3f4ec758 P cac7295426d94089845959a23cf51235 [term 1 FOLLOWER]: Starting leader election with config: opid_index: -1 OBSOLETE_local: false peers { permanent_uuid: "cac7295426d94089845959a23cf51235" member_type: VOTER last_known_addr { host: "127.31.226.129" port: 40153 } } peers { permanent_uuid: "6185b5c4fdfc42f4b205f388165ebe24" member_type: VOTER last_known_addr { host: "127.31.226.130" port: 35651 } } peers { permanent_uuid: "b24441641b814559b7ba7def34f95ab4" member_type: VOTER last_known_addr { host: "127.31.226.131" port: 40585 } }
I20260709 12:20:33.011620  1351 raft_consensus.cc:2393] T 955bdd1d929a4fe589eaae0e3f4ec758 P cac7295426d94089845959a23cf51235 [term 1 FOLLOWER]: Leader pre-election vote request: Denying vote to candidate 6185b5c4fdfc42f4b205f388165ebe24 in current term 1: Already voted for candidate cac7295426d94089845959a23cf51235 in this term.
I20260709 12:20:33.011422  1546 raft_consensus.cc:359] T 2c8852876de143a9be1fabfd2452d31e P 6185b5c4fdfc42f4b205f388165ebe24 [term 0 FOLLOWER]: Replica starting. Triggering 0 pending ops. Active config: opid_index: -1 OBSOLETE_local: false peers { permanent_uuid: "cac7295426d94089845959a23cf51235" member_type: VOTER last_known_addr { host: "127.31.226.129" port: 40153 } } peers { permanent_uuid: "6185b5c4fdfc42f4b205f388165ebe24" member_type: VOTER last_known_addr { host: "127.31.226.130" port: 35651 } } peers { permanent_uuid: "b24441641b814559b7ba7def34f95ab4" member_type: VOTER last_known_addr { host: "127.31.226.131" port: 40585 } }
I20260709 12:20:33.012336  1546 raft_consensus.cc:385] T 2c8852876de143a9be1fabfd2452d31e P 6185b5c4fdfc42f4b205f388165ebe24 [term 0 FOLLOWER]: Consensus starting up: Expiring failure detector timer to make a prompt election more likely
I20260709 12:20:33.012635  1546 raft_consensus.cc:740] T 2c8852876de143a9be1fabfd2452d31e P 6185b5c4fdfc42f4b205f388165ebe24 [term 0 FOLLOWER]: Becoming Follower/Learner. State: Replica: 6185b5c4fdfc42f4b205f388165ebe24, State: Initialized, Role: FOLLOWER
I20260709 12:20:33.012810  1804 leader_election.cc:290] T 955bdd1d929a4fe589eaae0e3f4ec758 P cac7295426d94089845959a23cf51235 [CANDIDATE]: Term 1 election: Requested vote from peers 6185b5c4fdfc42f4b205f388165ebe24 (127.31.226.130:35651), b24441641b814559b7ba7def34f95ab4 (127.31.226.131:40585)
I20260709 12:20:33.013443  1546 consensus_queue.cc:260] T 2c8852876de143a9be1fabfd2452d31e P 6185b5c4fdfc42f4b205f388165ebe24 [NON_LEADER]: Queue going to NON_LEADER mode. State: All replicated index: 0, Majority replicated index: 0, Committed index: 0, Last appended: 0.0, Last appended by leader: 0, Current term: 0, Majority size: -1, State: 0, Mode: NON_LEADER, active raft config: opid_index: -1 OBSOLETE_local: false peers { permanent_uuid: "cac7295426d94089845959a23cf51235" member_type: VOTER last_known_addr { host: "127.31.226.129" port: 40153 } } peers { permanent_uuid: "6185b5c4fdfc42f4b205f388165ebe24" member_type: VOTER last_known_addr { host: "127.31.226.130" port: 35651 } } peers { permanent_uuid: "b24441641b814559b7ba7def34f95ab4" member_type: VOTER last_known_addr { host: "127.31.226.131" port: 40585 } }
I20260709 12:20:33.015334  1546 ts_tablet_manager.cc:1434] T 2c8852876de143a9be1fabfd2452d31e P 6185b5c4fdfc42f4b205f388165ebe24: Time spent starting tablet: real 0.070s	user 0.005s	sys 0.001s
I20260709 12:20:33.029098  1546 tablet_bootstrap.cc:492] T 1a7547aa9c8e43f6810d589c9f29a424 P 6185b5c4fdfc42f4b205f388165ebe24: Bootstrap starting.
I20260709 12:20:33.030812  1804 raft_consensus.cc:493] T 057ce10d7d9c44d0a15e603b56a40264 P cac7295426d94089845959a23cf51235 [term 1 FOLLOWER]: Starting pre-election (detected failure of leader b24441641b814559b7ba7def34f95ab4)
I20260709 12:20:33.031471  1804 raft_consensus.cc:515] T 057ce10d7d9c44d0a15e603b56a40264 P cac7295426d94089845959a23cf51235 [term 1 FOLLOWER]: Starting pre-election with config: opid_index: -1 OBSOLETE_local: false peers { permanent_uuid: "cac7295426d94089845959a23cf51235" member_type: VOTER last_known_addr { host: "127.31.226.129" port: 40153 } } peers { permanent_uuid: "6185b5c4fdfc42f4b205f388165ebe24" member_type: VOTER last_known_addr { host: "127.31.226.130" port: 35651 } } peers { permanent_uuid: "b24441641b814559b7ba7def34f95ab4" member_type: VOTER last_known_addr { host: "127.31.226.131" port: 40585 } }
I20260709 12:20:33.035096  1684 raft_consensus.cc:493] T c53bb02bc6c44ebeb96adaabd54b98f3 P cac7295426d94089845959a23cf51235 [term 1 FOLLOWER]: Starting pre-election (detected failure of leader b24441641b814559b7ba7def34f95ab4)
I20260709 12:20:33.035728  1684 raft_consensus.cc:515] T c53bb02bc6c44ebeb96adaabd54b98f3 P cac7295426d94089845959a23cf51235 [term 1 FOLLOWER]: Starting pre-election with config: opid_index: -1 OBSOLETE_local: false peers { permanent_uuid: "cac7295426d94089845959a23cf51235" member_type: VOTER last_known_addr { host: "127.31.226.129" port: 40153 } } peers { permanent_uuid: "6185b5c4fdfc42f4b205f388165ebe24" member_type: VOTER last_known_addr { host: "127.31.226.130" port: 35651 } } peers { permanent_uuid: "b24441641b814559b7ba7def34f95ab4" member_type: VOTER last_known_addr { host: "127.31.226.131" port: 40585 } }
I20260709 12:20:33.038064  1684 leader_election.cc:290] T c53bb02bc6c44ebeb96adaabd54b98f3 P cac7295426d94089845959a23cf51235 [CANDIDATE]: Term 2 pre-election: Requested pre-vote from peers 6185b5c4fdfc42f4b205f388165ebe24 (127.31.226.130:35651), b24441641b814559b7ba7def34f95ab4 (127.31.226.131:40585)
I20260709 12:20:33.045897  1351 tablet_service.cc:1917] Received RequestConsensusVote() RPC: tablet_id: "5a369318a50b425c8aed6c5a9d5c8a73" candidate_uuid: "6185b5c4fdfc42f4b205f388165ebe24" candidate_term: 2 candidate_status { last_received { term: 0 index: 0 } } ignore_live_leader: false dest_uuid: "cac7295426d94089845959a23cf51235" is_pre_election: true
I20260709 12:20:33.054100  1823 raft_consensus.cc:493] T e531ca8484bf47ca96e9586effcc6704 P b24441641b814559b7ba7def34f95ab4 [term 0 FOLLOWER]: Starting pre-election (no leader contacted us within the election timeout)
I20260709 12:20:33.054811  1823 raft_consensus.cc:515] T e531ca8484bf47ca96e9586effcc6704 P b24441641b814559b7ba7def34f95ab4 [term 0 FOLLOWER]: Starting pre-election with config: opid_index: -1 OBSOLETE_local: false peers { permanent_uuid: "cac7295426d94089845959a23cf51235" member_type: VOTER last_known_addr { host: "127.31.226.129" port: 40153 } } peers { permanent_uuid: "6185b5c4fdfc42f4b205f388165ebe24" member_type: VOTER last_known_addr { host: "127.31.226.130" port: 35651 } } peers { permanent_uuid: "b24441641b814559b7ba7def34f95ab4" member_type: VOTER last_known_addr { host: "127.31.226.131" port: 40585 } }
I20260709 12:20:33.055768  1804 leader_election.cc:290] T 057ce10d7d9c44d0a15e603b56a40264 P cac7295426d94089845959a23cf51235 [CANDIDATE]: Term 2 pre-election: Requested pre-vote from peers 6185b5c4fdfc42f4b205f388165ebe24 (127.31.226.130:35651), b24441641b814559b7ba7def34f95ab4 (127.31.226.131:40585)
I20260709 12:20:33.056452  1500 raft_consensus.cc:2468] T 955bdd1d929a4fe589eaae0e3f4ec758 P b24441641b814559b7ba7def34f95ab4 [term 1 FOLLOWER]: Leader election vote request: Granting yes vote for candidate 6185b5c4fdfc42f4b205f388165ebe24 in term 1.
I20260709 12:20:33.056999  1502 tablet_service.cc:1917] Received RequestConsensusVote() RPC: tablet_id: "a0ffdf5cfc1d4df984566f65067fff1e" candidate_uuid: "6185b5c4fdfc42f4b205f388165ebe24" candidate_term: 1 candidate_status { last_received { term: 0 index: 0 } } ignore_live_leader: false dest_uuid: "b24441641b814559b7ba7def34f95ab4"
I20260709 12:20:33.057682  1502 raft_consensus.cc:3060] T a0ffdf5cfc1d4df984566f65067fff1e P b24441641b814559b7ba7def34f95ab4 [term 0 FOLLOWER]: Advancing to term 1
I20260709 12:20:33.063405  1823 leader_election.cc:290] T e531ca8484bf47ca96e9586effcc6704 P b24441641b814559b7ba7def34f95ab4 [CANDIDATE]: Term 1 pre-election: Requested pre-vote from peers cac7295426d94089845959a23cf51235 (127.31.226.129:40153), 6185b5c4fdfc42f4b205f388165ebe24 (127.31.226.130:35651)
I20260709 12:20:33.069132  1351 tablet_service.cc:1917] Received RequestConsensusVote() RPC: tablet_id: "a0ffdf5cfc1d4df984566f65067fff1e" candidate_uuid: "6185b5c4fdfc42f4b205f388165ebe24" candidate_term: 1 candidate_status { last_received { term: 0 index: 0 } } ignore_live_leader: false dest_uuid: "cac7295426d94089845959a23cf51235"
I20260709 12:20:33.069934  1351 raft_consensus.cc:3060] T a0ffdf5cfc1d4df984566f65067fff1e P cac7295426d94089845959a23cf51235 [term 0 FOLLOWER]: Advancing to term 1
I20260709 12:20:33.077163  1397 leader_election.cc:304] T 955bdd1d929a4fe589eaae0e3f4ec758 P 6185b5c4fdfc42f4b205f388165ebe24 [CANDIDATE]: Term 1 election: Election decided. Result: candidate won. Election summary: received 3 responses out of 3 voters: 2 yes votes; 1 no votes. yes voters: 6185b5c4fdfc42f4b205f388165ebe24, b24441641b814559b7ba7def34f95ab4; no voters: cac7295426d94089845959a23cf51235
I20260709 12:20:33.079392  1918 raft_consensus.cc:2804] T 955bdd1d929a4fe589eaae0e3f4ec758 P 6185b5c4fdfc42f4b205f388165ebe24 [term 1 FOLLOWER]: Leader election won for term 1
I20260709 12:20:33.079910  1918 raft_consensus.cc:697] T 955bdd1d929a4fe589eaae0e3f4ec758 P 6185b5c4fdfc42f4b205f388165ebe24 [term 1 LEADER]: Becoming Leader. State: Replica: 6185b5c4fdfc42f4b205f388165ebe24, State: Running, Role: LEADER
I20260709 12:20:33.080973  1918 consensus_queue.cc:237] T 955bdd1d929a4fe589eaae0e3f4ec758 P 6185b5c4fdfc42f4b205f388165ebe24 [LEADER]: Queue going to LEADER mode. State: All replicated index: 0, Majority replicated index: 0, Committed index: 0, Last appended: 0.0, Last appended by leader: 0, Current term: 1, Majority size: 2, State: 0, Mode: LEADER, active raft config: opid_index: -1 OBSOLETE_local: false peers { permanent_uuid: "cac7295426d94089845959a23cf51235" member_type: VOTER last_known_addr { host: "127.31.226.129" port: 40153 } } peers { permanent_uuid: "6185b5c4fdfc42f4b205f388165ebe24" member_type: VOTER last_known_addr { host: "127.31.226.130" port: 35651 } } peers { permanent_uuid: "b24441641b814559b7ba7def34f95ab4" member_type: VOTER last_known_addr { host: "127.31.226.131" port: 40585 } }
I20260709 12:20:33.085646  1351 raft_consensus.cc:2468] T a0ffdf5cfc1d4df984566f65067fff1e P cac7295426d94089845959a23cf51235 [term 1 FOLLOWER]: Leader election vote request: Granting yes vote for candidate 6185b5c4fdfc42f4b205f388165ebe24 in term 1.
I20260709 12:20:33.084887  1396 leader_election.cc:304] T 5a369318a50b425c8aed6c5a9d5c8a73 P 6185b5c4fdfc42f4b205f388165ebe24 [CANDIDATE]: Term 2 pre-election: Election decided. Result: candidate lost. Election summary: received 3 responses out of 3 voters: 1 yes votes; 2 no votes. yes voters: 6185b5c4fdfc42f4b205f388165ebe24; no voters: b24441641b814559b7ba7def34f95ab4, cac7295426d94089845959a23cf51235
I20260709 12:20:33.090435  1396 leader_election.cc:304] T a0ffdf5cfc1d4df984566f65067fff1e P 6185b5c4fdfc42f4b205f388165ebe24 [CANDIDATE]: Term 1 election: Election decided. Result: candidate won. Election summary: received 2 responses out of 3 voters: 2 yes votes; 0 no votes. yes voters: 6185b5c4fdfc42f4b205f388165ebe24, cac7295426d94089845959a23cf51235; no voters: 
I20260709 12:20:33.096127  1915 raft_consensus.cc:2804] T a0ffdf5cfc1d4df984566f65067fff1e P 6185b5c4fdfc42f4b205f388165ebe24 [term 1 FOLLOWER]: Leader election won for term 1
I20260709 12:20:33.096688  1915 raft_consensus.cc:697] T a0ffdf5cfc1d4df984566f65067fff1e P 6185b5c4fdfc42f4b205f388165ebe24 [term 1 LEADER]: Becoming Leader. State: Replica: 6185b5c4fdfc42f4b205f388165ebe24, State: Running, Role: LEADER
I20260709 12:20:33.097810  1915 consensus_queue.cc:237] T a0ffdf5cfc1d4df984566f65067fff1e P 6185b5c4fdfc42f4b205f388165ebe24 [LEADER]: Queue going to LEADER mode. State: All replicated index: 0, Majority replicated index: 0, Committed index: 0, Last appended: 0.0, Last appended by leader: 0, Current term: 1, Majority size: 2, State: 0, Mode: LEADER, active raft config: opid_index: -1 OBSOLETE_local: false peers { permanent_uuid: "cac7295426d94089845959a23cf51235" member_type: VOTER last_known_addr { host: "127.31.226.129" port: 40153 } } peers { permanent_uuid: "6185b5c4fdfc42f4b205f388165ebe24" member_type: VOTER last_known_addr { host: "127.31.226.130" port: 35651 } } peers { permanent_uuid: "b24441641b814559b7ba7def34f95ab4" member_type: VOTER last_known_addr { host: "127.31.226.131" port: 40585 } }
I20260709 12:20:33.109920  1251 catalog_manager.cc:5697] T 623456446c2143c29c07ccc034f87750 P cac7295426d94089845959a23cf51235 reported cstate change: term changed from 0 to 1, leader changed from <none> to cac7295426d94089845959a23cf51235 (127.31.226.129). New cstate: current_term: 1 leader_uuid: "cac7295426d94089845959a23cf51235" committed_config { opid_index: -1 OBSOLETE_local: false peers { permanent_uuid: "cac7295426d94089845959a23cf51235" member_type: VOTER last_known_addr { host: "127.31.226.129" port: 40153 } health_report { overall_health: HEALTHY } } peers { permanent_uuid: "6185b5c4fdfc42f4b205f388165ebe24" member_type: VOTER last_known_addr { host: "127.31.226.130" port: 35651 } health_report { overall_health: UNKNOWN } } peers { permanent_uuid: "b24441641b814559b7ba7def34f95ab4" member_type: VOTER last_known_addr { host: "127.31.226.131" port: 40585 } health_report { overall_health: UNKNOWN } } }
I20260709 12:20:33.081889  1815 raft_consensus.cc:493] T 2c8852876de143a9be1fabfd2452d31e P 6185b5c4fdfc42f4b205f388165ebe24 [term 0 FOLLOWER]: Starting pre-election (no leader contacted us within the election timeout)
I20260709 12:20:33.124403  1800 consensus_queue.cc:1048] T 623456446c2143c29c07ccc034f87750 P cac7295426d94089845959a23cf51235 [LEADER]: Connected to new peer: Peer: permanent_uuid: "b24441641b814559b7ba7def34f95ab4" member_type: VOTER last_known_addr { host: "127.31.226.131" port: 40585 }, Status: LMP_MISMATCH, Last received: 0.0, Next index: 1, Last known committed idx: 0, Time since last communication: 0.001s
I20260709 12:20:33.124830  1815 raft_consensus.cc:515] T 2c8852876de143a9be1fabfd2452d31e P 6185b5c4fdfc42f4b205f388165ebe24 [term 0 FOLLOWER]: Starting pre-election with config: opid_index: -1 OBSOLETE_local: false peers { permanent_uuid: "cac7295426d94089845959a23cf51235" member_type: VOTER last_known_addr { host: "127.31.226.129" port: 40153 } } peers { permanent_uuid: "6185b5c4fdfc42f4b205f388165ebe24" member_type: VOTER last_known_addr { host: "127.31.226.130" port: 35651 } } peers { permanent_uuid: "b24441641b814559b7ba7def34f95ab4" member_type: VOTER last_known_addr { host: "127.31.226.131" port: 40585 } }
I20260709 12:20:33.129449  1815 leader_election.cc:290] T 2c8852876de143a9be1fabfd2452d31e P 6185b5c4fdfc42f4b205f388165ebe24 [CANDIDATE]: Term 1 pre-election: Requested pre-vote from peers cac7295426d94089845959a23cf51235 (127.31.226.129:40153), b24441641b814559b7ba7def34f95ab4 (127.31.226.131:40585)
I20260709 12:20:33.129782  1500 tablet_service.cc:1917] Received RequestConsensusVote() RPC: tablet_id: "2c8852876de143a9be1fabfd2452d31e" candidate_uuid: "6185b5c4fdfc42f4b205f388165ebe24" candidate_term: 1 candidate_status { last_received { term: 0 index: 0 } } ignore_live_leader: false dest_uuid: "b24441641b814559b7ba7def34f95ab4" is_pre_election: true
W20260709 12:20:33.133196  1397 leader_election.cc:343] T 2c8852876de143a9be1fabfd2452d31e P 6185b5c4fdfc42f4b205f388165ebe24 [CANDIDATE]: Term 1 pre-election: Tablet error from VoteRequest() call to peer b24441641b814559b7ba7def34f95ab4 (127.31.226.131:40585): Illegal state: must be running to vote when last-logged opid is not known
I20260709 12:20:33.134548  1502 raft_consensus.cc:2468] T a0ffdf5cfc1d4df984566f65067fff1e P b24441641b814559b7ba7def34f95ab4 [term 1 FOLLOWER]: Leader election vote request: Granting yes vote for candidate 6185b5c4fdfc42f4b205f388165ebe24 in term 1.
W20260709 12:20:33.139024  1471 consensus_peers.cc:597] T 5b2b1bf1819a49988286e6e0914c2a45 P b24441641b814559b7ba7def34f95ab4 -> Peer 6185b5c4fdfc42f4b205f388165ebe24 (127.31.226.130:35651): Couldn't send request to peer 6185b5c4fdfc42f4b205f388165ebe24. Error code: TABLET_NOT_RUNNING (12). Status: Illegal state: Tablet not RUNNING: INITIALIZED. This is attempt 1: this message will repeat every 5th retry.
I20260709 12:20:33.159184  1545 tablet_bootstrap.cc:654] T 1a7547aa9c8e43f6810d589c9f29a424 P b24441641b814559b7ba7def34f95ab4: Neither blocks nor log segments found. Creating new log.
I20260709 12:20:33.166870  1431 tablet_service.cc:1917] Received RequestConsensusVote() RPC: tablet_id: "a0ffdf5cfc1d4df984566f65067fff1e" candidate_uuid: "b24441641b814559b7ba7def34f95ab4" candidate_term: 1 candidate_status { last_received { term: 0 index: 0 } } ignore_live_leader: false dest_uuid: "6185b5c4fdfc42f4b205f388165ebe24" is_pre_election: true
I20260709 12:20:33.169732  1423 tablet_service.cc:1917] Received RequestConsensusVote() RPC: tablet_id: "e531ca8484bf47ca96e9586effcc6704" candidate_uuid: "b24441641b814559b7ba7def34f95ab4" candidate_term: 1 candidate_status { last_received { term: 0 index: 0 } } ignore_live_leader: false dest_uuid: "6185b5c4fdfc42f4b205f388165ebe24" is_pre_election: true
I20260709 12:20:33.187997  1546 tablet_bootstrap.cc:654] T 1a7547aa9c8e43f6810d589c9f29a424 P 6185b5c4fdfc42f4b205f388165ebe24: Neither blocks nor log segments found. Creating new log.
W20260709 12:20:33.196399  1471 leader_election.cc:343] T e531ca8484bf47ca96e9586effcc6704 P b24441641b814559b7ba7def34f95ab4 [CANDIDATE]: Term 1 pre-election: Tablet error from VoteRequest() call to peer 6185b5c4fdfc42f4b205f388165ebe24 (127.31.226.130:35651): Illegal state: must be running to vote when last-logged opid is not known
I20260709 12:20:33.202611  1547 tablet_bootstrap.cc:654] T 649edfa84ea94cb48c10d0b7b681efee P cac7295426d94089845959a23cf51235: Neither blocks nor log segments found. Creating new log.
I20260709 12:20:33.207437  1353 tablet_service.cc:1917] Received RequestConsensusVote() RPC: tablet_id: "2c8852876de143a9be1fabfd2452d31e" candidate_uuid: "6185b5c4fdfc42f4b205f388165ebe24" candidate_term: 1 candidate_status { last_received { term: 0 index: 0 } } ignore_live_leader: false dest_uuid: "cac7295426d94089845959a23cf51235" is_pre_election: true
W20260709 12:20:33.213877  1396 leader_election.cc:343] T 2c8852876de143a9be1fabfd2452d31e P 6185b5c4fdfc42f4b205f388165ebe24 [CANDIDATE]: Term 1 pre-election: Tablet error from VoteRequest() call to peer cac7295426d94089845959a23cf51235 (127.31.226.129:40153): Illegal state: must be running to vote when last-logged opid is not known
I20260709 12:20:33.214373  1396 leader_election.cc:304] T 2c8852876de143a9be1fabfd2452d31e P 6185b5c4fdfc42f4b205f388165ebe24 [CANDIDATE]: Term 1 pre-election: Election decided. Result: candidate lost. Election summary: received 3 responses out of 3 voters: 1 yes votes; 2 no votes. yes voters: 6185b5c4fdfc42f4b205f388165ebe24; no voters: b24441641b814559b7ba7def34f95ab4, cac7295426d94089845959a23cf51235
I20260709 12:20:33.215240  1857 raft_consensus.cc:2749] T 2c8852876de143a9be1fabfd2452d31e P 6185b5c4fdfc42f4b205f388165ebe24 [term 0 FOLLOWER]: Leader pre-election lost for term 1. Reason: could not achieve majority
I20260709 12:20:33.217396  1920 raft_consensus.cc:2749] T 5a369318a50b425c8aed6c5a9d5c8a73 P 6185b5c4fdfc42f4b205f388165ebe24 [term 1 FOLLOWER]: Leader pre-election lost for term 2. Reason: could not achieve majority
I20260709 12:20:33.241078  1353 tablet_service.cc:1917] Received RequestConsensusVote() RPC: tablet_id: "a0ffdf5cfc1d4df984566f65067fff1e" candidate_uuid: "b24441641b814559b7ba7def34f95ab4" candidate_term: 1 candidate_status { last_received { term: 0 index: 0 } } ignore_live_leader: false dest_uuid: "cac7295426d94089845959a23cf51235" is_pre_election: true
I20260709 12:20:33.241977  1353 raft_consensus.cc:2393] T a0ffdf5cfc1d4df984566f65067fff1e P cac7295426d94089845959a23cf51235 [term 1 FOLLOWER]: Leader pre-election vote request: Denying vote to candidate b24441641b814559b7ba7def34f95ab4 in current term 1: Already voted for candidate 6185b5c4fdfc42f4b205f388165ebe24 in this term.
I20260709 12:20:33.246691  1545 tablet_bootstrap.cc:492] T 1a7547aa9c8e43f6810d589c9f29a424 P b24441641b814559b7ba7def34f95ab4: No bootstrap required, opened a new log
I20260709 12:20:33.248574  1353 tablet_service.cc:1917] Received RequestConsensusVote() RPC: tablet_id: "e531ca8484bf47ca96e9586effcc6704" candidate_uuid: "b24441641b814559b7ba7def34f95ab4" candidate_term: 1 candidate_status { last_received { term: 0 index: 0 } } ignore_live_leader: false dest_uuid: "cac7295426d94089845959a23cf51235" is_pre_election: true
I20260709 12:20:33.248024  1250 catalog_manager.cc:5697] T a0ffdf5cfc1d4df984566f65067fff1e P 6185b5c4fdfc42f4b205f388165ebe24 reported cstate change: term changed from 0 to 1, leader changed from <none> to 6185b5c4fdfc42f4b205f388165ebe24 (127.31.226.130). New cstate: current_term: 1 leader_uuid: "6185b5c4fdfc42f4b205f388165ebe24" committed_config { opid_index: -1 OBSOLETE_local: false peers { permanent_uuid: "cac7295426d94089845959a23cf51235" member_type: VOTER last_known_addr { host: "127.31.226.129" port: 40153 } health_report { overall_health: UNKNOWN } } peers { permanent_uuid: "6185b5c4fdfc42f4b205f388165ebe24" member_type: VOTER last_known_addr { host: "127.31.226.130" port: 35651 } health_report { overall_health: HEALTHY } } peers { permanent_uuid: "b24441641b814559b7ba7def34f95ab4" member_type: VOTER last_known_addr { host: "127.31.226.131" port: 40585 } health_report { overall_health: UNKNOWN } } }
I20260709 12:20:33.250259  1250 catalog_manager.cc:5697] T 955bdd1d929a4fe589eaae0e3f4ec758 P 6185b5c4fdfc42f4b205f388165ebe24 reported cstate change: term changed from 0 to 1, leader changed from <none> to 6185b5c4fdfc42f4b205f388165ebe24 (127.31.226.130). New cstate: current_term: 1 leader_uuid: "6185b5c4fdfc42f4b205f388165ebe24" committed_config { opid_index: -1 OBSOLETE_local: false peers { permanent_uuid: "cac7295426d94089845959a23cf51235" member_type: VOTER last_known_addr { host: "127.31.226.129" port: 40153 } health_report { overall_health: UNKNOWN } } peers { permanent_uuid: "6185b5c4fdfc42f4b205f388165ebe24" member_type: VOTER last_known_addr { host: "127.31.226.130" port: 35651 } health_report { overall_health: HEALTHY } } peers { permanent_uuid: "b24441641b814559b7ba7def34f95ab4" member_type: VOTER last_known_addr { host: "127.31.226.131" port: 40585 } health_report { overall_health: UNKNOWN } } }
I20260709 12:20:33.250946  1430 tablet_service.cc:1917] Received RequestConsensusVote() RPC: tablet_id: "955bdd1d929a4fe589eaae0e3f4ec758" candidate_uuid: "cac7295426d94089845959a23cf51235" candidate_term: 1 candidate_status { last_received { term: 0 index: 0 } } ignore_live_leader: false dest_uuid: "6185b5c4fdfc42f4b205f388165ebe24"
I20260709 12:20:33.253909  1545 ts_tablet_manager.cc:1403] T 1a7547aa9c8e43f6810d589c9f29a424 P b24441641b814559b7ba7def34f95ab4: Time spent bootstrapping tablet: real 0.262s	user 0.023s	sys 0.008s
I20260709 12:20:33.258587  1430 tablet_service.cc:1917] Received RequestConsensusVote() RPC: tablet_id: "c53bb02bc6c44ebeb96adaabd54b98f3" candidate_uuid: "cac7295426d94089845959a23cf51235" candidate_term: 2 candidate_status { last_received { term: 1 index: 1 } } ignore_live_leader: false dest_uuid: "6185b5c4fdfc42f4b205f388165ebe24" is_pre_election: true
I20260709 12:20:33.259020  1502 tablet_service.cc:1917] Received RequestConsensusVote() RPC: tablet_id: "955bdd1d929a4fe589eaae0e3f4ec758" candidate_uuid: "cac7295426d94089845959a23cf51235" candidate_term: 1 candidate_status { last_received { term: 0 index: 0 } } ignore_live_leader: false dest_uuid: "b24441641b814559b7ba7def34f95ab4"
I20260709 12:20:33.272670  1425 tablet_service.cc:1917] Received RequestConsensusVote() RPC: tablet_id: "057ce10d7d9c44d0a15e603b56a40264" candidate_uuid: "cac7295426d94089845959a23cf51235" candidate_term: 2 candidate_status { last_received { term: 1 index: 1 } } ignore_live_leader: false dest_uuid: "6185b5c4fdfc42f4b205f388165ebe24" is_pre_election: true
I20260709 12:20:33.273276  1501 tablet_service.cc:1917] Received RequestConsensusVote() RPC: tablet_id: "057ce10d7d9c44d0a15e603b56a40264" candidate_uuid: "cac7295426d94089845959a23cf51235" candidate_term: 2 candidate_status { last_received { term: 1 index: 1 } } ignore_live_leader: false dest_uuid: "b24441641b814559b7ba7def34f95ab4" is_pre_election: true
I20260709 12:20:33.271088  1500 tablet_service.cc:1917] Received RequestConsensusVote() RPC: tablet_id: "c53bb02bc6c44ebeb96adaabd54b98f3" candidate_uuid: "cac7295426d94089845959a23cf51235" candidate_term: 2 candidate_status { last_received { term: 1 index: 1 } } ignore_live_leader: false dest_uuid: "b24441641b814559b7ba7def34f95ab4" is_pre_election: true
I20260709 12:20:33.276371  1322 leader_election.cc:304] T 408bd7452dde49c7af7845910c6c3d07 P cac7295426d94089845959a23cf51235 [CANDIDATE]: Term 1 election: Election decided. Result: candidate won. Election summary: received 3 responses out of 3 voters: 2 yes votes; 1 no votes. yes voters: 6185b5c4fdfc42f4b205f388165ebe24, cac7295426d94089845959a23cf51235; no voters: b24441641b814559b7ba7def34f95ab4
I20260709 12:20:33.277333  1684 raft_consensus.cc:2804] T 408bd7452dde49c7af7845910c6c3d07 P cac7295426d94089845959a23cf51235 [term 1 FOLLOWER]: Leader election won for term 1
I20260709 12:20:33.277937  1684 raft_consensus.cc:697] T 408bd7452dde49c7af7845910c6c3d07 P cac7295426d94089845959a23cf51235 [term 1 LEADER]: Becoming Leader. State: Replica: cac7295426d94089845959a23cf51235, State: Running, Role: LEADER
I20260709 12:20:33.278154  1547 tablet_bootstrap.cc:492] T 649edfa84ea94cb48c10d0b7b681efee P cac7295426d94089845959a23cf51235: No bootstrap required, opened a new log
I20260709 12:20:33.278599  1547 ts_tablet_manager.cc:1403] T 649edfa84ea94cb48c10d0b7b681efee P cac7295426d94089845959a23cf51235: Time spent bootstrapping tablet: real 0.276s	user 0.025s	sys 0.003s
I20260709 12:20:33.278715  1684 consensus_queue.cc:237] T 408bd7452dde49c7af7845910c6c3d07 P cac7295426d94089845959a23cf51235 [LEADER]: Queue going to LEADER mode. State: All replicated index: 0, Majority replicated index: 0, Committed index: 0, Last appended: 0.0, Last appended by leader: 0, Current term: 1, Majority size: 2, State: 0, Mode: LEADER, active raft config: opid_index: -1 OBSOLETE_local: false peers { permanent_uuid: "cac7295426d94089845959a23cf51235" member_type: VOTER last_known_addr { host: "127.31.226.129" port: 40153 } } peers { permanent_uuid: "6185b5c4fdfc42f4b205f388165ebe24" member_type: VOTER last_known_addr { host: "127.31.226.130" port: 35651 } } peers { permanent_uuid: "b24441641b814559b7ba7def34f95ab4" member_type: VOTER last_known_addr { host: "127.31.226.131" port: 40585 } }
I20260709 12:20:33.269881  1502 raft_consensus.cc:2393] T 955bdd1d929a4fe589eaae0e3f4ec758 P b24441641b814559b7ba7def34f95ab4 [term 1 FOLLOWER]: Leader election vote request: Denying vote to candidate cac7295426d94089845959a23cf51235 in current term 1: Already voted for candidate 6185b5c4fdfc42f4b205f388165ebe24 in this term.
I20260709 12:20:33.284142  1547 raft_consensus.cc:359] T 649edfa84ea94cb48c10d0b7b681efee P cac7295426d94089845959a23cf51235 [term 0 FOLLOWER]: Replica starting. Triggering 0 pending ops. Active config: opid_index: -1 OBSOLETE_local: false peers { permanent_uuid: "cac7295426d94089845959a23cf51235" member_type: VOTER last_known_addr { host: "127.31.226.129" port: 40153 } } peers { permanent_uuid: "6185b5c4fdfc42f4b205f388165ebe24" member_type: VOTER last_known_addr { host: "127.31.226.130" port: 35651 } } peers { permanent_uuid: "b24441641b814559b7ba7def34f95ab4" member_type: VOTER last_known_addr { host: "127.31.226.131" port: 40585 } }
I20260709 12:20:33.284926  1547 raft_consensus.cc:385] T 649edfa84ea94cb48c10d0b7b681efee P cac7295426d94089845959a23cf51235 [term 0 FOLLOWER]: Consensus starting up: Expiring failure detector timer to make a prompt election more likely
I20260709 12:20:33.294054  1547 raft_consensus.cc:740] T 649edfa84ea94cb48c10d0b7b681efee P cac7295426d94089845959a23cf51235 [term 0 FOLLOWER]: Becoming Follower/Learner. State: Replica: cac7295426d94089845959a23cf51235, State: Initialized, Role: FOLLOWER
I20260709 12:20:33.289980  1823 consensus_queue.cc:1048] T 5b2b1bf1819a49988286e6e0914c2a45 P b24441641b814559b7ba7def34f95ab4 [LEADER]: Connected to new peer: Peer: permanent_uuid: "cac7295426d94089845959a23cf51235" member_type: VOTER last_known_addr { host: "127.31.226.129" port: 40153 }, Status: LMP_MISMATCH, Last received: 0.0, Next index: 1, Last known committed idx: 0, Time since last communication: 0.000s
I20260709 12:20:33.286648  1546 tablet_bootstrap.cc:492] T 1a7547aa9c8e43f6810d589c9f29a424 P 6185b5c4fdfc42f4b205f388165ebe24: No bootstrap required, opened a new log
I20260709 12:20:33.294972  1470 leader_election.cc:304] T a0ffdf5cfc1d4df984566f65067fff1e P b24441641b814559b7ba7def34f95ab4 [CANDIDATE]: Term 1 pre-election: Election decided. Result: candidate lost. Election summary: received 3 responses out of 3 voters: 1 yes votes; 2 no votes. yes voters: b24441641b814559b7ba7def34f95ab4; no voters: 6185b5c4fdfc42f4b205f388165ebe24, cac7295426d94089845959a23cf51235
I20260709 12:20:33.296448  1545 raft_consensus.cc:359] T 1a7547aa9c8e43f6810d589c9f29a424 P b24441641b814559b7ba7def34f95ab4 [term 0 FOLLOWER]: Replica starting. Triggering 0 pending ops. Active config: opid_index: -1 OBSOLETE_local: false peers { permanent_uuid: "cac7295426d94089845959a23cf51235" member_type: VOTER last_known_addr { host: "127.31.226.129" port: 40153 } } peers { permanent_uuid: "6185b5c4fdfc42f4b205f388165ebe24" member_type: VOTER last_known_addr { host: "127.31.226.130" port: 35651 } } peers { permanent_uuid: "b24441641b814559b7ba7def34f95ab4" member_type: VOTER last_known_addr { host: "127.31.226.131" port: 40585 } }
