I20260709 12:20:28.429644  1686 raft_consensus.cc:493] T 48b47a2673114ad781b3e6e3c4905b25 P 6185b5c4fdfc42f4b205f388165ebe24 [term 0 FOLLOWER]: Starting pre-election (no leader contacted us within the election timeout)
I20260709 12:20:28.430133  1686 raft_consensus.cc:515] T 48b47a2673114ad781b3e6e3c4905b25 P 6185b5c4fdfc42f4b205f388165ebe24 [term 0 FOLLOWER]: Starting pre-election with config: opid_index: -1 OBSOLETE_local: false peers { permanent_uuid: "cac7295426d94089845959a23cf51235" member_type: VOTER last_known_addr { host: "127.31.226.129" port: 40153 } } peers { permanent_uuid: "6185b5c4fdfc42f4b205f388165ebe24" member_type: VOTER last_known_addr { host: "127.31.226.130" port: 35651 } } peers { permanent_uuid: "b24441641b814559b7ba7def34f95ab4" member_type: VOTER last_known_addr { host: "127.31.226.131" port: 40585 } }
I20260709 12:20:28.430485  1429 tablet_service.cc:1917] Received RequestConsensusVote() RPC: tablet_id: "ad15e9ce33ec4c45b7ba2a49deda9959" candidate_uuid: "b24441641b814559b7ba7def34f95ab4" candidate_term: 1 candidate_status { last_received { term: 0 index: 0 } } ignore_live_leader: false dest_uuid: "6185b5c4fdfc42f4b205f388165ebe24"
I20260709 12:20:28.430989  1545 ts_tablet_manager.cc:1434] T 700c59d7e7774304aed6ae0022e472d3 P b24441641b814559b7ba7def34f95ab4: Time spent starting tablet: real 0.011s	user 0.005s	sys 0.001s
I20260709 12:20:28.431198  1429 raft_consensus.cc:3060] T ad15e9ce33ec4c45b7ba2a49deda9959 P 6185b5c4fdfc42f4b205f388165ebe24 [term 0 FOLLOWER]: Advancing to term 1
I20260709 12:20:28.423782  1547 tablet_bootstrap.cc:492] T 6bd9ea2d7e964ea38712c73c98f48e06 P cac7295426d94089845959a23cf51235: Bootstrap starting.
I20260709 12:20:28.432250  1686 leader_election.cc:290] T 48b47a2673114ad781b3e6e3c4905b25 P 6185b5c4fdfc42f4b205f388165ebe24 [CANDIDATE]: Term 1 pre-election: Requested pre-vote from peers cac7295426d94089845959a23cf51235 (127.31.226.129:40153), b24441641b814559b7ba7def34f95ab4 (127.31.226.131:40585)
I20260709 12:20:28.433569  1505 tablet_service.cc:1917] Received RequestConsensusVote() RPC: tablet_id: "48b47a2673114ad781b3e6e3c4905b25" candidate_uuid: "6185b5c4fdfc42f4b205f388165ebe24" candidate_term: 1 candidate_status { last_received { term: 0 index: 0 } } ignore_live_leader: false dest_uuid: "b24441641b814559b7ba7def34f95ab4" is_pre_election: true
I20260709 12:20:28.434015  1353 tablet_service.cc:1917] Received RequestConsensusVote() RPC: tablet_id: "48b47a2673114ad781b3e6e3c4905b25" candidate_uuid: "6185b5c4fdfc42f4b205f388165ebe24" candidate_term: 1 candidate_status { last_received { term: 0 index: 0 } } ignore_live_leader: false dest_uuid: "cac7295426d94089845959a23cf51235" is_pre_election: true
I20260709 12:20:28.434918  1353 raft_consensus.cc:2393] T 48b47a2673114ad781b3e6e3c4905b25 P cac7295426d94089845959a23cf51235 [term 1 FOLLOWER]: Leader pre-election vote request: Denying vote to candidate 6185b5c4fdfc42f4b205f388165ebe24 in current term 1: Already voted for candidate b24441641b814559b7ba7def34f95ab4 in this term.
I20260709 12:20:28.420415  1546 tablet_bootstrap.cc:492] T 057ce10d7d9c44d0a15e603b56a40264 P 6185b5c4fdfc42f4b205f388165ebe24: No bootstrap required, opened a new log
I20260709 12:20:28.436131  1546 ts_tablet_manager.cc:1403] T 057ce10d7d9c44d0a15e603b56a40264 P 6185b5c4fdfc42f4b205f388165ebe24: Time spent bootstrapping tablet: real 0.082s	user 0.022s	sys 0.002s
I20260709 12:20:28.436331  1396 leader_election.cc:304] T 48b47a2673114ad781b3e6e3c4905b25 P 6185b5c4fdfc42f4b205f388165ebe24 [CANDIDATE]: Term 1 pre-election: Election decided. Result: candidate lost. Election summary: received 3 responses out of 3 voters: 1 yes votes; 2 no votes. yes voters: 6185b5c4fdfc42f4b205f388165ebe24; no voters: b24441641b814559b7ba7def34f95ab4, cac7295426d94089845959a23cf51235
I20260709 12:20:28.437470  1686 raft_consensus.cc:3060] T 48b47a2673114ad781b3e6e3c4905b25 P 6185b5c4fdfc42f4b205f388165ebe24 [term 0 FOLLOWER]: Advancing to term 1
I20260709 12:20:28.438905  1546 raft_consensus.cc:359] T 057ce10d7d9c44d0a15e603b56a40264 P 6185b5c4fdfc42f4b205f388165ebe24 [term 0 FOLLOWER]: Replica starting. Triggering 0 pending ops. Active config: opid_index: -1 OBSOLETE_local: false peers { permanent_uuid: "cac7295426d94089845959a23cf51235" member_type: VOTER last_known_addr { host: "127.31.226.129" port: 40153 } } peers { permanent_uuid: "6185b5c4fdfc42f4b205f388165ebe24" member_type: VOTER last_known_addr { host: "127.31.226.130" port: 35651 } } peers { permanent_uuid: "b24441641b814559b7ba7def34f95ab4" member_type: VOTER last_known_addr { host: "127.31.226.131" port: 40585 } }
I20260709 12:20:28.439621  1546 raft_consensus.cc:385] T 057ce10d7d9c44d0a15e603b56a40264 P 6185b5c4fdfc42f4b205f388165ebe24 [term 0 FOLLOWER]: Consensus starting up: Expiring failure detector timer to make a prompt election more likely
I20260709 12:20:28.440055  1546 raft_consensus.cc:740] T 057ce10d7d9c44d0a15e603b56a40264 P 6185b5c4fdfc42f4b205f388165ebe24 [term 0 FOLLOWER]: Becoming Follower/Learner. State: Replica: 6185b5c4fdfc42f4b205f388165ebe24, State: Initialized, Role: FOLLOWER
I20260709 12:20:28.439487  1429 raft_consensus.cc:2468] T ad15e9ce33ec4c45b7ba2a49deda9959 P 6185b5c4fdfc42f4b205f388165ebe24 [term 1 FOLLOWER]: Leader election vote request: Granting yes vote for candidate b24441641b814559b7ba7def34f95ab4 in term 1.
I20260709 12:20:28.446381  1546 consensus_queue.cc:260] T 057ce10d7d9c44d0a15e603b56a40264 P 6185b5c4fdfc42f4b205f388165ebe24 [NON_LEADER]: Queue going to NON_LEADER mode. State: All replicated index: 0, Majority replicated index: 0, Committed index: 0, Last appended: 0.0, Last appended by leader: 0, Current term: 0, Majority size: -1, State: 0, Mode: NON_LEADER, active raft config: opid_index: -1 OBSOLETE_local: false peers { permanent_uuid: "cac7295426d94089845959a23cf51235" member_type: VOTER last_known_addr { host: "127.31.226.129" port: 40153 } } peers { permanent_uuid: "6185b5c4fdfc42f4b205f388165ebe24" member_type: VOTER last_known_addr { host: "127.31.226.130" port: 35651 } } peers { permanent_uuid: "b24441641b814559b7ba7def34f95ab4" member_type: VOTER last_known_addr { host: "127.31.226.131" port: 40585 } }
I20260709 12:20:28.449271  1546 ts_tablet_manager.cc:1434] T 057ce10d7d9c44d0a15e603b56a40264 P 6185b5c4fdfc42f4b205f388165ebe24: Time spent starting tablet: real 0.013s	user 0.005s	sys 0.002s
I20260709 12:20:28.450284  1546 tablet_bootstrap.cc:492] T 81e605f0a3064b0c94b42793507a0991 P 6185b5c4fdfc42f4b205f388165ebe24: Bootstrap starting.
I20260709 12:20:28.441929  1591 raft_consensus.cc:2749] T 4fb579eff88542de9182f935afefca63 P 6185b5c4fdfc42f4b205f388165ebe24 [term 1 FOLLOWER]: Leader pre-election lost for term 1. Reason: could not achieve majority
I20260709 12:20:28.444478  1351 raft_consensus.cc:2468] T ad15e9ce33ec4c45b7ba2a49deda9959 P cac7295426d94089845959a23cf51235 [term 1 FOLLOWER]: Leader election vote request: Granting yes vote for candidate b24441641b814559b7ba7def34f95ab4 in term 1.
I20260709 12:20:28.452756  1471 leader_election.cc:304] T ad15e9ce33ec4c45b7ba2a49deda9959 P b24441641b814559b7ba7def34f95ab4 [CANDIDATE]: Term 1 election: Election decided. Result: candidate won. Election summary: received 2 responses out of 3 voters: 2 yes votes; 0 no votes. yes voters: 6185b5c4fdfc42f4b205f388165ebe24, b24441641b814559b7ba7def34f95ab4; no voters: 
I20260709 12:20:28.453776  1641 raft_consensus.cc:2804] T ad15e9ce33ec4c45b7ba2a49deda9959 P b24441641b814559b7ba7def34f95ab4 [term 1 FOLLOWER]: Leader election won for term 1
I20260709 12:20:28.454341  1641 raft_consensus.cc:697] T ad15e9ce33ec4c45b7ba2a49deda9959 P b24441641b814559b7ba7def34f95ab4 [term 1 LEADER]: Becoming Leader. State: Replica: b24441641b814559b7ba7def34f95ab4, State: Running, Role: LEADER
I20260709 12:20:28.455271  1641 consensus_queue.cc:237] T ad15e9ce33ec4c45b7ba2a49deda9959 P b24441641b814559b7ba7def34f95ab4 [LEADER]: Queue going to LEADER mode. State: All replicated index: 0, Majority replicated index: 0, Committed index: 0, Last appended: 0.0, Last appended by leader: 0, Current term: 1, Majority size: 2, State: 0, Mode: LEADER, active raft config: opid_index: -1 OBSOLETE_local: false peers { permanent_uuid: "cac7295426d94089845959a23cf51235" member_type: VOTER last_known_addr { host: "127.31.226.129" port: 40153 } } peers { permanent_uuid: "6185b5c4fdfc42f4b205f388165ebe24" member_type: VOTER last_known_addr { host: "127.31.226.130" port: 35651 } } peers { permanent_uuid: "b24441641b814559b7ba7def34f95ab4" member_type: VOTER last_known_addr { host: "127.31.226.131" port: 40585 } }
I20260709 12:20:28.457144  1546 tablet_bootstrap.cc:654] T 81e605f0a3064b0c94b42793507a0991 P 6185b5c4fdfc42f4b205f388165ebe24: Neither blocks nor log segments found. Creating new log.
I20260709 12:20:28.444696  1547 tablet_bootstrap.cc:654] T 6bd9ea2d7e964ea38712c73c98f48e06 P cac7295426d94089845959a23cf51235: Neither blocks nor log segments found. Creating new log.
I20260709 12:20:28.445464  1545 tablet_bootstrap.cc:492] T ce43c23f2d8f42c0aa093017f2182bd5 P b24441641b814559b7ba7def34f95ab4: Bootstrap starting.
I20260709 12:20:28.472164  1591 consensus_queue.cc:1048] T 16c38cc01031411e997d58115f30355e P 6185b5c4fdfc42f4b205f388165ebe24 [LEADER]: Connected to new peer: Peer: permanent_uuid: "b24441641b814559b7ba7def34f95ab4" member_type: VOTER last_known_addr { host: "127.31.226.131" port: 40585 }, Status: LMP_MISMATCH, Last received: 0.0, Next index: 1, Last known committed idx: 0, Time since last communication: 0.000s
I20260709 12:20:28.473745  1545 tablet_bootstrap.cc:654] T ce43c23f2d8f42c0aa093017f2182bd5 P b24441641b814559b7ba7def34f95ab4: Neither blocks nor log segments found. Creating new log.
I20260709 12:20:28.475898  1547 tablet_bootstrap.cc:492] T 6bd9ea2d7e964ea38712c73c98f48e06 P cac7295426d94089845959a23cf51235: No bootstrap required, opened a new log
I20260709 12:20:28.476468  1547 ts_tablet_manager.cc:1403] T 6bd9ea2d7e964ea38712c73c98f48e06 P cac7295426d94089845959a23cf51235: Time spent bootstrapping tablet: real 0.053s	user 0.009s	sys 0.014s
I20260709 12:20:28.479286  1547 raft_consensus.cc:359] T 6bd9ea2d7e964ea38712c73c98f48e06 P cac7295426d94089845959a23cf51235 [term 0 FOLLOWER]: Replica starting. Triggering 0 pending ops. Active config: opid_index: -1 OBSOLETE_local: false peers { permanent_uuid: "cac7295426d94089845959a23cf51235" member_type: VOTER last_known_addr { host: "127.31.226.129" port: 40153 } } peers { permanent_uuid: "6185b5c4fdfc42f4b205f388165ebe24" member_type: VOTER last_known_addr { host: "127.31.226.130" port: 35651 } } peers { permanent_uuid: "b24441641b814559b7ba7def34f95ab4" member_type: VOTER last_known_addr { host: "127.31.226.131" port: 40585 } }
I20260709 12:20:28.479998  1547 raft_consensus.cc:385] T 6bd9ea2d7e964ea38712c73c98f48e06 P cac7295426d94089845959a23cf51235 [term 0 FOLLOWER]: Consensus starting up: Expiring failure detector timer to make a prompt election more likely
I20260709 12:20:28.480269  1547 raft_consensus.cc:740] T 6bd9ea2d7e964ea38712c73c98f48e06 P cac7295426d94089845959a23cf51235 [term 0 FOLLOWER]: Becoming Follower/Learner. State: Replica: cac7295426d94089845959a23cf51235, State: Initialized, Role: FOLLOWER
I20260709 12:20:28.480968  1686 raft_consensus.cc:2749] T 48b47a2673114ad781b3e6e3c4905b25 P 6185b5c4fdfc42f4b205f388165ebe24 [term 1 FOLLOWER]: Leader pre-election lost for term 1. Reason: could not achieve majority
I20260709 12:20:28.480983  1547 consensus_queue.cc:260] T 6bd9ea2d7e964ea38712c73c98f48e06 P cac7295426d94089845959a23cf51235 [NON_LEADER]: Queue going to NON_LEADER mode. State: All replicated index: 0, Majority replicated index: 0, Committed index: 0, Last appended: 0.0, Last appended by leader: 0, Current term: 0, Majority size: -1, State: 0, Mode: NON_LEADER, active raft config: opid_index: -1 OBSOLETE_local: false peers { permanent_uuid: "cac7295426d94089845959a23cf51235" member_type: VOTER last_known_addr { host: "127.31.226.129" port: 40153 } } peers { permanent_uuid: "6185b5c4fdfc42f4b205f388165ebe24" member_type: VOTER last_known_addr { host: "127.31.226.130" port: 35651 } } peers { permanent_uuid: "b24441641b814559b7ba7def34f95ab4" member_type: VOTER last_known_addr { host: "127.31.226.131" port: 40585 } }
I20260709 12:20:28.484670  1547 ts_tablet_manager.cc:1434] T 6bd9ea2d7e964ea38712c73c98f48e06 P cac7295426d94089845959a23cf51235: Time spent starting tablet: real 0.008s	user 0.006s	sys 0.000s
I20260709 12:20:28.485610  1547 tablet_bootstrap.cc:492] T 81e605f0a3064b0c94b42793507a0991 P cac7295426d94089845959a23cf51235: Bootstrap starting.
I20260709 12:20:28.487605  1546 tablet_bootstrap.cc:492] T 81e605f0a3064b0c94b42793507a0991 P 6185b5c4fdfc42f4b205f388165ebe24: No bootstrap required, opened a new log
I20260709 12:20:28.488291  1546 ts_tablet_manager.cc:1403] T 81e605f0a3064b0c94b42793507a0991 P 6185b5c4fdfc42f4b205f388165ebe24: Time spent bootstrapping tablet: real 0.038s	user 0.011s	sys 0.001s
I20260709 12:20:28.490729  1552 consensus_queue.cc:1048] T 48b47a2673114ad781b3e6e3c4905b25 P b24441641b814559b7ba7def34f95ab4 [LEADER]: Connected to new peer: Peer: permanent_uuid: "6185b5c4fdfc42f4b205f388165ebe24" member_type: VOTER last_known_addr { host: "127.31.226.130" port: 35651 }, Status: LMP_MISMATCH, Last received: 0.0, Next index: 1, Last known committed idx: 0, Time since last communication: 0.004s
I20260709 12:20:28.501464  1546 raft_consensus.cc:359] T 81e605f0a3064b0c94b42793507a0991 P 6185b5c4fdfc42f4b205f388165ebe24 [term 0 FOLLOWER]: Replica starting. Triggering 0 pending ops. Active config: opid_index: -1 OBSOLETE_local: false peers { permanent_uuid: "cac7295426d94089845959a23cf51235" member_type: VOTER last_known_addr { host: "127.31.226.129" port: 40153 } } peers { permanent_uuid: "6185b5c4fdfc42f4b205f388165ebe24" member_type: VOTER last_known_addr { host: "127.31.226.130" port: 35651 } } peers { permanent_uuid: "b24441641b814559b7ba7def34f95ab4" member_type: VOTER last_known_addr { host: "127.31.226.131" port: 40585 } }
I20260709 12:20:28.502220  1546 raft_consensus.cc:385] T 81e605f0a3064b0c94b42793507a0991 P 6185b5c4fdfc42f4b205f388165ebe24 [term 0 FOLLOWER]: Consensus starting up: Expiring failure detector timer to make a prompt election more likely
I20260709 12:20:28.502507  1546 raft_consensus.cc:740] T 81e605f0a3064b0c94b42793507a0991 P 6185b5c4fdfc42f4b205f388165ebe24 [term 0 FOLLOWER]: Becoming Follower/Learner. State: Replica: 6185b5c4fdfc42f4b205f388165ebe24, State: Initialized, Role: FOLLOWER
I20260709 12:20:28.502681  1573 raft_consensus.cc:493] T 6bd9ea2d7e964ea38712c73c98f48e06 P cac7295426d94089845959a23cf51235 [term 0 FOLLOWER]: Starting pre-election (no leader contacted us within the election timeout)
I20260709 12:20:28.491995  1547 tablet_bootstrap.cc:654] T 81e605f0a3064b0c94b42793507a0991 P cac7295426d94089845959a23cf51235: Neither blocks nor log segments found. Creating new log.
I20260709 12:20:28.504876  1676 consensus_queue.cc:1048] T 16c38cc01031411e997d58115f30355e P 6185b5c4fdfc42f4b205f388165ebe24 [LEADER]: Connected to new peer: Peer: permanent_uuid: "cac7295426d94089845959a23cf51235" member_type: VOTER last_known_addr { host: "127.31.226.129" port: 40153 }, Status: LMP_MISMATCH, Last received: 0.0, Next index: 1, Last known committed idx: 0, Time since last communication: 0.000s
I20260709 12:20:28.503400  1546 consensus_queue.cc:260] T 81e605f0a3064b0c94b42793507a0991 P 6185b5c4fdfc42f4b205f388165ebe24 [NON_LEADER]: Queue going to NON_LEADER mode. State: All replicated index: 0, Majority replicated index: 0, Committed index: 0, Last appended: 0.0, Last appended by leader: 0, Current term: 0, Majority size: -1, State: 0, Mode: NON_LEADER, active raft config: opid_index: -1 OBSOLETE_local: false peers { permanent_uuid: "cac7295426d94089845959a23cf51235" member_type: VOTER last_known_addr { host: "127.31.226.129" port: 40153 } } peers { permanent_uuid: "6185b5c4fdfc42f4b205f388165ebe24" member_type: VOTER last_known_addr { host: "127.31.226.130" port: 35651 } } peers { permanent_uuid: "b24441641b814559b7ba7def34f95ab4" member_type: VOTER last_known_addr { host: "127.31.226.131" port: 40585 } }
I20260709 12:20:28.507792  1546 ts_tablet_manager.cc:1434] T 81e605f0a3064b0c94b42793507a0991 P 6185b5c4fdfc42f4b205f388165ebe24: Time spent starting tablet: real 0.014s	user 0.004s	sys 0.002s
I20260709 12:20:28.503398  1573 raft_consensus.cc:515] T 6bd9ea2d7e964ea38712c73c98f48e06 P cac7295426d94089845959a23cf51235 [term 0 FOLLOWER]: Starting pre-election with config: opid_index: -1 OBSOLETE_local: false peers { permanent_uuid: "cac7295426d94089845959a23cf51235" member_type: VOTER last_known_addr { host: "127.31.226.129" port: 40153 } } peers { permanent_uuid: "6185b5c4fdfc42f4b205f388165ebe24" member_type: VOTER last_known_addr { host: "127.31.226.130" port: 35651 } } peers { permanent_uuid: "b24441641b814559b7ba7def34f95ab4" member_type: VOTER last_known_addr { host: "127.31.226.131" port: 40585 } }
I20260709 12:20:28.509080  1546 tablet_bootstrap.cc:492] T 6bd9ea2d7e964ea38712c73c98f48e06 P 6185b5c4fdfc42f4b205f388165ebe24: Bootstrap starting.
I20260709 12:20:28.510109  1573 leader_election.cc:290] T 6bd9ea2d7e964ea38712c73c98f48e06 P cac7295426d94089845959a23cf51235 [CANDIDATE]: Term 1 pre-election: Requested pre-vote from peers 6185b5c4fdfc42f4b205f388165ebe24 (127.31.226.130:35651), b24441641b814559b7ba7def34f95ab4 (127.31.226.131:40585)
I20260709 12:20:28.511248  1545 tablet_bootstrap.cc:492] T ce43c23f2d8f42c0aa093017f2182bd5 P b24441641b814559b7ba7def34f95ab4: No bootstrap required, opened a new log
I20260709 12:20:28.511987  1545 ts_tablet_manager.cc:1403] T ce43c23f2d8f42c0aa093017f2182bd5 P b24441641b814559b7ba7def34f95ab4: Time spent bootstrapping tablet: real 0.067s	user 0.006s	sys 0.015s
I20260709 12:20:28.512190  1431 tablet_service.cc:1917] Received RequestConsensusVote() RPC: tablet_id: "6bd9ea2d7e964ea38712c73c98f48e06" candidate_uuid: "cac7295426d94089845959a23cf51235" candidate_term: 1 candidate_status { last_received { term: 0 index: 0 } } ignore_live_leader: false dest_uuid: "6185b5c4fdfc42f4b205f388165ebe24" is_pre_election: true
W20260709 12:20:28.513888  1322 leader_election.cc:343] T 6bd9ea2d7e964ea38712c73c98f48e06 P cac7295426d94089845959a23cf51235 [CANDIDATE]: Term 1 pre-election: Tablet error from VoteRequest() call to peer 6185b5c4fdfc42f4b205f388165ebe24 (127.31.226.130:35651): Illegal state: must be running to vote when last-logged opid is not known
I20260709 12:20:28.521559  1546 tablet_bootstrap.cc:654] T 6bd9ea2d7e964ea38712c73c98f48e06 P 6185b5c4fdfc42f4b205f388165ebe24: Neither blocks nor log segments found. Creating new log.
I20260709 12:20:28.522322  1505 tablet_service.cc:1917] Received RequestConsensusVote() RPC: tablet_id: "6bd9ea2d7e964ea38712c73c98f48e06" candidate_uuid: "cac7295426d94089845959a23cf51235" candidate_term: 1 candidate_status { last_received { term: 0 index: 0 } } ignore_live_leader: false dest_uuid: "b24441641b814559b7ba7def34f95ab4" is_pre_election: true
I20260709 12:20:28.525274  1545 raft_consensus.cc:359] T ce43c23f2d8f42c0aa093017f2182bd5 P b24441641b814559b7ba7def34f95ab4 [term 0 FOLLOWER]: Replica starting. Triggering 0 pending ops. Active config: opid_index: -1 OBSOLETE_local: false peers { permanent_uuid: "cac7295426d94089845959a23cf51235" member_type: VOTER last_known_addr { host: "127.31.226.129" port: 40153 } } peers { permanent_uuid: "6185b5c4fdfc42f4b205f388165ebe24" member_type: VOTER last_known_addr { host: "127.31.226.130" port: 35651 } } peers { permanent_uuid: "b24441641b814559b7ba7def34f95ab4" member_type: VOTER last_known_addr { host: "127.31.226.131" port: 40585 } }
I20260709 12:20:28.526708  1545 raft_consensus.cc:385] T ce43c23f2d8f42c0aa093017f2182bd5 P b24441641b814559b7ba7def34f95ab4 [term 0 FOLLOWER]: Consensus starting up: Expiring failure detector timer to make a prompt election more likely
I20260709 12:20:28.527030  1545 raft_consensus.cc:740] T ce43c23f2d8f42c0aa093017f2182bd5 P b24441641b814559b7ba7def34f95ab4 [term 0 FOLLOWER]: Becoming Follower/Learner. State: Replica: b24441641b814559b7ba7def34f95ab4, State: Initialized, Role: FOLLOWER
W20260709 12:20:28.527513  1322 leader_election.cc:343] T 6bd9ea2d7e964ea38712c73c98f48e06 P cac7295426d94089845959a23cf51235 [CANDIDATE]: Term 1 pre-election: Tablet error from VoteRequest() call to peer b24441641b814559b7ba7def34f95ab4 (127.31.226.131:40585): Illegal state: must be running to vote when last-logged opid is not known
I20260709 12:20:28.528083  1322 leader_election.cc:304] T 6bd9ea2d7e964ea38712c73c98f48e06 P cac7295426d94089845959a23cf51235 [CANDIDATE]: Term 1 pre-election: Election decided. Result: candidate lost. Election summary: received 3 responses out of 3 voters: 1 yes votes; 2 no votes. yes voters: cac7295426d94089845959a23cf51235; no voters: 6185b5c4fdfc42f4b205f388165ebe24, b24441641b814559b7ba7def34f95ab4
I20260709 12:20:28.528889  1573 raft_consensus.cc:2749] T 6bd9ea2d7e964ea38712c73c98f48e06 P cac7295426d94089845959a23cf51235 [term 0 FOLLOWER]: Leader pre-election lost for term 1. Reason: could not achieve majority
I20260709 12:20:28.527798  1545 consensus_queue.cc:260] T ce43c23f2d8f42c0aa093017f2182bd5 P b24441641b814559b7ba7def34f95ab4 [NON_LEADER]: Queue going to NON_LEADER mode. State: All replicated index: 0, Majority replicated index: 0, Committed index: 0, Last appended: 0.0, Last appended by leader: 0, Current term: 0, Majority size: -1, State: 0, Mode: NON_LEADER, active raft config: opid_index: -1 OBSOLETE_local: false peers { permanent_uuid: "cac7295426d94089845959a23cf51235" member_type: VOTER last_known_addr { host: "127.31.226.129" port: 40153 } } peers { permanent_uuid: "6185b5c4fdfc42f4b205f388165ebe24" member_type: VOTER last_known_addr { host: "127.31.226.130" port: 35651 } } peers { permanent_uuid: "b24441641b814559b7ba7def34f95ab4" member_type: VOTER last_known_addr { host: "127.31.226.131" port: 40585 } }
I20260709 12:20:28.532116  1545 ts_tablet_manager.cc:1434] T ce43c23f2d8f42c0aa093017f2182bd5 P b24441641b814559b7ba7def34f95ab4: Time spent starting tablet: real 0.020s	user 0.006s	sys 0.000s
I20260709 12:20:28.533025  1545 tablet_bootstrap.cc:492] T 6bd9ea2d7e964ea38712c73c98f48e06 P b24441641b814559b7ba7def34f95ab4: Bootstrap starting.
I20260709 12:20:28.540231  1545 tablet_bootstrap.cc:654] T 6bd9ea2d7e964ea38712c73c98f48e06 P b24441641b814559b7ba7def34f95ab4: Neither blocks nor log segments found. Creating new log.
I20260709 12:20:28.549996  1547 tablet_bootstrap.cc:492] T 81e605f0a3064b0c94b42793507a0991 P cac7295426d94089845959a23cf51235: No bootstrap required, opened a new log
I20260709 12:20:28.550521  1547 ts_tablet_manager.cc:1403] T 81e605f0a3064b0c94b42793507a0991 P cac7295426d94089845959a23cf51235: Time spent bootstrapping tablet: real 0.065s	user 0.015s	sys 0.033s
I20260709 12:20:28.553083  1547 raft_consensus.cc:359] T 81e605f0a3064b0c94b42793507a0991 P cac7295426d94089845959a23cf51235 [term 0 FOLLOWER]: Replica starting. Triggering 0 pending ops. Active config: opid_index: -1 OBSOLETE_local: false peers { permanent_uuid: "cac7295426d94089845959a23cf51235" member_type: VOTER last_known_addr { host: "127.31.226.129" port: 40153 } } peers { permanent_uuid: "6185b5c4fdfc42f4b205f388165ebe24" member_type: VOTER last_known_addr { host: "127.31.226.130" port: 35651 } } peers { permanent_uuid: "b24441641b814559b7ba7def34f95ab4" member_type: VOTER last_known_addr { host: "127.31.226.131" port: 40585 } }
I20260709 12:20:28.553982  1547 raft_consensus.cc:385] T 81e605f0a3064b0c94b42793507a0991 P cac7295426d94089845959a23cf51235 [term 0 FOLLOWER]: Consensus starting up: Expiring failure detector timer to make a prompt election more likely
I20260709 12:20:28.554944  1547 raft_consensus.cc:740] T 81e605f0a3064b0c94b42793507a0991 P cac7295426d94089845959a23cf51235 [term 0 FOLLOWER]: Becoming Follower/Learner. State: Replica: cac7295426d94089845959a23cf51235, State: Initialized, Role: FOLLOWER
I20260709 12:20:28.556618  1547 consensus_queue.cc:260] T 81e605f0a3064b0c94b42793507a0991 P cac7295426d94089845959a23cf51235 [NON_LEADER]: Queue going to NON_LEADER mode. State: All replicated index: 0, Majority replicated index: 0, Committed index: 0, Last appended: 0.0, Last appended by leader: 0, Current term: 0, Majority size: -1, State: 0, Mode: NON_LEADER, active raft config: opid_index: -1 OBSOLETE_local: false peers { permanent_uuid: "cac7295426d94089845959a23cf51235" member_type: VOTER last_known_addr { host: "127.31.226.129" port: 40153 } } peers { permanent_uuid: "6185b5c4fdfc42f4b205f388165ebe24" member_type: VOTER last_known_addr { host: "127.31.226.130" port: 35651 } } peers { permanent_uuid: "b24441641b814559b7ba7def34f95ab4" member_type: VOTER last_known_addr { host: "127.31.226.131" port: 40585 } }
I20260709 12:20:28.558693  1547 ts_tablet_manager.cc:1434] T 81e605f0a3064b0c94b42793507a0991 P cac7295426d94089845959a23cf51235: Time spent starting tablet: real 0.008s	user 0.005s	sys 0.000s
I20260709 12:20:28.559644  1547 tablet_bootstrap.cc:492] T 057ce10d7d9c44d0a15e603b56a40264 P cac7295426d94089845959a23cf51235: Bootstrap starting.
I20260709 12:20:28.566838  1552 consensus_queue.cc:1048] T 48b47a2673114ad781b3e6e3c4905b25 P b24441641b814559b7ba7def34f95ab4 [LEADER]: Connected to new peer: Peer: permanent_uuid: "cac7295426d94089845959a23cf51235" member_type: VOTER last_known_addr { host: "127.31.226.129" port: 40153 }, Status: LMP_MISMATCH, Last received: 0.0, Next index: 1, Last known committed idx: 0, Time since last communication: 0.000s
I20260709 12:20:28.566411  1253 catalog_manager.cc:5697] T ad15e9ce33ec4c45b7ba2a49deda9959 P b24441641b814559b7ba7def34f95ab4 reported cstate change: term changed from 0 to 1, leader changed from <none> to b24441641b814559b7ba7def34f95ab4 (127.31.226.131). New cstate: current_term: 1 leader_uuid: "b24441641b814559b7ba7def34f95ab4" committed_config { opid_index: -1 OBSOLETE_local: false peers { permanent_uuid: "cac7295426d94089845959a23cf51235" member_type: VOTER last_known_addr { host: "127.31.226.129" port: 40153 } health_report { overall_health: UNKNOWN } } peers { permanent_uuid: "6185b5c4fdfc42f4b205f388165ebe24" member_type: VOTER last_known_addr { host: "127.31.226.130" port: 35651 } health_report { overall_health: UNKNOWN } } peers { permanent_uuid: "b24441641b814559b7ba7def34f95ab4" member_type: VOTER last_known_addr { host: "127.31.226.131" port: 40585 } health_report { overall_health: HEALTHY } } }
I20260709 12:20:28.584476  1552 consensus_queue.cc:1048] T f9554ac655b8431bb89a96792372aa82 P b24441641b814559b7ba7def34f95ab4 [LEADER]: Connected to new peer: Peer: permanent_uuid: "6185b5c4fdfc42f4b205f388165ebe24" member_type: VOTER last_known_addr { host: "127.31.226.130" port: 35651 }, Status: LMP_MISMATCH, Last received: 0.0, Next index: 1, Last known committed idx: 0, Time since last communication: 0.000s
I20260709 12:20:28.584909  1546 tablet_bootstrap.cc:492] T 6bd9ea2d7e964ea38712c73c98f48e06 P 6185b5c4fdfc42f4b205f388165ebe24: No bootstrap required, opened a new log
I20260709 12:20:28.585584  1546 ts_tablet_manager.cc:1403] T 6bd9ea2d7e964ea38712c73c98f48e06 P 6185b5c4fdfc42f4b205f388165ebe24: Time spent bootstrapping tablet: real 0.077s	user 0.010s	sys 0.006s
I20260709 12:20:28.590698  1546 raft_consensus.cc:359] T 6bd9ea2d7e964ea38712c73c98f48e06 P 6185b5c4fdfc42f4b205f388165ebe24 [term 0 FOLLOWER]: Replica starting. Triggering 0 pending ops. Active config: opid_index: -1 OBSOLETE_local: false peers { permanent_uuid: "cac7295426d94089845959a23cf51235" member_type: VOTER last_known_addr { host: "127.31.226.129" port: 40153 } } peers { permanent_uuid: "6185b5c4fdfc42f4b205f388165ebe24" member_type: VOTER last_known_addr { host: "127.31.226.130" port: 35651 } } peers { permanent_uuid: "b24441641b814559b7ba7def34f95ab4" member_type: VOTER last_known_addr { host: "127.31.226.131" port: 40585 } }
I20260709 12:20:28.591441  1546 raft_consensus.cc:385] T 6bd9ea2d7e964ea38712c73c98f48e06 P 6185b5c4fdfc42f4b205f388165ebe24 [term 0 FOLLOWER]: Consensus starting up: Expiring failure detector timer to make a prompt election more likely
I20260709 12:20:28.591773  1546 raft_consensus.cc:740] T 6bd9ea2d7e964ea38712c73c98f48e06 P 6185b5c4fdfc42f4b205f388165ebe24 [term 0 FOLLOWER]: Becoming Follower/Learner. State: Replica: 6185b5c4fdfc42f4b205f388165ebe24, State: Initialized, Role: FOLLOWER
I20260709 12:20:28.592581  1546 consensus_queue.cc:260] T 6bd9ea2d7e964ea38712c73c98f48e06 P 6185b5c4fdfc42f4b205f388165ebe24 [NON_LEADER]: Queue going to NON_LEADER mode. State: All replicated index: 0, Majority replicated index: 0, Committed index: 0, Last appended: 0.0, Last appended by leader: 0, Current term: 0, Majority size: -1, State: 0, Mode: NON_LEADER, active raft config: opid_index: -1 OBSOLETE_local: false peers { permanent_uuid: "cac7295426d94089845959a23cf51235" member_type: VOTER last_known_addr { host: "127.31.226.129" port: 40153 } } peers { permanent_uuid: "6185b5c4fdfc42f4b205f388165ebe24" member_type: VOTER last_known_addr { host: "127.31.226.130" port: 35651 } } peers { permanent_uuid: "b24441641b814559b7ba7def34f95ab4" member_type: VOTER last_known_addr { host: "127.31.226.131" port: 40585 } }
I20260709 12:20:28.594856  1547 tablet_bootstrap.cc:654] T 057ce10d7d9c44d0a15e603b56a40264 P cac7295426d94089845959a23cf51235: Neither blocks nor log segments found. Creating new log.
I20260709 12:20:28.595006  1546 ts_tablet_manager.cc:1434] T 6bd9ea2d7e964ea38712c73c98f48e06 P 6185b5c4fdfc42f4b205f388165ebe24: Time spent starting tablet: real 0.009s	user 0.006s	sys 0.001s
I20260709 12:20:28.596199  1546 tablet_bootstrap.cc:492] T b226147ffbb04f22902497d7007c46ec P 6185b5c4fdfc42f4b205f388165ebe24: Bootstrap starting.
I20260709 12:20:28.597949  1545 tablet_bootstrap.cc:492] T 6bd9ea2d7e964ea38712c73c98f48e06 P b24441641b814559b7ba7def34f95ab4: No bootstrap required, opened a new log
I20260709 12:20:28.598487  1545 ts_tablet_manager.cc:1403] T 6bd9ea2d7e964ea38712c73c98f48e06 P b24441641b814559b7ba7def34f95ab4: Time spent bootstrapping tablet: real 0.066s	user 0.018s	sys 0.017s
I20260709 12:20:28.601321  1545 raft_consensus.cc:359] T 6bd9ea2d7e964ea38712c73c98f48e06 P b24441641b814559b7ba7def34f95ab4 [term 0 FOLLOWER]: Replica starting. Triggering 0 pending ops. Active config: opid_index: -1 OBSOLETE_local: false peers { permanent_uuid: "cac7295426d94089845959a23cf51235" member_type: VOTER last_known_addr { host: "127.31.226.129" port: 40153 } } peers { permanent_uuid: "6185b5c4fdfc42f4b205f388165ebe24" member_type: VOTER last_known_addr { host: "127.31.226.130" port: 35651 } } peers { permanent_uuid: "b24441641b814559b7ba7def34f95ab4" member_type: VOTER last_known_addr { host: "127.31.226.131" port: 40585 } }
I20260709 12:20:28.602047  1545 raft_consensus.cc:385] T 6bd9ea2d7e964ea38712c73c98f48e06 P b24441641b814559b7ba7def34f95ab4 [term 0 FOLLOWER]: Consensus starting up: Expiring failure detector timer to make a prompt election more likely
I20260709 12:20:28.602339  1545 raft_consensus.cc:740] T 6bd9ea2d7e964ea38712c73c98f48e06 P b24441641b814559b7ba7def34f95ab4 [term 0 FOLLOWER]: Becoming Follower/Learner. State: Replica: b24441641b814559b7ba7def34f95ab4, State: Initialized, Role: FOLLOWER
I20260709 12:20:28.603041  1545 consensus_queue.cc:260] T 6bd9ea2d7e964ea38712c73c98f48e06 P b24441641b814559b7ba7def34f95ab4 [NON_LEADER]: Queue going to NON_LEADER mode. State: All replicated index: 0, Majority replicated index: 0, Committed index: 0, Last appended: 0.0, Last appended by leader: 0, Current term: 0, Majority size: -1, State: 0, Mode: NON_LEADER, active raft config: opid_index: -1 OBSOLETE_local: false peers { permanent_uuid: "cac7295426d94089845959a23cf51235" member_type: VOTER last_known_addr { host: "127.31.226.129" port: 40153 } } peers { permanent_uuid: "6185b5c4fdfc42f4b205f388165ebe24" member_type: VOTER last_known_addr { host: "127.31.226.130" port: 35651 } } peers { permanent_uuid: "b24441641b814559b7ba7def34f95ab4" member_type: VOTER last_known_addr { host: "127.31.226.131" port: 40585 } }
I20260709 12:20:28.605594  1545 ts_tablet_manager.cc:1434] T 6bd9ea2d7e964ea38712c73c98f48e06 P b24441641b814559b7ba7def34f95ab4: Time spent starting tablet: real 0.007s	user 0.008s	sys 0.000s
I20260709 12:20:28.606777  1545 tablet_bootstrap.cc:492] T 057ce10d7d9c44d0a15e603b56a40264 P b24441641b814559b7ba7def34f95ab4: Bootstrap starting.
I20260709 12:20:28.608863  1546 tablet_bootstrap.cc:654] T b226147ffbb04f22902497d7007c46ec P 6185b5c4fdfc42f4b205f388165ebe24: Neither blocks nor log segments found. Creating new log.
I20260709 12:20:28.621579  1594 raft_consensus.cc:493] T ce43c23f2d8f42c0aa093017f2182bd5 P b24441641b814559b7ba7def34f95ab4 [term 0 FOLLOWER]: Starting pre-election (no leader contacted us within the election timeout)
I20260709 12:20:28.622148  1594 raft_consensus.cc:515] T ce43c23f2d8f42c0aa093017f2182bd5 P b24441641b814559b7ba7def34f95ab4 [term 0 FOLLOWER]: Starting pre-election with config: opid_index: -1 OBSOLETE_local: false peers { permanent_uuid: "cac7295426d94089845959a23cf51235" member_type: VOTER last_known_addr { host: "127.31.226.129" port: 40153 } } peers { permanent_uuid: "6185b5c4fdfc42f4b205f388165ebe24" member_type: VOTER last_known_addr { host: "127.31.226.130" port: 35651 } } peers { permanent_uuid: "b24441641b814559b7ba7def34f95ab4" member_type: VOTER last_known_addr { host: "127.31.226.131" port: 40585 } }
I20260709 12:20:28.613349  1545 tablet_bootstrap.cc:654] T 057ce10d7d9c44d0a15e603b56a40264 P b24441641b814559b7ba7def34f95ab4: Neither blocks nor log segments found. Creating new log.
I20260709 12:20:28.619146  1552 consensus_queue.cc:1048] T f9554ac655b8431bb89a96792372aa82 P b24441641b814559b7ba7def34f95ab4 [LEADER]: Connected to new peer: Peer: permanent_uuid: "cac7295426d94089845959a23cf51235" member_type: VOTER last_known_addr { host: "127.31.226.129" port: 40153 }, Status: LMP_MISMATCH, Last received: 0.0, Next index: 1, Last known committed idx: 0, Time since last communication: 0.000s
I20260709 12:20:28.630280  1352 tablet_service.cc:1917] Received RequestConsensusVote() RPC: tablet_id: "ce43c23f2d8f42c0aa093017f2182bd5" candidate_uuid: "b24441641b814559b7ba7def34f95ab4" candidate_term: 1 candidate_status { last_received { term: 0 index: 0 } } ignore_live_leader: false dest_uuid: "cac7295426d94089845959a23cf51235" is_pre_election: true
I20260709 12:20:28.631254  1352 raft_consensus.cc:2468] T ce43c23f2d8f42c0aa093017f2182bd5 P cac7295426d94089845959a23cf51235 [term 0 FOLLOWER]: Leader pre-election vote request: Granting yes vote for candidate b24441641b814559b7ba7def34f95ab4 in term 0.
I20260709 12:20:28.632901  1470 leader_election.cc:304] T ce43c23f2d8f42c0aa093017f2182bd5 P b24441641b814559b7ba7def34f95ab4 [CANDIDATE]: Term 1 pre-election: Election decided. Result: candidate won. Election summary: received 2 responses out of 3 voters: 2 yes votes; 0 no votes. yes voters: b24441641b814559b7ba7def34f95ab4, cac7295426d94089845959a23cf51235; no voters: 
I20260709 12:20:28.633041  1594 leader_election.cc:290] T ce43c23f2d8f42c0aa093017f2182bd5 P b24441641b814559b7ba7def34f95ab4 [CANDIDATE]: Term 1 pre-election: Requested pre-vote from peers cac7295426d94089845959a23cf51235 (127.31.226.129:40153), 6185b5c4fdfc42f4b205f388165ebe24 (127.31.226.130:35651)
I20260709 12:20:28.633872  1594 raft_consensus.cc:2804] T ce43c23f2d8f42c0aa093017f2182bd5 P b24441641b814559b7ba7def34f95ab4 [term 0 FOLLOWER]: Leader pre-election won for term 1
I20260709 12:20:28.632917  1428 tablet_service.cc:1917] Received RequestConsensusVote() RPC: tablet_id: "ce43c23f2d8f42c0aa093017f2182bd5" candidate_uuid: "b24441641b814559b7ba7def34f95ab4" candidate_term: 1 candidate_status { last_received { term: 0 index: 0 } } ignore_live_leader: false dest_uuid: "6185b5c4fdfc42f4b205f388165ebe24" is_pre_election: true
I20260709 12:20:28.634479  1594 raft_consensus.cc:493] T ce43c23f2d8f42c0aa093017f2182bd5 P b24441641b814559b7ba7def34f95ab4 [term 0 FOLLOWER]: Starting leader election (no leader contacted us within the election timeout)
I20260709 12:20:28.634806  1428 raft_consensus.cc:2468] T ce43c23f2d8f42c0aa093017f2182bd5 P 6185b5c4fdfc42f4b205f388165ebe24 [term 0 FOLLOWER]: Leader pre-election vote request: Granting yes vote for candidate b24441641b814559b7ba7def34f95ab4 in term 0.
I20260709 12:20:28.636880  1676 raft_consensus.cc:493] T 057ce10d7d9c44d0a15e603b56a40264 P 6185b5c4fdfc42f4b205f388165ebe24 [term 0 FOLLOWER]: Starting pre-election (no leader contacted us within the election timeout)
I20260709 12:20:28.634898  1594 raft_consensus.cc:3060] T ce43c23f2d8f42c0aa093017f2182bd5 P b24441641b814559b7ba7def34f95ab4 [term 0 FOLLOWER]: Advancing to term 1
I20260709 12:20:28.637459  1676 raft_consensus.cc:515] T 057ce10d7d9c44d0a15e603b56a40264 P 6185b5c4fdfc42f4b205f388165ebe24 [term 0 FOLLOWER]: Starting pre-election with config: opid_index: -1 OBSOLETE_local: false peers { permanent_uuid: "cac7295426d94089845959a23cf51235" member_type: VOTER last_known_addr { host: "127.31.226.129" port: 40153 } } peers { permanent_uuid: "6185b5c4fdfc42f4b205f388165ebe24" member_type: VOTER last_known_addr { host: "127.31.226.130" port: 35651 } } peers { permanent_uuid: "b24441641b814559b7ba7def34f95ab4" member_type: VOTER last_known_addr { host: "127.31.226.131" port: 40585 } }
I20260709 12:20:28.641536  1352 tablet_service.cc:1917] Received RequestConsensusVote() RPC: tablet_id: "057ce10d7d9c44d0a15e603b56a40264" candidate_uuid: "6185b5c4fdfc42f4b205f388165ebe24" candidate_term: 1 candidate_status { last_received { term: 0 index: 0 } } ignore_live_leader: false dest_uuid: "cac7295426d94089845959a23cf51235" is_pre_election: true
I20260709 12:20:28.642427  1676 leader_election.cc:290] T 057ce10d7d9c44d0a15e603b56a40264 P 6185b5c4fdfc42f4b205f388165ebe24 [CANDIDATE]: Term 1 pre-election: Requested pre-vote from peers cac7295426d94089845959a23cf51235 (127.31.226.129:40153), b24441641b814559b7ba7def34f95ab4 (127.31.226.131:40585)
I20260709 12:20:28.642612  1505 tablet_service.cc:1917] Received RequestConsensusVote() RPC: tablet_id: "057ce10d7d9c44d0a15e603b56a40264" candidate_uuid: "6185b5c4fdfc42f4b205f388165ebe24" candidate_term: 1 candidate_status { last_received { term: 0 index: 0 } } ignore_live_leader: false dest_uuid: "b24441641b814559b7ba7def34f95ab4" is_pre_election: true
W20260709 12:20:28.644605  1397 leader_election.cc:343] T 057ce10d7d9c44d0a15e603b56a40264 P 6185b5c4fdfc42f4b205f388165ebe24 [CANDIDATE]: Term 1 pre-election: Tablet error from VoteRequest() call to peer b24441641b814559b7ba7def34f95ab4 (127.31.226.131:40585): Illegal state: must be running to vote when last-logged opid is not known
W20260709 12:20:28.646557  1396 leader_election.cc:343] T 057ce10d7d9c44d0a15e603b56a40264 P 6185b5c4fdfc42f4b205f388165ebe24 [CANDIDATE]: Term 1 pre-election: Tablet error from VoteRequest() call to peer cac7295426d94089845959a23cf51235 (127.31.226.129:40153): Illegal state: must be running to vote when last-logged opid is not known
I20260709 12:20:28.647015  1396 leader_election.cc:304] T 057ce10d7d9c44d0a15e603b56a40264 P 6185b5c4fdfc42f4b205f388165ebe24 [CANDIDATE]: Term 1 pre-election: Election decided. Result: candidate lost. Election summary: received 3 responses out of 3 voters: 1 yes votes; 2 no votes. yes voters: 6185b5c4fdfc42f4b205f388165ebe24; no voters: b24441641b814559b7ba7def34f95ab4, cac7295426d94089845959a23cf51235
I20260709 12:20:28.652719  1676 raft_consensus.cc:2749] T 057ce10d7d9c44d0a15e603b56a40264 P 6185b5c4fdfc42f4b205f388165ebe24 [term 0 FOLLOWER]: Leader pre-election lost for term 1. Reason: could not achieve majority
I20260709 12:20:28.661485  1547 tablet_bootstrap.cc:492] T 057ce10d7d9c44d0a15e603b56a40264 P cac7295426d94089845959a23cf51235: No bootstrap required, opened a new log
I20260709 12:20:28.668782  1547 ts_tablet_manager.cc:1403] T 057ce10d7d9c44d0a15e603b56a40264 P cac7295426d94089845959a23cf51235: Time spent bootstrapping tablet: real 0.109s	user 0.022s	sys 0.010s
I20260709 12:20:28.667340  1594 raft_consensus.cc:515] T ce43c23f2d8f42c0aa093017f2182bd5 P b24441641b814559b7ba7def34f95ab4 [term 1 FOLLOWER]: Starting leader election with config: opid_index: -1 OBSOLETE_local: false peers { permanent_uuid: "cac7295426d94089845959a23cf51235" member_type: VOTER last_known_addr { host: "127.31.226.129" port: 40153 } } peers { permanent_uuid: "6185b5c4fdfc42f4b205f388165ebe24" member_type: VOTER last_known_addr { host: "127.31.226.130" port: 35651 } } peers { permanent_uuid: "b24441641b814559b7ba7def34f95ab4" member_type: VOTER last_known_addr { host: "127.31.226.131" port: 40585 } }
I20260709 12:20:28.672695  1545 tablet_bootstrap.cc:492] T 057ce10d7d9c44d0a15e603b56a40264 P b24441641b814559b7ba7def34f95ab4: No bootstrap required, opened a new log
I20260709 12:20:28.673301  1547 raft_consensus.cc:359] T 057ce10d7d9c44d0a15e603b56a40264 P cac7295426d94089845959a23cf51235 [term 0 FOLLOWER]: Replica starting. Triggering 0 pending ops. Active config: opid_index: -1 OBSOLETE_local: false peers { permanent_uuid: "cac7295426d94089845959a23cf51235" member_type: VOTER last_known_addr { host: "127.31.226.129" port: 40153 } } peers { permanent_uuid: "6185b5c4fdfc42f4b205f388165ebe24" member_type: VOTER last_known_addr { host: "127.31.226.130" port: 35651 } } peers { permanent_uuid: "b24441641b814559b7ba7def34f95ab4" member_type: VOTER last_known_addr { host: "127.31.226.131" port: 40585 } }
I20260709 12:20:28.680608  1547 raft_consensus.cc:385] T 057ce10d7d9c44d0a15e603b56a40264 P cac7295426d94089845959a23cf51235 [term 0 FOLLOWER]: Consensus starting up: Expiring failure detector timer to make a prompt election more likely
I20260709 12:20:28.676604  1428 tablet_service.cc:1917] Received RequestConsensusVote() RPC: tablet_id: "ce43c23f2d8f42c0aa093017f2182bd5" candidate_uuid: "b24441641b814559b7ba7def34f95ab4" candidate_term: 1 candidate_status { last_received { term: 0 index: 0 } } ignore_live_leader: false dest_uuid: "6185b5c4fdfc42f4b205f388165ebe24"
I20260709 12:20:28.680788  1545 ts_tablet_manager.cc:1403] T 057ce10d7d9c44d0a15e603b56a40264 P b24441641b814559b7ba7def34f95ab4: Time spent bootstrapping tablet: real 0.074s	user 0.012s	sys 0.001s
I20260709 12:20:28.681860  1428 raft_consensus.cc:3060] T ce43c23f2d8f42c0aa093017f2182bd5 P 6185b5c4fdfc42f4b205f388165ebe24 [term 0 FOLLOWER]: Advancing to term 1
I20260709 12:20:28.684950  1545 raft_consensus.cc:359] T 057ce10d7d9c44d0a15e603b56a40264 P b24441641b814559b7ba7def34f95ab4 [term 0 FOLLOWER]: Replica starting. Triggering 0 pending ops. Active config: opid_index: -1 OBSOLETE_local: false peers { permanent_uuid: "cac7295426d94089845959a23cf51235" member_type: VOTER last_known_addr { host: "127.31.226.129" port: 40153 } } peers { permanent_uuid: "6185b5c4fdfc42f4b205f388165ebe24" member_type: VOTER last_known_addr { host: "127.31.226.130" port: 35651 } } peers { permanent_uuid: "b24441641b814559b7ba7def34f95ab4" member_type: VOTER last_known_addr { host: "127.31.226.131" port: 40585 } }
I20260709 12:20:28.685750  1545 raft_consensus.cc:385] T 057ce10d7d9c44d0a15e603b56a40264 P b24441641b814559b7ba7def34f95ab4 [term 0 FOLLOWER]: Consensus starting up: Expiring failure detector timer to make a prompt election more likely
I20260709 12:20:28.686095  1545 raft_consensus.cc:740] T 057ce10d7d9c44d0a15e603b56a40264 P b24441641b814559b7ba7def34f95ab4 [term 0 FOLLOWER]: Becoming Follower/Learner. State: Replica: b24441641b814559b7ba7def34f95ab4, State: Initialized, Role: FOLLOWER
I20260709 12:20:28.686874  1545 consensus_queue.cc:260] T 057ce10d7d9c44d0a15e603b56a40264 P b24441641b814559b7ba7def34f95ab4 [NON_LEADER]: Queue going to NON_LEADER mode. State: All replicated index: 0, Majority replicated index: 0, Committed index: 0, Last appended: 0.0, Last appended by leader: 0, Current term: 0, Majority size: -1, State: 0, Mode: NON_LEADER, active raft config: opid_index: -1 OBSOLETE_local: false peers { permanent_uuid: "cac7295426d94089845959a23cf51235" member_type: VOTER last_known_addr { host: "127.31.226.129" port: 40153 } } peers { permanent_uuid: "6185b5c4fdfc42f4b205f388165ebe24" member_type: VOTER last_known_addr { host: "127.31.226.130" port: 35651 } } peers { permanent_uuid: "b24441641b814559b7ba7def34f95ab4" member_type: VOTER last_known_addr { host: "127.31.226.131" port: 40585 } }
I20260709 12:20:28.688033  1591 raft_consensus.cc:493] T 81e605f0a3064b0c94b42793507a0991 P 6185b5c4fdfc42f4b205f388165ebe24 [term 0 FOLLOWER]: Starting pre-election (no leader contacted us within the election timeout)
I20260709 12:20:28.688560  1591 raft_consensus.cc:515] T 81e605f0a3064b0c94b42793507a0991 P 6185b5c4fdfc42f4b205f388165ebe24 [term 0 FOLLOWER]: Starting pre-election with config: opid_index: -1 OBSOLETE_local: false peers { permanent_uuid: "cac7295426d94089845959a23cf51235" member_type: VOTER last_known_addr { host: "127.31.226.129" port: 40153 } } peers { permanent_uuid: "6185b5c4fdfc42f4b205f388165ebe24" member_type: VOTER last_known_addr { host: "127.31.226.130" port: 35651 } } peers { permanent_uuid: "b24441641b814559b7ba7def34f95ab4" member_type: VOTER last_known_addr { host: "127.31.226.131" port: 40585 } }
I20260709 12:20:28.690430  1545 ts_tablet_manager.cc:1434] T 057ce10d7d9c44d0a15e603b56a40264 P b24441641b814559b7ba7def34f95ab4: Time spent starting tablet: real 0.008s	user 0.005s	sys 0.001s
I20260709 12:20:28.690831  1591 leader_election.cc:290] T 81e605f0a3064b0c94b42793507a0991 P 6185b5c4fdfc42f4b205f388165ebe24 [CANDIDATE]: Term 1 pre-election: Requested pre-vote from peers cac7295426d94089845959a23cf51235 (127.31.226.129:40153), b24441641b814559b7ba7def34f95ab4 (127.31.226.131:40585)
I20260709 12:20:28.691543  1545 tablet_bootstrap.cc:492] T dbccc6c8377b444fbf0bfc9ab66f5b67 P b24441641b814559b7ba7def34f95ab4: Bootstrap starting.
I20260709 12:20:28.694286  1353 tablet_service.cc:1917] Received RequestConsensusVote() RPC: tablet_id: "81e605f0a3064b0c94b42793507a0991" candidate_uuid: "6185b5c4fdfc42f4b205f388165ebe24" candidate_term: 1 candidate_status { last_received { term: 0 index: 0 } } ignore_live_leader: false dest_uuid: "cac7295426d94089845959a23cf51235" is_pre_election: true
I20260709 12:20:28.695015  1353 raft_consensus.cc:2468] T 81e605f0a3064b0c94b42793507a0991 P cac7295426d94089845959a23cf51235 [term 0 FOLLOWER]: Leader pre-election vote request: Granting yes vote for candidate 6185b5c4fdfc42f4b205f388165ebe24 in term 0.
I20260709 12:20:28.696077  1505 tablet_service.cc:1917] Received RequestConsensusVote() RPC: tablet_id: "81e605f0a3064b0c94b42793507a0991" candidate_uuid: "6185b5c4fdfc42f4b205f388165ebe24" candidate_term: 1 candidate_status { last_received { term: 0 index: 0 } } ignore_live_leader: false dest_uuid: "b24441641b814559b7ba7def34f95ab4" is_pre_election: true
I20260709 12:20:28.696770  1505 raft_consensus.cc:2468] T 81e605f0a3064b0c94b42793507a0991 P b24441641b814559b7ba7def34f95ab4 [term 0 FOLLOWER]: Leader pre-election vote request: Granting yes vote for candidate 6185b5c4fdfc42f4b205f388165ebe24 in term 0.
I20260709 12:20:28.677307  1351 tablet_service.cc:1917] Received RequestConsensusVote() RPC: tablet_id: "ce43c23f2d8f42c0aa093017f2182bd5" candidate_uuid: "b24441641b814559b7ba7def34f95ab4" candidate_term: 1 candidate_status { last_received { term: 0 index: 0 } } ignore_live_leader: false dest_uuid: "cac7295426d94089845959a23cf51235"
I20260709 12:20:28.681461  1547 raft_consensus.cc:740] T 057ce10d7d9c44d0a15e603b56a40264 P cac7295426d94089845959a23cf51235 [term 0 FOLLOWER]: Becoming Follower/Learner. State: Replica: cac7295426d94089845959a23cf51235, State: Initialized, Role: FOLLOWER
I20260709 12:20:28.697968  1545 tablet_bootstrap.cc:654] T dbccc6c8377b444fbf0bfc9ab66f5b67 P b24441641b814559b7ba7def34f95ab4: Neither blocks nor log segments found. Creating new log.
I20260709 12:20:28.698083  1397 leader_election.cc:304] T 81e605f0a3064b0c94b42793507a0991 P 6185b5c4fdfc42f4b205f388165ebe24 [CANDIDATE]: Term 1 pre-election: Election decided. Result: candidate won. Election summary: received 2 responses out of 3 voters: 2 yes votes; 0 no votes. yes voters: 6185b5c4fdfc42f4b205f388165ebe24, b24441641b814559b7ba7def34f95ab4; no voters: 
I20260709 12:20:28.698693  1547 consensus_queue.cc:260] T 057ce10d7d9c44d0a15e603b56a40264 P cac7295426d94089845959a23cf51235 [NON_LEADER]: Queue going to NON_LEADER mode. State: All replicated index: 0, Majority replicated index: 0, Committed index: 0, Last appended: 0.0, Last appended by leader: 0, Current term: 0, Majority size: -1, State: 0, Mode: NON_LEADER, active raft config: opid_index: -1 OBSOLETE_local: false peers { permanent_uuid: "cac7295426d94089845959a23cf51235" member_type: VOTER last_known_addr { host: "127.31.226.129" port: 40153 } } peers { permanent_uuid: "6185b5c4fdfc42f4b205f388165ebe24" member_type: VOTER last_known_addr { host: "127.31.226.130" port: 35651 } } peers { permanent_uuid: "b24441641b814559b7ba7def34f95ab4" member_type: VOTER last_known_addr { host: "127.31.226.131" port: 40585 } }
I20260709 12:20:28.701013  1547 ts_tablet_manager.cc:1434] T 057ce10d7d9c44d0a15e603b56a40264 P cac7295426d94089845959a23cf51235: Time spent starting tablet: real 0.032s	user 0.007s	sys 0.000s
I20260709 12:20:28.701982  1547 tablet_bootstrap.cc:492] T 04fd8b53a3f94275a403b3d6d3f69d57 P cac7295426d94089845959a23cf51235: Bootstrap starting.
I20260709 12:20:28.702220  1591 raft_consensus.cc:2804] T 81e605f0a3064b0c94b42793507a0991 P 6185b5c4fdfc42f4b205f388165ebe24 [term 0 FOLLOWER]: Leader pre-election won for term 1
I20260709 12:20:28.702621  1591 raft_consensus.cc:493] T 81e605f0a3064b0c94b42793507a0991 P 6185b5c4fdfc42f4b205f388165ebe24 [term 0 FOLLOWER]: Starting leader election (no leader contacted us within the election timeout)
