W20260709 12:20:24.205950 10921 instance_detector.cc:116] could not retrieve OpenStack instance metadata: Network error: curl error: HTTP response code said error: The requested URL returned error: 404
I20260709 12:20:24.207106  9760 server_base.cc:1061] running on GCE node
I20260709 12:20:24.207866  9760 hybrid_clock.cc:584] initializing the hybrid clock with 'system_unsync' time source
W20260709 12:20:24.208048  9760 system_unsync_time.cc:38] NTP support is disabled. Clock error bounds will not be accurate. This configuration is not suitable for distributed clusters.
I20260709 12:20:24.208161  9760 hybrid_clock.cc:648] HybridClock initialized: now 1783599624208150 us; error 0 us; skew 500 ppm
I20260709 12:20:24.208606  9760 server_base.cc:861] Flag tcmalloc_max_total_thread_cache_bytes is not working since tcmalloc is not enabled.
I20260709 12:20:24.210814  9760 webserver.cc:533] Webserver started at http://127.9.136.1:33535/ using document root <none> and password file <none>
I20260709 12:20:24.211311  9760 fs_manager.cc:362] Metadata directory not provided
I20260709 12:20:24.211475  9760 fs_manager.cc:368] Using write-ahead log directory (fs_wal_dir) as metadata directory
I20260709 12:20:24.211685  9760 server_base.cc:909] This appears to be a new deployment of Kudu; creating new FS layout
I20260709 12:20:24.212641  9760 fs_manager.cc:1068] Generated new instance metadata in path /tmp/dist-test-taskiIuEsr/test-tmp/auto_leader_rebalancer-test.0.LeaderRebalancerTest.AddTserver.1783599561164109-9760-0/minicluster-data/ts-0-root/instance:
uuid: "c9bbdd7983204bf1839db934f74a84ee"
format_stamp: "Formatted at 2026-07-09 12:20:24 on dist-test-slave-h6sg"
I20260709 12:20:24.217324  9760 fs_manager.cc:696] Time spent creating directory manager: real 0.004s	user 0.005s	sys 0.000s
I20260709 12:20:24.220726 10926 log_block_manager.cc:4127] Time spent loading block containers with low live blocks: real 0.000s	user 0.000s	sys 0.000s
I20260709 12:20:24.221519  9760 fs_manager.cc:730] Time spent opening block manager: real 0.002s	user 0.001s	sys 0.000s
I20260709 12:20:24.221822  9760 fs_manager.cc:647] Opened local filesystem: /tmp/dist-test-taskiIuEsr/test-tmp/auto_leader_rebalancer-test.0.LeaderRebalancerTest.AddTserver.1783599561164109-9760-0/minicluster-data/ts-0-root
uuid: "c9bbdd7983204bf1839db934f74a84ee"
format_stamp: "Formatted at 2026-07-09 12:20:24 on dist-test-slave-h6sg"
I20260709 12:20:24.222076  9760 fs_report.cc:389] FS layout report
--------------------
wal directory: /tmp/dist-test-taskiIuEsr/test-tmp/auto_leader_rebalancer-test.0.LeaderRebalancerTest.AddTserver.1783599561164109-9760-0/minicluster-data/ts-0-root
metadata directory: /tmp/dist-test-taskiIuEsr/test-tmp/auto_leader_rebalancer-test.0.LeaderRebalancerTest.AddTserver.1783599561164109-9760-0/minicluster-data/ts-0-root
1 data directories: /tmp/dist-test-taskiIuEsr/test-tmp/auto_leader_rebalancer-test.0.LeaderRebalancerTest.AddTserver.1783599561164109-9760-0/minicluster-data/ts-0-root/data
Total live blocks: 0
Total live bytes: 0
Total live bytes (after alignment): 0
Total number of LBM containers: 0 (0 full)
Did not check for missing blocks
Did not check for orphaned blocks
Total full LBM containers with extra space: 0 (0 repaired)
Total full LBM container extra space in bytes: 0 (0 repaired)
Total incomplete LBM containers: 0 (0 repaired)
Total LBM partial records: 0 (0 repaired)
Total corrupted LBM metadata records in RocksDB: 0 (0 repaired)
I20260709 12:20:24.240160  9760 rpc_server.cc:225] running with OpenSSL 1.1.1  11 Sep 2018
I20260709 12:20:24.241411  9760 kserver.cc:163] Server-wide thread pool size limit: 3276
I20260709 12:20:24.243270  9760 txn_system_client.cc:432] TxnSystemClient initialization is disabled...
I20260709 12:20:24.245926  9760 ts_tablet_manager.cc:585] Loaded tablet metadata (0 total tablets, 0 live tablets)
I20260709 12:20:24.246230  9760 ts_tablet_manager.cc:531] Time spent load tablet metadata: real 0.000s	user 0.000s	sys 0.000s
I20260709 12:20:24.246536  9760 ts_tablet_manager.cc:616] Registered 0 tablets
I20260709 12:20:24.247102  9760 ts_tablet_manager.cc:595] Time spent register tablets: real 0.001s	user 0.002s	sys 0.000s
I20260709 12:20:24.289377  9760 rpc_server.cc:307] RPC server started. Bound to: 127.9.136.1:39221
I20260709 12:20:24.289541 10988 acceptor_pool.cc:272] collecting diagnostics on the listening RPC socket 127.9.136.1:39221 every 8 connection(s)
I20260709 12:20:24.294374  9760 file_cache.cc:504] Constructed file cache file cache with capacity 419430
W20260709 12:20:24.301323 10993 instance_detector.cc:116] could not retrieve AWS instance metadata: Network error: curl error: HTTP response code said error: The requested URL returned error: 404
W20260709 12:20:24.302996 10994 instance_detector.cc:116] could not retrieve Azure instance metadata: Network error: curl error: HTTP response code said error: The requested URL returned error: 404
I20260709 12:20:24.307425  9760 server_base.cc:1061] running on GCE node
W20260709 12:20:24.307343 10996 instance_detector.cc:116] could not retrieve OpenStack instance metadata: Network error: curl error: HTTP response code said error: The requested URL returned error: 404
I20260709 12:20:24.307984 10989 heartbeater.cc:344] Connected to a master server at 127.9.136.62:41481
I20260709 12:20:24.308357 10989 heartbeater.cc:461] Registering TS with master...
I20260709 12:20:24.309559  9760 hybrid_clock.cc:584] initializing the hybrid clock with 'system_unsync' time source
I20260709 12:20:24.309542 10989 heartbeater.cc:507] Master 127.9.136.62:41481 requested a full tablet report, sending...
W20260709 12:20:24.310068  9760 system_unsync_time.cc:38] NTP support is disabled. Clock error bounds will not be accurate. This configuration is not suitable for distributed clusters.
I20260709 12:20:24.310314  9760 hybrid_clock.cc:648] HybridClock initialized: now 1783599624310294 us; error 0 us; skew 500 ppm
I20260709 12:20:24.310890  9760 server_base.cc:861] Flag tcmalloc_max_total_thread_cache_bytes is not working since tcmalloc is not enabled.
I20260709 12:20:24.311910 10862 ts_manager.cc:194] Registered new tserver with Master: c9bbdd7983204bf1839db934f74a84ee (127.9.136.1:39221)
I20260709 12:20:24.313618  9760 webserver.cc:533] Webserver started at http://127.9.136.2:41607/ using document root <none> and password file <none>
I20260709 12:20:24.314143  9760 fs_manager.cc:362] Metadata directory not provided
I20260709 12:20:24.314363  9760 fs_manager.cc:368] Using write-ahead log directory (fs_wal_dir) as metadata directory
I20260709 12:20:24.314566 10862 master_service.cc:502] Signed X509 certificate for tserver {username='slave'} at 127.0.0.1:46902
I20260709 12:20:24.314662  9760 server_base.cc:909] This appears to be a new deployment of Kudu; creating new FS layout
I20260709 12:20:24.316097  9760 fs_manager.cc:1068] Generated new instance metadata in path /tmp/dist-test-taskiIuEsr/test-tmp/auto_leader_rebalancer-test.0.LeaderRebalancerTest.AddTserver.1783599561164109-9760-0/minicluster-data/ts-1-root/instance:
uuid: "bd9eff65efe84fbea5a60e5a41a97640"
format_stamp: "Formatted at 2026-07-09 12:20:24 on dist-test-slave-h6sg"
I20260709 12:20:24.321615  9760 fs_manager.cc:696] Time spent creating directory manager: real 0.005s	user 0.005s	sys 0.001s
I20260709 12:20:24.326023 11001 log_block_manager.cc:4127] Time spent loading block containers with low live blocks: real 0.000s	user 0.000s	sys 0.000s
I20260709 12:20:24.327132  9760 fs_manager.cc:730] Time spent opening block manager: real 0.003s	user 0.003s	sys 0.000s
I20260709 12:20:24.327451  9760 fs_manager.cc:647] Opened local filesystem: /tmp/dist-test-taskiIuEsr/test-tmp/auto_leader_rebalancer-test.0.LeaderRebalancerTest.AddTserver.1783599561164109-9760-0/minicluster-data/ts-1-root
uuid: "bd9eff65efe84fbea5a60e5a41a97640"
format_stamp: "Formatted at 2026-07-09 12:20:24 on dist-test-slave-h6sg"
I20260709 12:20:24.327761  9760 fs_report.cc:389] FS layout report
--------------------
wal directory: /tmp/dist-test-taskiIuEsr/test-tmp/auto_leader_rebalancer-test.0.LeaderRebalancerTest.AddTserver.1783599561164109-9760-0/minicluster-data/ts-1-root
metadata directory: /tmp/dist-test-taskiIuEsr/test-tmp/auto_leader_rebalancer-test.0.LeaderRebalancerTest.AddTserver.1783599561164109-9760-0/minicluster-data/ts-1-root
1 data directories: /tmp/dist-test-taskiIuEsr/test-tmp/auto_leader_rebalancer-test.0.LeaderRebalancerTest.AddTserver.1783599561164109-9760-0/minicluster-data/ts-1-root/data
Total live blocks: 0
Total live bytes: 0
Total live bytes (after alignment): 0
Total number of LBM containers: 0 (0 full)
Did not check for missing blocks
Did not check for orphaned blocks
Total full LBM containers with extra space: 0 (0 repaired)
Total full LBM container extra space in bytes: 0 (0 repaired)
Total incomplete LBM containers: 0 (0 repaired)
Total LBM partial records: 0 (0 repaired)
Total corrupted LBM metadata records in RocksDB: 0 (0 repaired)
I20260709 12:20:24.344128  9760 rpc_server.cc:225] running with OpenSSL 1.1.1  11 Sep 2018
I20260709 12:20:24.345917  9760 kserver.cc:163] Server-wide thread pool size limit: 3276
I20260709 12:20:24.347764  9760 txn_system_client.cc:432] TxnSystemClient initialization is disabled...
I20260709 12:20:24.350158  9760 ts_tablet_manager.cc:585] Loaded tablet metadata (0 total tablets, 0 live tablets)
I20260709 12:20:24.350409  9760 ts_tablet_manager.cc:531] Time spent load tablet metadata: real 0.000s	user 0.000s	sys 0.000s
I20260709 12:20:24.350672  9760 ts_tablet_manager.cc:616] Registered 0 tablets
I20260709 12:20:24.350867  9760 ts_tablet_manager.cc:595] Time spent register tablets: real 0.000s	user 0.000s	sys 0.000s
I20260709 12:20:24.398483  9760 rpc_server.cc:307] RPC server started. Bound to: 127.9.136.2:38629
I20260709 12:20:24.398624 11063 acceptor_pool.cc:272] collecting diagnostics on the listening RPC socket 127.9.136.2:38629 every 8 connection(s)
I20260709 12:20:24.403235  9760 file_cache.cc:504] Constructed file cache file cache with capacity 419430
W20260709 12:20:24.412691 11067 instance_detector.cc:116] could not retrieve AWS instance metadata: Network error: curl error: HTTP response code said error: The requested URL returned error: 404
W20260709 12:20:24.413806 11068 instance_detector.cc:116] could not retrieve Azure instance metadata: Network error: curl error: HTTP response code said error: The requested URL returned error: 404
W20260709 12:20:24.414144 11070 instance_detector.cc:116] could not retrieve OpenStack instance metadata: Network error: curl error: HTTP response code said error: The requested URL returned error: 404
I20260709 12:20:24.415431  9760 server_base.cc:1061] running on GCE node
I20260709 12:20:24.416486  9760 hybrid_clock.cc:584] initializing the hybrid clock with 'system_unsync' time source
W20260709 12:20:24.416703  9760 system_unsync_time.cc:38] NTP support is disabled. Clock error bounds will not be accurate. This configuration is not suitable for distributed clusters.
I20260709 12:20:24.416904  9760 hybrid_clock.cc:648] HybridClock initialized: now 1783599624416884 us; error 0 us; skew 500 ppm
I20260709 12:20:24.417455 11064 heartbeater.cc:344] Connected to a master server at 127.9.136.62:41481
I20260709 12:20:24.417593  9760 server_base.cc:861] Flag tcmalloc_max_total_thread_cache_bytes is not working since tcmalloc is not enabled.
I20260709 12:20:24.417845 11064 heartbeater.cc:461] Registering TS with master...
I20260709 12:20:24.418748 11064 heartbeater.cc:507] Master 127.9.136.62:41481 requested a full tablet report, sending...
I20260709 12:20:24.420609  9760 webserver.cc:533] Webserver started at http://127.9.136.3:44341/ using document root <none> and password file <none>
I20260709 12:20:24.421166  9760 fs_manager.cc:362] Metadata directory not provided
I20260709 12:20:24.421383  9760 fs_manager.cc:368] Using write-ahead log directory (fs_wal_dir) as metadata directory
I20260709 12:20:24.421663  9760 server_base.cc:909] This appears to be a new deployment of Kudu; creating new FS layout
I20260709 12:20:24.421792 10862 ts_manager.cc:194] Registered new tserver with Master: bd9eff65efe84fbea5a60e5a41a97640 (127.9.136.2:38629)
I20260709 12:20:24.423364  9760 fs_manager.cc:1068] Generated new instance metadata in path /tmp/dist-test-taskiIuEsr/test-tmp/auto_leader_rebalancer-test.0.LeaderRebalancerTest.AddTserver.1783599561164109-9760-0/minicluster-data/ts-2-root/instance:
uuid: "28ace0492da04d2487b49138b0aff847"
format_stamp: "Formatted at 2026-07-09 12:20:24 on dist-test-slave-h6sg"
I20260709 12:20:24.423648 10862 master_service.cc:502] Signed X509 certificate for tserver {username='slave'} at 127.0.0.1:46912
I20260709 12:20:24.428700  9760 fs_manager.cc:696] Time spent creating directory manager: real 0.005s	user 0.004s	sys 0.000s
I20260709 12:20:24.433350 11075 log_block_manager.cc:4127] Time spent loading block containers with low live blocks: real 0.000s	user 0.000s	sys 0.000s
I20260709 12:20:24.434305  9760 fs_manager.cc:730] Time spent opening block manager: real 0.002s	user 0.002s	sys 0.000s
I20260709 12:20:24.434646  9760 fs_manager.cc:647] Opened local filesystem: /tmp/dist-test-taskiIuEsr/test-tmp/auto_leader_rebalancer-test.0.LeaderRebalancerTest.AddTserver.1783599561164109-9760-0/minicluster-data/ts-2-root
uuid: "28ace0492da04d2487b49138b0aff847"
format_stamp: "Formatted at 2026-07-09 12:20:24 on dist-test-slave-h6sg"
I20260709 12:20:24.434944  9760 fs_report.cc:389] FS layout report
--------------------
wal directory: /tmp/dist-test-taskiIuEsr/test-tmp/auto_leader_rebalancer-test.0.LeaderRebalancerTest.AddTserver.1783599561164109-9760-0/minicluster-data/ts-2-root
metadata directory: /tmp/dist-test-taskiIuEsr/test-tmp/auto_leader_rebalancer-test.0.LeaderRebalancerTest.AddTserver.1783599561164109-9760-0/minicluster-data/ts-2-root
1 data directories: /tmp/dist-test-taskiIuEsr/test-tmp/auto_leader_rebalancer-test.0.LeaderRebalancerTest.AddTserver.1783599561164109-9760-0/minicluster-data/ts-2-root/data
Total live blocks: 0
Total live bytes: 0
Total live bytes (after alignment): 0
Total number of LBM containers: 0 (0 full)
Did not check for missing blocks
Did not check for orphaned blocks
Total full LBM containers with extra space: 0 (0 repaired)
Total full LBM container extra space in bytes: 0 (0 repaired)
Total incomplete LBM containers: 0 (0 repaired)
Total LBM partial records: 0 (0 repaired)
Total corrupted LBM metadata records in RocksDB: 0 (0 repaired)
I20260709 12:20:24.449080  9760 rpc_server.cc:225] running with OpenSSL 1.1.1  11 Sep 2018
I20260709 12:20:24.450289  9760 kserver.cc:163] Server-wide thread pool size limit: 3276
I20260709 12:20:24.451931  9760 txn_system_client.cc:432] TxnSystemClient initialization is disabled...
I20260709 12:20:24.454154  9760 ts_tablet_manager.cc:585] Loaded tablet metadata (0 total tablets, 0 live tablets)
I20260709 12:20:24.454378  9760 ts_tablet_manager.cc:531] Time spent load tablet metadata: real 0.000s	user 0.000s	sys 0.000s
I20260709 12:20:24.454619  9760 ts_tablet_manager.cc:616] Registered 0 tablets
I20260709 12:20:24.454792  9760 ts_tablet_manager.cc:595] Time spent register tablets: real 0.000s	user 0.000s	sys 0.000s
I20260709 12:20:24.501801  9760 rpc_server.cc:307] RPC server started. Bound to: 127.9.136.3:41791
I20260709 12:20:24.501902 11137 acceptor_pool.cc:272] collecting diagnostics on the listening RPC socket 127.9.136.3:41791 every 8 connection(s)
I20260709 12:20:24.516376 11138 heartbeater.cc:344] Connected to a master server at 127.9.136.62:41481
I20260709 12:20:24.516757 11138 heartbeater.cc:461] Registering TS with master...
I20260709 12:20:24.517524 11138 heartbeater.cc:507] Master 127.9.136.62:41481 requested a full tablet report, sending...
I20260709 12:20:24.519786 10862 ts_manager.cc:194] Registered new tserver with Master: 28ace0492da04d2487b49138b0aff847 (127.9.136.3:41791)
I20260709 12:20:24.520284  9760 internal_mini_cluster.cc:371] 3 TS(s) registered with all masters after 0.01528371s
I20260709 12:20:24.521675 10862 master_service.cc:502] Signed X509 certificate for tserver {username='slave'} at 127.0.0.1:46914
I20260709 12:20:24.547237 10862 catalog_manager.cc:2283] Servicing CreateTable request from {username='slave'} at 127.0.0.1:46920:
name: "test-workload"
schema {
  columns {
    name: "key"
    type: INT32
    is_key: true
    is_nullable: false
    encoding: AUTO_ENCODING
    compression: DEFAULT_COMPRESSION
    cfile_block_size: 0
    immutable: false
  }
  columns {
    name: "int_val"
    type: INT32
    is_key: false
    is_nullable: false
    encoding: AUTO_ENCODING
    compression: DEFAULT_COMPRESSION
    cfile_block_size: 0
    immutable: false
  }
  columns {
    name: "string_val"
    type: STRING
    is_key: false
    is_nullable: true
    encoding: AUTO_ENCODING
    compression: DEFAULT_COMPRESSION
    cfile_block_size: 0
    immutable: false
  }
}
num_replicas: 3
split_rows_range_bounds {
  rows: "\004\001\000\313c+\002\004\001\000\226\307V\004\004\001\000a+\202\006\004\001\000,\217\255\010\004\001\000\367\362\330\n\004\001\000\302V\004\r\004\001\000\215\272/\017\004\001\000X\036[\021\004\001\000#\202\206\023\004\001\000\356\345\261\025\004\001\000\271I\335\027\004\001\000\204\255\010\032\004\001\000O\0214\034\004\001\000\032u_\036\004\001\000\345\330\212 \004\001\000\260<\266\"\004\001\000{\240\341$\004\001\000F\004\r\'\004\001\000\021h8)\004\001\000\334\313c+\004\001\000\247/\217-\004\001\000r\223\272/\004\001\000=\367\3451\004\001\000\010[\0214\004\001\000\323\276<6\004\001\000\236\"h8\004\001\000i\206\223:\004\001\0004\352\276<\004\001\000\377M\352>\004\001\000\312\261\025A\004\001\000\225\025AC\004\001\000`ylE\004\001\000+\335\227G\004\001\000\366@\303I\004\001\000\301\244\356K\004\001\000\214\010\032N\004\001\000WlEP\004\001\000\"\320pR\004\001\000\3553\234T\004\001\000\270\227\307V\004\001\000\203\373\362X\004\001\000N_\036[\004\001\000\031\303I]\004\001\000\344&u_\004\001\000\257\212\240a\004\001\000z\356\313c\004\001\000ER\367e\004\001\000\020\266\"h\004\001\000\333\031Nj\004\001\000\246}yl\004\001\000q\341\244n\004\001\000<E\320p\004\001\000\007\251\373r\004\001\000\322\014\'u\004\001\000\235pRw\004\001\000h\324}y\004\001\00038\251{\004\001\000\376\233\324}""\004\001\000\313c+\002\004\001\000\226\307V\004\004\001\000a+\202\006\004\001\000,\217\255\010\004\001\000\367\362\330\n\004\001\000\302V\004\r\004\001\000\215\272/\017\004\001\000X\036[\021\004\001\000#\202\206\023\004\001\000\356\345\261\025\004\001\000\271I\335\027\004\001\000\204\255\010\032\004\001\000O\0214\034\004\001\000\032u_\036\004\001\000\345\330\212 \004\001\000\260<\266\"\004\001\000{\240\341$\004\001\000F\004\r\'\004\001\000\021h8)\004\001\000\334\313c+\004\001\000\247/\217-\004\001\000r\223\272/\004\001\000=\367\3451\004\001\000\010[\0214\004\001\000\323\276<6\004\001\000\236\"h8\004\001\000i\206\223:\004\001\0004\352\276<\004\001\000\377M\352>\004\001\000\312\261\025A\004\001\000\225\025AC\004\001\000`ylE\004\001\000+\335\227G\004\001\000\366@\303I\004\001\000\301\244\356K\004\001\000\214\010\032N\004\001\000WlEP\004\001\000\"\320pR\004\001\000\3553\234T\004\001\000\270\227\307V\004\001\000\203\373\362X\004\001\000N_\036[\004\001\000\031\303I]\004\001\000\344&u_\004\001\000\257\212\240a\004\001\000z\356\313c\004\001\000ER\367e\004\001\000\020\266\"h\004\001\000\333\031Nj\004\001\000\246}yl\004\001\000q\341\244n\004\001\000<E\320p\004\001\000\007\251\373r\004\001\000\322\014\'u\004\001\000\235pRw\004\001\000h\324}y\004\001\00038\251{\004\001\000\376\233\324}"
  indirect_data: """"
}
partition_schema {
  range_schema {
    columns {
      name: "key"
    }
  }
}
W20260709 12:20:24.553557 10862 catalog_manager.cc:7077] The number of live tablet servers is not enough to re-replicate a tablet replica of the newly created table test-workload in case of a server failure: 4 tablet servers would be needed, 3 are available. Consider bringing up more tablet servers.
I20260709 12:20:24.763243 11028 tablet_service.cc:1511] Processing CreateTablet for tablet 99a106ca85644b6c8217c9bcd2e34699 (DEFAULT_TABLE table=test-workload [id=82fa5d77904b4ddf91272fc8a311caec]), partition=RANGE (key) PARTITION 36398027 <= VALUES < 72796054
I20260709 12:20:24.764935 11028 data_dirs.cc:400] Could only allocate 1 dirs of requested 3 for tablet 99a106ca85644b6c8217c9bcd2e34699. 1 dirs total, 0 dirs full, 0 dirs failed
I20260709 12:20:24.768061 11027 tablet_service.cc:1511] Processing CreateTablet for tablet 616cce05655f483ab8faac74a72c4dc3 (DEFAULT_TABLE table=test-workload [id=82fa5d77904b4ddf91272fc8a311caec]), partition=RANGE (key) PARTITION 72796054 <= VALUES < 109194081
I20260709 12:20:24.769404 11027 data_dirs.cc:400] Could only allocate 1 dirs of requested 3 for tablet 616cce05655f483ab8faac74a72c4dc3. 1 dirs total, 0 dirs full, 0 dirs failed
I20260709 12:20:24.771284 11026 tablet_service.cc:1511] Processing CreateTablet for tablet 0a1bb5c148ee47e4a231d66367b874a6 (DEFAULT_TABLE table=test-workload [id=82fa5d77904b4ddf91272fc8a311caec]), partition=RANGE (key) PARTITION 109194081 <= VALUES < 145592108
I20260709 12:20:24.771998 10953 tablet_service.cc:1511] Processing CreateTablet for tablet 99a106ca85644b6c8217c9bcd2e34699 (DEFAULT_TABLE table=test-workload [id=82fa5d77904b4ddf91272fc8a311caec]), partition=RANGE (key) PARTITION 36398027 <= VALUES < 72796054
I20260709 12:20:24.772605 11026 data_dirs.cc:400] Could only allocate 1 dirs of requested 3 for tablet 0a1bb5c148ee47e4a231d66367b874a6. 1 dirs total, 0 dirs full, 0 dirs failed
I20260709 12:20:24.773278 10953 data_dirs.cc:400] Could only allocate 1 dirs of requested 3 for tablet 99a106ca85644b6c8217c9bcd2e34699. 1 dirs total, 0 dirs full, 0 dirs failed
I20260709 12:20:24.774786 11095 tablet_service.cc:1511] Processing CreateTablet for tablet 7511abae7f9d4123bf86e618a880492a (DEFAULT_TABLE table=test-workload [id=82fa5d77904b4ddf91272fc8a311caec]), partition=RANGE (key) PARTITION 291184216 <= VALUES < 327582243
I20260709 12:20:24.776480 11095 data_dirs.cc:400] Could only allocate 1 dirs of requested 3 for tablet 7511abae7f9d4123bf86e618a880492a. 1 dirs total, 0 dirs full, 0 dirs failed
I20260709 12:20:24.778208 10951 tablet_service.cc:1511] Processing CreateTablet for tablet 0a1bb5c148ee47e4a231d66367b874a6 (DEFAULT_TABLE table=test-workload [id=82fa5d77904b4ddf91272fc8a311caec]), partition=RANGE (key) PARTITION 109194081 <= VALUES < 145592108
I20260709 12:20:24.780875 11096 tablet_service.cc:1511] Processing CreateTablet for tablet b2af34bc9aaf40d5911d1fe9aadb0b23 (DEFAULT_TABLE table=test-workload [id=82fa5d77904b4ddf91272fc8a311caec]), partition=RANGE (key) PARTITION 254786189 <= VALUES < 291184216
I20260709 12:20:24.780988 10950 tablet_service.cc:1511] Processing CreateTablet for tablet dddd869cf9be4f219fd784ee9a8bedf0 (DEFAULT_TABLE table=test-workload [id=82fa5d77904b4ddf91272fc8a311caec]), partition=RANGE (key) PARTITION 145592108 <= VALUES < 181990135
I20260709 12:20:24.783541 10949 tablet_service.cc:1511] Processing CreateTablet for tablet 986aed5567a04e82941ddb86e84863d8 (DEFAULT_TABLE table=test-workload [id=82fa5d77904b4ddf91272fc8a311caec]), partition=RANGE (key) PARTITION 181990135 <= VALUES < 218388162
I20260709 12:20:24.785279 11098 tablet_service.cc:1511] Processing CreateTablet for tablet 986aed5567a04e82941ddb86e84863d8 (DEFAULT_TABLE table=test-workload [id=82fa5d77904b4ddf91272fc8a311caec]), partition=RANGE (key) PARTITION 181990135 <= VALUES < 218388162
I20260709 12:20:24.787827 11100 tablet_service.cc:1511] Processing CreateTablet for tablet 0a1bb5c148ee47e4a231d66367b874a6 (DEFAULT_TABLE table=test-workload [id=82fa5d77904b4ddf91272fc8a311caec]), partition=RANGE (key) PARTITION 109194081 <= VALUES < 145592108
I20260709 12:20:24.788369 10947 tablet_service.cc:1511] Processing CreateTablet for tablet b2af34bc9aaf40d5911d1fe9aadb0b23 (DEFAULT_TABLE table=test-workload [id=82fa5d77904b4ddf91272fc8a311caec]), partition=RANGE (key) PARTITION 254786189 <= VALUES < 291184216
I20260709 12:20:24.783535 11097 tablet_service.cc:1511] Processing CreateTablet for tablet 7d187e1c6f4e4b28b1f0bcbe9c183e70 (DEFAULT_TABLE table=test-workload [id=82fa5d77904b4ddf91272fc8a311caec]), partition=RANGE (key) PARTITION 218388162 <= VALUES < 254786189
I20260709 12:20:24.776144 10952 tablet_service.cc:1511] Processing CreateTablet for tablet 616cce05655f483ab8faac74a72c4dc3 (DEFAULT_TABLE table=test-workload [id=82fa5d77904b4ddf91272fc8a311caec]), partition=RANGE (key) PARTITION 72796054 <= VALUES < 109194081
I20260709 12:20:24.790736 11101 tablet_service.cc:1511] Processing CreateTablet for tablet 616cce05655f483ab8faac74a72c4dc3 (DEFAULT_TABLE table=test-workload [id=82fa5d77904b4ddf91272fc8a311caec]), partition=RANGE (key) PARTITION 72796054 <= VALUES < 109194081
I20260709 12:20:24.791834 10951 data_dirs.cc:400] Could only allocate 1 dirs of requested 3 for tablet 0a1bb5c148ee47e4a231d66367b874a6. 1 dirs total, 0 dirs full, 0 dirs failed
I20260709 12:20:24.792637 11102 tablet_service.cc:1511] Processing CreateTablet for tablet 99a106ca85644b6c8217c9bcd2e34699 (DEFAULT_TABLE table=test-workload [id=82fa5d77904b4ddf91272fc8a311caec]), partition=RANGE (key) PARTITION 36398027 <= VALUES < 72796054
I20260709 12:20:24.794517 11103 tablet_service.cc:1511] Processing CreateTablet for tablet e8fb60ed74f54d9d8ec366c371f863cf (DEFAULT_TABLE table=test-workload [id=82fa5d77904b4ddf91272fc8a311caec]), partition=RANGE (key) PARTITION VALUES < 36398027
I20260709 12:20:24.786342 10948 tablet_service.cc:1511] Processing CreateTablet for tablet 7d187e1c6f4e4b28b1f0bcbe9c183e70 (DEFAULT_TABLE table=test-workload [id=82fa5d77904b4ddf91272fc8a311caec]), partition=RANGE (key) PARTITION 218388162 <= VALUES < 254786189
I20260709 12:20:24.796229 10952 data_dirs.cc:400] Could only allocate 1 dirs of requested 3 for tablet 616cce05655f483ab8faac74a72c4dc3. 1 dirs total, 0 dirs full, 0 dirs failed
I20260709 12:20:24.796537 10954 tablet_service.cc:1511] Processing CreateTablet for tablet e8fb60ed74f54d9d8ec366c371f863cf (DEFAULT_TABLE table=test-workload [id=82fa5d77904b4ddf91272fc8a311caec]), partition=RANGE (key) PARTITION VALUES < 36398027
I20260709 12:20:24.797760 10954 data_dirs.cc:400] Could only allocate 1 dirs of requested 3 for tablet e8fb60ed74f54d9d8ec366c371f863cf. 1 dirs total, 0 dirs full, 0 dirs failed
I20260709 12:20:24.799659 10949 data_dirs.cc:400] Could only allocate 1 dirs of requested 3 for tablet 986aed5567a04e82941ddb86e84863d8. 1 dirs total, 0 dirs full, 0 dirs failed
I20260709 12:20:24.800261 11024 tablet_service.cc:1511] Processing CreateTablet for tablet 986aed5567a04e82941ddb86e84863d8 (DEFAULT_TABLE table=test-workload [id=82fa5d77904b4ddf91272fc8a311caec]), partition=RANGE (key) PARTITION 181990135 <= VALUES < 218388162
I20260709 12:20:24.801430 10947 data_dirs.cc:400] Could only allocate 1 dirs of requested 3 for tablet b2af34bc9aaf40d5911d1fe9aadb0b23. 1 dirs total, 0 dirs full, 0 dirs failed
I20260709 12:20:24.801779 11024 data_dirs.cc:400] Could only allocate 1 dirs of requested 3 for tablet 986aed5567a04e82941ddb86e84863d8. 1 dirs total, 0 dirs full, 0 dirs failed
I20260709 12:20:24.804611 11025 tablet_service.cc:1511] Processing CreateTablet for tablet dddd869cf9be4f219fd784ee9a8bedf0 (DEFAULT_TABLE table=test-workload [id=82fa5d77904b4ddf91272fc8a311caec]), partition=RANGE (key) PARTITION 145592108 <= VALUES < 181990135
I20260709 12:20:24.805956 10948 data_dirs.cc:400] Could only allocate 1 dirs of requested 3 for tablet 7d187e1c6f4e4b28b1f0bcbe9c183e70. 1 dirs total, 0 dirs full, 0 dirs failed
I20260709 12:20:24.806344 11025 data_dirs.cc:400] Could only allocate 1 dirs of requested 3 for tablet dddd869cf9be4f219fd784ee9a8bedf0. 1 dirs total, 0 dirs full, 0 dirs failed
I20260709 12:20:24.808799 11153 tablet_bootstrap.cc:492] T 0a1bb5c148ee47e4a231d66367b874a6 P bd9eff65efe84fbea5a60e5a41a97640: Bootstrap starting.
I20260709 12:20:24.808651 11099 tablet_service.cc:1511] Processing CreateTablet for tablet dddd869cf9be4f219fd784ee9a8bedf0 (DEFAULT_TABLE table=test-workload [id=82fa5d77904b4ddf91272fc8a311caec]), partition=RANGE (key) PARTITION 145592108 <= VALUES < 181990135
I20260709 12:20:24.810375 11029 tablet_service.cc:1511] Processing CreateTablet for tablet e8fb60ed74f54d9d8ec366c371f863cf (DEFAULT_TABLE table=test-workload [id=82fa5d77904b4ddf91272fc8a311caec]), partition=RANGE (key) PARTITION VALUES < 36398027
I20260709 12:20:24.811708 10950 data_dirs.cc:400] Could only allocate 1 dirs of requested 3 for tablet dddd869cf9be4f219fd784ee9a8bedf0. 1 dirs total, 0 dirs full, 0 dirs failed
I20260709 12:20:24.815052 11023 tablet_service.cc:1511] Processing CreateTablet for tablet b2af34bc9aaf40d5911d1fe9aadb0b23 (DEFAULT_TABLE table=test-workload [id=82fa5d77904b4ddf91272fc8a311caec]), partition=RANGE (key) PARTITION 254786189 <= VALUES < 291184216
I20260709 12:20:24.817328 11022 tablet_service.cc:1511] Processing CreateTablet for tablet 7511abae7f9d4123bf86e618a880492a (DEFAULT_TABLE table=test-workload [id=82fa5d77904b4ddf91272fc8a311caec]), partition=RANGE (key) PARTITION 291184216 <= VALUES < 327582243
I20260709 12:20:24.819221 10946 tablet_service.cc:1511] Processing CreateTablet for tablet 7511abae7f9d4123bf86e618a880492a (DEFAULT_TABLE table=test-workload [id=82fa5d77904b4ddf91272fc8a311caec]), partition=RANGE (key) PARTITION 291184216 <= VALUES < 327582243
I20260709 12:20:24.819581 11021 tablet_service.cc:1511] Processing CreateTablet for tablet 4f55b4d34e9e47949b903bfac66e7902 (DEFAULT_TABLE table=test-workload [id=82fa5d77904b4ddf91272fc8a311caec]), partition=RANGE (key) PARTITION 327582243 <= VALUES < 363980270
I20260709 12:20:24.820442 10946 data_dirs.cc:400] Could only allocate 1 dirs of requested 3 for tablet 7511abae7f9d4123bf86e618a880492a. 1 dirs total, 0 dirs full, 0 dirs failed
I20260709 12:20:24.813704 11026 tablet_service.cc:1511] Processing CreateTablet for tablet 7d187e1c6f4e4b28b1f0bcbe9c183e70 (DEFAULT_TABLE table=test-workload [id=82fa5d77904b4ddf91272fc8a311caec]), partition=RANGE (key) PARTITION 218388162 <= VALUES < 254786189
I20260709 12:20:24.811787 11029 data_dirs.cc:400] Could only allocate 1 dirs of requested 3 for tablet e8fb60ed74f54d9d8ec366c371f863cf. 1 dirs total, 0 dirs full, 0 dirs failed
I20260709 12:20:24.823650 11026 data_dirs.cc:400] Could only allocate 1 dirs of requested 3 for tablet 7d187e1c6f4e4b28b1f0bcbe9c183e70. 1 dirs total, 0 dirs full, 0 dirs failed
I20260709 12:20:24.824649 11021 data_dirs.cc:400] Could only allocate 1 dirs of requested 3 for tablet 4f55b4d34e9e47949b903bfac66e7902. 1 dirs total, 0 dirs full, 0 dirs failed
I20260709 12:20:24.827389 11022 data_dirs.cc:400] Could only allocate 1 dirs of requested 3 for tablet 7511abae7f9d4123bf86e618a880492a. 1 dirs total, 0 dirs full, 0 dirs failed
I20260709 12:20:24.825531 10945 tablet_service.cc:1511] Processing CreateTablet for tablet 4f55b4d34e9e47949b903bfac66e7902 (DEFAULT_TABLE table=test-workload [id=82fa5d77904b4ddf91272fc8a311caec]), partition=RANGE (key) PARTITION 327582243 <= VALUES < 363980270
I20260709 12:20:24.830063 10945 data_dirs.cc:400] Could only allocate 1 dirs of requested 3 for tablet 4f55b4d34e9e47949b903bfac66e7902. 1 dirs total, 0 dirs full, 0 dirs failed
I20260709 12:20:24.831344 11023 data_dirs.cc:400] Could only allocate 1 dirs of requested 3 for tablet b2af34bc9aaf40d5911d1fe9aadb0b23. 1 dirs total, 0 dirs full, 0 dirs failed
I20260709 12:20:24.837384 11096 data_dirs.cc:400] Could only allocate 1 dirs of requested 3 for tablet b2af34bc9aaf40d5911d1fe9aadb0b23. 1 dirs total, 0 dirs full, 0 dirs failed
I20260709 12:20:24.844002 11099 data_dirs.cc:400] Could only allocate 1 dirs of requested 3 for tablet dddd869cf9be4f219fd784ee9a8bedf0. 1 dirs total, 0 dirs full, 0 dirs failed
I20260709 12:20:24.845831 11097 data_dirs.cc:400] Could only allocate 1 dirs of requested 3 for tablet 7d187e1c6f4e4b28b1f0bcbe9c183e70. 1 dirs total, 0 dirs full, 0 dirs failed
I20260709 12:20:24.851578 11102 data_dirs.cc:400] Could only allocate 1 dirs of requested 3 for tablet 99a106ca85644b6c8217c9bcd2e34699. 1 dirs total, 0 dirs full, 0 dirs failed
I20260709 12:20:24.852984 11098 data_dirs.cc:400] Could only allocate 1 dirs of requested 3 for tablet 986aed5567a04e82941ddb86e84863d8. 1 dirs total, 0 dirs full, 0 dirs failed
I20260709 12:20:24.852722 11094 tablet_service.cc:1511] Processing CreateTablet for tablet 4f55b4d34e9e47949b903bfac66e7902 (DEFAULT_TABLE table=test-workload [id=82fa5d77904b4ddf91272fc8a311caec]), partition=RANGE (key) PARTITION 327582243 <= VALUES < 363980270
I20260709 12:20:24.855340 11100 data_dirs.cc:400] Could only allocate 1 dirs of requested 3 for tablet 0a1bb5c148ee47e4a231d66367b874a6. 1 dirs total, 0 dirs full, 0 dirs failed
I20260709 12:20:24.855831 11020 tablet_service.cc:1511] Processing CreateTablet for tablet 021234c6a7bf470988d34483158bb70b (DEFAULT_TABLE table=test-workload [id=82fa5d77904b4ddf91272fc8a311caec]), partition=RANGE (key) PARTITION 363980270 <= VALUES < 400378297
I20260709 12:20:24.857218 11020 data_dirs.cc:400] Could only allocate 1 dirs of requested 3 for tablet 021234c6a7bf470988d34483158bb70b. 1 dirs total, 0 dirs full, 0 dirs failed
I20260709 12:20:24.858176 11101 data_dirs.cc:400] Could only allocate 1 dirs of requested 3 for tablet 616cce05655f483ab8faac74a72c4dc3. 1 dirs total, 0 dirs full, 0 dirs failed
I20260709 12:20:24.858948 11103 data_dirs.cc:400] Could only allocate 1 dirs of requested 3 for tablet e8fb60ed74f54d9d8ec366c371f863cf. 1 dirs total, 0 dirs full, 0 dirs failed
I20260709 12:20:24.863519 11094 data_dirs.cc:400] Could only allocate 1 dirs of requested 3 for tablet 4f55b4d34e9e47949b903bfac66e7902. 1 dirs total, 0 dirs full, 0 dirs failed
I20260709 12:20:24.873776 11153 tablet_bootstrap.cc:654] T 0a1bb5c148ee47e4a231d66367b874a6 P bd9eff65efe84fbea5a60e5a41a97640: Neither blocks nor log segments found. Creating new log.
I20260709 12:20:24.906427 10949 tablet_service.cc:1511] Processing CreateTablet for tablet cd357533e55948dea0e09e120112a76d (DEFAULT_TABLE table=test-workload [id=82fa5d77904b4ddf91272fc8a311caec]), partition=RANGE (key) PARTITION 400378297 <= VALUES < 436776324
I20260709 12:20:24.906826 10954 tablet_service.cc:1511] Processing CreateTablet for tablet 021234c6a7bf470988d34483158bb70b (DEFAULT_TABLE table=test-workload [id=82fa5d77904b4ddf91272fc8a311caec]), partition=RANGE (key) PARTITION 363980270 <= VALUES < 400378297
I20260709 12:20:24.909796 11154 tablet_bootstrap.cc:492] T 7511abae7f9d4123bf86e618a880492a P c9bbdd7983204bf1839db934f74a84ee: Bootstrap starting.
I20260709 12:20:24.912503 10946 tablet_service.cc:1511] Processing CreateTablet for tablet a96b76370e5c4fb9ab69bd4c26dc0514 (DEFAULT_TABLE table=test-workload [id=82fa5d77904b4ddf91272fc8a311caec]), partition=RANGE (key) PARTITION 436776324 <= VALUES < 473174351
I20260709 12:20:24.915983 10954 data_dirs.cc:400] Could only allocate 1 dirs of requested 3 for tablet 021234c6a7bf470988d34483158bb70b. 1 dirs total, 0 dirs full, 0 dirs failed
I20260709 12:20:24.919163 11029 tablet_service.cc:1511] Processing CreateTablet for tablet cd357533e55948dea0e09e120112a76d (DEFAULT_TABLE table=test-workload [id=82fa5d77904b4ddf91272fc8a311caec]), partition=RANGE (key) PARTITION 400378297 <= VALUES < 436776324
I20260709 12:20:24.920616 11029 data_dirs.cc:400] Could only allocate 1 dirs of requested 3 for tablet cd357533e55948dea0e09e120112a76d. 1 dirs total, 0 dirs full, 0 dirs failed
I20260709 12:20:24.933862 10949 data_dirs.cc:400] Could only allocate 1 dirs of requested 3 for tablet cd357533e55948dea0e09e120112a76d. 1 dirs total, 0 dirs full, 0 dirs failed
I20260709 12:20:24.940101 11024 tablet_service.cc:1511] Processing CreateTablet for tablet a96b76370e5c4fb9ab69bd4c26dc0514 (DEFAULT_TABLE table=test-workload [id=82fa5d77904b4ddf91272fc8a311caec]), partition=RANGE (key) PARTITION 436776324 <= VALUES < 473174351
I20260709 12:20:24.941385 11024 data_dirs.cc:400] Could only allocate 1 dirs of requested 3 for tablet a96b76370e5c4fb9ab69bd4c26dc0514. 1 dirs total, 0 dirs full, 0 dirs failed
I20260709 12:20:24.948575 11021 tablet_service.cc:1511] Processing CreateTablet for tablet 9181343628df49f081e24587f55771e6 (DEFAULT_TABLE table=test-workload [id=82fa5d77904b4ddf91272fc8a311caec]), partition=RANGE (key) PARTITION 473174351 <= VALUES < 509572378
I20260709 12:20:24.949831 11021 data_dirs.cc:400] Could only allocate 1 dirs of requested 3 for tablet 9181343628df49f081e24587f55771e6. 1 dirs total, 0 dirs full, 0 dirs failed
I20260709 12:20:24.952338 10951 tablet_service.cc:1511] Processing CreateTablet for tablet 2451d7eb48e94d4194ed76dbfd4ff8b3 (DEFAULT_TABLE table=test-workload [id=82fa5d77904b4ddf91272fc8a311caec]), partition=RANGE (key) PARTITION 509572378 <= VALUES < 545970405
I20260709 12:20:24.952767 10948 tablet_service.cc:1511] Processing CreateTablet for tablet de3af265050d4d4daee2434b3b40da5e (DEFAULT_TABLE table=test-workload [id=82fa5d77904b4ddf91272fc8a311caec]), partition=RANGE (key) PARTITION 545970405 <= VALUES < 582368432
I20260709 12:20:24.953723 10951 data_dirs.cc:400] Could only allocate 1 dirs of requested 3 for tablet 2451d7eb48e94d4194ed76dbfd4ff8b3. 1 dirs total, 0 dirs full, 0 dirs failed
I20260709 12:20:24.957068 10954 tablet_service.cc:1511] Processing CreateTablet for tablet e6c92fa1237040b883ab97902a064b13 (DEFAULT_TABLE table=test-workload [id=82fa5d77904b4ddf91272fc8a311caec]), partition=RANGE (key) PARTITION 582368432 <= VALUES < 618766459
I20260709 12:20:24.958284 10954 data_dirs.cc:400] Could only allocate 1 dirs of requested 3 for tablet e6c92fa1237040b883ab97902a064b13. 1 dirs total, 0 dirs full, 0 dirs failed
I20260709 12:20:24.961666 11025 tablet_service.cc:1511] Processing CreateTablet for tablet 2451d7eb48e94d4194ed76dbfd4ff8b3 (DEFAULT_TABLE table=test-workload [id=82fa5d77904b4ddf91272fc8a311caec]), partition=RANGE (key) PARTITION 509572378 <= VALUES < 545970405
I20260709 12:20:24.963419 10948 data_dirs.cc:400] Could only allocate 1 dirs of requested 3 for tablet de3af265050d4d4daee2434b3b40da5e. 1 dirs total, 0 dirs full, 0 dirs failed
I20260709 12:20:24.962841 11025 data_dirs.cc:400] Could only allocate 1 dirs of requested 3 for tablet 2451d7eb48e94d4194ed76dbfd4ff8b3. 1 dirs total, 0 dirs full, 0 dirs failed
I20260709 12:20:24.985474 11027 tablet_service.cc:1511] Processing CreateTablet for tablet de3af265050d4d4daee2434b3b40da5e (DEFAULT_TABLE table=test-workload [id=82fa5d77904b4ddf91272fc8a311caec]), partition=RANGE (key) PARTITION 545970405 <= VALUES < 582368432
I20260709 12:20:24.986699 11027 data_dirs.cc:400] Could only allocate 1 dirs of requested 3 for tablet de3af265050d4d4daee2434b3b40da5e. 1 dirs total, 0 dirs full, 0 dirs failed
I20260709 12:20:24.972259 11095 tablet_service.cc:1511] Processing CreateTablet for tablet cd357533e55948dea0e09e120112a76d (DEFAULT_TABLE table=test-workload [id=82fa5d77904b4ddf91272fc8a311caec]), partition=RANGE (key) PARTITION 400378297 <= VALUES < 436776324
I20260709 12:20:24.976392 11101 tablet_service.cc:1511] Processing CreateTablet for tablet a96b76370e5c4fb9ab69bd4c26dc0514 (DEFAULT_TABLE table=test-workload [id=82fa5d77904b4ddf91272fc8a311caec]), partition=RANGE (key) PARTITION 436776324 <= VALUES < 473174351
I20260709 12:20:24.990554 11101 data_dirs.cc:400] Could only allocate 1 dirs of requested 3 for tablet a96b76370e5c4fb9ab69bd4c26dc0514. 1 dirs total, 0 dirs full, 0 dirs failed
I20260709 12:20:25.001251 11154 tablet_bootstrap.cc:654] T 7511abae7f9d4123bf86e618a880492a P c9bbdd7983204bf1839db934f74a84ee: Neither blocks nor log segments found. Creating new log.
I20260709 12:20:24.978685 10946 data_dirs.cc:400] Could only allocate 1 dirs of requested 3 for tablet a96b76370e5c4fb9ab69bd4c26dc0514. 1 dirs total, 0 dirs full, 0 dirs failed
I20260709 12:20:24.979630 11098 tablet_service.cc:1511] Processing CreateTablet for tablet 9181343628df49f081e24587f55771e6 (DEFAULT_TABLE table=test-workload [id=82fa5d77904b4ddf91272fc8a311caec]), partition=RANGE (key) PARTITION 473174351 <= VALUES < 509572378
I20260709 12:20:25.002525 11098 data_dirs.cc:400] Could only allocate 1 dirs of requested 3 for tablet 9181343628df49f081e24587f55771e6. 1 dirs total, 0 dirs full, 0 dirs failed
I20260709 12:20:24.970521 11100 tablet_service.cc:1511] Processing CreateTablet for tablet 021234c6a7bf470988d34483158bb70b (DEFAULT_TABLE table=test-workload [id=82fa5d77904b4ddf91272fc8a311caec]), partition=RANGE (key) PARTITION 363980270 <= VALUES < 400378297
I20260709 12:20:25.004014 11100 data_dirs.cc:400] Could only allocate 1 dirs of requested 3 for tablet 021234c6a7bf470988d34483158bb70b. 1 dirs total, 0 dirs full, 0 dirs failed
I20260709 12:20:24.982547 11102 tablet_service.cc:1511] Processing CreateTablet for tablet 2451d7eb48e94d4194ed76dbfd4ff8b3 (DEFAULT_TABLE table=test-workload [id=82fa5d77904b4ddf91272fc8a311caec]), partition=RANGE (key) PARTITION 509572378 <= VALUES < 545970405
I20260709 12:20:25.006878 11102 data_dirs.cc:400] Could only allocate 1 dirs of requested 3 for tablet 2451d7eb48e94d4194ed76dbfd4ff8b3. 1 dirs total, 0 dirs full, 0 dirs failed
I20260709 12:20:24.974416 10947 tablet_service.cc:1511] Processing CreateTablet for tablet a03c7476ab094f1d8d7163acb9ae8c31 (DEFAULT_TABLE table=test-workload [id=82fa5d77904b4ddf91272fc8a311caec]), partition=RANGE (key) PARTITION 618766459 <= VALUES < 655164486
I20260709 12:20:24.935281 10952 tablet_service.cc:1511] Processing CreateTablet for tablet 9181343628df49f081e24587f55771e6 (DEFAULT_TABLE table=test-workload [id=82fa5d77904b4ddf91272fc8a311caec]), partition=RANGE (key) PARTITION 473174351 <= VALUES < 509572378
I20260709 12:20:24.989666 11155 tablet_bootstrap.cc:492] T 986aed5567a04e82941ddb86e84863d8 P 28ace0492da04d2487b49138b0aff847: Bootstrap starting.
I20260709 12:20:25.043331 11025 tablet_service.cc:1511] Processing CreateTablet for tablet a03c7476ab094f1d8d7163acb9ae8c31 (DEFAULT_TABLE table=test-workload [id=82fa5d77904b4ddf91272fc8a311caec]), partition=RANGE (key) PARTITION 618766459 <= VALUES < 655164486
I20260709 12:20:25.044015 10952 data_dirs.cc:400] Could only allocate 1 dirs of requested 3 for tablet 9181343628df49f081e24587f55771e6. 1 dirs total, 0 dirs full, 0 dirs failed
I20260709 12:20:25.044664 11025 data_dirs.cc:400] Could only allocate 1 dirs of requested 3 for tablet a03c7476ab094f1d8d7163acb9ae8c31. 1 dirs total, 0 dirs full, 0 dirs failed
I20260709 12:20:25.047350 10947 data_dirs.cc:400] Could only allocate 1 dirs of requested 3 for tablet a03c7476ab094f1d8d7163acb9ae8c31. 1 dirs total, 0 dirs full, 0 dirs failed
I20260709 12:20:25.052673 11155 tablet_bootstrap.cc:654] T 986aed5567a04e82941ddb86e84863d8 P 28ace0492da04d2487b49138b0aff847: Neither blocks nor log segments found. Creating new log.
W20260709 12:20:25.059353 10910 auto_rebalancer.cc:288] Could not retrieve cluster info: Service unavailable: Tablet not running
I20260709 12:20:25.059448 11027 tablet_service.cc:1511] Processing CreateTablet for tablet e0b631591808464cbf4a9742b3db8bd3 (DEFAULT_TABLE table=test-workload [id=82fa5d77904b4ddf91272fc8a311caec]), partition=RANGE (key) PARTITION 655164486 <= VALUES < 691562513
I20260709 12:20:25.060953 11027 data_dirs.cc:400] Could only allocate 1 dirs of requested 3 for tablet e0b631591808464cbf4a9742b3db8bd3. 1 dirs total, 0 dirs full, 0 dirs failed
I20260709 12:20:25.073396 11028 tablet_service.cc:1511] Processing CreateTablet for tablet e6c92fa1237040b883ab97902a064b13 (DEFAULT_TABLE table=test-workload [id=82fa5d77904b4ddf91272fc8a311caec]), partition=RANGE (key) PARTITION 582368432 <= VALUES < 618766459
I20260709 12:20:25.082496 11020 tablet_service.cc:1511] Processing CreateTablet for tablet 28507f513fb648338cbaa840fa633315 (DEFAULT_TABLE table=test-workload [id=82fa5d77904b4ddf91272fc8a311caec]), partition=RANGE (key) PARTITION 691562513 <= VALUES < 727960540
I20260709 12:20:25.083600 11099 tablet_service.cc:1511] Processing CreateTablet for tablet de3af265050d4d4daee2434b3b40da5e (DEFAULT_TABLE table=test-workload [id=82fa5d77904b4ddf91272fc8a311caec]), partition=RANGE (key) PARTITION 545970405 <= VALUES < 582368432
I20260709 12:20:25.085001 11099 data_dirs.cc:400] Could only allocate 1 dirs of requested 3 for tablet de3af265050d4d4daee2434b3b40da5e. 1 dirs total, 0 dirs full, 0 dirs failed
I20260709 12:20:25.084786 11096 tablet_service.cc:1511] Processing CreateTablet for tablet e6c92fa1237040b883ab97902a064b13 (DEFAULT_TABLE table=test-workload [id=82fa5d77904b4ddf91272fc8a311caec]), partition=RANGE (key) PARTITION 582368432 <= VALUES < 618766459
I20260709 12:20:25.086150 11096 data_dirs.cc:400] Could only allocate 1 dirs of requested 3 for tablet e6c92fa1237040b883ab97902a064b13. 1 dirs total, 0 dirs full, 0 dirs failed
I20260709 12:20:25.087577 11101 tablet_service.cc:1511] Processing CreateTablet for tablet a03c7476ab094f1d8d7163acb9ae8c31 (DEFAULT_TABLE table=test-workload [id=82fa5d77904b4ddf91272fc8a311caec]), partition=RANGE (key) PARTITION 618766459 <= VALUES < 655164486
I20260709 12:20:25.088447 11027 tablet_service.cc:1511] Processing CreateTablet for tablet a0528d1d5efb44169f3da55e8211fcae (DEFAULT_TABLE table=test-workload [id=82fa5d77904b4ddf91272fc8a311caec]), partition=RANGE (key) PARTITION 727960540 <= VALUES < 764358567
I20260709 12:20:25.088851 11101 data_dirs.cc:400] Could only allocate 1 dirs of requested 3 for tablet a03c7476ab094f1d8d7163acb9ae8c31. 1 dirs total, 0 dirs full, 0 dirs failed
I20260709 12:20:25.093797 11097 tablet_service.cc:1511] Processing CreateTablet for tablet e0b631591808464cbf4a9742b3db8bd3 (DEFAULT_TABLE table=test-workload [id=82fa5d77904b4ddf91272fc8a311caec]), partition=RANGE (key) PARTITION 655164486 <= VALUES < 691562513
I20260709 12:20:25.095366 11095 data_dirs.cc:400] Could only allocate 1 dirs of requested 3 for tablet cd357533e55948dea0e09e120112a76d. 1 dirs total, 0 dirs full, 0 dirs failed
I20260709 12:20:25.080786 11028 data_dirs.cc:400] Could only allocate 1 dirs of requested 3 for tablet e6c92fa1237040b883ab97902a064b13. 1 dirs total, 0 dirs full, 0 dirs failed
I20260709 12:20:25.115310 11020 data_dirs.cc:400] Could only allocate 1 dirs of requested 3 for tablet 28507f513fb648338cbaa840fa633315. 1 dirs total, 0 dirs full, 0 dirs failed
I20260709 12:20:25.115806 10954 tablet_service.cc:1511] Processing CreateTablet for tablet e0b631591808464cbf4a9742b3db8bd3 (DEFAULT_TABLE table=test-workload [id=82fa5d77904b4ddf91272fc8a311caec]), partition=RANGE (key) PARTITION 655164486 <= VALUES < 691562513
I20260709 12:20:25.117063 10954 data_dirs.cc:400] Could only allocate 1 dirs of requested 3 for tablet e0b631591808464cbf4a9742b3db8bd3. 1 dirs total, 0 dirs full, 0 dirs failed
I20260709 12:20:25.120052 10951 tablet_service.cc:1511] Processing CreateTablet for tablet 28507f513fb648338cbaa840fa633315 (DEFAULT_TABLE table=test-workload [id=82fa5d77904b4ddf91272fc8a311caec]), partition=RANGE (key) PARTITION 691562513 <= VALUES < 727960540
I20260709 12:20:25.121305 10951 data_dirs.cc:400] Could only allocate 1 dirs of requested 3 for tablet 28507f513fb648338cbaa840fa633315. 1 dirs total, 0 dirs full, 0 dirs failed
I20260709 12:20:25.121031 11094 tablet_service.cc:1511] Processing CreateTablet for tablet 28507f513fb648338cbaa840fa633315 (DEFAULT_TABLE table=test-workload [id=82fa5d77904b4ddf91272fc8a311caec]), partition=RANGE (key) PARTITION 691562513 <= VALUES < 727960540
I20260709 12:20:25.130242 11027 data_dirs.cc:400] Could only allocate 1 dirs of requested 3 for tablet a0528d1d5efb44169f3da55e8211fcae. 1 dirs total, 0 dirs full, 0 dirs failed
I20260709 12:20:25.131978 10945 tablet_service.cc:1511] Processing CreateTablet for tablet a0528d1d5efb44169f3da55e8211fcae (DEFAULT_TABLE table=test-workload [id=82fa5d77904b4ddf91272fc8a311caec]), partition=RANGE (key) PARTITION 727960540 <= VALUES < 764358567
I20260709 12:20:25.133253 10945 data_dirs.cc:400] Could only allocate 1 dirs of requested 3 for tablet a0528d1d5efb44169f3da55e8211fcae. 1 dirs total, 0 dirs full, 0 dirs failed
I20260709 12:20:25.140789 11023 tablet_service.cc:1511] Processing CreateTablet for tablet 072ae9b817d7437180fd9d133afdfcbf (DEFAULT_TABLE table=test-workload [id=82fa5d77904b4ddf91272fc8a311caec]), partition=RANGE (key) PARTITION 837154621 <= VALUES < 873552648
I20260709 12:20:25.142096 11023 data_dirs.cc:400] Could only allocate 1 dirs of requested 3 for tablet 072ae9b817d7437180fd9d133afdfcbf. 1 dirs total, 0 dirs full, 0 dirs failed
I20260709 12:20:25.147374 11153 tablet_bootstrap.cc:492] T 0a1bb5c148ee47e4a231d66367b874a6 P bd9eff65efe84fbea5a60e5a41a97640: No bootstrap required, opened a new log
I20260709 12:20:25.148031 11153 ts_tablet_manager.cc:1403] T 0a1bb5c148ee47e4a231d66367b874a6 P bd9eff65efe84fbea5a60e5a41a97640: Time spent bootstrapping tablet: real 0.340s	user 0.026s	sys 0.047s
I20260709 12:20:25.147392 11026 tablet_service.cc:1511] Processing CreateTablet for tablet dea7ac809576466186e433b4bace0d66 (DEFAULT_TABLE table=test-workload [id=82fa5d77904b4ddf91272fc8a311caec]), partition=RANGE (key) PARTITION 764358567 <= VALUES < 800756594
I20260709 12:20:25.152143 11103 tablet_service.cc:1511] Processing CreateTablet for tablet a0528d1d5efb44169f3da55e8211fcae (DEFAULT_TABLE table=test-workload [id=82fa5d77904b4ddf91272fc8a311caec]), partition=RANGE (key) PARTITION 727960540 <= VALUES < 764358567
I20260709 12:20:25.147518 11097 data_dirs.cc:400] Could only allocate 1 dirs of requested 3 for tablet e0b631591808464cbf4a9742b3db8bd3. 1 dirs total, 0 dirs full, 0 dirs failed
