[==========] Running 8 tests from 2 test suites.
[----------] Global test environment set-up.
[----------] 6 tests from LeaderRebalancerTest
[ RUN      ] LeaderRebalancerTest.FunctionalTestForDivided
WARNING: Logging before InitGoogleLogging() is written to STDERR
I20260709 12:19:13.493274 30503 internal_mini_cluster.cc:156] Creating distributed mini masters. Addrs: 127.29.201.254:36891
I20260709 12:19:13.495164 30503 env_posix.cc:2285] Not raising this process' open files per process limit of 1048576; it is already as high as it can go
I20260709 12:19:13.496379 30503 file_cache.cc:504] Constructed file cache file cache with capacity 419430
W20260709 12:19:13.515597 30512 instance_detector.cc:116] could not retrieve OpenStack instance metadata: Network error: curl error: HTTP response code said error: The requested URL returned error: 404
W20260709 12:19:13.515427 30510 instance_detector.cc:116] could not retrieve Azure instance metadata: Network error: curl error: HTTP response code said error: The requested URL returned error: 404
I20260709 12:19:13.517076 30503 server_base.cc:1061] running on GCE node
W20260709 12:19:13.515413 30509 instance_detector.cc:116] could not retrieve AWS instance metadata: Network error: curl error: HTTP response code said error: The requested URL returned error: 404
I20260709 12:19:14.751178 30503 hybrid_clock.cc:584] initializing the hybrid clock with 'system_unsync' time source
W20260709 12:19:14.751477 30503 system_unsync_time.cc:38] NTP support is disabled. Clock error bounds will not be accurate. This configuration is not suitable for distributed clusters.
I20260709 12:19:14.751641 30503 hybrid_clock.cc:648] HybridClock initialized: now 1783599554751624 us; error 0 us; skew 500 ppm
I20260709 12:19:14.752491 30503 server_base.cc:861] Flag tcmalloc_max_total_thread_cache_bytes is not working since tcmalloc is not enabled.
I20260709 12:19:14.759567 30503 webserver.cc:533] Webserver started at http://127.29.201.254:36677/ using document root <none> and password file <none>
I20260709 12:19:14.760537 30503 fs_manager.cc:362] Metadata directory not provided
I20260709 12:19:14.760754 30503 fs_manager.cc:368] Using write-ahead log directory (fs_wal_dir) as metadata directory
I20260709 12:19:14.761176 30503 server_base.cc:909] This appears to be a new deployment of Kudu; creating new FS layout
I20260709 12:19:14.767535 30503 fs_manager.cc:1068] Generated new instance metadata in path /tmp/dist-test-taskWoexUp/test-tmp/auto_leader_rebalancer-test.0.LeaderRebalancerTest.FunctionalTestForDivided.1783599553313367-30503-0/minicluster-data/master-0-root/instance:
uuid: "fcb51a0848cb4dbdbc6cd9256992e573"
format_stamp: "Formatted at 2026-07-09 12:19:14 on dist-test-slave-qgf5"
I20260709 12:19:14.776363 30503 fs_manager.cc:696] Time spent creating directory manager: real 0.008s	user 0.008s	sys 0.000s
I20260709 12:19:14.782128 30518 log_block_manager.cc:4127] Time spent loading block containers with low live blocks: real 0.000s	user 0.000s	sys 0.000s
I20260709 12:19:14.783638 30503 fs_manager.cc:730] Time spent opening block manager: real 0.004s	user 0.002s	sys 0.000s
I20260709 12:19:14.784015 30503 fs_manager.cc:647] Opened local filesystem: /tmp/dist-test-taskWoexUp/test-tmp/auto_leader_rebalancer-test.0.LeaderRebalancerTest.FunctionalTestForDivided.1783599553313367-30503-0/minicluster-data/master-0-root
uuid: "fcb51a0848cb4dbdbc6cd9256992e573"
format_stamp: "Formatted at 2026-07-09 12:19:14 on dist-test-slave-qgf5"
I20260709 12:19:14.784338 30503 fs_report.cc:389] FS layout report
--------------------
wal directory: /tmp/dist-test-taskWoexUp/test-tmp/auto_leader_rebalancer-test.0.LeaderRebalancerTest.FunctionalTestForDivided.1783599553313367-30503-0/minicluster-data/master-0-root
metadata directory: /tmp/dist-test-taskWoexUp/test-tmp/auto_leader_rebalancer-test.0.LeaderRebalancerTest.FunctionalTestForDivided.1783599553313367-30503-0/minicluster-data/master-0-root
1 data directories: /tmp/dist-test-taskWoexUp/test-tmp/auto_leader_rebalancer-test.0.LeaderRebalancerTest.FunctionalTestForDivided.1783599553313367-30503-0/minicluster-data/master-0-root/data
Total live blocks: 0
Total live bytes: 0
Total live bytes (after alignment): 0
Total number of LBM containers: 0 (0 full)
Did not check for missing blocks
Did not check for orphaned blocks
Total full LBM containers with extra space: 0 (0 repaired)
Total full LBM container extra space in bytes: 0 (0 repaired)
Total incomplete LBM containers: 0 (0 repaired)
Total LBM partial records: 0 (0 repaired)
Total corrupted LBM metadata records in RocksDB: 0 (0 repaired)
I20260709 12:19:14.846674 30503 rpc_server.cc:225] running with OpenSSL 1.1.1  11 Sep 2018
I20260709 12:19:14.848315 30503 env_posix.cc:2285] Not raising this process' running threads per effective uid limit of 18446744073709551615; it is already as high as it can go
I20260709 12:19:14.848793 30503 kserver.cc:163] Server-wide thread pool size limit: 3276
I20260709 12:19:14.925161 30503 rpc_server.cc:307] RPC server started. Bound to: 127.29.201.254:36891
I20260709 12:19:14.925248 30569 acceptor_pool.cc:272] collecting diagnostics on the listening RPC socket 127.29.201.254:36891 every 8 connection(s)
I20260709 12:19:14.933877 30570 data_dirs.cc:400] Could only allocate 1 dirs of requested 3 for tablet 00000000000000000000000000000000. 1 dirs total, 0 dirs full, 0 dirs failed
I20260709 12:19:14.957227 30570 tablet_bootstrap.cc:492] T 00000000000000000000000000000000 P fcb51a0848cb4dbdbc6cd9256992e573: Bootstrap starting.
I20260709 12:19:14.963574 30570 tablet_bootstrap.cc:654] T 00000000000000000000000000000000 P fcb51a0848cb4dbdbc6cd9256992e573: Neither blocks nor log segments found. Creating new log.
I20260709 12:19:14.965530 30570 log.cc:826] T 00000000000000000000000000000000 P fcb51a0848cb4dbdbc6cd9256992e573: Log is configured to *not* fsync() on all Append() calls
I20260709 12:19:14.970567 30570 tablet_bootstrap.cc:492] T 00000000000000000000000000000000 P fcb51a0848cb4dbdbc6cd9256992e573: No bootstrap required, opened a new log
I20260709 12:19:14.992146 30570 raft_consensus.cc:359] T 00000000000000000000000000000000 P fcb51a0848cb4dbdbc6cd9256992e573 [term 0 FOLLOWER]: Replica starting. Triggering 0 pending ops. Active config: opid_index: -1 OBSOLETE_local: true peers { permanent_uuid: "fcb51a0848cb4dbdbc6cd9256992e573" member_type: VOTER }
I20260709 12:19:14.992754 30570 raft_consensus.cc:385] T 00000000000000000000000000000000 P fcb51a0848cb4dbdbc6cd9256992e573 [term 0 FOLLOWER]: Consensus starting up: Expiring failure detector timer to make a prompt election more likely
I20260709 12:19:14.993000 30570 raft_consensus.cc:740] T 00000000000000000000000000000000 P fcb51a0848cb4dbdbc6cd9256992e573 [term 0 FOLLOWER]: Becoming Follower/Learner. State: Replica: fcb51a0848cb4dbdbc6cd9256992e573, State: Initialized, Role: FOLLOWER
I20260709 12:19:14.994019 30570 consensus_queue.cc:260] T 00000000000000000000000000000000 P fcb51a0848cb4dbdbc6cd9256992e573 [NON_LEADER]: Queue going to NON_LEADER mode. State: All replicated index: 0, Majority replicated index: 0, Committed index: 0, Last appended: 0.0, Last appended by leader: 0, Current term: 0, Majority size: -1, State: 0, Mode: NON_LEADER, active raft config: opid_index: -1 OBSOLETE_local: true peers { permanent_uuid: "fcb51a0848cb4dbdbc6cd9256992e573" member_type: VOTER }
I20260709 12:19:14.994562 30570 raft_consensus.cc:399] T 00000000000000000000000000000000 P fcb51a0848cb4dbdbc6cd9256992e573 [term 0 FOLLOWER]: Only one voter in the Raft config. Triggering election immediately
I20260709 12:19:14.994856 30570 raft_consensus.cc:493] T 00000000000000000000000000000000 P fcb51a0848cb4dbdbc6cd9256992e573 [term 0 FOLLOWER]: Starting leader election (initial election of a single-replica configuration)
I20260709 12:19:14.995157 30570 raft_consensus.cc:3060] T 00000000000000000000000000000000 P fcb51a0848cb4dbdbc6cd9256992e573 [term 0 FOLLOWER]: Advancing to term 1
I20260709 12:19:15.000232 30570 raft_consensus.cc:515] T 00000000000000000000000000000000 P fcb51a0848cb4dbdbc6cd9256992e573 [term 1 FOLLOWER]: Starting leader election with config: opid_index: -1 OBSOLETE_local: true peers { permanent_uuid: "fcb51a0848cb4dbdbc6cd9256992e573" member_type: VOTER }
I20260709 12:19:15.001199 30570 leader_election.cc:304] T 00000000000000000000000000000000 P fcb51a0848cb4dbdbc6cd9256992e573 [CANDIDATE]: Term 1 election: Election decided. Result: candidate won. Election summary: received 1 responses out of 1 voters: 1 yes votes; 0 no votes. yes voters: fcb51a0848cb4dbdbc6cd9256992e573; no voters: 
I20260709 12:19:15.003077 30570 leader_election.cc:290] T 00000000000000000000000000000000 P fcb51a0848cb4dbdbc6cd9256992e573 [CANDIDATE]: Term 1 election: Requested vote from peers 
I20260709 12:19:15.003449 30573 raft_consensus.cc:2804] T 00000000000000000000000000000000 P fcb51a0848cb4dbdbc6cd9256992e573 [term 1 FOLLOWER]: Leader election won for term 1
I20260709 12:19:15.006352 30573 raft_consensus.cc:697] T 00000000000000000000000000000000 P fcb51a0848cb4dbdbc6cd9256992e573 [term 1 LEADER]: Becoming Leader. State: Replica: fcb51a0848cb4dbdbc6cd9256992e573, State: Running, Role: LEADER
I20260709 12:19:15.007402 30573 consensus_queue.cc:237] T 00000000000000000000000000000000 P fcb51a0848cb4dbdbc6cd9256992e573 [LEADER]: Queue going to LEADER mode. State: All replicated index: 0, Majority replicated index: 0, Committed index: 0, Last appended: 0.0, Last appended by leader: 0, Current term: 1, Majority size: 1, State: 0, Mode: LEADER, active raft config: opid_index: -1 OBSOLETE_local: true peers { permanent_uuid: "fcb51a0848cb4dbdbc6cd9256992e573" member_type: VOTER }
I20260709 12:19:15.008744 30570 sys_catalog.cc:565] T 00000000000000000000000000000000 P fcb51a0848cb4dbdbc6cd9256992e573 [sys.catalog]: configured and running, proceeding with master startup.
I20260709 12:19:15.020541 30575 sys_catalog.cc:455] T 00000000000000000000000000000000 P fcb51a0848cb4dbdbc6cd9256992e573 [sys.catalog]: SysCatalogTable state changed. Reason: New leader fcb51a0848cb4dbdbc6cd9256992e573. Latest consensus state: current_term: 1 leader_uuid: "fcb51a0848cb4dbdbc6cd9256992e573" committed_config { opid_index: -1 OBSOLETE_local: true peers { permanent_uuid: "fcb51a0848cb4dbdbc6cd9256992e573" member_type: VOTER } }
I20260709 12:19:15.021752 30575 sys_catalog.cc:458] T 00000000000000000000000000000000 P fcb51a0848cb4dbdbc6cd9256992e573 [sys.catalog]: This master's current role is: LEADER
I20260709 12:19:15.023236 30574 sys_catalog.cc:455] T 00000000000000000000000000000000 P fcb51a0848cb4dbdbc6cd9256992e573 [sys.catalog]: SysCatalogTable state changed. Reason: RaftConsensus started. Latest consensus state: current_term: 1 leader_uuid: "fcb51a0848cb4dbdbc6cd9256992e573" committed_config { opid_index: -1 OBSOLETE_local: true peers { permanent_uuid: "fcb51a0848cb4dbdbc6cd9256992e573" member_type: VOTER } }
I20260709 12:19:15.024013 30574 sys_catalog.cc:458] T 00000000000000000000000000000000 P fcb51a0848cb4dbdbc6cd9256992e573 [sys.catalog]: This master's current role is: LEADER
I20260709 12:19:15.036288 30584 catalog_manager.cc:1511] Loading table and tablet metadata into memory...
I20260709 12:19:15.042733 30503 internal_mini_cluster.cc:184] Waiting to initialize catalog manager on master 0
I20260709 12:19:15.046916 30584 catalog_manager.cc:1520] Initializing Kudu cluster ID...
I20260709 12:19:15.064482 30584 catalog_manager.cc:1383] Generated new cluster ID: 578a0a04013b4fbfb3e7f3b21b528400
I20260709 12:19:15.064795 30584 catalog_manager.cc:1531] Initializing Kudu internal certificate authority...
I20260709 12:19:15.081581 30584 catalog_manager.cc:1406] Generated new certificate authority record
I20260709 12:19:15.083891 30584 catalog_manager.cc:1540] Loading token signing keys...
I20260709 12:19:15.101680 30584 catalog_manager.cc:6070] T 00000000000000000000000000000000 P fcb51a0848cb4dbdbc6cd9256992e573: Generated new TSK 0
I20260709 12:19:15.102854 30584 catalog_manager.cc:1550] Initializing in-progress tserver states...
I20260709 12:19:15.112852 30503 file_cache.cc:504] Constructed file cache file cache with capacity 419430
W20260709 12:19:15.123299 30592 instance_detector.cc:116] could not retrieve AWS instance metadata: Network error: curl error: HTTP response code said error: The requested URL returned error: 404
W20260709 12:19:15.124725 30593 instance_detector.cc:116] could not retrieve Azure instance metadata: Network error: curl error: HTTP response code said error: The requested URL returned error: 404
W20260709 12:19:15.129478 30595 instance_detector.cc:116] could not retrieve OpenStack instance metadata: Network error: curl error: HTTP response code said error: The requested URL returned error: 404
I20260709 12:19:15.130506 30503 server_base.cc:1061] running on GCE node
I20260709 12:19:15.131433 30503 hybrid_clock.cc:584] initializing the hybrid clock with 'system_unsync' time source
W20260709 12:19:15.131641 30503 system_unsync_time.cc:38] NTP support is disabled. Clock error bounds will not be accurate. This configuration is not suitable for distributed clusters.
I20260709 12:19:15.131870 30503 hybrid_clock.cc:648] HybridClock initialized: now 1783599555131846 us; error 0 us; skew 500 ppm
I20260709 12:19:15.132529 30503 server_base.cc:861] Flag tcmalloc_max_total_thread_cache_bytes is not working since tcmalloc is not enabled.
I20260709 12:19:15.137513 30503 webserver.cc:533] Webserver started at http://127.29.201.193:36893/ using document root <none> and password file <none>
I20260709 12:19:15.138160 30503 fs_manager.cc:362] Metadata directory not provided
I20260709 12:19:15.138391 30503 fs_manager.cc:368] Using write-ahead log directory (fs_wal_dir) as metadata directory
I20260709 12:19:15.138764 30503 server_base.cc:909] This appears to be a new deployment of Kudu; creating new FS layout
I20260709 12:19:15.140007 30503 fs_manager.cc:1068] Generated new instance metadata in path /tmp/dist-test-taskWoexUp/test-tmp/auto_leader_rebalancer-test.0.LeaderRebalancerTest.FunctionalTestForDivided.1783599553313367-30503-0/minicluster-data/ts-0-root/instance:
uuid: "e56eff8cb9af4916a3a0cb1f1077f3c7"
format_stamp: "Formatted at 2026-07-09 12:19:15 on dist-test-slave-qgf5"
I20260709 12:19:15.146450 30503 fs_manager.cc:696] Time spent creating directory manager: real 0.006s	user 0.006s	sys 0.001s
I20260709 12:19:15.151525 30600 log_block_manager.cc:4127] Time spent loading block containers with low live blocks: real 0.000s	user 0.000s	sys 0.000s
I20260709 12:19:15.152503 30503 fs_manager.cc:730] Time spent opening block manager: real 0.004s	user 0.002s	sys 0.002s
I20260709 12:19:15.152840 30503 fs_manager.cc:647] Opened local filesystem: /tmp/dist-test-taskWoexUp/test-tmp/auto_leader_rebalancer-test.0.LeaderRebalancerTest.FunctionalTestForDivided.1783599553313367-30503-0/minicluster-data/ts-0-root
uuid: "e56eff8cb9af4916a3a0cb1f1077f3c7"
format_stamp: "Formatted at 2026-07-09 12:19:15 on dist-test-slave-qgf5"
I20260709 12:19:15.153195 30503 fs_report.cc:389] FS layout report
--------------------
wal directory: /tmp/dist-test-taskWoexUp/test-tmp/auto_leader_rebalancer-test.0.LeaderRebalancerTest.FunctionalTestForDivided.1783599553313367-30503-0/minicluster-data/ts-0-root
metadata directory: /tmp/dist-test-taskWoexUp/test-tmp/auto_leader_rebalancer-test.0.LeaderRebalancerTest.FunctionalTestForDivided.1783599553313367-30503-0/minicluster-data/ts-0-root
1 data directories: /tmp/dist-test-taskWoexUp/test-tmp/auto_leader_rebalancer-test.0.LeaderRebalancerTest.FunctionalTestForDivided.1783599553313367-30503-0/minicluster-data/ts-0-root/data
Total live blocks: 0
Total live bytes: 0
Total live bytes (after alignment): 0
Total number of LBM containers: 0 (0 full)
Did not check for missing blocks
Did not check for orphaned blocks
Total full LBM containers with extra space: 0 (0 repaired)
Total full LBM container extra space in bytes: 0 (0 repaired)
Total incomplete LBM containers: 0 (0 repaired)
Total LBM partial records: 0 (0 repaired)
Total corrupted LBM metadata records in RocksDB: 0 (0 repaired)
I20260709 12:19:15.170238 30503 rpc_server.cc:225] running with OpenSSL 1.1.1  11 Sep 2018
I20260709 12:19:15.171808 30503 kserver.cc:163] Server-wide thread pool size limit: 3276
I20260709 12:19:15.174924 30503 txn_system_client.cc:432] TxnSystemClient initialization is disabled...
I20260709 12:19:15.180171 30503 ts_tablet_manager.cc:585] Loaded tablet metadata (0 total tablets, 0 live tablets)
I20260709 12:19:15.180478 30503 ts_tablet_manager.cc:531] Time spent load tablet metadata: real 0.000s	user 0.000s	sys 0.000s
I20260709 12:19:15.180825 30503 ts_tablet_manager.cc:616] Registered 0 tablets
I20260709 12:19:15.180999 30503 ts_tablet_manager.cc:595] Time spent register tablets: real 0.000s	user 0.000s	sys 0.000s
I20260709 12:19:15.295670 30503 rpc_server.cc:307] RPC server started. Bound to: 127.29.201.193:43449
I20260709 12:19:15.295778 30662 acceptor_pool.cc:272] collecting diagnostics on the listening RPC socket 127.29.201.193:43449 every 8 connection(s)
I20260709 12:19:15.303721 30503 file_cache.cc:504] Constructed file cache file cache with capacity 419430
W20260709 12:19:15.319334 30668 instance_detector.cc:116] could not retrieve Azure instance metadata: Network error: curl error: HTTP response code said error: The requested URL returned error: 404
W20260709 12:19:15.319428 30667 instance_detector.cc:116] could not retrieve AWS instance metadata: Network error: curl error: HTTP response code said error: The requested URL returned error: 404
W20260709 12:19:15.326534 30670 instance_detector.cc:116] could not retrieve OpenStack instance metadata: Network error: curl error: HTTP response code said error: The requested URL returned error: 404
I20260709 12:19:15.327270 30503 server_base.cc:1061] running on GCE node
I20260709 12:19:15.328328 30503 hybrid_clock.cc:584] initializing the hybrid clock with 'system_unsync' time source
W20260709 12:19:15.328577 30503 system_unsync_time.cc:38] NTP support is disabled. Clock error bounds will not be accurate. This configuration is not suitable for distributed clusters.
I20260709 12:19:15.328807 30503 hybrid_clock.cc:648] HybridClock initialized: now 1783599555328772 us; error 0 us; skew 500 ppm
I20260709 12:19:15.329458 30503 server_base.cc:861] Flag tcmalloc_max_total_thread_cache_bytes is not working since tcmalloc is not enabled.
I20260709 12:19:15.332887 30503 webserver.cc:533] Webserver started at http://127.29.201.194:38949/ using document root <none> and password file <none>
I20260709 12:19:15.333689 30503 fs_manager.cc:362] Metadata directory not provided
I20260709 12:19:15.333999 30503 fs_manager.cc:368] Using write-ahead log directory (fs_wal_dir) as metadata directory
I20260709 12:19:15.334666 30503 server_base.cc:909] This appears to be a new deployment of Kudu; creating new FS layout
I20260709 12:19:15.336704 30503 fs_manager.cc:1068] Generated new instance metadata in path /tmp/dist-test-taskWoexUp/test-tmp/auto_leader_rebalancer-test.0.LeaderRebalancerTest.FunctionalTestForDivided.1783599553313367-30503-0/minicluster-data/ts-1-root/instance:
uuid: "b2657dfca3a04182a3c74dbd5c3e72fe"
format_stamp: "Formatted at 2026-07-09 12:19:15 on dist-test-slave-qgf5"
I20260709 12:19:15.341084 30663 heartbeater.cc:344] Connected to a master server at 127.29.201.254:36891
I20260709 12:19:15.341660 30663 heartbeater.cc:461] Registering TS with master...
I20260709 12:19:15.343015 30663 heartbeater.cc:507] Master 127.29.201.254:36891 requested a full tablet report, sending...
I20260709 12:19:15.346184 30503 fs_manager.cc:696] Time spent creating directory manager: real 0.009s	user 0.009s	sys 0.000s
I20260709 12:19:15.347014 30535 ts_manager.cc:194] Registered new tserver with Master: e56eff8cb9af4916a3a0cb1f1077f3c7 (127.29.201.193:43449)
I20260709 12:19:15.349310 30535 master_service.cc:502] Signed X509 certificate for tserver {username='slave'} at 127.0.0.1:42466
I20260709 12:19:15.352702 30675 log_block_manager.cc:4127] Time spent loading block containers with low live blocks: real 0.000s	user 0.000s	sys 0.000s
I20260709 12:19:15.353787 30503 fs_manager.cc:730] Time spent opening block manager: real 0.004s	user 0.005s	sys 0.000s
I20260709 12:19:15.354172 30503 fs_manager.cc:647] Opened local filesystem: /tmp/dist-test-taskWoexUp/test-tmp/auto_leader_rebalancer-test.0.LeaderRebalancerTest.FunctionalTestForDivided.1783599553313367-30503-0/minicluster-data/ts-1-root
uuid: "b2657dfca3a04182a3c74dbd5c3e72fe"
format_stamp: "Formatted at 2026-07-09 12:19:15 on dist-test-slave-qgf5"
I20260709 12:19:15.354571 30503 fs_report.cc:389] FS layout report
--------------------
wal directory: /tmp/dist-test-taskWoexUp/test-tmp/auto_leader_rebalancer-test.0.LeaderRebalancerTest.FunctionalTestForDivided.1783599553313367-30503-0/minicluster-data/ts-1-root
metadata directory: /tmp/dist-test-taskWoexUp/test-tmp/auto_leader_rebalancer-test.0.LeaderRebalancerTest.FunctionalTestForDivided.1783599553313367-30503-0/minicluster-data/ts-1-root
1 data directories: /tmp/dist-test-taskWoexUp/test-tmp/auto_leader_rebalancer-test.0.LeaderRebalancerTest.FunctionalTestForDivided.1783599553313367-30503-0/minicluster-data/ts-1-root/data
Total live blocks: 0
Total live bytes: 0
Total live bytes (after alignment): 0
Total number of LBM containers: 0 (0 full)
Did not check for missing blocks
Did not check for orphaned blocks
Total full LBM containers with extra space: 0 (0 repaired)
Total full LBM container extra space in bytes: 0 (0 repaired)
Total incomplete LBM containers: 0 (0 repaired)
Total LBM partial records: 0 (0 repaired)
Total corrupted LBM metadata records in RocksDB: 0 (0 repaired)
I20260709 12:19:15.388767 30503 rpc_server.cc:225] running with OpenSSL 1.1.1  11 Sep 2018
I20260709 12:19:15.390693 30503 kserver.cc:163] Server-wide thread pool size limit: 3276
I20260709 12:19:15.393599 30503 txn_system_client.cc:432] TxnSystemClient initialization is disabled...
I20260709 12:19:15.397634 30503 ts_tablet_manager.cc:585] Loaded tablet metadata (0 total tablets, 0 live tablets)
I20260709 12:19:15.397868 30503 ts_tablet_manager.cc:531] Time spent load tablet metadata: real 0.000s	user 0.000s	sys 0.000s
I20260709 12:19:15.398198 30503 ts_tablet_manager.cc:616] Registered 0 tablets
I20260709 12:19:15.398365 30503 ts_tablet_manager.cc:595] Time spent register tablets: real 0.000s	user 0.000s	sys 0.000s
I20260709 12:19:15.512488 30503 rpc_server.cc:307] RPC server started. Bound to: 127.29.201.194:41949
I20260709 12:19:15.513006 30737 acceptor_pool.cc:272] collecting diagnostics on the listening RPC socket 127.29.201.194:41949 every 8 connection(s)
I20260709 12:19:15.519150 30503 file_cache.cc:504] Constructed file cache file cache with capacity 419430
W20260709 12:19:15.528620 30741 instance_detector.cc:116] could not retrieve AWS instance metadata: Network error: curl error: HTTP response code said error: The requested URL returned error: 404
W20260709 12:19:15.530912 30742 instance_detector.cc:116] could not retrieve Azure instance metadata: Network error: curl error: HTTP response code said error: The requested URL returned error: 404
I20260709 12:19:15.540884 30738 heartbeater.cc:344] Connected to a master server at 127.29.201.254:36891
I20260709 12:19:15.541324 30738 heartbeater.cc:461] Registering TS with master...
W20260709 12:19:15.541769 30744 instance_detector.cc:116] could not retrieve OpenStack instance metadata: Network error: curl error: HTTP response code said error: The requested URL returned error: 404
I20260709 12:19:15.542315 30738 heartbeater.cc:507] Master 127.29.201.254:36891 requested a full tablet report, sending...
I20260709 12:19:15.544292 30503 server_base.cc:1061] running on GCE node
I20260709 12:19:15.544903 30535 ts_manager.cc:194] Registered new tserver with Master: b2657dfca3a04182a3c74dbd5c3e72fe (127.29.201.194:41949)
I20260709 12:19:15.545486 30503 hybrid_clock.cc:584] initializing the hybrid clock with 'system_unsync' time source
W20260709 12:19:15.545753 30503 system_unsync_time.cc:38] NTP support is disabled. Clock error bounds will not be accurate. This configuration is not suitable for distributed clusters.
I20260709 12:19:15.545966 30503 hybrid_clock.cc:648] HybridClock initialized: now 1783599555545947 us; error 0 us; skew 500 ppm
I20260709 12:19:15.546772 30503 server_base.cc:861] Flag tcmalloc_max_total_thread_cache_bytes is not working since tcmalloc is not enabled.
I20260709 12:19:15.546778 30535 master_service.cc:502] Signed X509 certificate for tserver {username='slave'} at 127.0.0.1:42480
I20260709 12:19:15.550375 30503 webserver.cc:533] Webserver started at http://127.29.201.195:36501/ using document root <none> and password file <none>
I20260709 12:19:15.550946 30503 fs_manager.cc:362] Metadata directory not provided
I20260709 12:19:15.551167 30503 fs_manager.cc:368] Using write-ahead log directory (fs_wal_dir) as metadata directory
I20260709 12:19:15.551483 30503 server_base.cc:909] This appears to be a new deployment of Kudu; creating new FS layout
I20260709 12:19:15.552590 30503 fs_manager.cc:1068] Generated new instance metadata in path /tmp/dist-test-taskWoexUp/test-tmp/auto_leader_rebalancer-test.0.LeaderRebalancerTest.FunctionalTestForDivided.1783599553313367-30503-0/minicluster-data/ts-2-root/instance:
uuid: "07da37de9b1e4baca15164fe424a8fdb"
format_stamp: "Formatted at 2026-07-09 12:19:15 on dist-test-slave-qgf5"
I20260709 12:19:15.557746 30503 fs_manager.cc:696] Time spent creating directory manager: real 0.005s	user 0.006s	sys 0.000s
I20260709 12:19:15.561674 30749 log_block_manager.cc:4127] Time spent loading block containers with low live blocks: real 0.000s	user 0.000s	sys 0.000s
I20260709 12:19:15.562611 30503 fs_manager.cc:730] Time spent opening block manager: real 0.003s	user 0.003s	sys 0.000s
I20260709 12:19:15.563046 30503 fs_manager.cc:647] Opened local filesystem: /tmp/dist-test-taskWoexUp/test-tmp/auto_leader_rebalancer-test.0.LeaderRebalancerTest.FunctionalTestForDivided.1783599553313367-30503-0/minicluster-data/ts-2-root
uuid: "07da37de9b1e4baca15164fe424a8fdb"
format_stamp: "Formatted at 2026-07-09 12:19:15 on dist-test-slave-qgf5"
I20260709 12:19:15.563480 30503 fs_report.cc:389] FS layout report
--------------------
wal directory: /tmp/dist-test-taskWoexUp/test-tmp/auto_leader_rebalancer-test.0.LeaderRebalancerTest.FunctionalTestForDivided.1783599553313367-30503-0/minicluster-data/ts-2-root
metadata directory: /tmp/dist-test-taskWoexUp/test-tmp/auto_leader_rebalancer-test.0.LeaderRebalancerTest.FunctionalTestForDivided.1783599553313367-30503-0/minicluster-data/ts-2-root
1 data directories: /tmp/dist-test-taskWoexUp/test-tmp/auto_leader_rebalancer-test.0.LeaderRebalancerTest.FunctionalTestForDivided.1783599553313367-30503-0/minicluster-data/ts-2-root/data
Total live blocks: 0
Total live bytes: 0
Total live bytes (after alignment): 0
Total number of LBM containers: 0 (0 full)
Did not check for missing blocks
Did not check for orphaned blocks
Total full LBM containers with extra space: 0 (0 repaired)
Total full LBM container extra space in bytes: 0 (0 repaired)
Total incomplete LBM containers: 0 (0 repaired)
Total LBM partial records: 0 (0 repaired)
Total corrupted LBM metadata records in RocksDB: 0 (0 repaired)
I20260709 12:19:15.583030 30503 rpc_server.cc:225] running with OpenSSL 1.1.1  11 Sep 2018
I20260709 12:19:15.585009 30503 kserver.cc:163] Server-wide thread pool size limit: 3276
I20260709 12:19:15.588049 30503 txn_system_client.cc:432] TxnSystemClient initialization is disabled...
I20260709 12:19:15.592483 30503 ts_tablet_manager.cc:585] Loaded tablet metadata (0 total tablets, 0 live tablets)
I20260709 12:19:15.592850 30503 ts_tablet_manager.cc:531] Time spent load tablet metadata: real 0.000s	user 0.000s	sys 0.000s
I20260709 12:19:15.593192 30503 ts_tablet_manager.cc:616] Registered 0 tablets
I20260709 12:19:15.593458 30503 ts_tablet_manager.cc:595] Time spent register tablets: real 0.000s	user 0.000s	sys 0.000s
I20260709 12:19:15.692368 30503 rpc_server.cc:307] RPC server started. Bound to: 127.29.201.195:35831
I20260709 12:19:15.692461 30811 acceptor_pool.cc:272] collecting diagnostics on the listening RPC socket 127.29.201.195:35831 every 8 connection(s)
I20260709 12:19:15.711846 30812 heartbeater.cc:344] Connected to a master server at 127.29.201.254:36891
I20260709 12:19:15.712387 30812 heartbeater.cc:461] Registering TS with master...
I20260709 12:19:15.713413 30812 heartbeater.cc:507] Master 127.29.201.254:36891 requested a full tablet report, sending...
I20260709 12:19:15.715991 30535 ts_manager.cc:194] Registered new tserver with Master: 07da37de9b1e4baca15164fe424a8fdb (127.29.201.195:35831)
I20260709 12:19:15.716877 30503 internal_mini_cluster.cc:371] 3 TS(s) registered with all masters after 0.015167401s
I20260709 12:19:15.717686 30535 master_service.cc:502] Signed X509 certificate for tserver {username='slave'} at 127.0.0.1:42492
I20260709 12:19:15.771971 30535 catalog_manager.cc:2283] Servicing CreateTable request from {username='slave'} at 127.0.0.1:42508:
name: "test-workload"
schema {
  columns {
    name: "key"
    type: INT32
    is_key: true
    is_nullable: false
    encoding: AUTO_ENCODING
    compression: DEFAULT_COMPRESSION
    cfile_block_size: 0
    immutable: false
  }
  columns {
    name: "int_val"
    type: INT32
    is_key: false
    is_nullable: false
    encoding: AUTO_ENCODING
    compression: DEFAULT_COMPRESSION
    cfile_block_size: 0
    immutable: false
  }
  columns {
    name: "string_val"
    type: STRING
    is_key: false
    is_nullable: true
    encoding: AUTO_ENCODING
    compression: DEFAULT_COMPRESSION
    cfile_block_size: 0
    immutable: false
  }
}
num_replicas: 3
split_rows_range_bounds {
  rows: "\004\001\000\216\3438\016\004\001\000\034\307q\034\004\001\000\252\252\252*\004\001\0008\216\3438\004\001\000\306q\034G\004\001\000TUUU\004\001\000\3428\216c\004\001\000p\034\307q""\004\001\000\216\3438\016\004\001\000\034\307q\034\004\001\000\252\252\252*\004\001\0008\216\3438\004\001\000\306q\034G\004\001\000TUUU\004\001\000\3428\216c\004\001\000p\034\307q"
  indirect_data: """"
}
partition_schema {
  range_schema {
    columns {
      name: "key"
    }
  }
}
W20260709 12:19:15.776239 30535 catalog_manager.cc:7077] The number of live tablet servers is not enough to re-replicate a tablet replica of the newly created table test-workload in case of a server failure: 4 tablet servers would be needed, 3 are available. Consider bringing up more tablet servers.
I20260709 12:19:15.885382 30628 tablet_service.cc:1511] Processing CreateTablet for tablet eec3ea46dfb242f4b4ce66a97604aceb (DEFAULT_TABLE table=test-workload [id=7cb904c51d734848b7816367fabfaee8]), partition=RANGE (key) PARTITION VALUES < 238609294
I20260709 12:19:15.886605 30627 tablet_service.cc:1511] Processing CreateTablet for tablet 535f09def3bd494687aa4a3edeab61d6 (DEFAULT_TABLE table=test-workload [id=7cb904c51d734848b7816367fabfaee8]), partition=RANGE (key) PARTITION 238609294 <= VALUES < 477218588
I20260709 12:19:15.890363 30626 tablet_service.cc:1511] Processing CreateTablet for tablet 4884fe1576a44b67862ba32ea082366a (DEFAULT_TABLE table=test-workload [id=7cb904c51d734848b7816367fabfaee8]), partition=RANGE (key) PARTITION 477218588 <= VALUES < 715827882
I20260709 12:19:15.894992 30628 data_dirs.cc:400] Could only allocate 1 dirs of requested 3 for tablet eec3ea46dfb242f4b4ce66a97604aceb. 1 dirs total, 0 dirs full, 0 dirs failed
I20260709 12:19:15.897197 30627 data_dirs.cc:400] Could only allocate 1 dirs of requested 3 for tablet 535f09def3bd494687aa4a3edeab61d6. 1 dirs total, 0 dirs full, 0 dirs failed
I20260709 12:19:15.909435 30701 tablet_service.cc:1511] Processing CreateTablet for tablet 4884fe1576a44b67862ba32ea082366a (DEFAULT_TABLE table=test-workload [id=7cb904c51d734848b7816367fabfaee8]), partition=RANGE (key) PARTITION 477218588 <= VALUES < 715827882
I20260709 12:19:15.908138 30703 tablet_service.cc:1511] Processing CreateTablet for tablet eec3ea46dfb242f4b4ce66a97604aceb (DEFAULT_TABLE table=test-workload [id=7cb904c51d734848b7816367fabfaee8]), partition=RANGE (key) PARTITION VALUES < 238609294
I20260709 12:19:15.912747 30626 data_dirs.cc:400] Could only allocate 1 dirs of requested 3 for tablet 4884fe1576a44b67862ba32ea082366a. 1 dirs total, 0 dirs full, 0 dirs failed
I20260709 12:19:15.923808 30702 tablet_service.cc:1511] Processing CreateTablet for tablet 535f09def3bd494687aa4a3edeab61d6 (DEFAULT_TABLE table=test-workload [id=7cb904c51d734848b7816367fabfaee8]), partition=RANGE (key) PARTITION 238609294 <= VALUES < 477218588
I20260709 12:19:15.927420 30777 tablet_service.cc:1511] Processing CreateTablet for tablet eec3ea46dfb242f4b4ce66a97604aceb (DEFAULT_TABLE table=test-workload [id=7cb904c51d734848b7816367fabfaee8]), partition=RANGE (key) PARTITION VALUES < 238609294
I20260709 12:19:15.927953 30625 tablet_service.cc:1511] Processing CreateTablet for tablet a19c6e5d902745869661b7ee64f329e8 (DEFAULT_TABLE table=test-workload [id=7cb904c51d734848b7816367fabfaee8]), partition=RANGE (key) PARTITION 715827882 <= VALUES < 954437176
I20260709 12:19:15.928397 30701 data_dirs.cc:400] Could only allocate 1 dirs of requested 3 for tablet 4884fe1576a44b67862ba32ea082366a. 1 dirs total, 0 dirs full, 0 dirs failed
I20260709 12:19:15.932873 30777 data_dirs.cc:400] Could only allocate 1 dirs of requested 3 for tablet eec3ea46dfb242f4b4ce66a97604aceb. 1 dirs total, 0 dirs full, 0 dirs failed
I20260709 12:19:15.932606 30702 data_dirs.cc:400] Could only allocate 1 dirs of requested 3 for tablet 535f09def3bd494687aa4a3edeab61d6. 1 dirs total, 0 dirs full, 0 dirs failed
I20260709 12:19:15.933792 30625 data_dirs.cc:400] Could only allocate 1 dirs of requested 3 for tablet a19c6e5d902745869661b7ee64f329e8. 1 dirs total, 0 dirs full, 0 dirs failed
I20260709 12:19:15.933483 30700 tablet_service.cc:1511] Processing CreateTablet for tablet a19c6e5d902745869661b7ee64f329e8 (DEFAULT_TABLE table=test-workload [id=7cb904c51d734848b7816367fabfaee8]), partition=RANGE (key) PARTITION 715827882 <= VALUES < 954437176
I20260709 12:19:15.938484 30775 tablet_service.cc:1511] Processing CreateTablet for tablet 4884fe1576a44b67862ba32ea082366a (DEFAULT_TABLE table=test-workload [id=7cb904c51d734848b7816367fabfaee8]), partition=RANGE (key) PARTITION 477218588 <= VALUES < 715827882
I20260709 12:19:15.936256 30776 tablet_service.cc:1511] Processing CreateTablet for tablet 535f09def3bd494687aa4a3edeab61d6 (DEFAULT_TABLE table=test-workload [id=7cb904c51d734848b7816367fabfaee8]), partition=RANGE (key) PARTITION 238609294 <= VALUES < 477218588
I20260709 12:19:15.940956 30775 data_dirs.cc:400] Could only allocate 1 dirs of requested 3 for tablet 4884fe1576a44b67862ba32ea082366a. 1 dirs total, 0 dirs full, 0 dirs failed
I20260709 12:19:15.942773 30703 data_dirs.cc:400] Could only allocate 1 dirs of requested 3 for tablet eec3ea46dfb242f4b4ce66a97604aceb. 1 dirs total, 0 dirs full, 0 dirs failed
I20260709 12:19:15.945439 30776 data_dirs.cc:400] Could only allocate 1 dirs of requested 3 for tablet 535f09def3bd494687aa4a3edeab61d6. 1 dirs total, 0 dirs full, 0 dirs failed
I20260709 12:19:15.947530 30624 tablet_service.cc:1511] Processing CreateTablet for tablet 5e82899b14fc4d10a58ca1f42c33e4f7 (DEFAULT_TABLE table=test-workload [id=7cb904c51d734848b7816367fabfaee8]), partition=RANGE (key) PARTITION 954437176 <= VALUES < 1193046470
I20260709 12:19:15.947551 30700 data_dirs.cc:400] Could only allocate 1 dirs of requested 3 for tablet a19c6e5d902745869661b7ee64f329e8. 1 dirs total, 0 dirs full, 0 dirs failed
I20260709 12:19:15.957685 30624 data_dirs.cc:400] Could only allocate 1 dirs of requested 3 for tablet 5e82899b14fc4d10a58ca1f42c33e4f7. 1 dirs total, 0 dirs full, 0 dirs failed
I20260709 12:19:15.959815 30774 tablet_service.cc:1511] Processing CreateTablet for tablet a19c6e5d902745869661b7ee64f329e8 (DEFAULT_TABLE table=test-workload [id=7cb904c51d734848b7816367fabfaee8]), partition=RANGE (key) PARTITION 715827882 <= VALUES < 954437176
I20260709 12:19:15.961702 30774 data_dirs.cc:400] Could only allocate 1 dirs of requested 3 for tablet a19c6e5d902745869661b7ee64f329e8. 1 dirs total, 0 dirs full, 0 dirs failed
I20260709 12:19:15.990496 30699 tablet_service.cc:1511] Processing CreateTablet for tablet 5e82899b14fc4d10a58ca1f42c33e4f7 (DEFAULT_TABLE table=test-workload [id=7cb904c51d734848b7816367fabfaee8]), partition=RANGE (key) PARTITION 954437176 <= VALUES < 1193046470
I20260709 12:19:15.992110 30699 data_dirs.cc:400] Could only allocate 1 dirs of requested 3 for tablet 5e82899b14fc4d10a58ca1f42c33e4f7. 1 dirs total, 0 dirs full, 0 dirs failed
I20260709 12:19:16.021471 30773 tablet_service.cc:1511] Processing CreateTablet for tablet 5e82899b14fc4d10a58ca1f42c33e4f7 (DEFAULT_TABLE table=test-workload [id=7cb904c51d734848b7816367fabfaee8]), partition=RANGE (key) PARTITION 954437176 <= VALUES < 1193046470
I20260709 12:19:16.024936 30773 data_dirs.cc:400] Could only allocate 1 dirs of requested 3 for tablet 5e82899b14fc4d10a58ca1f42c33e4f7. 1 dirs total, 0 dirs full, 0 dirs failed
I20260709 12:19:16.037493 30623 tablet_service.cc:1511] Processing CreateTablet for tablet 75f2a084d518442e8241188f2d30b856 (DEFAULT_TABLE table=test-workload [id=7cb904c51d734848b7816367fabfaee8]), partition=RANGE (key) PARTITION 1193046470 <= VALUES < 1431655764
W20260709 12:19:16.039543 30582 auto_rebalancer.cc:288] Could not retrieve cluster info: Service unavailable: Tablet not running
I20260709 12:19:16.043578 30701 tablet_service.cc:1511] Processing CreateTablet for tablet 75f2a084d518442e8241188f2d30b856 (DEFAULT_TABLE table=test-workload [id=7cb904c51d734848b7816367fabfaee8]), partition=RANGE (key) PARTITION 1193046470 <= VALUES < 1431655764
I20260709 12:19:16.045217 30623 data_dirs.cc:400] Could only allocate 1 dirs of requested 3 for tablet 75f2a084d518442e8241188f2d30b856. 1 dirs total, 0 dirs full, 0 dirs failed
I20260709 12:19:16.061420 30701 data_dirs.cc:400] Could only allocate 1 dirs of requested 3 for tablet 75f2a084d518442e8241188f2d30b856. 1 dirs total, 0 dirs full, 0 dirs failed
I20260709 12:19:16.098606 30698 tablet_service.cc:1511] Processing CreateTablet for tablet 385b71fa8aea425f94dba57ebffc17fe (DEFAULT_TABLE table=test-workload [id=7cb904c51d734848b7816367fabfaee8]), partition=RANGE (key) PARTITION 1431655764 <= VALUES < 1670265058
I20260709 12:19:16.102579 30622 tablet_service.cc:1511] Processing CreateTablet for tablet 385b71fa8aea425f94dba57ebffc17fe (DEFAULT_TABLE table=test-workload [id=7cb904c51d734848b7816367fabfaee8]), partition=RANGE (key) PARTITION 1431655764 <= VALUES < 1670265058
I20260709 12:19:16.106380 30830 tablet_bootstrap.cc:492] T 5e82899b14fc4d10a58ca1f42c33e4f7 P b2657dfca3a04182a3c74dbd5c3e72fe: Bootstrap starting.
I20260709 12:19:16.107795 30772 tablet_service.cc:1511] Processing CreateTablet for tablet 75f2a084d518442e8241188f2d30b856 (DEFAULT_TABLE table=test-workload [id=7cb904c51d734848b7816367fabfaee8]), partition=RANGE (key) PARTITION 1193046470 <= VALUES < 1431655764
I20260709 12:19:16.115350 30698 data_dirs.cc:400] Could only allocate 1 dirs of requested 3 for tablet 385b71fa8aea425f94dba57ebffc17fe. 1 dirs total, 0 dirs full, 0 dirs failed
I20260709 12:19:16.111982 30772 data_dirs.cc:400] Could only allocate 1 dirs of requested 3 for tablet 75f2a084d518442e8241188f2d30b856. 1 dirs total, 0 dirs full, 0 dirs failed
I20260709 12:19:16.113030 30622 data_dirs.cc:400] Could only allocate 1 dirs of requested 3 for tablet 385b71fa8aea425f94dba57ebffc17fe. 1 dirs total, 0 dirs full, 0 dirs failed
I20260709 12:19:16.118762 30831 tablet_bootstrap.cc:492] T 5e82899b14fc4d10a58ca1f42c33e4f7 P e56eff8cb9af4916a3a0cb1f1077f3c7: Bootstrap starting.
I20260709 12:19:16.123463 30771 tablet_service.cc:1511] Processing CreateTablet for tablet 385b71fa8aea425f94dba57ebffc17fe (DEFAULT_TABLE table=test-workload [id=7cb904c51d734848b7816367fabfaee8]), partition=RANGE (key) PARTITION 1431655764 <= VALUES < 1670265058
I20260709 12:19:16.130406 30771 data_dirs.cc:400] Could only allocate 1 dirs of requested 3 for tablet 385b71fa8aea425f94dba57ebffc17fe. 1 dirs total, 0 dirs full, 0 dirs failed
I20260709 12:19:16.159616 30626 tablet_service.cc:1511] Processing CreateTablet for tablet 498b463cdd8b414c8a752d8c093c49ac (DEFAULT_TABLE table=test-workload [id=7cb904c51d734848b7816367fabfaee8]), partition=RANGE (key) PARTITION 1670265058 <= VALUES < 1908874352
I20260709 12:19:16.163513 30626 data_dirs.cc:400] Could only allocate 1 dirs of requested 3 for tablet 498b463cdd8b414c8a752d8c093c49ac. 1 dirs total, 0 dirs full, 0 dirs failed
I20260709 12:19:16.173164 30702 tablet_service.cc:1511] Processing CreateTablet for tablet 498b463cdd8b414c8a752d8c093c49ac (DEFAULT_TABLE table=test-workload [id=7cb904c51d734848b7816367fabfaee8]), partition=RANGE (key) PARTITION 1670265058 <= VALUES < 1908874352
I20260709 12:19:16.177147 30702 data_dirs.cc:400] Could only allocate 1 dirs of requested 3 for tablet 498b463cdd8b414c8a752d8c093c49ac. 1 dirs total, 0 dirs full, 0 dirs failed
I20260709 12:19:16.176106 30774 tablet_service.cc:1511] Processing CreateTablet for tablet 498b463cdd8b414c8a752d8c093c49ac (DEFAULT_TABLE table=test-workload [id=7cb904c51d734848b7816367fabfaee8]), partition=RANGE (key) PARTITION 1670265058 <= VALUES < 1908874352
I20260709 12:19:16.181267 30774 data_dirs.cc:400] Could only allocate 1 dirs of requested 3 for tablet 498b463cdd8b414c8a752d8c093c49ac. 1 dirs total, 0 dirs full, 0 dirs failed
I20260709 12:19:16.185537 30832 tablet_bootstrap.cc:492] T 5e82899b14fc4d10a58ca1f42c33e4f7 P 07da37de9b1e4baca15164fe424a8fdb: Bootstrap starting.
I20260709 12:19:16.190204 30624 tablet_service.cc:1511] Processing CreateTablet for tablet e7b159647196412382fcbeea841f3d93 (DEFAULT_TABLE table=test-workload [id=7cb904c51d734848b7816367fabfaee8]), partition=RANGE (key) PARTITION 1908874352 <= VALUES
I20260709 12:19:16.191665 30624 data_dirs.cc:400] Could only allocate 1 dirs of requested 3 for tablet e7b159647196412382fcbeea841f3d93. 1 dirs total, 0 dirs full, 0 dirs failed
I20260709 12:19:16.226909 30831 tablet_bootstrap.cc:654] T 5e82899b14fc4d10a58ca1f42c33e4f7 P e56eff8cb9af4916a3a0cb1f1077f3c7: Neither blocks nor log segments found. Creating new log.
I20260709 12:19:16.229216 30832 tablet_bootstrap.cc:654] T 5e82899b14fc4d10a58ca1f42c33e4f7 P 07da37de9b1e4baca15164fe424a8fdb: Neither blocks nor log segments found. Creating new log.
I20260709 12:19:16.232429 30830 tablet_bootstrap.cc:654] T 5e82899b14fc4d10a58ca1f42c33e4f7 P b2657dfca3a04182a3c74dbd5c3e72fe: Neither blocks nor log segments found. Creating new log.
I20260709 12:19:16.237566 30774 tablet_service.cc:1511] Processing CreateTablet for tablet e7b159647196412382fcbeea841f3d93 (DEFAULT_TABLE table=test-workload [id=7cb904c51d734848b7816367fabfaee8]), partition=RANGE (key) PARTITION 1908874352 <= VALUES
I20260709 12:19:16.239123 30774 data_dirs.cc:400] Could only allocate 1 dirs of requested 3 for tablet e7b159647196412382fcbeea841f3d93. 1 dirs total, 0 dirs full, 0 dirs failed
I20260709 12:19:16.247520 30702 tablet_service.cc:1511] Processing CreateTablet for tablet e7b159647196412382fcbeea841f3d93 (DEFAULT_TABLE table=test-workload [id=7cb904c51d734848b7816367fabfaee8]), partition=RANGE (key) PARTITION 1908874352 <= VALUES
I20260709 12:19:16.248910 30702 data_dirs.cc:400] Could only allocate 1 dirs of requested 3 for tablet e7b159647196412382fcbeea841f3d93. 1 dirs total, 0 dirs full, 0 dirs failed
I20260709 12:19:16.277587 30830 tablet_bootstrap.cc:492] T 5e82899b14fc4d10a58ca1f42c33e4f7 P b2657dfca3a04182a3c74dbd5c3e72fe: No bootstrap required, opened a new log
I20260709 12:19:16.278160 30832 tablet_bootstrap.cc:492] T 5e82899b14fc4d10a58ca1f42c33e4f7 P 07da37de9b1e4baca15164fe424a8fdb: No bootstrap required, opened a new log
I20260709 12:19:16.278394 30830 ts_tablet_manager.cc:1403] T 5e82899b14fc4d10a58ca1f42c33e4f7 P b2657dfca3a04182a3c74dbd5c3e72fe: Time spent bootstrapping tablet: real 0.174s	user 0.013s	sys 0.029s
I20260709 12:19:16.278697 30832 ts_tablet_manager.cc:1403] T 5e82899b14fc4d10a58ca1f42c33e4f7 P 07da37de9b1e4baca15164fe424a8fdb: Time spent bootstrapping tablet: real 0.094s	user 0.007s	sys 0.011s
I20260709 12:19:16.285111 30832 raft_consensus.cc:359] T 5e82899b14fc4d10a58ca1f42c33e4f7 P 07da37de9b1e4baca15164fe424a8fdb [term 0 FOLLOWER]: Replica starting. Triggering 0 pending ops. Active config: opid_index: -1 OBSOLETE_local: false peers { permanent_uuid: "e56eff8cb9af4916a3a0cb1f1077f3c7" member_type: VOTER last_known_addr { host: "127.29.201.193" port: 43449 } } peers { permanent_uuid: "b2657dfca3a04182a3c74dbd5c3e72fe" member_type: VOTER last_known_addr { host: "127.29.201.194" port: 41949 } } peers { permanent_uuid: "07da37de9b1e4baca15164fe424a8fdb" member_type: VOTER last_known_addr { host: "127.29.201.195" port: 35831 } }
I20260709 12:19:16.288105 30832 raft_consensus.cc:385] T 5e82899b14fc4d10a58ca1f42c33e4f7 P 07da37de9b1e4baca15164fe424a8fdb [term 0 FOLLOWER]: Consensus starting up: Expiring failure detector timer to make a prompt election more likely
I20260709 12:19:16.288694 30832 raft_consensus.cc:740] T 5e82899b14fc4d10a58ca1f42c33e4f7 P 07da37de9b1e4baca15164fe424a8fdb [term 0 FOLLOWER]: Becoming Follower/Learner. State: Replica: 07da37de9b1e4baca15164fe424a8fdb, State: Initialized, Role: FOLLOWER
I20260709 12:19:16.289731 30830 raft_consensus.cc:359] T 5e82899b14fc4d10a58ca1f42c33e4f7 P b2657dfca3a04182a3c74dbd5c3e72fe [term 0 FOLLOWER]: Replica starting. Triggering 0 pending ops. Active config: opid_index: -1 OBSOLETE_local: false peers { permanent_uuid: "e56eff8cb9af4916a3a0cb1f1077f3c7" member_type: VOTER last_known_addr { host: "127.29.201.193" port: 43449 } } peers { permanent_uuid: "b2657dfca3a04182a3c74dbd5c3e72fe" member_type: VOTER last_known_addr { host: "127.29.201.194" port: 41949 } } peers { permanent_uuid: "07da37de9b1e4baca15164fe424a8fdb" member_type: VOTER last_known_addr { host: "127.29.201.195" port: 35831 } }
I20260709 12:19:16.289835 30832 consensus_queue.cc:260] T 5e82899b14fc4d10a58ca1f42c33e4f7 P 07da37de9b1e4baca15164fe424a8fdb [NON_LEADER]: Queue going to NON_LEADER mode. State: All replicated index: 0, Majority replicated index: 0, Committed index: 0, Last appended: 0.0, Last appended by leader: 0, Current term: 0, Majority size: -1, State: 0, Mode: NON_LEADER, active raft config: opid_index: -1 OBSOLETE_local: false peers { permanent_uuid: "e56eff8cb9af4916a3a0cb1f1077f3c7" member_type: VOTER last_known_addr { host: "127.29.201.193" port: 43449 } } peers { permanent_uuid: "b2657dfca3a04182a3c74dbd5c3e72fe" member_type: VOTER last_known_addr { host: "127.29.201.194" port: 41949 } } peers { permanent_uuid: "07da37de9b1e4baca15164fe424a8fdb" member_type: VOTER last_known_addr { host: "127.29.201.195" port: 35831 } }
I20260709 12:19:16.288457 30831 tablet_bootstrap.cc:492] T 5e82899b14fc4d10a58ca1f42c33e4f7 P e56eff8cb9af4916a3a0cb1f1077f3c7: No bootstrap required, opened a new log
I20260709 12:19:16.290699 30830 raft_consensus.cc:385] T 5e82899b14fc4d10a58ca1f42c33e4f7 P b2657dfca3a04182a3c74dbd5c3e72fe [term 0 FOLLOWER]: Consensus starting up: Expiring failure detector timer to make a prompt election more likely
I20260709 12:19:16.291152 30830 raft_consensus.cc:740] T 5e82899b14fc4d10a58ca1f42c33e4f7 P b2657dfca3a04182a3c74dbd5c3e72fe [term 0 FOLLOWER]: Becoming Follower/Learner. State: Replica: b2657dfca3a04182a3c74dbd5c3e72fe, State: Initialized, Role: FOLLOWER
I20260709 12:19:16.291256 30831 ts_tablet_manager.cc:1403] T 5e82899b14fc4d10a58ca1f42c33e4f7 P e56eff8cb9af4916a3a0cb1f1077f3c7: Time spent bootstrapping tablet: real 0.184s	user 0.015s	sys 0.018s
I20260709 12:19:16.292248 30830 consensus_queue.cc:260] T 5e82899b14fc4d10a58ca1f42c33e4f7 P b2657dfca3a04182a3c74dbd5c3e72fe [NON_LEADER]: Queue going to NON_LEADER mode. State: All replicated index: 0, Majority replicated index: 0, Committed index: 0, Last appended: 0.0, Last appended by leader: 0, Current term: 0, Majority size: -1, State: 0, Mode: NON_LEADER, active raft config: opid_index: -1 OBSOLETE_local: false peers { permanent_uuid: "e56eff8cb9af4916a3a0cb1f1077f3c7" member_type: VOTER last_known_addr { host: "127.29.201.193" port: 43449 } } peers { permanent_uuid: "b2657dfca3a04182a3c74dbd5c3e72fe" member_type: VOTER last_known_addr { host: "127.29.201.194" port: 41949 } } peers { permanent_uuid: "07da37de9b1e4baca15164fe424a8fdb" member_type: VOTER last_known_addr { host: "127.29.201.195" port: 35831 } }
I20260709 12:19:16.296386 30831 raft_consensus.cc:359] T 5e82899b14fc4d10a58ca1f42c33e4f7 P e56eff8cb9af4916a3a0cb1f1077f3c7 [term 0 FOLLOWER]: Replica starting. Triggering 0 pending ops. Active config: opid_index: -1 OBSOLETE_local: false peers { permanent_uuid: "e56eff8cb9af4916a3a0cb1f1077f3c7" member_type: VOTER last_known_addr { host: "127.29.201.193" port: 43449 } } peers { permanent_uuid: "b2657dfca3a04182a3c74dbd5c3e72fe" member_type: VOTER last_known_addr { host: "127.29.201.194" port: 41949 } } peers { permanent_uuid: "07da37de9b1e4baca15164fe424a8fdb" member_type: VOTER last_known_addr { host: "127.29.201.195" port: 35831 } }
I20260709 12:19:16.297235 30831 raft_consensus.cc:385] T 5e82899b14fc4d10a58ca1f42c33e4f7 P e56eff8cb9af4916a3a0cb1f1077f3c7 [term 0 FOLLOWER]: Consensus starting up: Expiring failure detector timer to make a prompt election more likely
I20260709 12:19:16.297591 30831 raft_consensus.cc:740] T 5e82899b14fc4d10a58ca1f42c33e4f7 P e56eff8cb9af4916a3a0cb1f1077f3c7 [term 0 FOLLOWER]: Becoming Follower/Learner. State: Replica: e56eff8cb9af4916a3a0cb1f1077f3c7, State: Initialized, Role: FOLLOWER
