I20260709 12:19:31.825462 30637 raft_consensus.cc:1275] T 535f09def3bd494687aa4a3edeab61d6 P e56eff8cb9af4916a3a0cb1f1077f3c7 [term 3 FOLLOWER]: Refusing update from remote peer b2657dfca3a04182a3c74dbd5c3e72fe: Log matching property violated. Preceding OpId in replica: term: 2 index: 2. Preceding OpId from leader: term: 3 index: 3. (index mismatch)
I20260709 12:19:31.827301 30985 consensus_queue.cc:1048] T 535f09def3bd494687aa4a3edeab61d6 P b2657dfca3a04182a3c74dbd5c3e72fe [LEADER]: Connected to new peer: Peer: permanent_uuid: "e56eff8cb9af4916a3a0cb1f1077f3c7" member_type: VOTER last_known_addr { host: "127.29.201.193" port: 43449 }, Status: LMP_MISMATCH, Last received: 0.0, Next index: 3, Last known committed idx: 2, Time since last communication: 0.001s
I20260709 12:19:31.991817 30786 raft_consensus.cc:1275] T 4884fe1576a44b67862ba32ea082366a P 07da37de9b1e4baca15164fe424a8fdb [term 3 FOLLOWER]: Refusing update from remote peer b2657dfca3a04182a3c74dbd5c3e72fe: Log matching property violated. Preceding OpId in replica: term: 2 index: 2. Preceding OpId from leader: term: 3 index: 3. (index mismatch)
I20260709 12:19:31.991820 30637 raft_consensus.cc:1275] T 4884fe1576a44b67862ba32ea082366a P e56eff8cb9af4916a3a0cb1f1077f3c7 [term 3 FOLLOWER]: Refusing update from remote peer b2657dfca3a04182a3c74dbd5c3e72fe: Log matching property violated. Preceding OpId in replica: term: 2 index: 2. Preceding OpId from leader: term: 3 index: 3. (index mismatch)
I20260709 12:19:31.993136 30985 consensus_queue.cc:1048] T 4884fe1576a44b67862ba32ea082366a P b2657dfca3a04182a3c74dbd5c3e72fe [LEADER]: Connected to new peer: Peer: permanent_uuid: "07da37de9b1e4baca15164fe424a8fdb" member_type: VOTER last_known_addr { host: "127.29.201.195" port: 35831 }, Status: LMP_MISMATCH, Last received: 0.0, Next index: 3, Last known committed idx: 2, Time since last communication: 0.000s
I20260709 12:19:31.993781 30933 consensus_queue.cc:1048] T 4884fe1576a44b67862ba32ea082366a P b2657dfca3a04182a3c74dbd5c3e72fe [LEADER]: Connected to new peer: Peer: permanent_uuid: "e56eff8cb9af4916a3a0cb1f1077f3c7" member_type: VOTER last_known_addr { host: "127.29.201.193" port: 43449 }, Status: LMP_MISMATCH, Last received: 0.0, Next index: 3, Last known committed idx: 2, Time since last communication: 0.000s
I20260709 12:19:32.096824 30787 raft_consensus.cc:1275] T 5e82899b14fc4d10a58ca1f42c33e4f7 P 07da37de9b1e4baca15164fe424a8fdb [term 4 FOLLOWER]: Refusing update from remote peer b2657dfca3a04182a3c74dbd5c3e72fe: Log matching property violated. Preceding OpId in replica: term: 3 index: 3. Preceding OpId from leader: term: 4 index: 4. (index mismatch)
I20260709 12:19:32.098014 30933 consensus_queue.cc:1048] T 5e82899b14fc4d10a58ca1f42c33e4f7 P b2657dfca3a04182a3c74dbd5c3e72fe [LEADER]: Connected to new peer: Peer: permanent_uuid: "07da37de9b1e4baca15164fe424a8fdb" member_type: VOTER last_known_addr { host: "127.29.201.195" port: 35831 }, Status: LMP_MISMATCH, Last received: 0.0, Next index: 4, Last known committed idx: 3, Time since last communication: 0.000s
I20260709 12:19:32.107537 30637 raft_consensus.cc:1275] T 5e82899b14fc4d10a58ca1f42c33e4f7 P e56eff8cb9af4916a3a0cb1f1077f3c7 [term 4 FOLLOWER]: Refusing update from remote peer b2657dfca3a04182a3c74dbd5c3e72fe: Log matching property violated. Preceding OpId in replica: term: 3 index: 3. Preceding OpId from leader: term: 4 index: 4. (index mismatch)
I20260709 12:19:32.109436 30933 consensus_queue.cc:1048] T 5e82899b14fc4d10a58ca1f42c33e4f7 P b2657dfca3a04182a3c74dbd5c3e72fe [LEADER]: Connected to new peer: Peer: permanent_uuid: "e56eff8cb9af4916a3a0cb1f1077f3c7" member_type: VOTER last_known_addr { host: "127.29.201.193" port: 43449 }, Status: LMP_MISMATCH, Last received: 0.0, Next index: 4, Last known committed idx: 3, Time since last communication: 0.000s
I20260709 12:19:34.160676 30503 auto_leader_rebalancer-test.cc:328] The leader distribution is 
I20260709 12:19:34.161583 30503 auto_leader_rebalancer.cc:141] leader rebalance for table test-workload
I20260709 12:19:34.169093 30712 tablet_service.cc:2072] Received LeaderStepDown RPC: tablet_id: "385b71fa8aea425f94dba57ebffc17fe"
dest_uuid: "b2657dfca3a04182a3c74dbd5c3e72fe"
mode: GRACEFUL
new_leader_uuid: "e56eff8cb9af4916a3a0cb1f1077f3c7"
 from {username='slave'} at 127.0.0.1:42414
I20260709 12:19:34.169977 30712 raft_consensus.cc:606] T 385b71fa8aea425f94dba57ebffc17fe P b2657dfca3a04182a3c74dbd5c3e72fe [term 2 LEADER]: Received request to transfer leadership to TS e56eff8cb9af4916a3a0cb1f1077f3c7
I20260709 12:19:34.172950 30712 tablet_service.cc:2072] Received LeaderStepDown RPC: tablet_id: "498b463cdd8b414c8a752d8c093c49ac"
dest_uuid: "b2657dfca3a04182a3c74dbd5c3e72fe"
mode: GRACEFUL
new_leader_uuid: "07da37de9b1e4baca15164fe424a8fdb"
 from {username='slave'} at 127.0.0.1:42414
I20260709 12:19:34.173537 30712 raft_consensus.cc:606] T 498b463cdd8b414c8a752d8c093c49ac P b2657dfca3a04182a3c74dbd5c3e72fe [term 2 LEADER]: Received request to transfer leadership to TS 07da37de9b1e4baca15164fe424a8fdb
I20260709 12:19:34.175832 30712 tablet_service.cc:2072] Received LeaderStepDown RPC: tablet_id: "535f09def3bd494687aa4a3edeab61d6"
dest_uuid: "b2657dfca3a04182a3c74dbd5c3e72fe"
mode: GRACEFUL
new_leader_uuid: "07da37de9b1e4baca15164fe424a8fdb"
 from {username='slave'} at 127.0.0.1:42414
I20260709 12:19:34.176317 30712 raft_consensus.cc:606] T 535f09def3bd494687aa4a3edeab61d6 P b2657dfca3a04182a3c74dbd5c3e72fe [term 3 LEADER]: Received request to transfer leadership to TS 07da37de9b1e4baca15164fe424a8fdb
I20260709 12:19:34.178653 30712 tablet_service.cc:2072] Received LeaderStepDown RPC: tablet_id: "5e82899b14fc4d10a58ca1f42c33e4f7"
dest_uuid: "b2657dfca3a04182a3c74dbd5c3e72fe"
mode: GRACEFUL
new_leader_uuid: "e56eff8cb9af4916a3a0cb1f1077f3c7"
 from {username='slave'} at 127.0.0.1:42414
I20260709 12:19:34.179147 30712 raft_consensus.cc:606] T 5e82899b14fc4d10a58ca1f42c33e4f7 P b2657dfca3a04182a3c74dbd5c3e72fe [term 4 LEADER]: Received request to transfer leadership to TS e56eff8cb9af4916a3a0cb1f1077f3c7
I20260709 12:19:34.181478 30712 tablet_service.cc:2072] Received LeaderStepDown RPC: tablet_id: "75f2a084d518442e8241188f2d30b856"
dest_uuid: "b2657dfca3a04182a3c74dbd5c3e72fe"
mode: GRACEFUL
new_leader_uuid: "e56eff8cb9af4916a3a0cb1f1077f3c7"
 from {username='slave'} at 127.0.0.1:42414
I20260709 12:19:34.181926 30712 raft_consensus.cc:606] T 75f2a084d518442e8241188f2d30b856 P b2657dfca3a04182a3c74dbd5c3e72fe [term 2 LEADER]: Received request to transfer leadership to TS e56eff8cb9af4916a3a0cb1f1077f3c7
I20260709 12:19:34.183144 30503 auto_leader_rebalancer.cc:440] table: test-workload, leader rebalance finish, leader transfer count: 5
I20260709 12:19:34.183621 30503 auto_leader_rebalancer.cc:515] All tables' leader rebalancing finished this round
I20260709 12:19:34.196054 30993 raft_consensus.cc:993] T 498b463cdd8b414c8a752d8c093c49ac P b2657dfca3a04182a3c74dbd5c3e72fe: : Instructing follower 07da37de9b1e4baca15164fe424a8fdb to start an election
I20260709 12:19:34.196413 30933 raft_consensus.cc:993] T 5e82899b14fc4d10a58ca1f42c33e4f7 P b2657dfca3a04182a3c74dbd5c3e72fe: : Instructing follower e56eff8cb9af4916a3a0cb1f1077f3c7 to start an election
I20260709 12:19:34.196820 30992 raft_consensus.cc:1081] T 498b463cdd8b414c8a752d8c093c49ac P b2657dfca3a04182a3c74dbd5c3e72fe [term 2 LEADER]: Signalling peer 07da37de9b1e4baca15164fe424a8fdb to start an election
I20260709 12:19:34.196846 30993 raft_consensus.cc:1081] T 5e82899b14fc4d10a58ca1f42c33e4f7 P b2657dfca3a04182a3c74dbd5c3e72fe [term 4 LEADER]: Signalling peer e56eff8cb9af4916a3a0cb1f1077f3c7 to start an election
I20260709 12:19:34.198836 30636 tablet_service.cc:2044] Received Run Leader Election RPC: tablet_id: "5e82899b14fc4d10a58ca1f42c33e4f7"
dest_uuid: "e56eff8cb9af4916a3a0cb1f1077f3c7"
 from {username='slave'} at 127.0.0.1:38382
I20260709 12:19:34.198829 30787 tablet_service.cc:2044] Received Run Leader Election RPC: tablet_id: "498b463cdd8b414c8a752d8c093c49ac"
dest_uuid: "07da37de9b1e4baca15164fe424a8fdb"
 from {username='slave'} at 127.0.0.1:51864
I20260709 12:19:34.199398 30636 raft_consensus.cc:493] T 5e82899b14fc4d10a58ca1f42c33e4f7 P e56eff8cb9af4916a3a0cb1f1077f3c7 [term 4 FOLLOWER]: Starting forced leader election (received explicit request)
I20260709 12:19:34.199564 30787 raft_consensus.cc:493] T 498b463cdd8b414c8a752d8c093c49ac P 07da37de9b1e4baca15164fe424a8fdb [term 2 FOLLOWER]: Starting forced leader election (received explicit request)
I20260709 12:19:34.199790 30636 raft_consensus.cc:3060] T 5e82899b14fc4d10a58ca1f42c33e4f7 P e56eff8cb9af4916a3a0cb1f1077f3c7 [term 4 FOLLOWER]: Advancing to term 5
I20260709 12:19:34.200039 30787 raft_consensus.cc:3060] T 498b463cdd8b414c8a752d8c093c49ac P 07da37de9b1e4baca15164fe424a8fdb [term 2 FOLLOWER]: Advancing to term 3
I20260709 12:19:34.205927 30787 raft_consensus.cc:515] T 498b463cdd8b414c8a752d8c093c49ac P 07da37de9b1e4baca15164fe424a8fdb [term 3 FOLLOWER]: Starting forced leader election with config: opid_index: -1 OBSOLETE_local: false peers { permanent_uuid: "e56eff8cb9af4916a3a0cb1f1077f3c7" member_type: VOTER last_known_addr { host: "127.29.201.193" port: 43449 } } peers { permanent_uuid: "b2657dfca3a04182a3c74dbd5c3e72fe" member_type: VOTER last_known_addr { host: "127.29.201.194" port: 41949 } } peers { permanent_uuid: "07da37de9b1e4baca15164fe424a8fdb" member_type: VOTER last_known_addr { host: "127.29.201.195" port: 35831 } }
I20260709 12:19:34.205927 30636 raft_consensus.cc:515] T 5e82899b14fc4d10a58ca1f42c33e4f7 P e56eff8cb9af4916a3a0cb1f1077f3c7 [term 5 FOLLOWER]: Starting forced leader election with config: opid_index: -1 OBSOLETE_local: false peers { permanent_uuid: "e56eff8cb9af4916a3a0cb1f1077f3c7" member_type: VOTER last_known_addr { host: "127.29.201.193" port: 43449 } } peers { permanent_uuid: "b2657dfca3a04182a3c74dbd5c3e72fe" member_type: VOTER last_known_addr { host: "127.29.201.194" port: 41949 } } peers { permanent_uuid: "07da37de9b1e4baca15164fe424a8fdb" member_type: VOTER last_known_addr { host: "127.29.201.195" port: 35831 } }
I20260709 12:19:34.209825 30787 leader_election.cc:290] T 498b463cdd8b414c8a752d8c093c49ac P 07da37de9b1e4baca15164fe424a8fdb [CANDIDATE]: Term 3 election: Requested vote from peers e56eff8cb9af4916a3a0cb1f1077f3c7 (127.29.201.193:43449), b2657dfca3a04182a3c74dbd5c3e72fe (127.29.201.194:41949)
I20260709 12:19:34.210057 30712 tablet_service.cc:1917] Received RequestConsensusVote() RPC: tablet_id: "5e82899b14fc4d10a58ca1f42c33e4f7" candidate_uuid: "e56eff8cb9af4916a3a0cb1f1077f3c7" candidate_term: 5 candidate_status { last_received { term: 4 index: 4 } } ignore_live_leader: true dest_uuid: "b2657dfca3a04182a3c74dbd5c3e72fe"
I20260709 12:19:34.211091 30712 raft_consensus.cc:3055] T 5e82899b14fc4d10a58ca1f42c33e4f7 P b2657dfca3a04182a3c74dbd5c3e72fe [term 4 LEADER]: Stepping down as leader of term 4
I20260709 12:19:34.210171 30637 tablet_service.cc:1917] Received RequestConsensusVote() RPC: tablet_id: "498b463cdd8b414c8a752d8c093c49ac" candidate_uuid: "07da37de9b1e4baca15164fe424a8fdb" candidate_term: 3 candidate_status { last_received { term: 2 index: 2 } } ignore_live_leader: true dest_uuid: "e56eff8cb9af4916a3a0cb1f1077f3c7"
I20260709 12:19:34.211684 30637 raft_consensus.cc:3060] T 498b463cdd8b414c8a752d8c093c49ac P e56eff8cb9af4916a3a0cb1f1077f3c7 [term 2 FOLLOWER]: Advancing to term 3
I20260709 12:19:34.211520 30712 raft_consensus.cc:740] T 5e82899b14fc4d10a58ca1f42c33e4f7 P b2657dfca3a04182a3c74dbd5c3e72fe [term 4 LEADER]: Becoming Follower/Learner. State: Replica: b2657dfca3a04182a3c74dbd5c3e72fe, State: Running, Role: LEADER
I20260709 12:19:34.212001 30787 tablet_service.cc:1917] Received RequestConsensusVote() RPC: tablet_id: "5e82899b14fc4d10a58ca1f42c33e4f7" candidate_uuid: "e56eff8cb9af4916a3a0cb1f1077f3c7" candidate_term: 5 candidate_status { last_received { term: 4 index: 4 } } ignore_live_leader: true dest_uuid: "07da37de9b1e4baca15164fe424a8fdb"
I20260709 12:19:34.212663 30787 raft_consensus.cc:3060] T 5e82899b14fc4d10a58ca1f42c33e4f7 P 07da37de9b1e4baca15164fe424a8fdb [term 4 FOLLOWER]: Advancing to term 5
I20260709 12:19:34.212517 30711 tablet_service.cc:1917] Received RequestConsensusVote() RPC: tablet_id: "498b463cdd8b414c8a752d8c093c49ac" candidate_uuid: "07da37de9b1e4baca15164fe424a8fdb" candidate_term: 3 candidate_status { last_received { term: 2 index: 2 } } ignore_live_leader: true dest_uuid: "b2657dfca3a04182a3c74dbd5c3e72fe"
I20260709 12:19:34.213243 30711 raft_consensus.cc:3055] T 498b463cdd8b414c8a752d8c093c49ac P b2657dfca3a04182a3c74dbd5c3e72fe [term 2 LEADER]: Stepping down as leader of term 2
I20260709 12:19:34.213025 30712 consensus_queue.cc:260] T 5e82899b14fc4d10a58ca1f42c33e4f7 P b2657dfca3a04182a3c74dbd5c3e72fe [NON_LEADER]: Queue going to NON_LEADER mode. State: All replicated index: 0, Majority replicated index: 4, Committed index: 4, Last appended: 4.4, Last appended by leader: 4, Current term: 4, Majority size: -1, State: 0, Mode: NON_LEADER, active raft config: opid_index: -1 OBSOLETE_local: false peers { permanent_uuid: "e56eff8cb9af4916a3a0cb1f1077f3c7" member_type: VOTER last_known_addr { host: "127.29.201.193" port: 43449 } } peers { permanent_uuid: "b2657dfca3a04182a3c74dbd5c3e72fe" member_type: VOTER last_known_addr { host: "127.29.201.194" port: 41949 } } peers { permanent_uuid: "07da37de9b1e4baca15164fe424a8fdb" member_type: VOTER last_known_addr { host: "127.29.201.195" port: 35831 } }
I20260709 12:19:34.213567 30711 raft_consensus.cc:740] T 498b463cdd8b414c8a752d8c093c49ac P b2657dfca3a04182a3c74dbd5c3e72fe [term 2 LEADER]: Becoming Follower/Learner. State: Replica: b2657dfca3a04182a3c74dbd5c3e72fe, State: Running, Role: LEADER
I20260709 12:19:34.214260 30712 raft_consensus.cc:3060] T 5e82899b14fc4d10a58ca1f42c33e4f7 P b2657dfca3a04182a3c74dbd5c3e72fe [term 4 FOLLOWER]: Advancing to term 5
I20260709 12:19:34.214437 30711 consensus_queue.cc:260] T 498b463cdd8b414c8a752d8c093c49ac P b2657dfca3a04182a3c74dbd5c3e72fe [NON_LEADER]: Queue going to NON_LEADER mode. State: All replicated index: 0, Majority replicated index: 2, Committed index: 2, Last appended: 2.2, Last appended by leader: 2, Current term: 2, Majority size: -1, State: 0, Mode: NON_LEADER, active raft config: opid_index: -1 OBSOLETE_local: false peers { permanent_uuid: "e56eff8cb9af4916a3a0cb1f1077f3c7" member_type: VOTER last_known_addr { host: "127.29.201.193" port: 43449 } } peers { permanent_uuid: "b2657dfca3a04182a3c74dbd5c3e72fe" member_type: VOTER last_known_addr { host: "127.29.201.194" port: 41949 } } peers { permanent_uuid: "07da37de9b1e4baca15164fe424a8fdb" member_type: VOTER last_known_addr { host: "127.29.201.195" port: 35831 } }
I20260709 12:19:34.215925 30711 raft_consensus.cc:3060] T 498b463cdd8b414c8a752d8c093c49ac P b2657dfca3a04182a3c74dbd5c3e72fe [term 2 FOLLOWER]: Advancing to term 3
I20260709 12:19:34.211441 30636 leader_election.cc:290] T 5e82899b14fc4d10a58ca1f42c33e4f7 P e56eff8cb9af4916a3a0cb1f1077f3c7 [CANDIDATE]: Term 5 election: Requested vote from peers b2657dfca3a04182a3c74dbd5c3e72fe (127.29.201.194:41949), 07da37de9b1e4baca15164fe424a8fdb (127.29.201.195:35831)
I20260709 12:19:34.219755 30637 raft_consensus.cc:2468] T 498b463cdd8b414c8a752d8c093c49ac P e56eff8cb9af4916a3a0cb1f1077f3c7 [term 3 FOLLOWER]: Leader election vote request: Granting yes vote for candidate 07da37de9b1e4baca15164fe424a8fdb in term 3.
I20260709 12:19:34.219755 30787 raft_consensus.cc:2468] T 5e82899b14fc4d10a58ca1f42c33e4f7 P 07da37de9b1e4baca15164fe424a8fdb [term 5 FOLLOWER]: Leader election vote request: Granting yes vote for candidate e56eff8cb9af4916a3a0cb1f1077f3c7 in term 5.
I20260709 12:19:34.221393 30752 leader_election.cc:304] T 498b463cdd8b414c8a752d8c093c49ac P 07da37de9b1e4baca15164fe424a8fdb [CANDIDATE]: Term 3 election: Election decided. Result: candidate won. Election summary: received 2 responses out of 3 voters: 2 yes votes; 0 no votes. yes voters: 07da37de9b1e4baca15164fe424a8fdb, e56eff8cb9af4916a3a0cb1f1077f3c7; no voters: 
I20260709 12:19:34.222379 30958 raft_consensus.cc:2804] T 498b463cdd8b414c8a752d8c093c49ac P 07da37de9b1e4baca15164fe424a8fdb [term 3 FOLLOWER]: Leader election won for term 3
I20260709 12:19:34.222826 30712 raft_consensus.cc:2468] T 5e82899b14fc4d10a58ca1f42c33e4f7 P b2657dfca3a04182a3c74dbd5c3e72fe [term 5 FOLLOWER]: Leader election vote request: Granting yes vote for candidate e56eff8cb9af4916a3a0cb1f1077f3c7 in term 5.
I20260709 12:19:34.222922 30604 leader_election.cc:304] T 5e82899b14fc4d10a58ca1f42c33e4f7 P e56eff8cb9af4916a3a0cb1f1077f3c7 [CANDIDATE]: Term 5 election: Election decided. Result: candidate won. Election summary: received 2 responses out of 3 voters: 2 yes votes; 0 no votes. yes voters: 07da37de9b1e4baca15164fe424a8fdb, e56eff8cb9af4916a3a0cb1f1077f3c7; no voters: 
I20260709 12:19:34.224483 30958 raft_consensus.cc:697] T 498b463cdd8b414c8a752d8c093c49ac P 07da37de9b1e4baca15164fe424a8fdb [term 3 LEADER]: Becoming Leader. State: Replica: 07da37de9b1e4baca15164fe424a8fdb, State: Running, Role: LEADER
I20260709 12:19:34.224457 30711 raft_consensus.cc:2468] T 498b463cdd8b414c8a752d8c093c49ac P b2657dfca3a04182a3c74dbd5c3e72fe [term 3 FOLLOWER]: Leader election vote request: Granting yes vote for candidate 07da37de9b1e4baca15164fe424a8fdb in term 3.
I20260709 12:19:34.225649 30996 raft_consensus.cc:2804] T 5e82899b14fc4d10a58ca1f42c33e4f7 P e56eff8cb9af4916a3a0cb1f1077f3c7 [term 5 FOLLOWER]: Leader election won for term 5
I20260709 12:19:34.225734 30958 consensus_queue.cc:237] T 498b463cdd8b414c8a752d8c093c49ac P 07da37de9b1e4baca15164fe424a8fdb [LEADER]: Queue going to LEADER mode. State: All replicated index: 0, Majority replicated index: 2, Committed index: 2, Last appended: 2.2, Last appended by leader: 2, Current term: 3, Majority size: 2, State: 0, Mode: LEADER, active raft config: opid_index: -1 OBSOLETE_local: false peers { permanent_uuid: "e56eff8cb9af4916a3a0cb1f1077f3c7" member_type: VOTER last_known_addr { host: "127.29.201.193" port: 43449 } } peers { permanent_uuid: "b2657dfca3a04182a3c74dbd5c3e72fe" member_type: VOTER last_known_addr { host: "127.29.201.194" port: 41949 } } peers { permanent_uuid: "07da37de9b1e4baca15164fe424a8fdb" member_type: VOTER last_known_addr { host: "127.29.201.195" port: 35831 } }
I20260709 12:19:34.227437 30996 raft_consensus.cc:697] T 5e82899b14fc4d10a58ca1f42c33e4f7 P e56eff8cb9af4916a3a0cb1f1077f3c7 [term 5 LEADER]: Becoming Leader. State: Replica: e56eff8cb9af4916a3a0cb1f1077f3c7, State: Running, Role: LEADER
I20260709 12:19:34.228382 30996 consensus_queue.cc:237] T 5e82899b14fc4d10a58ca1f42c33e4f7 P e56eff8cb9af4916a3a0cb1f1077f3c7 [LEADER]: Queue going to LEADER mode. State: All replicated index: 0, Majority replicated index: 4, Committed index: 4, Last appended: 4.4, Last appended by leader: 4, Current term: 5, Majority size: 2, State: 0, Mode: LEADER, active raft config: opid_index: -1 OBSOLETE_local: false peers { permanent_uuid: "e56eff8cb9af4916a3a0cb1f1077f3c7" member_type: VOTER last_known_addr { host: "127.29.201.193" port: 43449 } } peers { permanent_uuid: "b2657dfca3a04182a3c74dbd5c3e72fe" member_type: VOTER last_known_addr { host: "127.29.201.194" port: 41949 } } peers { permanent_uuid: "07da37de9b1e4baca15164fe424a8fdb" member_type: VOTER last_known_addr { host: "127.29.201.195" port: 35831 } }
I20260709 12:19:34.236184 30534 catalog_manager.cc:5697] T 498b463cdd8b414c8a752d8c093c49ac P 07da37de9b1e4baca15164fe424a8fdb reported cstate change: term changed from 2 to 3, leader changed from b2657dfca3a04182a3c74dbd5c3e72fe (127.29.201.194) to 07da37de9b1e4baca15164fe424a8fdb (127.29.201.195). New cstate: current_term: 3 leader_uuid: "07da37de9b1e4baca15164fe424a8fdb" committed_config { opid_index: -1 OBSOLETE_local: false peers { permanent_uuid: "e56eff8cb9af4916a3a0cb1f1077f3c7" member_type: VOTER last_known_addr { host: "127.29.201.193" port: 43449 } health_report { overall_health: UNKNOWN } } peers { permanent_uuid: "b2657dfca3a04182a3c74dbd5c3e72fe" member_type: VOTER last_known_addr { host: "127.29.201.194" port: 41949 } health_report { overall_health: UNKNOWN } } peers { permanent_uuid: "07da37de9b1e4baca15164fe424a8fdb" member_type: VOTER last_known_addr { host: "127.29.201.195" port: 35831 } health_report { overall_health: HEALTHY } } }
I20260709 12:19:34.237738 30535 catalog_manager.cc:5697] T 5e82899b14fc4d10a58ca1f42c33e4f7 P e56eff8cb9af4916a3a0cb1f1077f3c7 reported cstate change: term changed from 4 to 5, leader changed from b2657dfca3a04182a3c74dbd5c3e72fe (127.29.201.194) to e56eff8cb9af4916a3a0cb1f1077f3c7 (127.29.201.193). New cstate: current_term: 5 leader_uuid: "e56eff8cb9af4916a3a0cb1f1077f3c7" committed_config { opid_index: -1 OBSOLETE_local: false peers { permanent_uuid: "e56eff8cb9af4916a3a0cb1f1077f3c7" member_type: VOTER last_known_addr { host: "127.29.201.193" port: 43449 } health_report { overall_health: HEALTHY } } peers { permanent_uuid: "b2657dfca3a04182a3c74dbd5c3e72fe" member_type: VOTER last_known_addr { host: "127.29.201.194" port: 41949 } health_report { overall_health: UNKNOWN } } peers { permanent_uuid: "07da37de9b1e4baca15164fe424a8fdb" member_type: VOTER last_known_addr { host: "127.29.201.195" port: 35831 } health_report { overall_health: UNKNOWN } } }
I20260709 12:19:34.351557 30992 raft_consensus.cc:993] T 385b71fa8aea425f94dba57ebffc17fe P b2657dfca3a04182a3c74dbd5c3e72fe: : Instructing follower e56eff8cb9af4916a3a0cb1f1077f3c7 to start an election
I20260709 12:19:34.352054 30993 raft_consensus.cc:1081] T 385b71fa8aea425f94dba57ebffc17fe P b2657dfca3a04182a3c74dbd5c3e72fe [term 2 LEADER]: Signalling peer e56eff8cb9af4916a3a0cb1f1077f3c7 to start an election
I20260709 12:19:34.353816 30637 tablet_service.cc:2044] Received Run Leader Election RPC: tablet_id: "385b71fa8aea425f94dba57ebffc17fe"
dest_uuid: "e56eff8cb9af4916a3a0cb1f1077f3c7"
 from {username='slave'} at 127.0.0.1:38382
I20260709 12:19:34.354378 30637 raft_consensus.cc:493] T 385b71fa8aea425f94dba57ebffc17fe P e56eff8cb9af4916a3a0cb1f1077f3c7 [term 2 FOLLOWER]: Starting forced leader election (received explicit request)
I20260709 12:19:34.354725 30637 raft_consensus.cc:3060] T 385b71fa8aea425f94dba57ebffc17fe P e56eff8cb9af4916a3a0cb1f1077f3c7 [term 2 FOLLOWER]: Advancing to term 3
I20260709 12:19:34.359356 30637 raft_consensus.cc:515] T 385b71fa8aea425f94dba57ebffc17fe P e56eff8cb9af4916a3a0cb1f1077f3c7 [term 3 FOLLOWER]: Starting forced leader election with config: opid_index: -1 OBSOLETE_local: false peers { permanent_uuid: "e56eff8cb9af4916a3a0cb1f1077f3c7" member_type: VOTER last_known_addr { host: "127.29.201.193" port: 43449 } } peers { permanent_uuid: "b2657dfca3a04182a3c74dbd5c3e72fe" member_type: VOTER last_known_addr { host: "127.29.201.194" port: 41949 } } peers { permanent_uuid: "07da37de9b1e4baca15164fe424a8fdb" member_type: VOTER last_known_addr { host: "127.29.201.195" port: 35831 } }
I20260709 12:19:34.360893 30637 leader_election.cc:290] T 385b71fa8aea425f94dba57ebffc17fe P e56eff8cb9af4916a3a0cb1f1077f3c7 [CANDIDATE]: Term 3 election: Requested vote from peers b2657dfca3a04182a3c74dbd5c3e72fe (127.29.201.194:41949), 07da37de9b1e4baca15164fe424a8fdb (127.29.201.195:35831)
I20260709 12:19:34.361961 30787 tablet_service.cc:1917] Received RequestConsensusVote() RPC: tablet_id: "385b71fa8aea425f94dba57ebffc17fe" candidate_uuid: "e56eff8cb9af4916a3a0cb1f1077f3c7" candidate_term: 3 candidate_status { last_received { term: 2 index: 2 } } ignore_live_leader: true dest_uuid: "07da37de9b1e4baca15164fe424a8fdb"
I20260709 12:19:34.361961 30711 tablet_service.cc:1917] Received RequestConsensusVote() RPC: tablet_id: "385b71fa8aea425f94dba57ebffc17fe" candidate_uuid: "e56eff8cb9af4916a3a0cb1f1077f3c7" candidate_term: 3 candidate_status { last_received { term: 2 index: 2 } } ignore_live_leader: true dest_uuid: "b2657dfca3a04182a3c74dbd5c3e72fe"
I20260709 12:19:34.362917 30787 raft_consensus.cc:3060] T 385b71fa8aea425f94dba57ebffc17fe P 07da37de9b1e4baca15164fe424a8fdb [term 2 FOLLOWER]: Advancing to term 3
I20260709 12:19:34.362951 30711 raft_consensus.cc:3055] T 385b71fa8aea425f94dba57ebffc17fe P b2657dfca3a04182a3c74dbd5c3e72fe [term 2 LEADER]: Stepping down as leader of term 2
I20260709 12:19:34.363535 30711 raft_consensus.cc:740] T 385b71fa8aea425f94dba57ebffc17fe P b2657dfca3a04182a3c74dbd5c3e72fe [term 2 LEADER]: Becoming Follower/Learner. State: Replica: b2657dfca3a04182a3c74dbd5c3e72fe, State: Running, Role: LEADER
I20260709 12:19:34.364527 30711 consensus_queue.cc:260] T 385b71fa8aea425f94dba57ebffc17fe P b2657dfca3a04182a3c74dbd5c3e72fe [NON_LEADER]: Queue going to NON_LEADER mode. State: All replicated index: 0, Majority replicated index: 2, Committed index: 2, Last appended: 2.2, Last appended by leader: 2, Current term: 2, Majority size: -1, State: 0, Mode: NON_LEADER, active raft config: opid_index: -1 OBSOLETE_local: false peers { permanent_uuid: "e56eff8cb9af4916a3a0cb1f1077f3c7" member_type: VOTER last_known_addr { host: "127.29.201.193" port: 43449 } } peers { permanent_uuid: "b2657dfca3a04182a3c74dbd5c3e72fe" member_type: VOTER last_known_addr { host: "127.29.201.194" port: 41949 } } peers { permanent_uuid: "07da37de9b1e4baca15164fe424a8fdb" member_type: VOTER last_known_addr { host: "127.29.201.195" port: 35831 } }
I20260709 12:19:34.365922 30711 raft_consensus.cc:3060] T 385b71fa8aea425f94dba57ebffc17fe P b2657dfca3a04182a3c74dbd5c3e72fe [term 2 FOLLOWER]: Advancing to term 3
I20260709 12:19:34.371168 30787 raft_consensus.cc:2468] T 385b71fa8aea425f94dba57ebffc17fe P 07da37de9b1e4baca15164fe424a8fdb [term 3 FOLLOWER]: Leader election vote request: Granting yes vote for candidate e56eff8cb9af4916a3a0cb1f1077f3c7 in term 3.
I20260709 12:19:34.372565 30604 leader_election.cc:304] T 385b71fa8aea425f94dba57ebffc17fe P e56eff8cb9af4916a3a0cb1f1077f3c7 [CANDIDATE]: Term 3 election: Election decided. Result: candidate won. Election summary: received 2 responses out of 3 voters: 2 yes votes; 0 no votes. yes voters: 07da37de9b1e4baca15164fe424a8fdb, e56eff8cb9af4916a3a0cb1f1077f3c7; no voters: 
I20260709 12:19:34.373317 30996 raft_consensus.cc:2804] T 385b71fa8aea425f94dba57ebffc17fe P e56eff8cb9af4916a3a0cb1f1077f3c7 [term 3 FOLLOWER]: Leader election won for term 3
I20260709 12:19:34.373497 30711 raft_consensus.cc:2468] T 385b71fa8aea425f94dba57ebffc17fe P b2657dfca3a04182a3c74dbd5c3e72fe [term 3 FOLLOWER]: Leader election vote request: Granting yes vote for candidate e56eff8cb9af4916a3a0cb1f1077f3c7 in term 3.
I20260709 12:19:34.373883 30996 raft_consensus.cc:697] T 385b71fa8aea425f94dba57ebffc17fe P e56eff8cb9af4916a3a0cb1f1077f3c7 [term 3 LEADER]: Becoming Leader. State: Replica: e56eff8cb9af4916a3a0cb1f1077f3c7, State: Running, Role: LEADER
I20260709 12:19:34.374928 30996 consensus_queue.cc:237] T 385b71fa8aea425f94dba57ebffc17fe P e56eff8cb9af4916a3a0cb1f1077f3c7 [LEADER]: Queue going to LEADER mode. State: All replicated index: 0, Majority replicated index: 2, Committed index: 2, Last appended: 2.2, Last appended by leader: 2, Current term: 3, Majority size: 2, State: 0, Mode: LEADER, active raft config: opid_index: -1 OBSOLETE_local: false peers { permanent_uuid: "e56eff8cb9af4916a3a0cb1f1077f3c7" member_type: VOTER last_known_addr { host: "127.29.201.193" port: 43449 } } peers { permanent_uuid: "b2657dfca3a04182a3c74dbd5c3e72fe" member_type: VOTER last_known_addr { host: "127.29.201.194" port: 41949 } } peers { permanent_uuid: "07da37de9b1e4baca15164fe424a8fdb" member_type: VOTER last_known_addr { host: "127.29.201.195" port: 35831 } }
I20260709 12:19:34.382995 30535 catalog_manager.cc:5697] T 385b71fa8aea425f94dba57ebffc17fe P e56eff8cb9af4916a3a0cb1f1077f3c7 reported cstate change: term changed from 2 to 3, leader changed from b2657dfca3a04182a3c74dbd5c3e72fe (127.29.201.194) to e56eff8cb9af4916a3a0cb1f1077f3c7 (127.29.201.193). New cstate: current_term: 3 leader_uuid: "e56eff8cb9af4916a3a0cb1f1077f3c7" committed_config { opid_index: -1 OBSOLETE_local: false peers { permanent_uuid: "e56eff8cb9af4916a3a0cb1f1077f3c7" member_type: VOTER last_known_addr { host: "127.29.201.193" port: 43449 } health_report { overall_health: HEALTHY } } peers { permanent_uuid: "b2657dfca3a04182a3c74dbd5c3e72fe" member_type: VOTER last_known_addr { host: "127.29.201.194" port: 41949 } health_report { overall_health: UNKNOWN } } peers { permanent_uuid: "07da37de9b1e4baca15164fe424a8fdb" member_type: VOTER last_known_addr { host: "127.29.201.195" port: 35831 } health_report { overall_health: UNKNOWN } } }
I20260709 12:19:34.584592 30992 raft_consensus.cc:993] T 75f2a084d518442e8241188f2d30b856 P b2657dfca3a04182a3c74dbd5c3e72fe: : Instructing follower e56eff8cb9af4916a3a0cb1f1077f3c7 to start an election
I20260709 12:19:34.585117 30993 raft_consensus.cc:1081] T 75f2a084d518442e8241188f2d30b856 P b2657dfca3a04182a3c74dbd5c3e72fe [term 2 LEADER]: Signalling peer e56eff8cb9af4916a3a0cb1f1077f3c7 to start an election
I20260709 12:19:34.586953 30637 tablet_service.cc:2044] Received Run Leader Election RPC: tablet_id: "75f2a084d518442e8241188f2d30b856"
dest_uuid: "e56eff8cb9af4916a3a0cb1f1077f3c7"
 from {username='slave'} at 127.0.0.1:38382
I20260709 12:19:34.587494 30637 raft_consensus.cc:493] T 75f2a084d518442e8241188f2d30b856 P e56eff8cb9af4916a3a0cb1f1077f3c7 [term 2 FOLLOWER]: Starting forced leader election (received explicit request)
I20260709 12:19:34.587857 30637 raft_consensus.cc:3060] T 75f2a084d518442e8241188f2d30b856 P e56eff8cb9af4916a3a0cb1f1077f3c7 [term 2 FOLLOWER]: Advancing to term 3
I20260709 12:19:34.592969 30637 raft_consensus.cc:515] T 75f2a084d518442e8241188f2d30b856 P e56eff8cb9af4916a3a0cb1f1077f3c7 [term 3 FOLLOWER]: Starting forced leader election with config: opid_index: -1 OBSOLETE_local: false peers { permanent_uuid: "e56eff8cb9af4916a3a0cb1f1077f3c7" member_type: VOTER last_known_addr { host: "127.29.201.193" port: 43449 } } peers { permanent_uuid: "b2657dfca3a04182a3c74dbd5c3e72fe" member_type: VOTER last_known_addr { host: "127.29.201.194" port: 41949 } } peers { permanent_uuid: "07da37de9b1e4baca15164fe424a8fdb" member_type: VOTER last_known_addr { host: "127.29.201.195" port: 35831 } }
I20260709 12:19:34.594786 30637 leader_election.cc:290] T 75f2a084d518442e8241188f2d30b856 P e56eff8cb9af4916a3a0cb1f1077f3c7 [CANDIDATE]: Term 3 election: Requested vote from peers b2657dfca3a04182a3c74dbd5c3e72fe (127.29.201.194:41949), 07da37de9b1e4baca15164fe424a8fdb (127.29.201.195:35831)
I20260709 12:19:34.595798 30711 tablet_service.cc:1917] Received RequestConsensusVote() RPC: tablet_id: "75f2a084d518442e8241188f2d30b856" candidate_uuid: "e56eff8cb9af4916a3a0cb1f1077f3c7" candidate_term: 3 candidate_status { last_received { term: 2 index: 2 } } ignore_live_leader: true dest_uuid: "b2657dfca3a04182a3c74dbd5c3e72fe"
I20260709 12:19:34.595995 30787 tablet_service.cc:1917] Received RequestConsensusVote() RPC: tablet_id: "75f2a084d518442e8241188f2d30b856" candidate_uuid: "e56eff8cb9af4916a3a0cb1f1077f3c7" candidate_term: 3 candidate_status { last_received { term: 2 index: 2 } } ignore_live_leader: true dest_uuid: "07da37de9b1e4baca15164fe424a8fdb"
I20260709 12:19:34.596346 30711 raft_consensus.cc:3055] T 75f2a084d518442e8241188f2d30b856 P b2657dfca3a04182a3c74dbd5c3e72fe [term 2 LEADER]: Stepping down as leader of term 2
I20260709 12:19:34.596590 30787 raft_consensus.cc:3060] T 75f2a084d518442e8241188f2d30b856 P 07da37de9b1e4baca15164fe424a8fdb [term 2 FOLLOWER]: Advancing to term 3
I20260709 12:19:34.596683 30711 raft_consensus.cc:740] T 75f2a084d518442e8241188f2d30b856 P b2657dfca3a04182a3c74dbd5c3e72fe [term 2 LEADER]: Becoming Follower/Learner. State: Replica: b2657dfca3a04182a3c74dbd5c3e72fe, State: Running, Role: LEADER
I20260709 12:19:34.597801 30711 consensus_queue.cc:260] T 75f2a084d518442e8241188f2d30b856 P b2657dfca3a04182a3c74dbd5c3e72fe [NON_LEADER]: Queue going to NON_LEADER mode. State: All replicated index: 0, Majority replicated index: 2, Committed index: 2, Last appended: 2.2, Last appended by leader: 2, Current term: 2, Majority size: -1, State: 0, Mode: NON_LEADER, active raft config: opid_index: -1 OBSOLETE_local: false peers { permanent_uuid: "e56eff8cb9af4916a3a0cb1f1077f3c7" member_type: VOTER last_known_addr { host: "127.29.201.193" port: 43449 } } peers { permanent_uuid: "b2657dfca3a04182a3c74dbd5c3e72fe" member_type: VOTER last_known_addr { host: "127.29.201.194" port: 41949 } } peers { permanent_uuid: "07da37de9b1e4baca15164fe424a8fdb" member_type: VOTER last_known_addr { host: "127.29.201.195" port: 35831 } }
I20260709 12:19:34.598866 30711 raft_consensus.cc:3060] T 75f2a084d518442e8241188f2d30b856 P b2657dfca3a04182a3c74dbd5c3e72fe [term 2 FOLLOWER]: Advancing to term 3
I20260709 12:19:34.602566 30787 raft_consensus.cc:2468] T 75f2a084d518442e8241188f2d30b856 P 07da37de9b1e4baca15164fe424a8fdb [term 3 FOLLOWER]: Leader election vote request: Granting yes vote for candidate e56eff8cb9af4916a3a0cb1f1077f3c7 in term 3.
I20260709 12:19:34.604358 30604 leader_election.cc:304] T 75f2a084d518442e8241188f2d30b856 P e56eff8cb9af4916a3a0cb1f1077f3c7 [CANDIDATE]: Term 3 election: Election decided. Result: candidate won. Election summary: received 2 responses out of 3 voters: 2 yes votes; 0 no votes. yes voters: 07da37de9b1e4baca15164fe424a8fdb, e56eff8cb9af4916a3a0cb1f1077f3c7; no voters: 
I20260709 12:19:34.604781 30711 raft_consensus.cc:2468] T 75f2a084d518442e8241188f2d30b856 P b2657dfca3a04182a3c74dbd5c3e72fe [term 3 FOLLOWER]: Leader election vote request: Granting yes vote for candidate e56eff8cb9af4916a3a0cb1f1077f3c7 in term 3.
I20260709 12:19:34.605700 30996 raft_consensus.cc:2804] T 75f2a084d518442e8241188f2d30b856 P e56eff8cb9af4916a3a0cb1f1077f3c7 [term 3 FOLLOWER]: Leader election won for term 3
I20260709 12:19:34.606211 30992 raft_consensus.cc:993] T 535f09def3bd494687aa4a3edeab61d6 P b2657dfca3a04182a3c74dbd5c3e72fe: : Instructing follower 07da37de9b1e4baca15164fe424a8fdb to start an election
I20260709 12:19:34.606348 30996 raft_consensus.cc:697] T 75f2a084d518442e8241188f2d30b856 P e56eff8cb9af4916a3a0cb1f1077f3c7 [term 3 LEADER]: Becoming Leader. State: Replica: e56eff8cb9af4916a3a0cb1f1077f3c7, State: Running, Role: LEADER
I20260709 12:19:34.606880 30992 raft_consensus.cc:1081] T 535f09def3bd494687aa4a3edeab61d6 P b2657dfca3a04182a3c74dbd5c3e72fe [term 3 LEADER]: Signalling peer 07da37de9b1e4baca15164fe424a8fdb to start an election
I20260709 12:19:34.607571 30996 consensus_queue.cc:237] T 75f2a084d518442e8241188f2d30b856 P e56eff8cb9af4916a3a0cb1f1077f3c7 [LEADER]: Queue going to LEADER mode. State: All replicated index: 0, Majority replicated index: 2, Committed index: 2, Last appended: 2.2, Last appended by leader: 2, Current term: 3, Majority size: 2, State: 0, Mode: LEADER, active raft config: opid_index: -1 OBSOLETE_local: false peers { permanent_uuid: "e56eff8cb9af4916a3a0cb1f1077f3c7" member_type: VOTER last_known_addr { host: "127.29.201.193" port: 43449 } } peers { permanent_uuid: "b2657dfca3a04182a3c74dbd5c3e72fe" member_type: VOTER last_known_addr { host: "127.29.201.194" port: 41949 } } peers { permanent_uuid: "07da37de9b1e4baca15164fe424a8fdb" member_type: VOTER last_known_addr { host: "127.29.201.195" port: 35831 } }
I20260709 12:19:34.608803 30786 tablet_service.cc:2044] Received Run Leader Election RPC: tablet_id: "535f09def3bd494687aa4a3edeab61d6"
dest_uuid: "07da37de9b1e4baca15164fe424a8fdb"
 from {username='slave'} at 127.0.0.1:51864
I20260709 12:19:34.609429 30786 raft_consensus.cc:493] T 535f09def3bd494687aa4a3edeab61d6 P 07da37de9b1e4baca15164fe424a8fdb [term 3 FOLLOWER]: Starting forced leader election (received explicit request)
I20260709 12:19:34.609798 30786 raft_consensus.cc:3060] T 535f09def3bd494687aa4a3edeab61d6 P 07da37de9b1e4baca15164fe424a8fdb [term 3 FOLLOWER]: Advancing to term 4
I20260709 12:19:34.616485 30786 raft_consensus.cc:515] T 535f09def3bd494687aa4a3edeab61d6 P 07da37de9b1e4baca15164fe424a8fdb [term 4 FOLLOWER]: Starting forced leader election with config: opid_index: -1 OBSOLETE_local: false peers { permanent_uuid: "e56eff8cb9af4916a3a0cb1f1077f3c7" member_type: VOTER last_known_addr { host: "127.29.201.193" port: 43449 } } peers { permanent_uuid: "b2657dfca3a04182a3c74dbd5c3e72fe" member_type: VOTER last_known_addr { host: "127.29.201.194" port: 41949 } } peers { permanent_uuid: "07da37de9b1e4baca15164fe424a8fdb" member_type: VOTER last_known_addr { host: "127.29.201.195" port: 35831 } }
I20260709 12:19:34.616379 30535 catalog_manager.cc:5697] T 75f2a084d518442e8241188f2d30b856 P e56eff8cb9af4916a3a0cb1f1077f3c7 reported cstate change: term changed from 2 to 3, leader changed from b2657dfca3a04182a3c74dbd5c3e72fe (127.29.201.194) to e56eff8cb9af4916a3a0cb1f1077f3c7 (127.29.201.193). New cstate: current_term: 3 leader_uuid: "e56eff8cb9af4916a3a0cb1f1077f3c7" committed_config { opid_index: -1 OBSOLETE_local: false peers { permanent_uuid: "e56eff8cb9af4916a3a0cb1f1077f3c7" member_type: VOTER last_known_addr { host: "127.29.201.193" port: 43449 } health_report { overall_health: HEALTHY } } peers { permanent_uuid: "b2657dfca3a04182a3c74dbd5c3e72fe" member_type: VOTER last_known_addr { host: "127.29.201.194" port: 41949 } health_report { overall_health: UNKNOWN } } peers { permanent_uuid: "07da37de9b1e4baca15164fe424a8fdb" member_type: VOTER last_known_addr { host: "127.29.201.195" port: 35831 } health_report { overall_health: UNKNOWN } } }
I20260709 12:19:34.618813 30786 leader_election.cc:290] T 535f09def3bd494687aa4a3edeab61d6 P 07da37de9b1e4baca15164fe424a8fdb [CANDIDATE]: Term 4 election: Requested vote from peers e56eff8cb9af4916a3a0cb1f1077f3c7 (127.29.201.193:43449), b2657dfca3a04182a3c74dbd5c3e72fe (127.29.201.194:41949)
I20260709 12:19:34.619477 30711 tablet_service.cc:1917] Received RequestConsensusVote() RPC: tablet_id: "535f09def3bd494687aa4a3edeab61d6" candidate_uuid: "07da37de9b1e4baca15164fe424a8fdb" candidate_term: 4 candidate_status { last_received { term: 3 index: 3 } } ignore_live_leader: true dest_uuid: "b2657dfca3a04182a3c74dbd5c3e72fe"
I20260709 12:19:34.619418 30637 tablet_service.cc:1917] Received RequestConsensusVote() RPC: tablet_id: "535f09def3bd494687aa4a3edeab61d6" candidate_uuid: "07da37de9b1e4baca15164fe424a8fdb" candidate_term: 4 candidate_status { last_received { term: 3 index: 3 } } ignore_live_leader: true dest_uuid: "e56eff8cb9af4916a3a0cb1f1077f3c7"
I20260709 12:19:34.620471 30637 raft_consensus.cc:3060] T 535f09def3bd494687aa4a3edeab61d6 P e56eff8cb9af4916a3a0cb1f1077f3c7 [term 3 FOLLOWER]: Advancing to term 4
I20260709 12:19:34.620280 30711 raft_consensus.cc:3055] T 535f09def3bd494687aa4a3edeab61d6 P b2657dfca3a04182a3c74dbd5c3e72fe [term 3 LEADER]: Stepping down as leader of term 3
I20260709 12:19:34.621209 30711 raft_consensus.cc:740] T 535f09def3bd494687aa4a3edeab61d6 P b2657dfca3a04182a3c74dbd5c3e72fe [term 3 LEADER]: Becoming Follower/Learner. State: Replica: b2657dfca3a04182a3c74dbd5c3e72fe, State: Running, Role: LEADER
I20260709 12:19:34.622154 30711 consensus_queue.cc:260] T 535f09def3bd494687aa4a3edeab61d6 P b2657dfca3a04182a3c74dbd5c3e72fe [NON_LEADER]: Queue going to NON_LEADER mode. State: All replicated index: 0, Majority replicated index: 3, Committed index: 3, Last appended: 3.3, Last appended by leader: 3, Current term: 3, Majority size: -1, State: 0, Mode: NON_LEADER, active raft config: opid_index: -1 OBSOLETE_local: false peers { permanent_uuid: "e56eff8cb9af4916a3a0cb1f1077f3c7" member_type: VOTER last_known_addr { host: "127.29.201.193" port: 43449 } } peers { permanent_uuid: "b2657dfca3a04182a3c74dbd5c3e72fe" member_type: VOTER last_known_addr { host: "127.29.201.194" port: 41949 } } peers { permanent_uuid: "07da37de9b1e4baca15164fe424a8fdb" member_type: VOTER last_known_addr { host: "127.29.201.195" port: 35831 } }
I20260709 12:19:34.623553 30711 raft_consensus.cc:3060] T 535f09def3bd494687aa4a3edeab61d6 P b2657dfca3a04182a3c74dbd5c3e72fe [term 3 FOLLOWER]: Advancing to term 4
I20260709 12:19:34.628564 30637 raft_consensus.cc:2468] T 535f09def3bd494687aa4a3edeab61d6 P e56eff8cb9af4916a3a0cb1f1077f3c7 [term 4 FOLLOWER]: Leader election vote request: Granting yes vote for candidate 07da37de9b1e4baca15164fe424a8fdb in term 4.
I20260709 12:19:34.629900 30752 leader_election.cc:304] T 535f09def3bd494687aa4a3edeab61d6 P 07da37de9b1e4baca15164fe424a8fdb [CANDIDATE]: Term 4 election: Election decided. Result: candidate won. Election summary: received 2 responses out of 3 voters: 2 yes votes; 0 no votes. yes voters: 07da37de9b1e4baca15164fe424a8fdb, e56eff8cb9af4916a3a0cb1f1077f3c7; no voters: 
I20260709 12:19:34.630370 30786 raft_consensus.cc:1275] T 5e82899b14fc4d10a58ca1f42c33e4f7 P 07da37de9b1e4baca15164fe424a8fdb [term 5 FOLLOWER]: Refusing update from remote peer e56eff8cb9af4916a3a0cb1f1077f3c7: Log matching property violated. Preceding OpId in replica: term: 4 index: 4. Preceding OpId from leader: term: 5 index: 5. (index mismatch)
I20260709 12:19:34.630740 30958 raft_consensus.cc:2804] T 535f09def3bd494687aa4a3edeab61d6 P 07da37de9b1e4baca15164fe424a8fdb [term 4 FOLLOWER]: Leader election won for term 4
I20260709 12:19:34.631357 30958 raft_consensus.cc:697] T 535f09def3bd494687aa4a3edeab61d6 P 07da37de9b1e4baca15164fe424a8fdb [term 4 LEADER]: Becoming Leader. State: Replica: 07da37de9b1e4baca15164fe424a8fdb, State: Running, Role: LEADER
I20260709 12:19:34.631381 30711 raft_consensus.cc:2468] T 535f09def3bd494687aa4a3edeab61d6 P b2657dfca3a04182a3c74dbd5c3e72fe [term 4 FOLLOWER]: Leader election vote request: Granting yes vote for candidate 07da37de9b1e4baca15164fe424a8fdb in term 4.
I20260709 12:19:34.632205 30996 consensus_queue.cc:1048] T 5e82899b14fc4d10a58ca1f42c33e4f7 P e56eff8cb9af4916a3a0cb1f1077f3c7 [LEADER]: Connected to new peer: Peer: permanent_uuid: "07da37de9b1e4baca15164fe424a8fdb" member_type: VOTER last_known_addr { host: "127.29.201.195" port: 35831 }, Status: LMP_MISMATCH, Last received: 0.0, Next index: 5, Last known committed idx: 4, Time since last communication: 0.001s
I20260709 12:19:34.632488 30958 consensus_queue.cc:237] T 535f09def3bd494687aa4a3edeab61d6 P 07da37de9b1e4baca15164fe424a8fdb [LEADER]: Queue going to LEADER mode. State: All replicated index: 0, Majority replicated index: 3, Committed index: 3, Last appended: 3.3, Last appended by leader: 3, Current term: 4, Majority size: 2, State: 0, Mode: LEADER, active raft config: opid_index: -1 OBSOLETE_local: false peers { permanent_uuid: "e56eff8cb9af4916a3a0cb1f1077f3c7" member_type: VOTER last_known_addr { host: "127.29.201.193" port: 43449 } } peers { permanent_uuid: "b2657dfca3a04182a3c74dbd5c3e72fe" member_type: VOTER last_known_addr { host: "127.29.201.194" port: 41949 } } peers { permanent_uuid: "07da37de9b1e4baca15164fe424a8fdb" member_type: VOTER last_known_addr { host: "127.29.201.195" port: 35831 } }
I20260709 12:19:34.642609 30535 catalog_manager.cc:5697] T 535f09def3bd494687aa4a3edeab61d6 P 07da37de9b1e4baca15164fe424a8fdb reported cstate change: term changed from 3 to 4, leader changed from b2657dfca3a04182a3c74dbd5c3e72fe (127.29.201.194) to 07da37de9b1e4baca15164fe424a8fdb (127.29.201.195). New cstate: current_term: 4 leader_uuid: "07da37de9b1e4baca15164fe424a8fdb" committed_config { opid_index: -1 OBSOLETE_local: false peers { permanent_uuid: "e56eff8cb9af4916a3a0cb1f1077f3c7" member_type: VOTER last_known_addr { host: "127.29.201.193" port: 43449 } health_report { overall_health: UNKNOWN } } peers { permanent_uuid: "b2657dfca3a04182a3c74dbd5c3e72fe" member_type: VOTER last_known_addr { host: "127.29.201.194" port: 41949 } health_report { overall_health: UNKNOWN } } peers { permanent_uuid: "07da37de9b1e4baca15164fe424a8fdb" member_type: VOTER last_known_addr { host: "127.29.201.195" port: 35831 } health_report { overall_health: HEALTHY } } }
I20260709 12:19:34.646783 30711 raft_consensus.cc:1275] T 5e82899b14fc4d10a58ca1f42c33e4f7 P b2657dfca3a04182a3c74dbd5c3e72fe [term 5 FOLLOWER]: Refusing update from remote peer e56eff8cb9af4916a3a0cb1f1077f3c7: Log matching property violated. Preceding OpId in replica: term: 4 index: 4. Preceding OpId from leader: term: 5 index: 5. (index mismatch)
I20260709 12:19:34.650334 31011 consensus_queue.cc:1048] T 5e82899b14fc4d10a58ca1f42c33e4f7 P e56eff8cb9af4916a3a0cb1f1077f3c7 [LEADER]: Connected to new peer: Peer: permanent_uuid: "b2657dfca3a04182a3c74dbd5c3e72fe" member_type: VOTER last_known_addr { host: "127.29.201.194" port: 41949 }, Status: LMP_MISMATCH, Last received: 0.0, Next index: 5, Last known committed idx: 4, Time since last communication: 0.001s
I20260709 12:19:34.757217 30711 raft_consensus.cc:1275] T 385b71fa8aea425f94dba57ebffc17fe P b2657dfca3a04182a3c74dbd5c3e72fe [term 3 FOLLOWER]: Refusing update from remote peer e56eff8cb9af4916a3a0cb1f1077f3c7: Log matching property violated. Preceding OpId in replica: term: 2 index: 2. Preceding OpId from leader: term: 3 index: 3. (index mismatch)
I20260709 12:19:34.758608 31011 consensus_queue.cc:1048] T 385b71fa8aea425f94dba57ebffc17fe P e56eff8cb9af4916a3a0cb1f1077f3c7 [LEADER]: Connected to new peer: Peer: permanent_uuid: "b2657dfca3a04182a3c74dbd5c3e72fe" member_type: VOTER last_known_addr { host: "127.29.201.194" port: 41949 }, Status: LMP_MISMATCH, Last received: 0.0, Next index: 3, Last known committed idx: 2, Time since last communication: 0.000s
I20260709 12:19:34.769124 30786 raft_consensus.cc:1275] T 385b71fa8aea425f94dba57ebffc17fe P 07da37de9b1e4baca15164fe424a8fdb [term 3 FOLLOWER]: Refusing update from remote peer e56eff8cb9af4916a3a0cb1f1077f3c7: Log matching property violated. Preceding OpId in replica: term: 2 index: 2. Preceding OpId from leader: term: 3 index: 3. (index mismatch)
I20260709 12:19:34.770706 30997 consensus_queue.cc:1048] T 385b71fa8aea425f94dba57ebffc17fe P e56eff8cb9af4916a3a0cb1f1077f3c7 [LEADER]: Connected to new peer: Peer: permanent_uuid: "07da37de9b1e4baca15164fe424a8fdb" member_type: VOTER last_known_addr { host: "127.29.201.195" port: 35831 }, Status: LMP_MISMATCH, Last received: 0.0, Next index: 3, Last known committed idx: 2, Time since last communication: 0.000s
I20260709 12:19:34.796113 30637 raft_consensus.cc:1275] T 498b463cdd8b414c8a752d8c093c49ac P e56eff8cb9af4916a3a0cb1f1077f3c7 [term 3 FOLLOWER]: Refusing update from remote peer 07da37de9b1e4baca15164fe424a8fdb: Log matching property violated. Preceding OpId in replica: term: 2 index: 2. Preceding OpId from leader: term: 3 index: 3. (index mismatch)
I20260709 12:19:34.797493 30958 consensus_queue.cc:1048] T 498b463cdd8b414c8a752d8c093c49ac P 07da37de9b1e4baca15164fe424a8fdb [LEADER]: Connected to new peer: Peer: permanent_uuid: "e56eff8cb9af4916a3a0cb1f1077f3c7" member_type: VOTER last_known_addr { host: "127.29.201.193" port: 43449 }, Status: LMP_MISMATCH, Last received: 0.0, Next index: 3, Last known committed idx: 2, Time since last communication: 0.000s
I20260709 12:19:34.807780 30711 raft_consensus.cc:1275] T 498b463cdd8b414c8a752d8c093c49ac P b2657dfca3a04182a3c74dbd5c3e72fe [term 3 FOLLOWER]: Refusing update from remote peer 07da37de9b1e4baca15164fe424a8fdb: Log matching property violated. Preceding OpId in replica: term: 2 index: 2. Preceding OpId from leader: term: 3 index: 3. (index mismatch)
I20260709 12:19:34.809938 30995 consensus_queue.cc:1048] T 498b463cdd8b414c8a752d8c093c49ac P 07da37de9b1e4baca15164fe424a8fdb [LEADER]: Connected to new peer: Peer: permanent_uuid: "b2657dfca3a04182a3c74dbd5c3e72fe" member_type: VOTER last_known_addr { host: "127.29.201.194" port: 41949 }, Status: LMP_MISMATCH, Last received: 0.0, Next index: 3, Last known committed idx: 2, Time since last communication: 0.001s
I20260709 12:19:35.025779 30786 raft_consensus.cc:1275] T 75f2a084d518442e8241188f2d30b856 P 07da37de9b1e4baca15164fe424a8fdb [term 3 FOLLOWER]: Refusing update from remote peer e56eff8cb9af4916a3a0cb1f1077f3c7: Log matching property violated. Preceding OpId in replica: term: 2 index: 2. Preceding OpId from leader: term: 3 index: 3. (index mismatch)
I20260709 12:19:35.027197 30997 consensus_queue.cc:1048] T 75f2a084d518442e8241188f2d30b856 P e56eff8cb9af4916a3a0cb1f1077f3c7 [LEADER]: Connected to new peer: Peer: permanent_uuid: "07da37de9b1e4baca15164fe424a8fdb" member_type: VOTER last_known_addr { host: "127.29.201.195" port: 35831 }, Status: LMP_MISMATCH, Last received: 0.0, Next index: 3, Last known committed idx: 2, Time since last communication: 0.000s
I20260709 12:19:35.036772 30711 raft_consensus.cc:1275] T 75f2a084d518442e8241188f2d30b856 P b2657dfca3a04182a3c74dbd5c3e72fe [term 3 FOLLOWER]: Refusing update from remote peer e56eff8cb9af4916a3a0cb1f1077f3c7: Log matching property violated. Preceding OpId in replica: term: 2 index: 2. Preceding OpId from leader: term: 3 index: 3. (index mismatch)
I20260709 12:19:35.038728 30997 consensus_queue.cc:1048] T 75f2a084d518442e8241188f2d30b856 P e56eff8cb9af4916a3a0cb1f1077f3c7 [LEADER]: Connected to new peer: Peer: permanent_uuid: "b2657dfca3a04182a3c74dbd5c3e72fe" member_type: VOTER last_known_addr { host: "127.29.201.194" port: 41949 }, Status: LMP_MISMATCH, Last received: 0.0, Next index: 3, Last known committed idx: 2, Time since last communication: 0.000s
I20260709 12:19:35.118065 30637 raft_consensus.cc:1275] T 535f09def3bd494687aa4a3edeab61d6 P e56eff8cb9af4916a3a0cb1f1077f3c7 [term 4 FOLLOWER]: Refusing update from remote peer 07da37de9b1e4baca15164fe424a8fdb: Log matching property violated. Preceding OpId in replica: term: 3 index: 3. Preceding OpId from leader: term: 4 index: 4. (index mismatch)
