W20260709 12:19:43.786633  3328 leader_election.cc:343] T 00327355443f4285b2cebe6cdb8f782d P f8cac15d5aac409abaf2788bfdd7a986 [CANDIDATE]: Term 1 election: Tablet error from VoteRequest() call to peer 29eec8d90c254ce3b7ec80788c9f409e (127.2.128.129:41747): Illegal state: must be running to vote when last-logged opid is not known
I20260709 12:19:43.787002  3288 tablet_service.cc:1917] Received RequestConsensusVote() RPC: tablet_id: "00327355443f4285b2cebe6cdb8f782d" candidate_uuid: "f8cac15d5aac409abaf2788bfdd7a986" candidate_term: 1 candidate_status { last_received { term: 0 index: 0 } } ignore_live_leader: false dest_uuid: "7de6ef95d8944517894c9049a179127b"
I20260709 12:19:43.784294  3406 consensus_queue.cc:260] T 791e156f62b44c0f8cbd6c74f35b03fb P 7de6ef95d8944517894c9049a179127b [NON_LEADER]: Queue going to NON_LEADER mode. State: All replicated index: 0, Majority replicated index: 0, Committed index: 0, Last appended: 0.0, Last appended by leader: 0, Current term: 0, Majority size: -1, State: 0, Mode: NON_LEADER, active raft config: opid_index: -1 OBSOLETE_local: false peers { permanent_uuid: "29eec8d90c254ce3b7ec80788c9f409e" member_type: VOTER last_known_addr { host: "127.2.128.129" port: 41747 } } peers { permanent_uuid: "7de6ef95d8944517894c9049a179127b" member_type: VOTER last_known_addr { host: "127.2.128.130" port: 41563 } } peers { permanent_uuid: "f8cac15d5aac409abaf2788bfdd7a986" member_type: VOTER last_known_addr { host: "127.2.128.131" port: 40705 } }
I20260709 12:19:43.785166  3437 raft_consensus.cc:2804] T a7be0eced7024ba993b5e9d3f1cf4ff4 P f8cac15d5aac409abaf2788bfdd7a986 [term 1 FOLLOWER]: Leader election won for term 1
I20260709 12:19:43.785385  3440 leader_election.cc:290] T 00327355443f4285b2cebe6cdb8f782d P f8cac15d5aac409abaf2788bfdd7a986 [CANDIDATE]: Term 1 election: Requested vote from peers 29eec8d90c254ce3b7ec80788c9f409e (127.2.128.129:41747), 7de6ef95d8944517894c9049a179127b (127.2.128.130:41563)
I20260709 12:19:43.788483  3437 raft_consensus.cc:697] T a7be0eced7024ba993b5e9d3f1cf4ff4 P f8cac15d5aac409abaf2788bfdd7a986 [term 1 LEADER]: Becoming Leader. State: Replica: f8cac15d5aac409abaf2788bfdd7a986, State: Running, Role: LEADER
I20260709 12:19:43.787504  3444 raft_consensus.cc:2804] T e9c533cad5ac48588e0cb683b7eda89b P f8cac15d5aac409abaf2788bfdd7a986 [term 0 FOLLOWER]: Leader pre-election won for term 1
I20260709 12:19:43.789439  3437 consensus_queue.cc:237] T a7be0eced7024ba993b5e9d3f1cf4ff4 P f8cac15d5aac409abaf2788bfdd7a986 [LEADER]: Queue going to LEADER mode. State: All replicated index: 0, Majority replicated index: 0, Committed index: 0, Last appended: 0.0, Last appended by leader: 0, Current term: 1, Majority size: 2, State: 0, Mode: LEADER, active raft config: opid_index: -1 OBSOLETE_local: false peers { permanent_uuid: "29eec8d90c254ce3b7ec80788c9f409e" member_type: VOTER last_known_addr { host: "127.2.128.129" port: 41747 } } peers { permanent_uuid: "7de6ef95d8944517894c9049a179127b" member_type: VOTER last_known_addr { host: "127.2.128.130" port: 41563 } } peers { permanent_uuid: "f8cac15d5aac409abaf2788bfdd7a986" member_type: VOTER last_known_addr { host: "127.2.128.131" port: 40705 } }
I20260709 12:19:43.784294  3404 consensus_queue.cc:260] T dc2d8d13e9cf4c6d8a3d4d46fe525b70 P f8cac15d5aac409abaf2788bfdd7a986 [NON_LEADER]: Queue going to NON_LEADER mode. State: All replicated index: 0, Majority replicated index: 0, Committed index: 0, Last appended: 0.0, Last appended by leader: 0, Current term: 0, Majority size: -1, State: 0, Mode: NON_LEADER, active raft config: opid_index: -1 OBSOLETE_local: false peers { permanent_uuid: "29eec8d90c254ce3b7ec80788c9f409e" member_type: VOTER last_known_addr { host: "127.2.128.129" port: 41747 } } peers { permanent_uuid: "7de6ef95d8944517894c9049a179127b" member_type: VOTER last_known_addr { host: "127.2.128.130" port: 41563 } } peers { permanent_uuid: "f8cac15d5aac409abaf2788bfdd7a986" member_type: VOTER last_known_addr { host: "127.2.128.131" port: 40705 } }
I20260709 12:19:43.793882  3404 ts_tablet_manager.cc:1434] T dc2d8d13e9cf4c6d8a3d4d46fe525b70 P f8cac15d5aac409abaf2788bfdd7a986: Time spent starting tablet: real 0.015s	user 0.007s	sys 0.000s
I20260709 12:19:43.794917  3404 tablet_bootstrap.cc:492] T 0a2a900fcf724abfb76c80996bc0750f P f8cac15d5aac409abaf2788bfdd7a986: Bootstrap starting.
I20260709 12:19:43.791874  3444 raft_consensus.cc:493] T e9c533cad5ac48588e0cb683b7eda89b P f8cac15d5aac409abaf2788bfdd7a986 [term 0 FOLLOWER]: Starting leader election (no leader contacted us within the election timeout)
I20260709 12:19:43.757815  3405 ts_tablet_manager.cc:1434] T 0a2a900fcf724abfb76c80996bc0750f P 29eec8d90c254ce3b7ec80788c9f409e: Time spent starting tablet: real 0.058s	user 0.009s	sys 0.000s
I20260709 12:19:43.795689  3444 raft_consensus.cc:3060] T e9c533cad5ac48588e0cb683b7eda89b P f8cac15d5aac409abaf2788bfdd7a986 [term 0 FOLLOWER]: Advancing to term 1
I20260709 12:19:43.794986  3406 ts_tablet_manager.cc:1434] T 791e156f62b44c0f8cbd6c74f35b03fb P 7de6ef95d8944517894c9049a179127b: Time spent starting tablet: real 0.015s	user 0.006s	sys 0.000s
I20260709 12:19:43.787844  3288 raft_consensus.cc:3060] T 00327355443f4285b2cebe6cdb8f782d P 7de6ef95d8944517894c9049a179127b [term 0 FOLLOWER]: Advancing to term 1
I20260709 12:19:43.801148  3405 tablet_bootstrap.cc:492] T 00327355443f4285b2cebe6cdb8f782d P 29eec8d90c254ce3b7ec80788c9f409e: Bootstrap starting.
I20260709 12:19:43.808378  3404 tablet_bootstrap.cc:654] T 0a2a900fcf724abfb76c80996bc0750f P f8cac15d5aac409abaf2788bfdd7a986: Neither blocks nor log segments found. Creating new log.
I20260709 12:19:43.812484  3405 tablet_bootstrap.cc:654] T 00327355443f4285b2cebe6cdb8f782d P 29eec8d90c254ce3b7ec80788c9f409e: Neither blocks nor log segments found. Creating new log.
I20260709 12:19:43.814630  3404 tablet_bootstrap.cc:492] T 0a2a900fcf724abfb76c80996bc0750f P f8cac15d5aac409abaf2788bfdd7a986: No bootstrap required, opened a new log
I20260709 12:19:43.815230  3404 ts_tablet_manager.cc:1403] T 0a2a900fcf724abfb76c80996bc0750f P f8cac15d5aac409abaf2788bfdd7a986: Time spent bootstrapping tablet: real 0.021s	user 0.014s	sys 0.000s
I20260709 12:19:43.817551  3406 tablet_bootstrap.cc:492] T e9c533cad5ac48588e0cb683b7eda89b P 7de6ef95d8944517894c9049a179127b: Bootstrap starting.
I20260709 12:19:43.823011  3404 raft_consensus.cc:359] T 0a2a900fcf724abfb76c80996bc0750f P f8cac15d5aac409abaf2788bfdd7a986 [term 0 FOLLOWER]: Replica starting. Triggering 0 pending ops. Active config: opid_index: -1 OBSOLETE_local: false peers { permanent_uuid: "29eec8d90c254ce3b7ec80788c9f409e" member_type: VOTER last_known_addr { host: "127.2.128.129" port: 41747 } } peers { permanent_uuid: "7de6ef95d8944517894c9049a179127b" member_type: VOTER last_known_addr { host: "127.2.128.130" port: 41563 } } peers { permanent_uuid: "f8cac15d5aac409abaf2788bfdd7a986" member_type: VOTER last_known_addr { host: "127.2.128.131" port: 40705 } }
I20260709 12:19:43.824438  3404 raft_consensus.cc:385] T 0a2a900fcf724abfb76c80996bc0750f P f8cac15d5aac409abaf2788bfdd7a986 [term 0 FOLLOWER]: Consensus starting up: Expiring failure detector timer to make a prompt election more likely
I20260709 12:19:43.824769  3404 raft_consensus.cc:740] T 0a2a900fcf724abfb76c80996bc0750f P f8cac15d5aac409abaf2788bfdd7a986 [term 0 FOLLOWER]: Becoming Follower/Learner. State: Replica: f8cac15d5aac409abaf2788bfdd7a986, State: Initialized, Role: FOLLOWER
I20260709 12:19:43.825584  3404 consensus_queue.cc:260] T 0a2a900fcf724abfb76c80996bc0750f P f8cac15d5aac409abaf2788bfdd7a986 [NON_LEADER]: Queue going to NON_LEADER mode. State: All replicated index: 0, Majority replicated index: 0, Committed index: 0, Last appended: 0.0, Last appended by leader: 0, Current term: 0, Majority size: -1, State: 0, Mode: NON_LEADER, active raft config: opid_index: -1 OBSOLETE_local: false peers { permanent_uuid: "29eec8d90c254ce3b7ec80788c9f409e" member_type: VOTER last_known_addr { host: "127.2.128.129" port: 41747 } } peers { permanent_uuid: "7de6ef95d8944517894c9049a179127b" member_type: VOTER last_known_addr { host: "127.2.128.130" port: 41563 } } peers { permanent_uuid: "f8cac15d5aac409abaf2788bfdd7a986" member_type: VOTER last_known_addr { host: "127.2.128.131" port: 40705 } }
I20260709 12:19:43.825690  3110 catalog_manager.cc:5697] T a7be0eced7024ba993b5e9d3f1cf4ff4 P f8cac15d5aac409abaf2788bfdd7a986 reported cstate change: term changed from 0 to 1, leader changed from <none> to f8cac15d5aac409abaf2788bfdd7a986 (127.2.128.131). New cstate: current_term: 1 leader_uuid: "f8cac15d5aac409abaf2788bfdd7a986" committed_config { opid_index: -1 OBSOLETE_local: false peers { permanent_uuid: "29eec8d90c254ce3b7ec80788c9f409e" member_type: VOTER last_known_addr { host: "127.2.128.129" port: 41747 } health_report { overall_health: UNKNOWN } } peers { permanent_uuid: "7de6ef95d8944517894c9049a179127b" member_type: VOTER last_known_addr { host: "127.2.128.130" port: 41563 } health_report { overall_health: UNKNOWN } } peers { permanent_uuid: "f8cac15d5aac409abaf2788bfdd7a986" member_type: VOTER last_known_addr { host: "127.2.128.131" port: 40705 } health_report { overall_health: HEALTHY } } }
I20260709 12:19:43.827795  3404 ts_tablet_manager.cc:1434] T 0a2a900fcf724abfb76c80996bc0750f P f8cac15d5aac409abaf2788bfdd7a986: Time spent starting tablet: real 0.012s	user 0.009s	sys 0.000s
I20260709 12:19:43.827675  3110 catalog_manager.cc:5697] T 791e156f62b44c0f8cbd6c74f35b03fb P f8cac15d5aac409abaf2788bfdd7a986 reported cstate change: term changed from 0 to 1, leader changed from <none> to f8cac15d5aac409abaf2788bfdd7a986 (127.2.128.131). New cstate: current_term: 1 leader_uuid: "f8cac15d5aac409abaf2788bfdd7a986" committed_config { opid_index: -1 OBSOLETE_local: false peers { permanent_uuid: "29eec8d90c254ce3b7ec80788c9f409e" member_type: VOTER last_known_addr { host: "127.2.128.129" port: 41747 } health_report { overall_health: UNKNOWN } } peers { permanent_uuid: "7de6ef95d8944517894c9049a179127b" member_type: VOTER last_known_addr { host: "127.2.128.130" port: 41563 } health_report { overall_health: UNKNOWN } } peers { permanent_uuid: "f8cac15d5aac409abaf2788bfdd7a986" member_type: VOTER last_known_addr { host: "127.2.128.131" port: 40705 } health_report { overall_health: HEALTHY } } }
I20260709 12:19:43.828770  3404 tablet_bootstrap.cc:492] T 409e29fe0218426d896b9e20483973ea P f8cac15d5aac409abaf2788bfdd7a986: Bootstrap starting.
I20260709 12:19:43.828868  3288 raft_consensus.cc:2468] T 00327355443f4285b2cebe6cdb8f782d P 7de6ef95d8944517894c9049a179127b [term 1 FOLLOWER]: Leader election vote request: Granting yes vote for candidate f8cac15d5aac409abaf2788bfdd7a986 in term 1.
I20260709 12:19:43.830376  3327 leader_election.cc:304] T 00327355443f4285b2cebe6cdb8f782d P f8cac15d5aac409abaf2788bfdd7a986 [CANDIDATE]: Term 1 election: Election decided. Result: candidate won. Election summary: received 3 responses out of 3 voters: 2 yes votes; 1 no votes. yes voters: 7de6ef95d8944517894c9049a179127b, f8cac15d5aac409abaf2788bfdd7a986; no voters: 29eec8d90c254ce3b7ec80788c9f409e
I20260709 12:19:43.828967  3444 raft_consensus.cc:515] T e9c533cad5ac48588e0cb683b7eda89b P f8cac15d5aac409abaf2788bfdd7a986 [term 1 FOLLOWER]: Starting leader election with config: opid_index: -1 OBSOLETE_local: false peers { permanent_uuid: "29eec8d90c254ce3b7ec80788c9f409e" member_type: VOTER last_known_addr { host: "127.2.128.129" port: 41747 } } peers { permanent_uuid: "7de6ef95d8944517894c9049a179127b" member_type: VOTER last_known_addr { host: "127.2.128.130" port: 41563 } } peers { permanent_uuid: "f8cac15d5aac409abaf2788bfdd7a986" member_type: VOTER last_known_addr { host: "127.2.128.131" port: 40705 } }
I20260709 12:19:43.832087  3411 raft_consensus.cc:2804] T 00327355443f4285b2cebe6cdb8f782d P f8cac15d5aac409abaf2788bfdd7a986 [term 1 FOLLOWER]: Leader election won for term 1
I20260709 12:19:43.832619  3411 raft_consensus.cc:697] T 00327355443f4285b2cebe6cdb8f782d P f8cac15d5aac409abaf2788bfdd7a986 [term 1 LEADER]: Becoming Leader. State: Replica: f8cac15d5aac409abaf2788bfdd7a986, State: Running, Role: LEADER
I20260709 12:19:43.833559  3411 consensus_queue.cc:237] T 00327355443f4285b2cebe6cdb8f782d P f8cac15d5aac409abaf2788bfdd7a986 [LEADER]: Queue going to LEADER mode. State: All replicated index: 0, Majority replicated index: 0, Committed index: 0, Last appended: 0.0, Last appended by leader: 0, Current term: 1, Majority size: 2, State: 0, Mode: LEADER, active raft config: opid_index: -1 OBSOLETE_local: false peers { permanent_uuid: "29eec8d90c254ce3b7ec80788c9f409e" member_type: VOTER last_known_addr { host: "127.2.128.129" port: 41747 } } peers { permanent_uuid: "7de6ef95d8944517894c9049a179127b" member_type: VOTER last_known_addr { host: "127.2.128.130" port: 41563 } } peers { permanent_uuid: "f8cac15d5aac409abaf2788bfdd7a986" member_type: VOTER last_known_addr { host: "127.2.128.131" port: 40705 } }
I20260709 12:19:43.835543  3404 tablet_bootstrap.cc:654] T 409e29fe0218426d896b9e20483973ea P f8cac15d5aac409abaf2788bfdd7a986: Neither blocks nor log segments found. Creating new log.
I20260709 12:19:43.836877  3213 tablet_service.cc:1917] Received RequestConsensusVote() RPC: tablet_id: "e9c533cad5ac48588e0cb683b7eda89b" candidate_uuid: "f8cac15d5aac409abaf2788bfdd7a986" candidate_term: 1 candidate_status { last_received { term: 0 index: 0 } } ignore_live_leader: false dest_uuid: "29eec8d90c254ce3b7ec80788c9f409e"
I20260709 12:19:43.837569  3213 raft_consensus.cc:3060] T e9c533cad5ac48588e0cb683b7eda89b P 29eec8d90c254ce3b7ec80788c9f409e [term 0 FOLLOWER]: Advancing to term 1
I20260709 12:19:43.838335  3406 tablet_bootstrap.cc:654] T e9c533cad5ac48588e0cb683b7eda89b P 7de6ef95d8944517894c9049a179127b: Neither blocks nor log segments found. Creating new log.
I20260709 12:19:43.840611  3290 tablet_service.cc:1917] Received RequestConsensusVote() RPC: tablet_id: "e9c533cad5ac48588e0cb683b7eda89b" candidate_uuid: "f8cac15d5aac409abaf2788bfdd7a986" candidate_term: 1 candidate_status { last_received { term: 0 index: 0 } } ignore_live_leader: false dest_uuid: "7de6ef95d8944517894c9049a179127b"
W20260709 12:19:43.841881  3327 leader_election.cc:343] T e9c533cad5ac48588e0cb683b7eda89b P f8cac15d5aac409abaf2788bfdd7a986 [CANDIDATE]: Term 1 election: Tablet error from VoteRequest() call to peer 7de6ef95d8944517894c9049a179127b (127.2.128.130:41563): Illegal state: must be running to vote when last-logged opid is not known
I20260709 12:19:43.844959  3405 tablet_bootstrap.cc:492] T 00327355443f4285b2cebe6cdb8f782d P 29eec8d90c254ce3b7ec80788c9f409e: No bootstrap required, opened a new log
I20260709 12:19:43.845502  3405 ts_tablet_manager.cc:1403] T 00327355443f4285b2cebe6cdb8f782d P 29eec8d90c254ce3b7ec80788c9f409e: Time spent bootstrapping tablet: real 0.045s	user 0.010s	sys 0.006s
I20260709 12:19:43.845788  3406 tablet_bootstrap.cc:492] T e9c533cad5ac48588e0cb683b7eda89b P 7de6ef95d8944517894c9049a179127b: No bootstrap required, opened a new log
I20260709 12:19:43.846247  3406 ts_tablet_manager.cc:1403] T e9c533cad5ac48588e0cb683b7eda89b P 7de6ef95d8944517894c9049a179127b: Time spent bootstrapping tablet: real 0.031s	user 0.012s	sys 0.000s
I20260709 12:19:43.836979  3444 leader_election.cc:290] T e9c533cad5ac48588e0cb683b7eda89b P f8cac15d5aac409abaf2788bfdd7a986 [CANDIDATE]: Term 1 election: Requested vote from peers 29eec8d90c254ce3b7ec80788c9f409e (127.2.128.129:41747), 7de6ef95d8944517894c9049a179127b (127.2.128.130:41563)
I20260709 12:19:43.848670  3406 raft_consensus.cc:359] T e9c533cad5ac48588e0cb683b7eda89b P 7de6ef95d8944517894c9049a179127b [term 0 FOLLOWER]: Replica starting. Triggering 0 pending ops. Active config: opid_index: -1 OBSOLETE_local: false peers { permanent_uuid: "29eec8d90c254ce3b7ec80788c9f409e" member_type: VOTER last_known_addr { host: "127.2.128.129" port: 41747 } } peers { permanent_uuid: "7de6ef95d8944517894c9049a179127b" member_type: VOTER last_known_addr { host: "127.2.128.130" port: 41563 } } peers { permanent_uuid: "f8cac15d5aac409abaf2788bfdd7a986" member_type: VOTER last_known_addr { host: "127.2.128.131" port: 40705 } }
I20260709 12:19:43.849063  3213 raft_consensus.cc:2468] T e9c533cad5ac48588e0cb683b7eda89b P 29eec8d90c254ce3b7ec80788c9f409e [term 1 FOLLOWER]: Leader election vote request: Granting yes vote for candidate f8cac15d5aac409abaf2788bfdd7a986 in term 1.
I20260709 12:19:43.849499  3406 raft_consensus.cc:385] T e9c533cad5ac48588e0cb683b7eda89b P 7de6ef95d8944517894c9049a179127b [term 0 FOLLOWER]: Consensus starting up: Expiring failure detector timer to make a prompt election more likely
I20260709 12:19:43.849035  3405 raft_consensus.cc:359] T 00327355443f4285b2cebe6cdb8f782d P 29eec8d90c254ce3b7ec80788c9f409e [term 0 FOLLOWER]: Replica starting. Triggering 0 pending ops. Active config: opid_index: -1 OBSOLETE_local: false peers { permanent_uuid: "29eec8d90c254ce3b7ec80788c9f409e" member_type: VOTER last_known_addr { host: "127.2.128.129" port: 41747 } } peers { permanent_uuid: "7de6ef95d8944517894c9049a179127b" member_type: VOTER last_known_addr { host: "127.2.128.130" port: 41563 } } peers { permanent_uuid: "f8cac15d5aac409abaf2788bfdd7a986" member_type: VOTER last_known_addr { host: "127.2.128.131" port: 40705 } }
I20260709 12:19:43.849968  3404 tablet_bootstrap.cc:492] T 409e29fe0218426d896b9e20483973ea P f8cac15d5aac409abaf2788bfdd7a986: No bootstrap required, opened a new log
I20260709 12:19:43.849925  3406 raft_consensus.cc:740] T e9c533cad5ac48588e0cb683b7eda89b P 7de6ef95d8944517894c9049a179127b [term 0 FOLLOWER]: Becoming Follower/Learner. State: Replica: 7de6ef95d8944517894c9049a179127b, State: Initialized, Role: FOLLOWER
I20260709 12:19:43.850131  3405 raft_consensus.cc:385] T 00327355443f4285b2cebe6cdb8f782d P 29eec8d90c254ce3b7ec80788c9f409e [term 0 FOLLOWER]: Consensus starting up: Expiring failure detector timer to make a prompt election more likely
I20260709 12:19:43.850638  3328 leader_election.cc:304] T e9c533cad5ac48588e0cb683b7eda89b P f8cac15d5aac409abaf2788bfdd7a986 [CANDIDATE]: Term 1 election: Election decided. Result: candidate won. Election summary: received 3 responses out of 3 voters: 2 yes votes; 1 no votes. yes voters: 29eec8d90c254ce3b7ec80788c9f409e, f8cac15d5aac409abaf2788bfdd7a986; no voters: 7de6ef95d8944517894c9049a179127b
I20260709 12:19:43.850935  3406 consensus_queue.cc:260] T e9c533cad5ac48588e0cb683b7eda89b P 7de6ef95d8944517894c9049a179127b [NON_LEADER]: Queue going to NON_LEADER mode. State: All replicated index: 0, Majority replicated index: 0, Committed index: 0, Last appended: 0.0, Last appended by leader: 0, Current term: 0, Majority size: -1, State: 0, Mode: NON_LEADER, active raft config: opid_index: -1 OBSOLETE_local: false peers { permanent_uuid: "29eec8d90c254ce3b7ec80788c9f409e" member_type: VOTER last_known_addr { host: "127.2.128.129" port: 41747 } } peers { permanent_uuid: "7de6ef95d8944517894c9049a179127b" member_type: VOTER last_known_addr { host: "127.2.128.130" port: 41563 } } peers { permanent_uuid: "f8cac15d5aac409abaf2788bfdd7a986" member_type: VOTER last_known_addr { host: "127.2.128.131" port: 40705 } }
I20260709 12:19:43.850607  3404 ts_tablet_manager.cc:1403] T 409e29fe0218426d896b9e20483973ea P f8cac15d5aac409abaf2788bfdd7a986: Time spent bootstrapping tablet: real 0.022s	user 0.005s	sys 0.008s
I20260709 12:19:43.850634  3405 raft_consensus.cc:740] T 00327355443f4285b2cebe6cdb8f782d P 29eec8d90c254ce3b7ec80788c9f409e [term 0 FOLLOWER]: Becoming Follower/Learner. State: Replica: 29eec8d90c254ce3b7ec80788c9f409e, State: Initialized, Role: FOLLOWER
I20260709 12:19:43.853355  3405 consensus_queue.cc:260] T 00327355443f4285b2cebe6cdb8f782d P 29eec8d90c254ce3b7ec80788c9f409e [NON_LEADER]: Queue going to NON_LEADER mode. State: All replicated index: 0, Majority replicated index: 0, Committed index: 0, Last appended: 0.0, Last appended by leader: 0, Current term: 0, Majority size: -1, State: 0, Mode: NON_LEADER, active raft config: opid_index: -1 OBSOLETE_local: false peers { permanent_uuid: "29eec8d90c254ce3b7ec80788c9f409e" member_type: VOTER last_known_addr { host: "127.2.128.129" port: 41747 } } peers { permanent_uuid: "7de6ef95d8944517894c9049a179127b" member_type: VOTER last_known_addr { host: "127.2.128.130" port: 41563 } } peers { permanent_uuid: "f8cac15d5aac409abaf2788bfdd7a986" member_type: VOTER last_known_addr { host: "127.2.128.131" port: 40705 } }
I20260709 12:19:43.854651  3404 raft_consensus.cc:359] T 409e29fe0218426d896b9e20483973ea P f8cac15d5aac409abaf2788bfdd7a986 [term 0 FOLLOWER]: Replica starting. Triggering 0 pending ops. Active config: opid_index: -1 OBSOLETE_local: false peers { permanent_uuid: "29eec8d90c254ce3b7ec80788c9f409e" member_type: VOTER last_known_addr { host: "127.2.128.129" port: 41747 } } peers { permanent_uuid: "7de6ef95d8944517894c9049a179127b" member_type: VOTER last_known_addr { host: "127.2.128.130" port: 41563 } } peers { permanent_uuid: "f8cac15d5aac409abaf2788bfdd7a986" member_type: VOTER last_known_addr { host: "127.2.128.131" port: 40705 } }
I20260709 12:19:43.855324  3404 raft_consensus.cc:385] T 409e29fe0218426d896b9e20483973ea P f8cac15d5aac409abaf2788bfdd7a986 [term 0 FOLLOWER]: Consensus starting up: Expiring failure detector timer to make a prompt election more likely
I20260709 12:19:43.855620  3404 raft_consensus.cc:740] T 409e29fe0218426d896b9e20483973ea P f8cac15d5aac409abaf2788bfdd7a986 [term 0 FOLLOWER]: Becoming Follower/Learner. State: Replica: f8cac15d5aac409abaf2788bfdd7a986, State: Initialized, Role: FOLLOWER
I20260709 12:19:43.855715  3405 ts_tablet_manager.cc:1434] T 00327355443f4285b2cebe6cdb8f782d P 29eec8d90c254ce3b7ec80788c9f409e: Time spent starting tablet: real 0.010s	user 0.007s	sys 0.002s
I20260709 12:19:43.856599  3411 raft_consensus.cc:2804] T e9c533cad5ac48588e0cb683b7eda89b P f8cac15d5aac409abaf2788bfdd7a986 [term 1 FOLLOWER]: Leader election won for term 1
I20260709 12:19:43.857077  3411 raft_consensus.cc:697] T e9c533cad5ac48588e0cb683b7eda89b P f8cac15d5aac409abaf2788bfdd7a986 [term 1 LEADER]: Becoming Leader. State: Replica: f8cac15d5aac409abaf2788bfdd7a986, State: Running, Role: LEADER
I20260709 12:19:43.857931  3411 consensus_queue.cc:237] T e9c533cad5ac48588e0cb683b7eda89b P f8cac15d5aac409abaf2788bfdd7a986 [LEADER]: Queue going to LEADER mode. State: All replicated index: 0, Majority replicated index: 0, Committed index: 0, Last appended: 0.0, Last appended by leader: 0, Current term: 1, Majority size: 2, State: 0, Mode: LEADER, active raft config: opid_index: -1 OBSOLETE_local: false peers { permanent_uuid: "29eec8d90c254ce3b7ec80788c9f409e" member_type: VOTER last_known_addr { host: "127.2.128.129" port: 41747 } } peers { permanent_uuid: "7de6ef95d8944517894c9049a179127b" member_type: VOTER last_known_addr { host: "127.2.128.130" port: 41563 } } peers { permanent_uuid: "f8cac15d5aac409abaf2788bfdd7a986" member_type: VOTER last_known_addr { host: "127.2.128.131" port: 40705 } }
I20260709 12:19:43.858702  3436 raft_consensus.cc:493] T 0a2a900fcf724abfb76c80996bc0750f P f8cac15d5aac409abaf2788bfdd7a986 [term 0 FOLLOWER]: Starting pre-election (no leader contacted us within the election timeout)
I20260709 12:19:43.859133  3436 raft_consensus.cc:515] T 0a2a900fcf724abfb76c80996bc0750f P f8cac15d5aac409abaf2788bfdd7a986 [term 0 FOLLOWER]: Starting pre-election with config: opid_index: -1 OBSOLETE_local: false peers { permanent_uuid: "29eec8d90c254ce3b7ec80788c9f409e" member_type: VOTER last_known_addr { host: "127.2.128.129" port: 41747 } } peers { permanent_uuid: "7de6ef95d8944517894c9049a179127b" member_type: VOTER last_known_addr { host: "127.2.128.130" port: 41563 } } peers { permanent_uuid: "f8cac15d5aac409abaf2788bfdd7a986" member_type: VOTER last_known_addr { host: "127.2.128.131" port: 40705 } }
I20260709 12:19:43.860176  3406 ts_tablet_manager.cc:1434] T e9c533cad5ac48588e0cb683b7eda89b P 7de6ef95d8944517894c9049a179127b: Time spent starting tablet: real 0.014s	user 0.007s	sys 0.000s
I20260709 12:19:43.860733  3405 tablet_bootstrap.cc:492] T 7dd832af265c4550bc486e61375cc1a1 P 29eec8d90c254ce3b7ec80788c9f409e: Bootstrap starting.
I20260709 12:19:43.862711  3288 tablet_service.cc:1917] Received RequestConsensusVote() RPC: tablet_id: "0a2a900fcf724abfb76c80996bc0750f" candidate_uuid: "f8cac15d5aac409abaf2788bfdd7a986" candidate_term: 1 candidate_status { last_received { term: 0 index: 0 } } ignore_live_leader: false dest_uuid: "7de6ef95d8944517894c9049a179127b" is_pre_election: true
I20260709 12:19:43.861722  3404 consensus_queue.cc:260] T 409e29fe0218426d896b9e20483973ea P f8cac15d5aac409abaf2788bfdd7a986 [NON_LEADER]: Queue going to NON_LEADER mode. State: All replicated index: 0, Majority replicated index: 0, Committed index: 0, Last appended: 0.0, Last appended by leader: 0, Current term: 0, Majority size: -1, State: 0, Mode: NON_LEADER, active raft config: opid_index: -1 OBSOLETE_local: false peers { permanent_uuid: "29eec8d90c254ce3b7ec80788c9f409e" member_type: VOTER last_known_addr { host: "127.2.128.129" port: 41747 } } peers { permanent_uuid: "7de6ef95d8944517894c9049a179127b" member_type: VOTER last_known_addr { host: "127.2.128.130" port: 41563 } } peers { permanent_uuid: "f8cac15d5aac409abaf2788bfdd7a986" member_type: VOTER last_known_addr { host: "127.2.128.131" port: 40705 } }
W20260709 12:19:43.866142  3327 leader_election.cc:343] T 0a2a900fcf724abfb76c80996bc0750f P f8cac15d5aac409abaf2788bfdd7a986 [CANDIDATE]: Term 1 pre-election: Tablet error from VoteRequest() call to peer 7de6ef95d8944517894c9049a179127b (127.2.128.130:41563): Illegal state: must be running to vote when last-logged opid is not known
I20260709 12:19:43.866438  3404 ts_tablet_manager.cc:1434] T 409e29fe0218426d896b9e20483973ea P f8cac15d5aac409abaf2788bfdd7a986: Time spent starting tablet: real 0.014s	user 0.004s	sys 0.000s
I20260709 12:19:43.866576  3436 leader_election.cc:290] T 0a2a900fcf724abfb76c80996bc0750f P f8cac15d5aac409abaf2788bfdd7a986 [CANDIDATE]: Term 1 pre-election: Requested pre-vote from peers 29eec8d90c254ce3b7ec80788c9f409e (127.2.128.129:41747), 7de6ef95d8944517894c9049a179127b (127.2.128.130:41563)
I20260709 12:19:43.867396  3404 tablet_bootstrap.cc:492] T b7704e72d92848eb95211243aafc6229 P f8cac15d5aac409abaf2788bfdd7a986: Bootstrap starting.
I20260709 12:19:43.867477  3213 tablet_service.cc:1917] Received RequestConsensusVote() RPC: tablet_id: "0a2a900fcf724abfb76c80996bc0750f" candidate_uuid: "f8cac15d5aac409abaf2788bfdd7a986" candidate_term: 1 candidate_status { last_received { term: 0 index: 0 } } ignore_live_leader: false dest_uuid: "29eec8d90c254ce3b7ec80788c9f409e" is_pre_election: true
I20260709 12:19:43.868221  3213 raft_consensus.cc:2468] T 0a2a900fcf724abfb76c80996bc0750f P 29eec8d90c254ce3b7ec80788c9f409e [term 0 FOLLOWER]: Leader pre-election vote request: Granting yes vote for candidate f8cac15d5aac409abaf2788bfdd7a986 in term 0.
I20260709 12:19:43.869218  3328 leader_election.cc:304] T 0a2a900fcf724abfb76c80996bc0750f P f8cac15d5aac409abaf2788bfdd7a986 [CANDIDATE]: Term 1 pre-election: Election decided. Result: candidate won. Election summary: received 3 responses out of 3 voters: 2 yes votes; 1 no votes. yes voters: 29eec8d90c254ce3b7ec80788c9f409e, f8cac15d5aac409abaf2788bfdd7a986; no voters: 7de6ef95d8944517894c9049a179127b
I20260709 12:19:43.869926  3411 raft_consensus.cc:2804] T 0a2a900fcf724abfb76c80996bc0750f P f8cac15d5aac409abaf2788bfdd7a986 [term 0 FOLLOWER]: Leader pre-election won for term 1
I20260709 12:19:43.870311  3411 raft_consensus.cc:493] T 0a2a900fcf724abfb76c80996bc0750f P f8cac15d5aac409abaf2788bfdd7a986 [term 0 FOLLOWER]: Starting leader election (no leader contacted us within the election timeout)
I20260709 12:19:43.870621  3411 raft_consensus.cc:3060] T 0a2a900fcf724abfb76c80996bc0750f P f8cac15d5aac409abaf2788bfdd7a986 [term 0 FOLLOWER]: Advancing to term 1
I20260709 12:19:43.863938  3110 catalog_manager.cc:5697] T 00327355443f4285b2cebe6cdb8f782d P f8cac15d5aac409abaf2788bfdd7a986 reported cstate change: term changed from 0 to 1, leader changed from <none> to f8cac15d5aac409abaf2788bfdd7a986 (127.2.128.131). New cstate: current_term: 1 leader_uuid: "f8cac15d5aac409abaf2788bfdd7a986" committed_config { opid_index: -1 OBSOLETE_local: false peers { permanent_uuid: "29eec8d90c254ce3b7ec80788c9f409e" member_type: VOTER last_known_addr { host: "127.2.128.129" port: 41747 } health_report { overall_health: UNKNOWN } } peers { permanent_uuid: "7de6ef95d8944517894c9049a179127b" member_type: VOTER last_known_addr { host: "127.2.128.130" port: 41563 } health_report { overall_health: UNKNOWN } } peers { permanent_uuid: "f8cac15d5aac409abaf2788bfdd7a986" member_type: VOTER last_known_addr { host: "127.2.128.131" port: 40705 } health_report { overall_health: HEALTHY } } }
I20260709 12:19:43.874145  3404 tablet_bootstrap.cc:654] T b7704e72d92848eb95211243aafc6229 P f8cac15d5aac409abaf2788bfdd7a986: Neither blocks nor log segments found. Creating new log.
I20260709 12:19:43.877322  3406 tablet_bootstrap.cc:492] T 0a2a900fcf724abfb76c80996bc0750f P 7de6ef95d8944517894c9049a179127b: Bootstrap starting.
I20260709 12:19:43.879314  3411 raft_consensus.cc:515] T 0a2a900fcf724abfb76c80996bc0750f P f8cac15d5aac409abaf2788bfdd7a986 [term 1 FOLLOWER]: Starting leader election with config: opid_index: -1 OBSOLETE_local: false peers { permanent_uuid: "29eec8d90c254ce3b7ec80788c9f409e" member_type: VOTER last_known_addr { host: "127.2.128.129" port: 41747 } } peers { permanent_uuid: "7de6ef95d8944517894c9049a179127b" member_type: VOTER last_known_addr { host: "127.2.128.130" port: 41563 } } peers { permanent_uuid: "f8cac15d5aac409abaf2788bfdd7a986" member_type: VOTER last_known_addr { host: "127.2.128.131" port: 40705 } }
I20260709 12:19:43.882412  3213 tablet_service.cc:1917] Received RequestConsensusVote() RPC: tablet_id: "0a2a900fcf724abfb76c80996bc0750f" candidate_uuid: "f8cac15d5aac409abaf2788bfdd7a986" candidate_term: 1 candidate_status { last_received { term: 0 index: 0 } } ignore_live_leader: false dest_uuid: "29eec8d90c254ce3b7ec80788c9f409e"
I20260709 12:19:43.883014  3213 raft_consensus.cc:3060] T 0a2a900fcf724abfb76c80996bc0750f P 29eec8d90c254ce3b7ec80788c9f409e [term 0 FOLLOWER]: Advancing to term 1
I20260709 12:19:43.883788  3406 tablet_bootstrap.cc:654] T 0a2a900fcf724abfb76c80996bc0750f P 7de6ef95d8944517894c9049a179127b: Neither blocks nor log segments found. Creating new log.
I20260709 12:19:43.890116  3288 tablet_service.cc:1917] Received RequestConsensusVote() RPC: tablet_id: "0a2a900fcf724abfb76c80996bc0750f" candidate_uuid: "f8cac15d5aac409abaf2788bfdd7a986" candidate_term: 1 candidate_status { last_received { term: 0 index: 0 } } ignore_live_leader: false dest_uuid: "7de6ef95d8944517894c9049a179127b"
I20260709 12:19:43.871435  3405 tablet_bootstrap.cc:654] T 7dd832af265c4550bc486e61375cc1a1 P 29eec8d90c254ce3b7ec80788c9f409e: Neither blocks nor log segments found. Creating new log.
W20260709 12:19:43.893193  3327 leader_election.cc:343] T 0a2a900fcf724abfb76c80996bc0750f P f8cac15d5aac409abaf2788bfdd7a986 [CANDIDATE]: Term 1 election: Tablet error from VoteRequest() call to peer 7de6ef95d8944517894c9049a179127b (127.2.128.130:41563): Illegal state: must be running to vote when last-logged opid is not known
I20260709 12:19:43.894022  3411 leader_election.cc:290] T 0a2a900fcf724abfb76c80996bc0750f P f8cac15d5aac409abaf2788bfdd7a986 [CANDIDATE]: Term 1 election: Requested vote from peers 29eec8d90c254ce3b7ec80788c9f409e (127.2.128.129:41747), 7de6ef95d8944517894c9049a179127b (127.2.128.130:41563)
I20260709 12:19:43.899133  3404 tablet_bootstrap.cc:492] T b7704e72d92848eb95211243aafc6229 P f8cac15d5aac409abaf2788bfdd7a986: No bootstrap required, opened a new log
I20260709 12:19:43.899199  3405 tablet_bootstrap.cc:492] T 7dd832af265c4550bc486e61375cc1a1 P 29eec8d90c254ce3b7ec80788c9f409e: No bootstrap required, opened a new log
I20260709 12:19:43.899734  3404 ts_tablet_manager.cc:1403] T b7704e72d92848eb95211243aafc6229 P f8cac15d5aac409abaf2788bfdd7a986: Time spent bootstrapping tablet: real 0.033s	user 0.021s	sys 0.011s
I20260709 12:19:43.902642  3404 raft_consensus.cc:359] T b7704e72d92848eb95211243aafc6229 P f8cac15d5aac409abaf2788bfdd7a986 [term 0 FOLLOWER]: Replica starting. Triggering 0 pending ops. Active config: opid_index: -1 OBSOLETE_local: false peers { permanent_uuid: "29eec8d90c254ce3b7ec80788c9f409e" member_type: VOTER last_known_addr { host: "127.2.128.129" port: 41747 } } peers { permanent_uuid: "7de6ef95d8944517894c9049a179127b" member_type: VOTER last_known_addr { host: "127.2.128.130" port: 41563 } } peers { permanent_uuid: "f8cac15d5aac409abaf2788bfdd7a986" member_type: VOTER last_known_addr { host: "127.2.128.131" port: 40705 } }
I20260709 12:19:43.903354  3404 raft_consensus.cc:385] T b7704e72d92848eb95211243aafc6229 P f8cac15d5aac409abaf2788bfdd7a986 [term 0 FOLLOWER]: Consensus starting up: Expiring failure detector timer to make a prompt election more likely
I20260709 12:19:43.903645  3404 raft_consensus.cc:740] T b7704e72d92848eb95211243aafc6229 P f8cac15d5aac409abaf2788bfdd7a986 [term 0 FOLLOWER]: Becoming Follower/Learner. State: Replica: f8cac15d5aac409abaf2788bfdd7a986, State: Initialized, Role: FOLLOWER
I20260709 12:19:43.904340  3404 consensus_queue.cc:260] T b7704e72d92848eb95211243aafc6229 P f8cac15d5aac409abaf2788bfdd7a986 [NON_LEADER]: Queue going to NON_LEADER mode. State: All replicated index: 0, Majority replicated index: 0, Committed index: 0, Last appended: 0.0, Last appended by leader: 0, Current term: 0, Majority size: -1, State: 0, Mode: NON_LEADER, active raft config: opid_index: -1 OBSOLETE_local: false peers { permanent_uuid: "29eec8d90c254ce3b7ec80788c9f409e" member_type: VOTER last_known_addr { host: "127.2.128.129" port: 41747 } } peers { permanent_uuid: "7de6ef95d8944517894c9049a179127b" member_type: VOTER last_known_addr { host: "127.2.128.130" port: 41563 } } peers { permanent_uuid: "f8cac15d5aac409abaf2788bfdd7a986" member_type: VOTER last_known_addr { host: "127.2.128.131" port: 40705 } }
I20260709 12:19:43.906291  3404 ts_tablet_manager.cc:1434] T b7704e72d92848eb95211243aafc6229 P f8cac15d5aac409abaf2788bfdd7a986: Time spent starting tablet: real 0.006s	user 0.001s	sys 0.003s
I20260709 12:19:43.899763  3405 ts_tablet_manager.cc:1403] T 7dd832af265c4550bc486e61375cc1a1 P 29eec8d90c254ce3b7ec80788c9f409e: Time spent bootstrapping tablet: real 0.039s	user 0.010s	sys 0.005s
I20260709 12:19:43.908849  3111 catalog_manager.cc:5697] T e9c533cad5ac48588e0cb683b7eda89b P f8cac15d5aac409abaf2788bfdd7a986 reported cstate change: term changed from 0 to 1, leader changed from <none> to f8cac15d5aac409abaf2788bfdd7a986 (127.2.128.131). New cstate: current_term: 1 leader_uuid: "f8cac15d5aac409abaf2788bfdd7a986" committed_config { opid_index: -1 OBSOLETE_local: false peers { permanent_uuid: "29eec8d90c254ce3b7ec80788c9f409e" member_type: VOTER last_known_addr { host: "127.2.128.129" port: 41747 } health_report { overall_health: UNKNOWN } } peers { permanent_uuid: "7de6ef95d8944517894c9049a179127b" member_type: VOTER last_known_addr { host: "127.2.128.130" port: 41563 } health_report { overall_health: UNKNOWN } } peers { permanent_uuid: "f8cac15d5aac409abaf2788bfdd7a986" member_type: VOTER last_known_addr { host: "127.2.128.131" port: 40705 } health_report { overall_health: HEALTHY } } }
I20260709 12:19:43.910283  3405 raft_consensus.cc:359] T 7dd832af265c4550bc486e61375cc1a1 P 29eec8d90c254ce3b7ec80788c9f409e [term 0 FOLLOWER]: Replica starting. Triggering 0 pending ops. Active config: opid_index: -1 OBSOLETE_local: false peers { permanent_uuid: "29eec8d90c254ce3b7ec80788c9f409e" member_type: VOTER last_known_addr { host: "127.2.128.129" port: 41747 } } peers { permanent_uuid: "7de6ef95d8944517894c9049a179127b" member_type: VOTER last_known_addr { host: "127.2.128.130" port: 41563 } } peers { permanent_uuid: "f8cac15d5aac409abaf2788bfdd7a986" member_type: VOTER last_known_addr { host: "127.2.128.131" port: 40705 } }
I20260709 12:19:43.910950  3405 raft_consensus.cc:385] T 7dd832af265c4550bc486e61375cc1a1 P 29eec8d90c254ce3b7ec80788c9f409e [term 0 FOLLOWER]: Consensus starting up: Expiring failure detector timer to make a prompt election more likely
I20260709 12:19:43.911211  3405 raft_consensus.cc:740] T 7dd832af265c4550bc486e61375cc1a1 P 29eec8d90c254ce3b7ec80788c9f409e [term 0 FOLLOWER]: Becoming Follower/Learner. State: Replica: 29eec8d90c254ce3b7ec80788c9f409e, State: Initialized, Role: FOLLOWER
I20260709 12:19:43.911952  3405 consensus_queue.cc:260] T 7dd832af265c4550bc486e61375cc1a1 P 29eec8d90c254ce3b7ec80788c9f409e [NON_LEADER]: Queue going to NON_LEADER mode. State: All replicated index: 0, Majority replicated index: 0, Committed index: 0, Last appended: 0.0, Last appended by leader: 0, Current term: 0, Majority size: -1, State: 0, Mode: NON_LEADER, active raft config: opid_index: -1 OBSOLETE_local: false peers { permanent_uuid: "29eec8d90c254ce3b7ec80788c9f409e" member_type: VOTER last_known_addr { host: "127.2.128.129" port: 41747 } } peers { permanent_uuid: "7de6ef95d8944517894c9049a179127b" member_type: VOTER last_known_addr { host: "127.2.128.130" port: 41563 } } peers { permanent_uuid: "f8cac15d5aac409abaf2788bfdd7a986" member_type: VOTER last_known_addr { host: "127.2.128.131" port: 40705 } }
I20260709 12:19:43.913241  3213 raft_consensus.cc:2468] T 0a2a900fcf724abfb76c80996bc0750f P 29eec8d90c254ce3b7ec80788c9f409e [term 1 FOLLOWER]: Leader election vote request: Granting yes vote for candidate f8cac15d5aac409abaf2788bfdd7a986 in term 1.
I20260709 12:19:43.913867  3405 ts_tablet_manager.cc:1434] T 7dd832af265c4550bc486e61375cc1a1 P 29eec8d90c254ce3b7ec80788c9f409e: Time spent starting tablet: real 0.006s	user 0.004s	sys 0.000s
I20260709 12:19:43.914587  3328 leader_election.cc:304] T 0a2a900fcf724abfb76c80996bc0750f P f8cac15d5aac409abaf2788bfdd7a986 [CANDIDATE]: Term 1 election: Election decided. Result: candidate won. Election summary: received 3 responses out of 3 voters: 2 yes votes; 1 no votes. yes voters: 29eec8d90c254ce3b7ec80788c9f409e, f8cac15d5aac409abaf2788bfdd7a986; no voters: 7de6ef95d8944517894c9049a179127b
I20260709 12:19:43.914932  3405 tablet_bootstrap.cc:492] T b7704e72d92848eb95211243aafc6229 P 29eec8d90c254ce3b7ec80788c9f409e: Bootstrap starting.
I20260709 12:19:43.915823  3411 raft_consensus.cc:2804] T 0a2a900fcf724abfb76c80996bc0750f P f8cac15d5aac409abaf2788bfdd7a986 [term 1 FOLLOWER]: Leader election won for term 1
I20260709 12:19:43.916307  3411 raft_consensus.cc:697] T 0a2a900fcf724abfb76c80996bc0750f P f8cac15d5aac409abaf2788bfdd7a986 [term 1 LEADER]: Becoming Leader. State: Replica: f8cac15d5aac409abaf2788bfdd7a986, State: Running, Role: LEADER
I20260709 12:19:43.917109  3411 consensus_queue.cc:237] T 0a2a900fcf724abfb76c80996bc0750f P f8cac15d5aac409abaf2788bfdd7a986 [LEADER]: Queue going to LEADER mode. State: All replicated index: 0, Majority replicated index: 0, Committed index: 0, Last appended: 0.0, Last appended by leader: 0, Current term: 1, Majority size: 2, State: 0, Mode: LEADER, active raft config: opid_index: -1 OBSOLETE_local: false peers { permanent_uuid: "29eec8d90c254ce3b7ec80788c9f409e" member_type: VOTER last_known_addr { host: "127.2.128.129" port: 41747 } } peers { permanent_uuid: "7de6ef95d8944517894c9049a179127b" member_type: VOTER last_known_addr { host: "127.2.128.130" port: 41563 } } peers { permanent_uuid: "f8cac15d5aac409abaf2788bfdd7a986" member_type: VOTER last_known_addr { host: "127.2.128.131" port: 40705 } }
I20260709 12:19:43.921620  3405 tablet_bootstrap.cc:654] T b7704e72d92848eb95211243aafc6229 P 29eec8d90c254ce3b7ec80788c9f409e: Neither blocks nor log segments found. Creating new log.
I20260709 12:19:43.926326  3406 tablet_bootstrap.cc:492] T 0a2a900fcf724abfb76c80996bc0750f P 7de6ef95d8944517894c9049a179127b: No bootstrap required, opened a new log
I20260709 12:19:43.926909  3406 ts_tablet_manager.cc:1403] T 0a2a900fcf724abfb76c80996bc0750f P 7de6ef95d8944517894c9049a179127b: Time spent bootstrapping tablet: real 0.050s	user 0.022s	sys 0.013s
I20260709 12:19:43.929582  3406 raft_consensus.cc:359] T 0a2a900fcf724abfb76c80996bc0750f P 7de6ef95d8944517894c9049a179127b [term 0 FOLLOWER]: Replica starting. Triggering 0 pending ops. Active config: opid_index: -1 OBSOLETE_local: false peers { permanent_uuid: "29eec8d90c254ce3b7ec80788c9f409e" member_type: VOTER last_known_addr { host: "127.2.128.129" port: 41747 } } peers { permanent_uuid: "7de6ef95d8944517894c9049a179127b" member_type: VOTER last_known_addr { host: "127.2.128.130" port: 41563 } } peers { permanent_uuid: "f8cac15d5aac409abaf2788bfdd7a986" member_type: VOTER last_known_addr { host: "127.2.128.131" port: 40705 } }
I20260709 12:19:43.930356  3406 raft_consensus.cc:385] T 0a2a900fcf724abfb76c80996bc0750f P 7de6ef95d8944517894c9049a179127b [term 0 FOLLOWER]: Consensus starting up: Expiring failure detector timer to make a prompt election more likely
I20260709 12:19:43.930703  3406 raft_consensus.cc:740] T 0a2a900fcf724abfb76c80996bc0750f P 7de6ef95d8944517894c9049a179127b [term 0 FOLLOWER]: Becoming Follower/Learner. State: Replica: 7de6ef95d8944517894c9049a179127b, State: Initialized, Role: FOLLOWER
I20260709 12:19:43.931522  3406 consensus_queue.cc:260] T 0a2a900fcf724abfb76c80996bc0750f P 7de6ef95d8944517894c9049a179127b [NON_LEADER]: Queue going to NON_LEADER mode. State: All replicated index: 0, Majority replicated index: 0, Committed index: 0, Last appended: 0.0, Last appended by leader: 0, Current term: 0, Majority size: -1, State: 0, Mode: NON_LEADER, active raft config: opid_index: -1 OBSOLETE_local: false peers { permanent_uuid: "29eec8d90c254ce3b7ec80788c9f409e" member_type: VOTER last_known_addr { host: "127.2.128.129" port: 41747 } } peers { permanent_uuid: "7de6ef95d8944517894c9049a179127b" member_type: VOTER last_known_addr { host: "127.2.128.130" port: 41563 } } peers { permanent_uuid: "f8cac15d5aac409abaf2788bfdd7a986" member_type: VOTER last_known_addr { host: "127.2.128.131" port: 40705 } }
I20260709 12:19:43.933584  3406 ts_tablet_manager.cc:1434] T 0a2a900fcf724abfb76c80996bc0750f P 7de6ef95d8944517894c9049a179127b: Time spent starting tablet: real 0.006s	user 0.005s	sys 0.000s
I20260709 12:19:43.933822  3405 tablet_bootstrap.cc:492] T b7704e72d92848eb95211243aafc6229 P 29eec8d90c254ce3b7ec80788c9f409e: No bootstrap required, opened a new log
I20260709 12:19:43.934226  3405 ts_tablet_manager.cc:1403] T b7704e72d92848eb95211243aafc6229 P 29eec8d90c254ce3b7ec80788c9f409e: Time spent bootstrapping tablet: real 0.019s	user 0.010s	sys 0.007s
I20260709 12:19:43.934721  3406 tablet_bootstrap.cc:492] T dc2d8d13e9cf4c6d8a3d4d46fe525b70 P 7de6ef95d8944517894c9049a179127b: Bootstrap starting.
I20260709 12:19:43.937726  3409 raft_consensus.cc:493] T 00327355443f4285b2cebe6cdb8f782d P 29eec8d90c254ce3b7ec80788c9f409e [term 0 FOLLOWER]: Starting pre-election (no leader contacted us within the election timeout)
I20260709 12:19:43.936887  3110 catalog_manager.cc:5697] T 0a2a900fcf724abfb76c80996bc0750f P f8cac15d5aac409abaf2788bfdd7a986 reported cstate change: term changed from 0 to 1, leader changed from <none> to f8cac15d5aac409abaf2788bfdd7a986 (127.2.128.131). New cstate: current_term: 1 leader_uuid: "f8cac15d5aac409abaf2788bfdd7a986" committed_config { opid_index: -1 OBSOLETE_local: false peers { permanent_uuid: "29eec8d90c254ce3b7ec80788c9f409e" member_type: VOTER last_known_addr { host: "127.2.128.129" port: 41747 } health_report { overall_health: UNKNOWN } } peers { permanent_uuid: "7de6ef95d8944517894c9049a179127b" member_type: VOTER last_known_addr { host: "127.2.128.130" port: 41563 } health_report { overall_health: UNKNOWN } } peers { permanent_uuid: "f8cac15d5aac409abaf2788bfdd7a986" member_type: VOTER last_known_addr { host: "127.2.128.131" port: 40705 } health_report { overall_health: HEALTHY } } }
I20260709 12:19:43.938234  3409 raft_consensus.cc:515] T 00327355443f4285b2cebe6cdb8f782d P 29eec8d90c254ce3b7ec80788c9f409e [term 0 FOLLOWER]: Starting pre-election with config: opid_index: -1 OBSOLETE_local: false peers { permanent_uuid: "29eec8d90c254ce3b7ec80788c9f409e" member_type: VOTER last_known_addr { host: "127.2.128.129" port: 41747 } } peers { permanent_uuid: "7de6ef95d8944517894c9049a179127b" member_type: VOTER last_known_addr { host: "127.2.128.130" port: 41563 } } peers { permanent_uuid: "f8cac15d5aac409abaf2788bfdd7a986" member_type: VOTER last_known_addr { host: "127.2.128.131" port: 40705 } }
I20260709 12:19:43.940668  3409 leader_election.cc:290] T 00327355443f4285b2cebe6cdb8f782d P 29eec8d90c254ce3b7ec80788c9f409e [CANDIDATE]: Term 1 pre-election: Requested pre-vote from peers 7de6ef95d8944517894c9049a179127b (127.2.128.130:41563), f8cac15d5aac409abaf2788bfdd7a986 (127.2.128.131:40705)
I20260709 12:19:43.941843  3364 tablet_service.cc:1917] Received RequestConsensusVote() RPC: tablet_id: "00327355443f4285b2cebe6cdb8f782d" candidate_uuid: "29eec8d90c254ce3b7ec80788c9f409e" candidate_term: 1 candidate_status { last_received { term: 0 index: 0 } } ignore_live_leader: false dest_uuid: "f8cac15d5aac409abaf2788bfdd7a986" is_pre_election: true
I20260709 12:19:43.941843  3288 tablet_service.cc:1917] Received RequestConsensusVote() RPC: tablet_id: "00327355443f4285b2cebe6cdb8f782d" candidate_uuid: "29eec8d90c254ce3b7ec80788c9f409e" candidate_term: 1 candidate_status { last_received { term: 0 index: 0 } } ignore_live_leader: false dest_uuid: "7de6ef95d8944517894c9049a179127b" is_pre_election: true
I20260709 12:19:43.941797  3405 raft_consensus.cc:359] T b7704e72d92848eb95211243aafc6229 P 29eec8d90c254ce3b7ec80788c9f409e [term 0 FOLLOWER]: Replica starting. Triggering 0 pending ops. Active config: opid_index: -1 OBSOLETE_local: false peers { permanent_uuid: "29eec8d90c254ce3b7ec80788c9f409e" member_type: VOTER last_known_addr { host: "127.2.128.129" port: 41747 } } peers { permanent_uuid: "7de6ef95d8944517894c9049a179127b" member_type: VOTER last_known_addr { host: "127.2.128.130" port: 41563 } } peers { permanent_uuid: "f8cac15d5aac409abaf2788bfdd7a986" member_type: VOTER last_known_addr { host: "127.2.128.131" port: 40705 } }
I20260709 12:19:43.942648  3405 raft_consensus.cc:385] T b7704e72d92848eb95211243aafc6229 P 29eec8d90c254ce3b7ec80788c9f409e [term 0 FOLLOWER]: Consensus starting up: Expiring failure detector timer to make a prompt election more likely
I20260709 12:19:43.942840  3288 raft_consensus.cc:2393] T 00327355443f4285b2cebe6cdb8f782d P 7de6ef95d8944517894c9049a179127b [term 1 FOLLOWER]: Leader pre-election vote request: Denying vote to candidate 29eec8d90c254ce3b7ec80788c9f409e in current term 1: Already voted for candidate f8cac15d5aac409abaf2788bfdd7a986 in this term.
I20260709 12:19:43.942905  3406 tablet_bootstrap.cc:654] T dc2d8d13e9cf4c6d8a3d4d46fe525b70 P 7de6ef95d8944517894c9049a179127b: Neither blocks nor log segments found. Creating new log.
I20260709 12:19:43.942965  3405 raft_consensus.cc:740] T b7704e72d92848eb95211243aafc6229 P 29eec8d90c254ce3b7ec80788c9f409e [term 0 FOLLOWER]: Becoming Follower/Learner. State: Replica: 29eec8d90c254ce3b7ec80788c9f409e, State: Initialized, Role: FOLLOWER
I20260709 12:19:43.943989  3405 consensus_queue.cc:260] T b7704e72d92848eb95211243aafc6229 P 29eec8d90c254ce3b7ec80788c9f409e [NON_LEADER]: Queue going to NON_LEADER mode. State: All replicated index: 0, Majority replicated index: 0, Committed index: 0, Last appended: 0.0, Last appended by leader: 0, Current term: 0, Majority size: -1, State: 0, Mode: NON_LEADER, active raft config: opid_index: -1 OBSOLETE_local: false peers { permanent_uuid: "29eec8d90c254ce3b7ec80788c9f409e" member_type: VOTER last_known_addr { host: "127.2.128.129" port: 41747 } } peers { permanent_uuid: "7de6ef95d8944517894c9049a179127b" member_type: VOTER last_known_addr { host: "127.2.128.130" port: 41563 } } peers { permanent_uuid: "f8cac15d5aac409abaf2788bfdd7a986" member_type: VOTER last_known_addr { host: "127.2.128.131" port: 40705 } }
I20260709 12:19:43.944339  3178 leader_election.cc:304] T 00327355443f4285b2cebe6cdb8f782d P 29eec8d90c254ce3b7ec80788c9f409e [CANDIDATE]: Term 1 pre-election: Election decided. Result: candidate lost. Election summary: received 3 responses out of 3 voters: 1 yes votes; 2 no votes. yes voters: 29eec8d90c254ce3b7ec80788c9f409e; no voters: 7de6ef95d8944517894c9049a179127b, f8cac15d5aac409abaf2788bfdd7a986
I20260709 12:19:43.945561  3409 raft_consensus.cc:3060] T 00327355443f4285b2cebe6cdb8f782d P 29eec8d90c254ce3b7ec80788c9f409e [term 0 FOLLOWER]: Advancing to term 1
I20260709 12:19:43.952700  3405 ts_tablet_manager.cc:1434] T b7704e72d92848eb95211243aafc6229 P 29eec8d90c254ce3b7ec80788c9f409e: Time spent starting tablet: real 0.018s	user 0.007s	sys 0.002s
I20260709 12:19:43.954026  3405 tablet_bootstrap.cc:492] T 409e29fe0218426d896b9e20483973ea P 29eec8d90c254ce3b7ec80788c9f409e: Bootstrap starting.
I20260709 12:19:43.957597  3409 raft_consensus.cc:2749] T 00327355443f4285b2cebe6cdb8f782d P 29eec8d90c254ce3b7ec80788c9f409e [term 1 FOLLOWER]: Leader pre-election lost for term 1. Reason: could not achieve majority
I20260709 12:19:43.957614  3406 tablet_bootstrap.cc:492] T dc2d8d13e9cf4c6d8a3d4d46fe525b70 P 7de6ef95d8944517894c9049a179127b: No bootstrap required, opened a new log
I20260709 12:19:43.958549  3406 ts_tablet_manager.cc:1403] T dc2d8d13e9cf4c6d8a3d4d46fe525b70 P 7de6ef95d8944517894c9049a179127b: Time spent bootstrapping tablet: real 0.024s	user 0.008s	sys 0.014s
