I20260709 12:20:19.356838  4204 raft_consensus.cc:515] T 445b1ad906044ec98cec7c99b0ab4a06 P 04d47c933b42486cbb7ee7f94aa60b95 [term 1 FOLLOWER]: Starting leader election with config: opid_index: -1 OBSOLETE_local: false peers { permanent_uuid: "0915cb8393bd4aeb85246436c17c7c2f" member_type: VOTER last_known_addr { host: "127.2.128.129" port: 37379 } } peers { permanent_uuid: "04d47c933b42486cbb7ee7f94aa60b95" member_type: VOTER last_known_addr { host: "127.2.128.130" port: 34749 } } peers { permanent_uuid: "22cd14a336fd48858eebf642c12f917c" member_type: VOTER last_known_addr { host: "127.2.128.131" port: 35829 } }
I20260709 12:20:19.347393  3919 tablet_bootstrap.cc:492] T 88e4d7598c6c4e689579777d945232d6 P 04d47c933b42486cbb7ee7f94aa60b95: Bootstrap starting.
I20260709 12:20:19.358906  3873 tablet_service.cc:1917] Received RequestConsensusVote() RPC: tablet_id: "445b1ad906044ec98cec7c99b0ab4a06" candidate_uuid: "04d47c933b42486cbb7ee7f94aa60b95" candidate_term: 1 candidate_status { last_received { term: 0 index: 0 } } ignore_live_leader: false dest_uuid: "22cd14a336fd48858eebf642c12f917c" is_pre_election: true
I20260709 12:20:19.359663  3873 raft_consensus.cc:2468] T 445b1ad906044ec98cec7c99b0ab4a06 P 22cd14a336fd48858eebf642c12f917c [term 0 FOLLOWER]: Leader pre-election vote request: Granting yes vote for candidate 04d47c933b42486cbb7ee7f94aa60b95 in term 0.
I20260709 12:20:19.360178  4204 leader_election.cc:290] T 445b1ad906044ec98cec7c99b0ab4a06 P 04d47c933b42486cbb7ee7f94aa60b95 [CANDIDATE]: Term 1 election: Requested vote from peers 0915cb8393bd4aeb85246436c17c7c2f (127.2.128.129:37379), 22cd14a336fd48858eebf642c12f917c (127.2.128.131:35829)
I20260709 12:20:19.360381  3877 tablet_service.cc:1917] Received RequestConsensusVote() RPC: tablet_id: "445b1ad906044ec98cec7c99b0ab4a06" candidate_uuid: "04d47c933b42486cbb7ee7f94aa60b95" candidate_term: 1 candidate_status { last_received { term: 0 index: 0 } } ignore_live_leader: false dest_uuid: "22cd14a336fd48858eebf642c12f917c"
I20260709 12:20:19.361886  3725 tablet_service.cc:1917] Received RequestConsensusVote() RPC: tablet_id: "445b1ad906044ec98cec7c99b0ab4a06" candidate_uuid: "04d47c933b42486cbb7ee7f94aa60b95" candidate_term: 1 candidate_status { last_received { term: 0 index: 0 } } ignore_live_leader: false dest_uuid: "0915cb8393bd4aeb85246436c17c7c2f"
I20260709 12:20:19.362424  3725 raft_consensus.cc:3060] T 445b1ad906044ec98cec7c99b0ab4a06 P 0915cb8393bd4aeb85246436c17c7c2f [term 0 FOLLOWER]: Advancing to term 1
I20260709 12:20:19.366775  3982 raft_consensus.cc:493] T 760013fb856d421fa292f2c061e90ce0 P 22cd14a336fd48858eebf642c12f917c [term 0 FOLLOWER]: Starting pre-election (no leader contacted us within the election timeout)
I20260709 12:20:19.367272  3982 raft_consensus.cc:515] T 760013fb856d421fa292f2c061e90ce0 P 22cd14a336fd48858eebf642c12f917c [term 0 FOLLOWER]: Starting pre-election with config: opid_index: -1 OBSOLETE_local: false peers { permanent_uuid: "0915cb8393bd4aeb85246436c17c7c2f" member_type: VOTER last_known_addr { host: "127.2.128.129" port: 37379 } } peers { permanent_uuid: "04d47c933b42486cbb7ee7f94aa60b95" member_type: VOTER last_known_addr { host: "127.2.128.130" port: 34749 } } peers { permanent_uuid: "22cd14a336fd48858eebf642c12f917c" member_type: VOTER last_known_addr { host: "127.2.128.131" port: 35829 } }
I20260709 12:20:19.370680  3725 raft_consensus.cc:2468] T 445b1ad906044ec98cec7c99b0ab4a06 P 0915cb8393bd4aeb85246436c17c7c2f [term 1 FOLLOWER]: Leader election vote request: Granting yes vote for candidate 04d47c933b42486cbb7ee7f94aa60b95 in term 1.
I20260709 12:20:19.372980  3982 leader_election.cc:290] T 760013fb856d421fa292f2c061e90ce0 P 22cd14a336fd48858eebf642c12f917c [CANDIDATE]: Term 1 pre-election: Requested pre-vote from peers 0915cb8393bd4aeb85246436c17c7c2f (127.2.128.129:37379), 04d47c933b42486cbb7ee7f94aa60b95 (127.2.128.130:34749)
I20260709 12:20:19.373140  3769 leader_election.cc:304] T 445b1ad906044ec98cec7c99b0ab4a06 P 04d47c933b42486cbb7ee7f94aa60b95 [CANDIDATE]: Term 1 election: Election decided. Result: candidate won. Election summary: received 3 responses out of 3 voters: 2 yes votes; 1 no votes. yes voters: 04d47c933b42486cbb7ee7f94aa60b95, 0915cb8393bd4aeb85246436c17c7c2f; no voters: 22cd14a336fd48858eebf642c12f917c
I20260709 12:20:19.374522  4108 raft_consensus.cc:2804] T 445b1ad906044ec98cec7c99b0ab4a06 P 04d47c933b42486cbb7ee7f94aa60b95 [term 1 FOLLOWER]: Leader election won for term 1
I20260709 12:20:19.375023  4108 raft_consensus.cc:697] T 445b1ad906044ec98cec7c99b0ab4a06 P 04d47c933b42486cbb7ee7f94aa60b95 [term 1 LEADER]: Becoming Leader. State: Replica: 04d47c933b42486cbb7ee7f94aa60b95, State: Running, Role: LEADER
I20260709 12:20:19.376112  3725 tablet_service.cc:1917] Received RequestConsensusVote() RPC: tablet_id: "760013fb856d421fa292f2c061e90ce0" candidate_uuid: "22cd14a336fd48858eebf642c12f917c" candidate_term: 1 candidate_status { last_received { term: 0 index: 0 } } ignore_live_leader: false dest_uuid: "0915cb8393bd4aeb85246436c17c7c2f" is_pre_election: true
W20260709 12:20:19.377358  3843 leader_election.cc:343] T 760013fb856d421fa292f2c061e90ce0 P 22cd14a336fd48858eebf642c12f917c [CANDIDATE]: Term 1 pre-election: Tablet error from VoteRequest() call to peer 0915cb8393bd4aeb85246436c17c7c2f (127.2.128.129:37379): Illegal state: must be running to vote when last-logged opid is not known
I20260709 12:20:19.377123  4108 consensus_queue.cc:237] T 445b1ad906044ec98cec7c99b0ab4a06 P 04d47c933b42486cbb7ee7f94aa60b95 [LEADER]: Queue going to LEADER mode. State: All replicated index: 0, Majority replicated index: 0, Committed index: 0, Last appended: 0.0, Last appended by leader: 0, Current term: 1, Majority size: 2, State: 0, Mode: LEADER, active raft config: opid_index: -1 OBSOLETE_local: false peers { permanent_uuid: "0915cb8393bd4aeb85246436c17c7c2f" member_type: VOTER last_known_addr { host: "127.2.128.129" port: 37379 } } peers { permanent_uuid: "04d47c933b42486cbb7ee7f94aa60b95" member_type: VOTER last_known_addr { host: "127.2.128.130" port: 34749 } } peers { permanent_uuid: "22cd14a336fd48858eebf642c12f917c" member_type: VOTER last_known_addr { host: "127.2.128.131" port: 35829 } }
I20260709 12:20:19.378307  3802 tablet_service.cc:1917] Received RequestConsensusVote() RPC: tablet_id: "760013fb856d421fa292f2c061e90ce0" candidate_uuid: "22cd14a336fd48858eebf642c12f917c" candidate_term: 1 candidate_status { last_received { term: 0 index: 0 } } ignore_live_leader: false dest_uuid: "04d47c933b42486cbb7ee7f94aa60b95" is_pre_election: true
W20260709 12:20:19.380679  3841 leader_election.cc:343] T 760013fb856d421fa292f2c061e90ce0 P 22cd14a336fd48858eebf642c12f917c [CANDIDATE]: Term 1 pre-election: Tablet error from VoteRequest() call to peer 04d47c933b42486cbb7ee7f94aa60b95 (127.2.128.130:34749): Illegal state: must be running to vote when last-logged opid is not known
I20260709 12:20:19.381098  3841 leader_election.cc:304] T 760013fb856d421fa292f2c061e90ce0 P 22cd14a336fd48858eebf642c12f917c [CANDIDATE]: Term 1 pre-election: Election decided. Result: candidate lost. Election summary: received 3 responses out of 3 voters: 1 yes votes; 2 no votes. yes voters: 22cd14a336fd48858eebf642c12f917c; no voters: 04d47c933b42486cbb7ee7f94aa60b95, 0915cb8393bd4aeb85246436c17c7c2f
I20260709 12:20:19.381801  4190 raft_consensus.cc:2749] T 760013fb856d421fa292f2c061e90ce0 P 22cd14a336fd48858eebf642c12f917c [term 0 FOLLOWER]: Leader pre-election lost for term 1. Reason: could not achieve majority
I20260709 12:20:19.385280  3920 raft_consensus.cc:359] T 88e4d7598c6c4e689579777d945232d6 P 22cd14a336fd48858eebf642c12f917c [term 0 FOLLOWER]: Replica starting. Triggering 0 pending ops. Active config: opid_index: -1 OBSOLETE_local: false peers { permanent_uuid: "0915cb8393bd4aeb85246436c17c7c2f" member_type: VOTER last_known_addr { host: "127.2.128.129" port: 37379 } } peers { permanent_uuid: "04d47c933b42486cbb7ee7f94aa60b95" member_type: VOTER last_known_addr { host: "127.2.128.130" port: 34749 } } peers { permanent_uuid: "22cd14a336fd48858eebf642c12f917c" member_type: VOTER last_known_addr { host: "127.2.128.131" port: 35829 } }
I20260709 12:20:19.389536  3920 raft_consensus.cc:385] T 88e4d7598c6c4e689579777d945232d6 P 22cd14a336fd48858eebf642c12f917c [term 0 FOLLOWER]: Consensus starting up: Expiring failure detector timer to make a prompt election more likely
I20260709 12:20:19.390020  3920 raft_consensus.cc:740] T 88e4d7598c6c4e689579777d945232d6 P 22cd14a336fd48858eebf642c12f917c [term 0 FOLLOWER]: Becoming Follower/Learner. State: Replica: 22cd14a336fd48858eebf642c12f917c, State: Initialized, Role: FOLLOWER
I20260709 12:20:19.391383  3920 consensus_queue.cc:260] T 88e4d7598c6c4e689579777d945232d6 P 22cd14a336fd48858eebf642c12f917c [NON_LEADER]: Queue going to NON_LEADER mode. State: All replicated index: 0, Majority replicated index: 0, Committed index: 0, Last appended: 0.0, Last appended by leader: 0, Current term: 0, Majority size: -1, State: 0, Mode: NON_LEADER, active raft config: opid_index: -1 OBSOLETE_local: false peers { permanent_uuid: "0915cb8393bd4aeb85246436c17c7c2f" member_type: VOTER last_known_addr { host: "127.2.128.129" port: 37379 } } peers { permanent_uuid: "04d47c933b42486cbb7ee7f94aa60b95" member_type: VOTER last_known_addr { host: "127.2.128.130" port: 34749 } } peers { permanent_uuid: "22cd14a336fd48858eebf642c12f917c" member_type: VOTER last_known_addr { host: "127.2.128.131" port: 35829 } }
I20260709 12:20:19.395516  3625 catalog_manager.cc:5697] T 055abc5b38fd43f0ba20be8e8f3f7f98 P 22cd14a336fd48858eebf642c12f917c reported cstate change: term changed from 0 to 1, leader changed from <none> to 22cd14a336fd48858eebf642c12f917c (127.2.128.131). New cstate: current_term: 1 leader_uuid: "22cd14a336fd48858eebf642c12f917c" committed_config { opid_index: -1 OBSOLETE_local: false peers { permanent_uuid: "0915cb8393bd4aeb85246436c17c7c2f" member_type: VOTER last_known_addr { host: "127.2.128.129" port: 37379 } health_report { overall_health: UNKNOWN } } peers { permanent_uuid: "04d47c933b42486cbb7ee7f94aa60b95" member_type: VOTER last_known_addr { host: "127.2.128.130" port: 34749 } health_report { overall_health: UNKNOWN } } peers { permanent_uuid: "22cd14a336fd48858eebf642c12f917c" member_type: VOTER last_known_addr { host: "127.2.128.131" port: 35829 } health_report { overall_health: HEALTHY } } }
I20260709 12:20:19.401556  3919 tablet_bootstrap.cc:654] T 88e4d7598c6c4e689579777d945232d6 P 04d47c933b42486cbb7ee7f94aa60b95: Neither blocks nor log segments found. Creating new log.
I20260709 12:20:19.403842  3920 ts_tablet_manager.cc:1434] T 88e4d7598c6c4e689579777d945232d6 P 22cd14a336fd48858eebf642c12f917c: Time spent starting tablet: real 0.056s	user 0.009s	sys 0.000s
I20260709 12:20:19.405310  3920 tablet_bootstrap.cc:492] T 24f5315ba18a42b68c952352b981ac9f P 22cd14a336fd48858eebf642c12f917c: Bootstrap starting.
I20260709 12:20:19.412474  3918 tablet_bootstrap.cc:492] T 88e4d7598c6c4e689579777d945232d6 P 0915cb8393bd4aeb85246436c17c7c2f: No bootstrap required, opened a new log
I20260709 12:20:19.412971  3918 ts_tablet_manager.cc:1403] T 88e4d7598c6c4e689579777d945232d6 P 0915cb8393bd4aeb85246436c17c7c2f: Time spent bootstrapping tablet: real 0.126s	user 0.021s	sys 0.000s
I20260709 12:20:19.416886  3918 raft_consensus.cc:359] T 88e4d7598c6c4e689579777d945232d6 P 0915cb8393bd4aeb85246436c17c7c2f [term 0 FOLLOWER]: Replica starting. Triggering 0 pending ops. Active config: opid_index: -1 OBSOLETE_local: false peers { permanent_uuid: "0915cb8393bd4aeb85246436c17c7c2f" member_type: VOTER last_known_addr { host: "127.2.128.129" port: 37379 } } peers { permanent_uuid: "04d47c933b42486cbb7ee7f94aa60b95" member_type: VOTER last_known_addr { host: "127.2.128.130" port: 34749 } } peers { permanent_uuid: "22cd14a336fd48858eebf642c12f917c" member_type: VOTER last_known_addr { host: "127.2.128.131" port: 35829 } }
I20260709 12:20:19.417557  3918 raft_consensus.cc:385] T 88e4d7598c6c4e689579777d945232d6 P 0915cb8393bd4aeb85246436c17c7c2f [term 0 FOLLOWER]: Consensus starting up: Expiring failure detector timer to make a prompt election more likely
I20260709 12:20:19.417815  3918 raft_consensus.cc:740] T 88e4d7598c6c4e689579777d945232d6 P 0915cb8393bd4aeb85246436c17c7c2f [term 0 FOLLOWER]: Becoming Follower/Learner. State: Replica: 0915cb8393bd4aeb85246436c17c7c2f, State: Initialized, Role: FOLLOWER
I20260709 12:20:19.418473  3918 consensus_queue.cc:260] T 88e4d7598c6c4e689579777d945232d6 P 0915cb8393bd4aeb85246436c17c7c2f [NON_LEADER]: Queue going to NON_LEADER mode. State: All replicated index: 0, Majority replicated index: 0, Committed index: 0, Last appended: 0.0, Last appended by leader: 0, Current term: 0, Majority size: -1, State: 0, Mode: NON_LEADER, active raft config: opid_index: -1 OBSOLETE_local: false peers { permanent_uuid: "0915cb8393bd4aeb85246436c17c7c2f" member_type: VOTER last_known_addr { host: "127.2.128.129" port: 37379 } } peers { permanent_uuid: "04d47c933b42486cbb7ee7f94aa60b95" member_type: VOTER last_known_addr { host: "127.2.128.130" port: 34749 } } peers { permanent_uuid: "22cd14a336fd48858eebf642c12f917c" member_type: VOTER last_known_addr { host: "127.2.128.131" port: 35829 } }
I20260709 12:20:19.420836  3626 catalog_manager.cc:5697] T 445b1ad906044ec98cec7c99b0ab4a06 P 04d47c933b42486cbb7ee7f94aa60b95 reported cstate change: term changed from 0 to 1, leader changed from <none> to 04d47c933b42486cbb7ee7f94aa60b95 (127.2.128.130). New cstate: current_term: 1 leader_uuid: "04d47c933b42486cbb7ee7f94aa60b95" committed_config { opid_index: -1 OBSOLETE_local: false peers { permanent_uuid: "0915cb8393bd4aeb85246436c17c7c2f" member_type: VOTER last_known_addr { host: "127.2.128.129" port: 37379 } health_report { overall_health: UNKNOWN } } peers { permanent_uuid: "04d47c933b42486cbb7ee7f94aa60b95" member_type: VOTER last_known_addr { host: "127.2.128.130" port: 34749 } health_report { overall_health: HEALTHY } } peers { permanent_uuid: "22cd14a336fd48858eebf642c12f917c" member_type: VOTER last_known_addr { host: "127.2.128.131" port: 35829 } health_report { overall_health: UNKNOWN } } }
I20260709 12:20:19.424754  3920 tablet_bootstrap.cc:654] T 24f5315ba18a42b68c952352b981ac9f P 22cd14a336fd48858eebf642c12f917c: Neither blocks nor log segments found. Creating new log.
I20260709 12:20:19.420893  3918 ts_tablet_manager.cc:1434] T 88e4d7598c6c4e689579777d945232d6 P 0915cb8393bd4aeb85246436c17c7c2f: Time spent starting tablet: real 0.008s	user 0.006s	sys 0.000s
I20260709 12:20:19.438261  4204 consensus_queue.cc:1048] T 157743680a3a4536a3f6a0845c764c04 P 04d47c933b42486cbb7ee7f94aa60b95 [LEADER]: Connected to new peer: Peer: permanent_uuid: "22cd14a336fd48858eebf642c12f917c" member_type: VOTER last_known_addr { host: "127.2.128.131" port: 35829 }, Status: LMP_MISMATCH, Last received: 0.0, Next index: 1, Last known committed idx: 0, Time since last communication: 0.000s
I20260709 12:20:19.438644  3918 tablet_bootstrap.cc:492] T 346d892c545f474797d822d669037d8a P 0915cb8393bd4aeb85246436c17c7c2f: Bootstrap starting.
I20260709 12:20:19.443948  4119 raft_consensus.cc:493] T 88e4d7598c6c4e689579777d945232d6 P 0915cb8393bd4aeb85246436c17c7c2f [term 0 FOLLOWER]: Starting pre-election (no leader contacted us within the election timeout)
I20260709 12:20:19.444494  4119 raft_consensus.cc:515] T 88e4d7598c6c4e689579777d945232d6 P 0915cb8393bd4aeb85246436c17c7c2f [term 0 FOLLOWER]: Starting pre-election with config: opid_index: -1 OBSOLETE_local: false peers { permanent_uuid: "0915cb8393bd4aeb85246436c17c7c2f" member_type: VOTER last_known_addr { host: "127.2.128.129" port: 37379 } } peers { permanent_uuid: "04d47c933b42486cbb7ee7f94aa60b95" member_type: VOTER last_known_addr { host: "127.2.128.130" port: 34749 } } peers { permanent_uuid: "22cd14a336fd48858eebf642c12f917c" member_type: VOTER last_known_addr { host: "127.2.128.131" port: 35829 } }
I20260709 12:20:19.446645  4119 leader_election.cc:290] T 88e4d7598c6c4e689579777d945232d6 P 0915cb8393bd4aeb85246436c17c7c2f [CANDIDATE]: Term 1 pre-election: Requested pre-vote from peers 04d47c933b42486cbb7ee7f94aa60b95 (127.2.128.130:34749), 22cd14a336fd48858eebf642c12f917c (127.2.128.131:35829)
I20260709 12:20:19.448287  3873 tablet_service.cc:1917] Received RequestConsensusVote() RPC: tablet_id: "88e4d7598c6c4e689579777d945232d6" candidate_uuid: "0915cb8393bd4aeb85246436c17c7c2f" candidate_term: 1 candidate_status { last_received { term: 0 index: 0 } } ignore_live_leader: false dest_uuid: "22cd14a336fd48858eebf642c12f917c" is_pre_election: true
I20260709 12:20:19.448962  3873 raft_consensus.cc:2468] T 88e4d7598c6c4e689579777d945232d6 P 22cd14a336fd48858eebf642c12f917c [term 0 FOLLOWER]: Leader pre-election vote request: Granting yes vote for candidate 0915cb8393bd4aeb85246436c17c7c2f in term 0.
I20260709 12:20:19.450112  3918 tablet_bootstrap.cc:654] T 346d892c545f474797d822d669037d8a P 0915cb8393bd4aeb85246436c17c7c2f: Neither blocks nor log segments found. Creating new log.
I20260709 12:20:19.450434  3802 tablet_service.cc:1917] Received RequestConsensusVote() RPC: tablet_id: "88e4d7598c6c4e689579777d945232d6" candidate_uuid: "0915cb8393bd4aeb85246436c17c7c2f" candidate_term: 1 candidate_status { last_received { term: 0 index: 0 } } ignore_live_leader: false dest_uuid: "04d47c933b42486cbb7ee7f94aa60b95" is_pre_election: true
I20260709 12:20:19.450130  3691 leader_election.cc:304] T 88e4d7598c6c4e689579777d945232d6 P 0915cb8393bd4aeb85246436c17c7c2f [CANDIDATE]: Term 1 pre-election: Election decided. Result: candidate won. Election summary: received 2 responses out of 3 voters: 2 yes votes; 0 no votes. yes voters: 0915cb8393bd4aeb85246436c17c7c2f, 22cd14a336fd48858eebf642c12f917c; no voters: 
I20260709 12:20:19.452135  4119 raft_consensus.cc:2804] T 88e4d7598c6c4e689579777d945232d6 P 0915cb8393bd4aeb85246436c17c7c2f [term 0 FOLLOWER]: Leader pre-election won for term 1
I20260709 12:20:19.452494  4119 raft_consensus.cc:493] T 88e4d7598c6c4e689579777d945232d6 P 0915cb8393bd4aeb85246436c17c7c2f [term 0 FOLLOWER]: Starting leader election (no leader contacted us within the election timeout)
I20260709 12:20:19.452841  4119 raft_consensus.cc:3060] T 88e4d7598c6c4e689579777d945232d6 P 0915cb8393bd4aeb85246436c17c7c2f [term 0 FOLLOWER]: Advancing to term 1
W20260709 12:20:19.457154  3691 leader_election.cc:343] T 88e4d7598c6c4e689579777d945232d6 P 0915cb8393bd4aeb85246436c17c7c2f [CANDIDATE]: Term 1 pre-election: Tablet error from VoteRequest() call to peer 04d47c933b42486cbb7ee7f94aa60b95 (127.2.128.130:34749): Illegal state: must be running to vote when last-logged opid is not known
I20260709 12:20:19.464774  3918 tablet_bootstrap.cc:492] T 346d892c545f474797d822d669037d8a P 0915cb8393bd4aeb85246436c17c7c2f: No bootstrap required, opened a new log
I20260709 12:20:19.465274  3918 ts_tablet_manager.cc:1403] T 346d892c545f474797d822d669037d8a P 0915cb8393bd4aeb85246436c17c7c2f: Time spent bootstrapping tablet: real 0.027s	user 0.017s	sys 0.000s
I20260709 12:20:19.466125  3623 catalog_manager.cc:5697] T 8ced4500a00e4039943f9034fd6aa782 P 22cd14a336fd48858eebf642c12f917c reported cstate change: term changed from 0 to 1, leader changed from <none> to 22cd14a336fd48858eebf642c12f917c (127.2.128.131). New cstate: current_term: 1 leader_uuid: "22cd14a336fd48858eebf642c12f917c" committed_config { opid_index: -1 OBSOLETE_local: false peers { permanent_uuid: "0915cb8393bd4aeb85246436c17c7c2f" member_type: VOTER last_known_addr { host: "127.2.128.129" port: 37379 } health_report { overall_health: UNKNOWN } } peers { permanent_uuid: "04d47c933b42486cbb7ee7f94aa60b95" member_type: VOTER last_known_addr { host: "127.2.128.130" port: 34749 } health_report { overall_health: UNKNOWN } } peers { permanent_uuid: "22cd14a336fd48858eebf642c12f917c" member_type: VOTER last_known_addr { host: "127.2.128.131" port: 35829 } health_report { overall_health: HEALTHY } } }
I20260709 12:20:19.468101  3918 raft_consensus.cc:359] T 346d892c545f474797d822d669037d8a P 0915cb8393bd4aeb85246436c17c7c2f [term 0 FOLLOWER]: Replica starting. Triggering 0 pending ops. Active config: opid_index: -1 OBSOLETE_local: false peers { permanent_uuid: "0915cb8393bd4aeb85246436c17c7c2f" member_type: VOTER last_known_addr { host: "127.2.128.129" port: 37379 } } peers { permanent_uuid: "04d47c933b42486cbb7ee7f94aa60b95" member_type: VOTER last_known_addr { host: "127.2.128.130" port: 34749 } } peers { permanent_uuid: "22cd14a336fd48858eebf642c12f917c" member_type: VOTER last_known_addr { host: "127.2.128.131" port: 35829 } }
I20260709 12:20:19.468806  3918 raft_consensus.cc:385] T 346d892c545f474797d822d669037d8a P 0915cb8393bd4aeb85246436c17c7c2f [term 0 FOLLOWER]: Consensus starting up: Expiring failure detector timer to make a prompt election more likely
I20260709 12:20:19.469084  3918 raft_consensus.cc:740] T 346d892c545f474797d822d669037d8a P 0915cb8393bd4aeb85246436c17c7c2f [term 0 FOLLOWER]: Becoming Follower/Learner. State: Replica: 0915cb8393bd4aeb85246436c17c7c2f, State: Initialized, Role: FOLLOWER
I20260709 12:20:19.469839  3918 consensus_queue.cc:260] T 346d892c545f474797d822d669037d8a P 0915cb8393bd4aeb85246436c17c7c2f [NON_LEADER]: Queue going to NON_LEADER mode. State: All replicated index: 0, Majority replicated index: 0, Committed index: 0, Last appended: 0.0, Last appended by leader: 0, Current term: 0, Majority size: -1, State: 0, Mode: NON_LEADER, active raft config: opid_index: -1 OBSOLETE_local: false peers { permanent_uuid: "0915cb8393bd4aeb85246436c17c7c2f" member_type: VOTER last_known_addr { host: "127.2.128.129" port: 37379 } } peers { permanent_uuid: "04d47c933b42486cbb7ee7f94aa60b95" member_type: VOTER last_known_addr { host: "127.2.128.130" port: 34749 } } peers { permanent_uuid: "22cd14a336fd48858eebf642c12f917c" member_type: VOTER last_known_addr { host: "127.2.128.131" port: 35829 } }
I20260709 12:20:19.472277  4119 raft_consensus.cc:515] T 88e4d7598c6c4e689579777d945232d6 P 0915cb8393bd4aeb85246436c17c7c2f [term 1 FOLLOWER]: Starting leader election with config: opid_index: -1 OBSOLETE_local: false peers { permanent_uuid: "0915cb8393bd4aeb85246436c17c7c2f" member_type: VOTER last_known_addr { host: "127.2.128.129" port: 37379 } } peers { permanent_uuid: "04d47c933b42486cbb7ee7f94aa60b95" member_type: VOTER last_known_addr { host: "127.2.128.130" port: 34749 } } peers { permanent_uuid: "22cd14a336fd48858eebf642c12f917c" member_type: VOTER last_known_addr { host: "127.2.128.131" port: 35829 } }
I20260709 12:20:19.476224  3873 tablet_service.cc:1917] Received RequestConsensusVote() RPC: tablet_id: "88e4d7598c6c4e689579777d945232d6" candidate_uuid: "0915cb8393bd4aeb85246436c17c7c2f" candidate_term: 1 candidate_status { last_received { term: 0 index: 0 } } ignore_live_leader: false dest_uuid: "22cd14a336fd48858eebf642c12f917c"
I20260709 12:20:19.476861  3873 raft_consensus.cc:3060] T 88e4d7598c6c4e689579777d945232d6 P 22cd14a336fd48858eebf642c12f917c [term 0 FOLLOWER]: Advancing to term 1
I20260709 12:20:19.472321  3918 ts_tablet_manager.cc:1434] T 346d892c545f474797d822d669037d8a P 0915cb8393bd4aeb85246436c17c7c2f: Time spent starting tablet: real 0.007s	user 0.008s	sys 0.000s
I20260709 12:20:19.484064  3873 raft_consensus.cc:2468] T 88e4d7598c6c4e689579777d945232d6 P 22cd14a336fd48858eebf642c12f917c [term 1 FOLLOWER]: Leader election vote request: Granting yes vote for candidate 0915cb8393bd4aeb85246436c17c7c2f in term 1.
I20260709 12:20:19.485200  3691 leader_election.cc:304] T 88e4d7598c6c4e689579777d945232d6 P 0915cb8393bd4aeb85246436c17c7c2f [CANDIDATE]: Term 1 election: Election decided. Result: candidate won. Election summary: received 2 responses out of 3 voters: 2 yes votes; 0 no votes. yes voters: 0915cb8393bd4aeb85246436c17c7c2f, 22cd14a336fd48858eebf642c12f917c; no voters: 
I20260709 12:20:19.485981  4175 raft_consensus.cc:2804] T 88e4d7598c6c4e689579777d945232d6 P 0915cb8393bd4aeb85246436c17c7c2f [term 1 FOLLOWER]: Leader election won for term 1
I20260709 12:20:19.486599  4175 raft_consensus.cc:697] T 88e4d7598c6c4e689579777d945232d6 P 0915cb8393bd4aeb85246436c17c7c2f [term 1 LEADER]: Becoming Leader. State: Replica: 0915cb8393bd4aeb85246436c17c7c2f, State: Running, Role: LEADER
I20260709 12:20:19.487627  4175 consensus_queue.cc:237] T 88e4d7598c6c4e689579777d945232d6 P 0915cb8393bd4aeb85246436c17c7c2f [LEADER]: Queue going to LEADER mode. State: All replicated index: 0, Majority replicated index: 0, Committed index: 0, Last appended: 0.0, Last appended by leader: 0, Current term: 1, Majority size: 2, State: 0, Mode: LEADER, active raft config: opid_index: -1 OBSOLETE_local: false peers { permanent_uuid: "0915cb8393bd4aeb85246436c17c7c2f" member_type: VOTER last_known_addr { host: "127.2.128.129" port: 37379 } } peers { permanent_uuid: "04d47c933b42486cbb7ee7f94aa60b95" member_type: VOTER last_known_addr { host: "127.2.128.130" port: 34749 } } peers { permanent_uuid: "22cd14a336fd48858eebf642c12f917c" member_type: VOTER last_known_addr { host: "127.2.128.131" port: 35829 } }
I20260709 12:20:19.489852  3802 tablet_service.cc:1917] Received RequestConsensusVote() RPC: tablet_id: "88e4d7598c6c4e689579777d945232d6" candidate_uuid: "0915cb8393bd4aeb85246436c17c7c2f" candidate_term: 1 candidate_status { last_received { term: 0 index: 0 } } ignore_live_leader: false dest_uuid: "04d47c933b42486cbb7ee7f94aa60b95"
I20260709 12:20:19.490324  4119 leader_election.cc:290] T 88e4d7598c6c4e689579777d945232d6 P 0915cb8393bd4aeb85246436c17c7c2f [CANDIDATE]: Term 1 election: Requested vote from peers 04d47c933b42486cbb7ee7f94aa60b95 (127.2.128.130:34749), 22cd14a336fd48858eebf642c12f917c (127.2.128.131:35829)
I20260709 12:20:19.490986  3918 tablet_bootstrap.cc:492] T 24f5315ba18a42b68c952352b981ac9f P 0915cb8393bd4aeb85246436c17c7c2f: Bootstrap starting.
W20260709 12:20:19.530732  3691 leader_election.cc:343] T 88e4d7598c6c4e689579777d945232d6 P 0915cb8393bd4aeb85246436c17c7c2f [CANDIDATE]: Term 1 election: Tablet error from VoteRequest() call to peer 04d47c933b42486cbb7ee7f94aa60b95 (127.2.128.130:34749): Illegal state: must be running to vote when last-logged opid is not known
I20260709 12:20:19.540004  3919 tablet_bootstrap.cc:492] T 88e4d7598c6c4e689579777d945232d6 P 04d47c933b42486cbb7ee7f94aa60b95: No bootstrap required, opened a new log
I20260709 12:20:19.540509  3919 ts_tablet_manager.cc:1403] T 88e4d7598c6c4e689579777d945232d6 P 04d47c933b42486cbb7ee7f94aa60b95: Time spent bootstrapping tablet: real 0.193s	user 0.028s	sys 0.020s
I20260709 12:20:19.548658  3918 tablet_bootstrap.cc:654] T 24f5315ba18a42b68c952352b981ac9f P 0915cb8393bd4aeb85246436c17c7c2f: Neither blocks nor log segments found. Creating new log.
I20260709 12:20:19.549409  4108 consensus_queue.cc:1048] T 157743680a3a4536a3f6a0845c764c04 P 04d47c933b42486cbb7ee7f94aa60b95 [LEADER]: Connected to new peer: Peer: permanent_uuid: "0915cb8393bd4aeb85246436c17c7c2f" member_type: VOTER last_known_addr { host: "127.2.128.129" port: 37379 }, Status: LMP_MISMATCH, Last received: 0.0, Next index: 1, Last known committed idx: 0, Time since last communication: 0.006s
I20260709 12:20:19.560235  4190 raft_consensus.cc:493] T 3d8647b96b58427980dc7be9a29559d4 P 22cd14a336fd48858eebf642c12f917c [term 0 FOLLOWER]: Starting pre-election (no leader contacted us within the election timeout)
I20260709 12:20:19.560791  4190 raft_consensus.cc:515] T 3d8647b96b58427980dc7be9a29559d4 P 22cd14a336fd48858eebf642c12f917c [term 0 FOLLOWER]: Starting pre-election with config: opid_index: -1 OBSOLETE_local: false peers { permanent_uuid: "0915cb8393bd4aeb85246436c17c7c2f" member_type: VOTER last_known_addr { host: "127.2.128.129" port: 37379 } } peers { permanent_uuid: "04d47c933b42486cbb7ee7f94aa60b95" member_type: VOTER last_known_addr { host: "127.2.128.130" port: 34749 } } peers { permanent_uuid: "22cd14a336fd48858eebf642c12f917c" member_type: VOTER last_known_addr { host: "127.2.128.131" port: 35829 } }
I20260709 12:20:19.568329  3622 catalog_manager.cc:5697] T 88e4d7598c6c4e689579777d945232d6 P 0915cb8393bd4aeb85246436c17c7c2f reported cstate change: term changed from 0 to 1, leader changed from <none> to 0915cb8393bd4aeb85246436c17c7c2f (127.2.128.129). New cstate: current_term: 1 leader_uuid: "0915cb8393bd4aeb85246436c17c7c2f" committed_config { opid_index: -1 OBSOLETE_local: false peers { permanent_uuid: "0915cb8393bd4aeb85246436c17c7c2f" member_type: VOTER last_known_addr { host: "127.2.128.129" port: 37379 } health_report { overall_health: HEALTHY } } peers { permanent_uuid: "04d47c933b42486cbb7ee7f94aa60b95" member_type: VOTER last_known_addr { host: "127.2.128.130" port: 34749 } health_report { overall_health: UNKNOWN } } peers { permanent_uuid: "22cd14a336fd48858eebf642c12f917c" member_type: VOTER last_known_addr { host: "127.2.128.131" port: 35829 } health_report { overall_health: UNKNOWN } } }
I20260709 12:20:19.570552  4190 leader_election.cc:290] T 3d8647b96b58427980dc7be9a29559d4 P 22cd14a336fd48858eebf642c12f917c [CANDIDATE]: Term 1 pre-election: Requested pre-vote from peers 0915cb8393bd4aeb85246436c17c7c2f (127.2.128.129:37379), 04d47c933b42486cbb7ee7f94aa60b95 (127.2.128.130:34749)
I20260709 12:20:19.571928  3803 tablet_service.cc:1917] Received RequestConsensusVote() RPC: tablet_id: "3d8647b96b58427980dc7be9a29559d4" candidate_uuid: "22cd14a336fd48858eebf642c12f917c" candidate_term: 1 candidate_status { last_received { term: 0 index: 0 } } ignore_live_leader: false dest_uuid: "04d47c933b42486cbb7ee7f94aa60b95" is_pre_election: true
I20260709 12:20:19.573217  3723 tablet_service.cc:1917] Received RequestConsensusVote() RPC: tablet_id: "3d8647b96b58427980dc7be9a29559d4" candidate_uuid: "22cd14a336fd48858eebf642c12f917c" candidate_term: 1 candidate_status { last_received { term: 0 index: 0 } } ignore_live_leader: false dest_uuid: "0915cb8393bd4aeb85246436c17c7c2f" is_pre_election: true
W20260709 12:20:19.574760  3841 leader_election.cc:343] T 3d8647b96b58427980dc7be9a29559d4 P 22cd14a336fd48858eebf642c12f917c [CANDIDATE]: Term 1 pre-election: Tablet error from VoteRequest() call to peer 04d47c933b42486cbb7ee7f94aa60b95 (127.2.128.130:34749): Illegal state: must be running to vote when last-logged opid is not known
W20260709 12:20:19.576285  3843 leader_election.cc:343] T 3d8647b96b58427980dc7be9a29559d4 P 22cd14a336fd48858eebf642c12f917c [CANDIDATE]: Term 1 pre-election: Tablet error from VoteRequest() call to peer 0915cb8393bd4aeb85246436c17c7c2f (127.2.128.129:37379): Illegal state: must be running to vote when last-logged opid is not known
I20260709 12:20:19.576778  3920 tablet_bootstrap.cc:492] T 24f5315ba18a42b68c952352b981ac9f P 22cd14a336fd48858eebf642c12f917c: No bootstrap required, opened a new log
I20260709 12:20:19.576694  3843 leader_election.cc:304] T 3d8647b96b58427980dc7be9a29559d4 P 22cd14a336fd48858eebf642c12f917c [CANDIDATE]: Term 1 pre-election: Election decided. Result: candidate lost. Election summary: received 3 responses out of 3 voters: 1 yes votes; 2 no votes. yes voters: 22cd14a336fd48858eebf642c12f917c; no voters: 04d47c933b42486cbb7ee7f94aa60b95, 0915cb8393bd4aeb85246436c17c7c2f
I20260709 12:20:19.577239  3920 ts_tablet_manager.cc:1403] T 24f5315ba18a42b68c952352b981ac9f P 22cd14a336fd48858eebf642c12f917c: Time spent bootstrapping tablet: real 0.172s	user 0.018s	sys 0.029s
I20260709 12:20:19.578917  4190 raft_consensus.cc:2749] T 3d8647b96b58427980dc7be9a29559d4 P 22cd14a336fd48858eebf642c12f917c [term 0 FOLLOWER]: Leader pre-election lost for term 1. Reason: could not achieve majority
I20260709 12:20:19.580963  3920 raft_consensus.cc:359] T 24f5315ba18a42b68c952352b981ac9f P 22cd14a336fd48858eebf642c12f917c [term 0 FOLLOWER]: Replica starting. Triggering 0 pending ops. Active config: opid_index: -1 OBSOLETE_local: false peers { permanent_uuid: "0915cb8393bd4aeb85246436c17c7c2f" member_type: VOTER last_known_addr { host: "127.2.128.129" port: 37379 } } peers { permanent_uuid: "04d47c933b42486cbb7ee7f94aa60b95" member_type: VOTER last_known_addr { host: "127.2.128.130" port: 34749 } } peers { permanent_uuid: "22cd14a336fd48858eebf642c12f917c" member_type: VOTER last_known_addr { host: "127.2.128.131" port: 35829 } }
I20260709 12:20:19.581662  3920 raft_consensus.cc:385] T 24f5315ba18a42b68c952352b981ac9f P 22cd14a336fd48858eebf642c12f917c [term 0 FOLLOWER]: Consensus starting up: Expiring failure detector timer to make a prompt election more likely
I20260709 12:20:19.581964  3920 raft_consensus.cc:740] T 24f5315ba18a42b68c952352b981ac9f P 22cd14a336fd48858eebf642c12f917c [term 0 FOLLOWER]: Becoming Follower/Learner. State: Replica: 22cd14a336fd48858eebf642c12f917c, State: Initialized, Role: FOLLOWER
I20260709 12:20:19.582731  3920 consensus_queue.cc:260] T 24f5315ba18a42b68c952352b981ac9f P 22cd14a336fd48858eebf642c12f917c [NON_LEADER]: Queue going to NON_LEADER mode. State: All replicated index: 0, Majority replicated index: 0, Committed index: 0, Last appended: 0.0, Last appended by leader: 0, Current term: 0, Majority size: -1, State: 0, Mode: NON_LEADER, active raft config: opid_index: -1 OBSOLETE_local: false peers { permanent_uuid: "0915cb8393bd4aeb85246436c17c7c2f" member_type: VOTER last_known_addr { host: "127.2.128.129" port: 37379 } } peers { permanent_uuid: "04d47c933b42486cbb7ee7f94aa60b95" member_type: VOTER last_known_addr { host: "127.2.128.130" port: 34749 } } peers { permanent_uuid: "22cd14a336fd48858eebf642c12f917c" member_type: VOTER last_known_addr { host: "127.2.128.131" port: 35829 } }
I20260709 12:20:19.585891  4055 raft_consensus.cc:493] T a6c26b84260749b888f054c833d04f1b P 0915cb8393bd4aeb85246436c17c7c2f [term 0 FOLLOWER]: Starting pre-election (no leader contacted us within the election timeout)
I20260709 12:20:19.586639  4055 raft_consensus.cc:515] T a6c26b84260749b888f054c833d04f1b P 0915cb8393bd4aeb85246436c17c7c2f [term 0 FOLLOWER]: Starting pre-election with config: opid_index: -1 OBSOLETE_local: false peers { permanent_uuid: "0915cb8393bd4aeb85246436c17c7c2f" member_type: VOTER last_known_addr { host: "127.2.128.129" port: 37379 } } peers { permanent_uuid: "04d47c933b42486cbb7ee7f94aa60b95" member_type: VOTER last_known_addr { host: "127.2.128.130" port: 34749 } } peers { permanent_uuid: "22cd14a336fd48858eebf642c12f917c" member_type: VOTER last_known_addr { host: "127.2.128.131" port: 35829 } }
I20260709 12:20:19.589515  4055 leader_election.cc:290] T a6c26b84260749b888f054c833d04f1b P 0915cb8393bd4aeb85246436c17c7c2f [CANDIDATE]: Term 1 pre-election: Requested pre-vote from peers 04d47c933b42486cbb7ee7f94aa60b95 (127.2.128.130:34749), 22cd14a336fd48858eebf642c12f917c (127.2.128.131:35829)
I20260709 12:20:19.590760  3877 tablet_service.cc:1917] Received RequestConsensusVote() RPC: tablet_id: "a6c26b84260749b888f054c833d04f1b" candidate_uuid: "0915cb8393bd4aeb85246436c17c7c2f" candidate_term: 1 candidate_status { last_received { term: 0 index: 0 } } ignore_live_leader: false dest_uuid: "22cd14a336fd48858eebf642c12f917c" is_pre_election: true
I20260709 12:20:19.595160  3920 ts_tablet_manager.cc:1434] T 24f5315ba18a42b68c952352b981ac9f P 22cd14a336fd48858eebf642c12f917c: Time spent starting tablet: real 0.018s	user 0.008s	sys 0.000s
W20260709 12:20:19.594146  3691 leader_election.cc:343] T a6c26b84260749b888f054c833d04f1b P 0915cb8393bd4aeb85246436c17c7c2f [CANDIDATE]: Term 1 pre-election: Tablet error from VoteRequest() call to peer 22cd14a336fd48858eebf642c12f917c (127.2.128.131:35829): Illegal state: must be running to vote when last-logged opid is not known
I20260709 12:20:19.592964  3803 tablet_service.cc:1917] Received RequestConsensusVote() RPC: tablet_id: "a6c26b84260749b888f054c833d04f1b" candidate_uuid: "0915cb8393bd4aeb85246436c17c7c2f" candidate_term: 1 candidate_status { last_received { term: 0 index: 0 } } ignore_live_leader: false dest_uuid: "04d47c933b42486cbb7ee7f94aa60b95" is_pre_election: true
W20260709 12:20:19.598189  3691 leader_election.cc:343] T a6c26b84260749b888f054c833d04f1b P 0915cb8393bd4aeb85246436c17c7c2f [CANDIDATE]: Term 1 pre-election: Tablet error from VoteRequest() call to peer 04d47c933b42486cbb7ee7f94aa60b95 (127.2.128.130:34749): Illegal state: must be running to vote when last-logged opid is not known
I20260709 12:20:19.598832  3691 leader_election.cc:304] T a6c26b84260749b888f054c833d04f1b P 0915cb8393bd4aeb85246436c17c7c2f [CANDIDATE]: Term 1 pre-election: Election decided. Result: candidate lost. Election summary: received 3 responses out of 3 voters: 1 yes votes; 2 no votes. yes voters: 0915cb8393bd4aeb85246436c17c7c2f; no voters: 04d47c933b42486cbb7ee7f94aa60b95, 22cd14a336fd48858eebf642c12f917c
I20260709 12:20:19.600781  4055 raft_consensus.cc:2749] T a6c26b84260749b888f054c833d04f1b P 0915cb8393bd4aeb85246436c17c7c2f [term 0 FOLLOWER]: Leader pre-election lost for term 1. Reason: could not achieve majority
I20260709 12:20:19.604606  3920 tablet_bootstrap.cc:492] T 94d249abdc844017b9cedee3042377bf P 22cd14a336fd48858eebf642c12f917c: Bootstrap starting.
I20260709 12:20:19.609539  3919 raft_consensus.cc:359] T 88e4d7598c6c4e689579777d945232d6 P 04d47c933b42486cbb7ee7f94aa60b95 [term 0 FOLLOWER]: Replica starting. Triggering 0 pending ops. Active config: opid_index: -1 OBSOLETE_local: false peers { permanent_uuid: "0915cb8393bd4aeb85246436c17c7c2f" member_type: VOTER last_known_addr { host: "127.2.128.129" port: 37379 } } peers { permanent_uuid: "04d47c933b42486cbb7ee7f94aa60b95" member_type: VOTER last_known_addr { host: "127.2.128.130" port: 34749 } } peers { permanent_uuid: "22cd14a336fd48858eebf642c12f917c" member_type: VOTER last_known_addr { host: "127.2.128.131" port: 35829 } }
I20260709 12:20:19.610261  3919 raft_consensus.cc:385] T 88e4d7598c6c4e689579777d945232d6 P 04d47c933b42486cbb7ee7f94aa60b95 [term 0 FOLLOWER]: Consensus starting up: Expiring failure detector timer to make a prompt election more likely
I20260709 12:20:19.616545  3919 raft_consensus.cc:740] T 88e4d7598c6c4e689579777d945232d6 P 04d47c933b42486cbb7ee7f94aa60b95 [term 0 FOLLOWER]: Becoming Follower/Learner. State: Replica: 04d47c933b42486cbb7ee7f94aa60b95, State: Initialized, Role: FOLLOWER
I20260709 12:20:19.612730  3920 tablet_bootstrap.cc:654] T 94d249abdc844017b9cedee3042377bf P 22cd14a336fd48858eebf642c12f917c: Neither blocks nor log segments found. Creating new log.
I20260709 12:20:19.618374  3919 consensus_queue.cc:260] T 88e4d7598c6c4e689579777d945232d6 P 04d47c933b42486cbb7ee7f94aa60b95 [NON_LEADER]: Queue going to NON_LEADER mode. State: All replicated index: 0, Majority replicated index: 0, Committed index: 0, Last appended: 0.0, Last appended by leader: 0, Current term: 0, Majority size: -1, State: 0, Mode: NON_LEADER, active raft config: opid_index: -1 OBSOLETE_local: false peers { permanent_uuid: "0915cb8393bd4aeb85246436c17c7c2f" member_type: VOTER last_known_addr { host: "127.2.128.129" port: 37379 } } peers { permanent_uuid: "04d47c933b42486cbb7ee7f94aa60b95" member_type: VOTER last_known_addr { host: "127.2.128.130" port: 34749 } } peers { permanent_uuid: "22cd14a336fd48858eebf642c12f917c" member_type: VOTER last_known_addr { host: "127.2.128.131" port: 35829 } }
I20260709 12:20:19.620440  3919 ts_tablet_manager.cc:1434] T 88e4d7598c6c4e689579777d945232d6 P 04d47c933b42486cbb7ee7f94aa60b95: Time spent starting tablet: real 0.079s	user 0.006s	sys 0.002s
I20260709 12:20:19.621421  3919 tablet_bootstrap.cc:492] T 760013fb856d421fa292f2c061e90ce0 P 04d47c933b42486cbb7ee7f94aa60b95: Bootstrap starting.
I20260709 12:20:19.626814  3918 tablet_bootstrap.cc:492] T 24f5315ba18a42b68c952352b981ac9f P 0915cb8393bd4aeb85246436c17c7c2f: No bootstrap required, opened a new log
I20260709 12:20:19.627538  3918 ts_tablet_manager.cc:1403] T 24f5315ba18a42b68c952352b981ac9f P 0915cb8393bd4aeb85246436c17c7c2f: Time spent bootstrapping tablet: real 0.139s	user 0.021s	sys 0.023s
I20260709 12:20:19.628010  3919 tablet_bootstrap.cc:654] T 760013fb856d421fa292f2c061e90ce0 P 04d47c933b42486cbb7ee7f94aa60b95: Neither blocks nor log segments found. Creating new log.
I20260709 12:20:19.629518  4190 consensus_queue.cc:1048] T ab4f6c03bb3e4108ab1d5157417da452 P 22cd14a336fd48858eebf642c12f917c [LEADER]: Connected to new peer: Peer: permanent_uuid: "0915cb8393bd4aeb85246436c17c7c2f" member_type: VOTER last_known_addr { host: "127.2.128.129" port: 37379 }, Status: LMP_MISMATCH, Last received: 0.0, Next index: 1, Last known committed idx: 0, Time since last communication: 0.000s
I20260709 12:20:19.636390  3918 raft_consensus.cc:359] T 24f5315ba18a42b68c952352b981ac9f P 0915cb8393bd4aeb85246436c17c7c2f [term 0 FOLLOWER]: Replica starting. Triggering 0 pending ops. Active config: opid_index: -1 OBSOLETE_local: false peers { permanent_uuid: "0915cb8393bd4aeb85246436c17c7c2f" member_type: VOTER last_known_addr { host: "127.2.128.129" port: 37379 } } peers { permanent_uuid: "04d47c933b42486cbb7ee7f94aa60b95" member_type: VOTER last_known_addr { host: "127.2.128.130" port: 34749 } } peers { permanent_uuid: "22cd14a336fd48858eebf642c12f917c" member_type: VOTER last_known_addr { host: "127.2.128.131" port: 35829 } }
I20260709 12:20:19.638316  3918 raft_consensus.cc:385] T 24f5315ba18a42b68c952352b981ac9f P 0915cb8393bd4aeb85246436c17c7c2f [term 0 FOLLOWER]: Consensus starting up: Expiring failure detector timer to make a prompt election more likely
I20260709 12:20:19.639039  3918 raft_consensus.cc:740] T 24f5315ba18a42b68c952352b981ac9f P 0915cb8393bd4aeb85246436c17c7c2f [term 0 FOLLOWER]: Becoming Follower/Learner. State: Replica: 0915cb8393bd4aeb85246436c17c7c2f, State: Initialized, Role: FOLLOWER
I20260709 12:20:19.640377  3918 consensus_queue.cc:260] T 24f5315ba18a42b68c952352b981ac9f P 0915cb8393bd4aeb85246436c17c7c2f [NON_LEADER]: Queue going to NON_LEADER mode. State: All replicated index: 0, Majority replicated index: 0, Committed index: 0, Last appended: 0.0, Last appended by leader: 0, Current term: 0, Majority size: -1, State: 0, Mode: NON_LEADER, active raft config: opid_index: -1 OBSOLETE_local: false peers { permanent_uuid: "0915cb8393bd4aeb85246436c17c7c2f" member_type: VOTER last_known_addr { host: "127.2.128.129" port: 37379 } } peers { permanent_uuid: "04d47c933b42486cbb7ee7f94aa60b95" member_type: VOTER last_known_addr { host: "127.2.128.130" port: 34749 } } peers { permanent_uuid: "22cd14a336fd48858eebf642c12f917c" member_type: VOTER last_known_addr { host: "127.2.128.131" port: 35829 } }
I20260709 12:20:19.637848  3920 tablet_bootstrap.cc:492] T 94d249abdc844017b9cedee3042377bf P 22cd14a336fd48858eebf642c12f917c: No bootstrap required, opened a new log
I20260709 12:20:19.643638  4181 raft_consensus.cc:493] T ab4f6c03bb3e4108ab1d5157417da452 P 04d47c933b42486cbb7ee7f94aa60b95 [term 0 FOLLOWER]: Starting pre-election (no leader contacted us within the election timeout)
I20260709 12:20:19.648447  3920 ts_tablet_manager.cc:1403] T 94d249abdc844017b9cedee3042377bf P 22cd14a336fd48858eebf642c12f917c: Time spent bootstrapping tablet: real 0.044s	user 0.010s	sys 0.002s
I20260709 12:20:19.648258  4181 raft_consensus.cc:515] T ab4f6c03bb3e4108ab1d5157417da452 P 04d47c933b42486cbb7ee7f94aa60b95 [term 0 FOLLOWER]: Starting pre-election with config: opid_index: -1 OBSOLETE_local: false peers { permanent_uuid: "0915cb8393bd4aeb85246436c17c7c2f" member_type: VOTER last_known_addr { host: "127.2.128.129" port: 37379 } } peers { permanent_uuid: "04d47c933b42486cbb7ee7f94aa60b95" member_type: VOTER last_known_addr { host: "127.2.128.130" port: 34749 } } peers { permanent_uuid: "22cd14a336fd48858eebf642c12f917c" member_type: VOTER last_known_addr { host: "127.2.128.131" port: 35829 } }
I20260709 12:20:19.651505  3723 tablet_service.cc:1917] Received RequestConsensusVote() RPC: tablet_id: "ab4f6c03bb3e4108ab1d5157417da452" candidate_uuid: "04d47c933b42486cbb7ee7f94aa60b95" candidate_term: 1 candidate_status { last_received { term: 0 index: 0 } } ignore_live_leader: false dest_uuid: "0915cb8393bd4aeb85246436c17c7c2f" is_pre_election: true
I20260709 12:20:19.654004  4181 leader_election.cc:290] T ab4f6c03bb3e4108ab1d5157417da452 P 04d47c933b42486cbb7ee7f94aa60b95 [CANDIDATE]: Term 1 pre-election: Requested pre-vote from peers 0915cb8393bd4aeb85246436c17c7c2f (127.2.128.129:37379), 22cd14a336fd48858eebf642c12f917c (127.2.128.131:35829)
I20260709 12:20:19.645267  4055 raft_consensus.cc:493] T 346d892c545f474797d822d669037d8a P 0915cb8393bd4aeb85246436c17c7c2f [term 0 FOLLOWER]: Starting pre-election (no leader contacted us within the election timeout)
I20260709 12:20:19.654747  4055 raft_consensus.cc:515] T 346d892c545f474797d822d669037d8a P 0915cb8393bd4aeb85246436c17c7c2f [term 0 FOLLOWER]: Starting pre-election with config: opid_index: -1 OBSOLETE_local: false peers { permanent_uuid: "0915cb8393bd4aeb85246436c17c7c2f" member_type: VOTER last_known_addr { host: "127.2.128.129" port: 37379 } } peers { permanent_uuid: "04d47c933b42486cbb7ee7f94aa60b95" member_type: VOTER last_known_addr { host: "127.2.128.130" port: 34749 } } peers { permanent_uuid: "22cd14a336fd48858eebf642c12f917c" member_type: VOTER last_known_addr { host: "127.2.128.131" port: 35829 } }
I20260709 12:20:19.655141  3873 tablet_service.cc:1917] Received RequestConsensusVote() RPC: tablet_id: "ab4f6c03bb3e4108ab1d5157417da452" candidate_uuid: "04d47c933b42486cbb7ee7f94aa60b95" candidate_term: 1 candidate_status { last_received { term: 0 index: 0 } } ignore_live_leader: false dest_uuid: "22cd14a336fd48858eebf642c12f917c" is_pre_election: true
I20260709 12:20:19.656956  4055 leader_election.cc:290] T 346d892c545f474797d822d669037d8a P 0915cb8393bd4aeb85246436c17c7c2f [CANDIDATE]: Term 1 pre-election: Requested pre-vote from peers 04d47c933b42486cbb7ee7f94aa60b95 (127.2.128.130:34749), 22cd14a336fd48858eebf642c12f917c (127.2.128.131:35829)
I20260709 12:20:19.654825  3920 raft_consensus.cc:359] T 94d249abdc844017b9cedee3042377bf P 22cd14a336fd48858eebf642c12f917c [term 0 FOLLOWER]: Replica starting. Triggering 0 pending ops. Active config: opid_index: -1 OBSOLETE_local: false peers { permanent_uuid: "0915cb8393bd4aeb85246436c17c7c2f" member_type: VOTER last_known_addr { host: "127.2.128.129" port: 37379 } } peers { permanent_uuid: "04d47c933b42486cbb7ee7f94aa60b95" member_type: VOTER last_known_addr { host: "127.2.128.130" port: 34749 } } peers { permanent_uuid: "22cd14a336fd48858eebf642c12f917c" member_type: VOTER last_known_addr { host: "127.2.128.131" port: 35829 } }
I20260709 12:20:19.658396  3920 raft_consensus.cc:385] T 94d249abdc844017b9cedee3042377bf P 22cd14a336fd48858eebf642c12f917c [term 0 FOLLOWER]: Consensus starting up: Expiring failure detector timer to make a prompt election more likely
I20260709 12:20:19.658234  3877 tablet_service.cc:1917] Received RequestConsensusVote() RPC: tablet_id: "346d892c545f474797d822d669037d8a" candidate_uuid: "0915cb8393bd4aeb85246436c17c7c2f" candidate_term: 1 candidate_status { last_received { term: 0 index: 0 } } ignore_live_leader: false dest_uuid: "22cd14a336fd48858eebf642c12f917c" is_pre_election: true
I20260709 12:20:19.658756  3920 raft_consensus.cc:740] T 94d249abdc844017b9cedee3042377bf P 22cd14a336fd48858eebf642c12f917c [term 0 FOLLOWER]: Becoming Follower/Learner. State: Replica: 22cd14a336fd48858eebf642c12f917c, State: Initialized, Role: FOLLOWER
I20260709 12:20:19.659044  3877 raft_consensus.cc:2468] T 346d892c545f474797d822d669037d8a P 22cd14a336fd48858eebf642c12f917c [term 0 FOLLOWER]: Leader pre-election vote request: Granting yes vote for candidate 0915cb8393bd4aeb85246436c17c7c2f in term 0.
I20260709 12:20:19.660274  3918 ts_tablet_manager.cc:1434] T 24f5315ba18a42b68c952352b981ac9f P 0915cb8393bd4aeb85246436c17c7c2f: Time spent starting tablet: real 0.032s	user 0.002s	sys 0.007s
I20260709 12:20:19.660717  3691 leader_election.cc:304] T 346d892c545f474797d822d669037d8a P 0915cb8393bd4aeb85246436c17c7c2f [CANDIDATE]: Term 1 pre-election: Election decided. Result: candidate won. Election summary: received 2 responses out of 3 voters: 2 yes votes; 0 no votes. yes voters: 0915cb8393bd4aeb85246436c17c7c2f, 22cd14a336fd48858eebf642c12f917c; no voters: 
I20260709 12:20:19.661522  4055 raft_consensus.cc:2804] T 346d892c545f474797d822d669037d8a P 0915cb8393bd4aeb85246436c17c7c2f [term 0 FOLLOWER]: Leader pre-election won for term 1
I20260709 12:20:19.660732  3920 consensus_queue.cc:260] T 94d249abdc844017b9cedee3042377bf P 22cd14a336fd48858eebf642c12f917c [NON_LEADER]: Queue going to NON_LEADER mode. State: All replicated index: 0, Majority replicated index: 0, Committed index: 0, Last appended: 0.0, Last appended by leader: 0, Current term: 0, Majority size: -1, State: 0, Mode: NON_LEADER, active raft config: opid_index: -1 OBSOLETE_local: false peers { permanent_uuid: "0915cb8393bd4aeb85246436c17c7c2f" member_type: VOTER last_known_addr { host: "127.2.128.129" port: 37379 } } peers { permanent_uuid: "04d47c933b42486cbb7ee7f94aa60b95" member_type: VOTER last_known_addr { host: "127.2.128.130" port: 34749 } } peers { permanent_uuid: "22cd14a336fd48858eebf642c12f917c" member_type: VOTER last_known_addr { host: "127.2.128.131" port: 35829 } }
I20260709 12:20:19.661914  4055 raft_consensus.cc:493] T 346d892c545f474797d822d669037d8a P 0915cb8393bd4aeb85246436c17c7c2f [term 0 FOLLOWER]: Starting leader election (no leader contacted us within the election timeout)
I20260709 12:20:19.662289  4055 raft_consensus.cc:3060] T 346d892c545f474797d822d669037d8a P 0915cb8393bd4aeb85246436c17c7c2f [term 0 FOLLOWER]: Advancing to term 1
I20260709 12:20:19.663271  3918 tablet_bootstrap.cc:492] T 760013fb856d421fa292f2c061e90ce0 P 0915cb8393bd4aeb85246436c17c7c2f: Bootstrap starting.
I20260709 12:20:19.667954  3802 raft_consensus.cc:3060] T ab4f6c03bb3e4108ab1d5157417da452 P 04d47c933b42486cbb7ee7f94aa60b95 [term 0 FOLLOWER]: Advancing to term 1
