I20260709 12:19:43.614418 18094 tablet_bootstrap.cc:654] T b489c6f8c03848a4bfd2e1744d175324 P 797cf95f0a804000920c48f633c1909b: Neither blocks nor log segments found. Creating new log.
I20260709 12:19:43.617700 18093 tablet_bootstrap.cc:492] T 366323290ed6487cb376f078634aff58 P 940e97545c3e4c04adaceb5c84bf7766: No bootstrap required, opened a new log
I20260709 12:19:43.618309 18093 ts_tablet_manager.cc:1403] T 366323290ed6487cb376f078634aff58 P 940e97545c3e4c04adaceb5c84bf7766: Time spent bootstrapping tablet: real 0.055s	user 0.014s	sys 0.041s
I20260709 12:19:43.621956 18093 raft_consensus.cc:359] T 366323290ed6487cb376f078634aff58 P 940e97545c3e4c04adaceb5c84bf7766 [term 0 FOLLOWER]: Replica starting. Triggering 0 pending ops. Active config: opid_index: -1 OBSOLETE_local: false peers { permanent_uuid: "797cf95f0a804000920c48f633c1909b" member_type: VOTER last_known_addr { host: "127.16.212.129" port: 36879 } } peers { permanent_uuid: "940e97545c3e4c04adaceb5c84bf7766" member_type: VOTER last_known_addr { host: "127.16.212.130" port: 44481 } } peers { permanent_uuid: "b8977b1aab874668a470ffd1d6c0b4d2" member_type: VOTER last_known_addr { host: "127.16.212.131" port: 33951 } }
I20260709 12:19:43.622860 18093 raft_consensus.cc:385] T 366323290ed6487cb376f078634aff58 P 940e97545c3e4c04adaceb5c84bf7766 [term 0 FOLLOWER]: Consensus starting up: Expiring failure detector timer to make a prompt election more likely
I20260709 12:19:43.623301 18093 raft_consensus.cc:740] T 366323290ed6487cb376f078634aff58 P 940e97545c3e4c04adaceb5c84bf7766 [term 0 FOLLOWER]: Becoming Follower/Learner. State: Replica: 940e97545c3e4c04adaceb5c84bf7766, State: Initialized, Role: FOLLOWER
I20260709 12:19:43.624228 18093 consensus_queue.cc:260] T 366323290ed6487cb376f078634aff58 P 940e97545c3e4c04adaceb5c84bf7766 [NON_LEADER]: Queue going to NON_LEADER mode. State: All replicated index: 0, Majority replicated index: 0, Committed index: 0, Last appended: 0.0, Last appended by leader: 0, Current term: 0, Majority size: -1, State: 0, Mode: NON_LEADER, active raft config: opid_index: -1 OBSOLETE_local: false peers { permanent_uuid: "797cf95f0a804000920c48f633c1909b" member_type: VOTER last_known_addr { host: "127.16.212.129" port: 36879 } } peers { permanent_uuid: "940e97545c3e4c04adaceb5c84bf7766" member_type: VOTER last_known_addr { host: "127.16.212.130" port: 44481 } } peers { permanent_uuid: "b8977b1aab874668a470ffd1d6c0b4d2" member_type: VOTER last_known_addr { host: "127.16.212.131" port: 33951 } }
I20260709 12:19:43.625041 18016 leader_election.cc:304] T 0d53aeac49aa4976871c9371d2043b31 P b8977b1aab874668a470ffd1d6c0b4d2 [CANDIDATE]: Term 1 pre-election: Election decided. Result: candidate won. Election summary: received 3 responses out of 3 voters: 2 yes votes; 1 no votes. yes voters: 797cf95f0a804000920c48f633c1909b, b8977b1aab874668a470ffd1d6c0b4d2; no voters: 940e97545c3e4c04adaceb5c84bf7766
I20260709 12:19:43.626000 18053 tablet_service.cc:1917] Received RequestConsensusVote() RPC: tablet_id: "78f134c298a24ba2afa0d30da314ebe0" candidate_uuid: "797cf95f0a804000920c48f633c1909b" candidate_term: 1 candidate_status { last_received { term: 0 index: 0 } } ignore_live_leader: false dest_uuid: "b8977b1aab874668a470ffd1d6c0b4d2" is_pre_election: true
I20260709 12:19:43.626595 18101 raft_consensus.cc:2804] T 0d53aeac49aa4976871c9371d2043b31 P b8977b1aab874668a470ffd1d6c0b4d2 [term 0 FOLLOWER]: Leader pre-election won for term 1
I20260709 12:19:43.627193 18101 raft_consensus.cc:493] T 0d53aeac49aa4976871c9371d2043b31 P b8977b1aab874668a470ffd1d6c0b4d2 [term 0 FOLLOWER]: Starting leader election (no leader contacted us within the election timeout)
I20260709 12:19:43.627652 18101 raft_consensus.cc:3060] T 0d53aeac49aa4976871c9371d2043b31 P b8977b1aab874668a470ffd1d6c0b4d2 [term 0 FOLLOWER]: Advancing to term 1
I20260709 12:19:43.627816 18052 tablet_service.cc:1917] Received RequestConsensusVote() RPC: tablet_id: "69ab6229e9764b8a8e496682b97037d0" candidate_uuid: "797cf95f0a804000920c48f633c1909b" candidate_term: 1 candidate_status { last_received { term: 0 index: 0 } } ignore_live_leader: false dest_uuid: "b8977b1aab874668a470ffd1d6c0b4d2" is_pre_election: true
I20260709 12:19:43.629180 18051 tablet_service.cc:1917] Received RequestConsensusVote() RPC: tablet_id: "2018a98cd4d3401e813a5e37fc1bffc5" candidate_uuid: "797cf95f0a804000920c48f633c1909b" candidate_term: 1 candidate_status { last_received { term: 0 index: 0 } } ignore_live_leader: false dest_uuid: "b8977b1aab874668a470ffd1d6c0b4d2" is_pre_election: true
I20260709 12:19:43.629863 18051 raft_consensus.cc:2468] T 2018a98cd4d3401e813a5e37fc1bffc5 P b8977b1aab874668a470ffd1d6c0b4d2 [term 0 FOLLOWER]: Leader pre-election vote request: Granting yes vote for candidate 797cf95f0a804000920c48f633c1909b in term 0.
W20260709 12:19:43.631525 17867 leader_election.cc:343] T 78f134c298a24ba2afa0d30da314ebe0 P 797cf95f0a804000920c48f633c1909b [CANDIDATE]: Term 1 pre-election: Tablet error from VoteRequest() call to peer b8977b1aab874668a470ffd1d6c0b4d2 (127.16.212.131:33951): Illegal state: must be running to vote when last-logged opid is not known
I20260709 12:19:43.626756 18093 ts_tablet_manager.cc:1434] T 366323290ed6487cb376f078634aff58 P 940e97545c3e4c04adaceb5c84bf7766: Time spent starting tablet: real 0.008s	user 0.000s	sys 0.007s
W20260709 12:19:43.632216 17867 leader_election.cc:343] T 69ab6229e9764b8a8e496682b97037d0 P 797cf95f0a804000920c48f633c1909b [CANDIDATE]: Term 1 pre-election: Tablet error from VoteRequest() call to peer b8977b1aab874668a470ffd1d6c0b4d2 (127.16.212.131:33951): Illegal state: must be running to vote when last-logged opid is not known
I20260709 12:19:43.632881 17867 leader_election.cc:304] T 2018a98cd4d3401e813a5e37fc1bffc5 P 797cf95f0a804000920c48f633c1909b [CANDIDATE]: Term 1 pre-election: Election decided. Result: candidate won. Election summary: received 2 responses out of 3 voters: 2 yes votes; 0 no votes. yes voters: 797cf95f0a804000920c48f633c1909b, b8977b1aab874668a470ffd1d6c0b4d2; no voters: 
I20260709 12:19:43.633512 18093 tablet_bootstrap.cc:492] T 78f134c298a24ba2afa0d30da314ebe0 P 940e97545c3e4c04adaceb5c84bf7766: Bootstrap starting.
I20260709 12:19:43.633894 18119 raft_consensus.cc:2804] T 2018a98cd4d3401e813a5e37fc1bffc5 P 797cf95f0a804000920c48f633c1909b [term 0 FOLLOWER]: Leader pre-election won for term 1
I20260709 12:19:43.634306 18119 raft_consensus.cc:493] T 2018a98cd4d3401e813a5e37fc1bffc5 P 797cf95f0a804000920c48f633c1909b [term 0 FOLLOWER]: Starting leader election (no leader contacted us within the election timeout)
I20260709 12:19:43.634652 18119 raft_consensus.cc:3060] T 2018a98cd4d3401e813a5e37fc1bffc5 P 797cf95f0a804000920c48f633c1909b [term 0 FOLLOWER]: Advancing to term 1
I20260709 12:19:43.637776 17978 tablet_service.cc:1917] Received RequestConsensusVote() RPC: tablet_id: "69ab6229e9764b8a8e496682b97037d0" candidate_uuid: "797cf95f0a804000920c48f633c1909b" candidate_term: 1 candidate_status { last_received { term: 0 index: 0 } } ignore_live_leader: false dest_uuid: "940e97545c3e4c04adaceb5c84bf7766" is_pre_election: true
I20260709 12:19:43.638031 17979 tablet_service.cc:1917] Received RequestConsensusVote() RPC: tablet_id: "78f134c298a24ba2afa0d30da314ebe0" candidate_uuid: "797cf95f0a804000920c48f633c1909b" candidate_term: 1 candidate_status { last_received { term: 0 index: 0 } } ignore_live_leader: false dest_uuid: "940e97545c3e4c04adaceb5c84bf7766" is_pre_election: true
I20260709 12:19:43.639338 17977 tablet_service.cc:1917] Received RequestConsensusVote() RPC: tablet_id: "2018a98cd4d3401e813a5e37fc1bffc5" candidate_uuid: "797cf95f0a804000920c48f633c1909b" candidate_term: 1 candidate_status { last_received { term: 0 index: 0 } } ignore_live_leader: false dest_uuid: "940e97545c3e4c04adaceb5c84bf7766" is_pre_election: true
I20260709 12:19:43.639988 17977 raft_consensus.cc:2468] T 2018a98cd4d3401e813a5e37fc1bffc5 P 940e97545c3e4c04adaceb5c84bf7766 [term 0 FOLLOWER]: Leader pre-election vote request: Granting yes vote for candidate 797cf95f0a804000920c48f633c1909b in term 0.
I20260709 12:19:43.641561 18102 raft_consensus.cc:493] T b489c6f8c03848a4bfd2e1744d175324 P b8977b1aab874668a470ffd1d6c0b4d2 [term 0 FOLLOWER]: Starting pre-election (no leader contacted us within the election timeout)
I20260709 12:19:43.642028 18102 raft_consensus.cc:515] T b489c6f8c03848a4bfd2e1744d175324 P b8977b1aab874668a470ffd1d6c0b4d2 [term 0 FOLLOWER]: Starting pre-election with config: opid_index: -1 OBSOLETE_local: false peers { permanent_uuid: "797cf95f0a804000920c48f633c1909b" member_type: VOTER last_known_addr { host: "127.16.212.129" port: 36879 } } peers { permanent_uuid: "940e97545c3e4c04adaceb5c84bf7766" member_type: VOTER last_known_addr { host: "127.16.212.130" port: 44481 } } peers { permanent_uuid: "b8977b1aab874668a470ffd1d6c0b4d2" member_type: VOTER last_known_addr { host: "127.16.212.131" port: 33951 } }
W20260709 12:19:43.643795 17870 leader_election.cc:343] T 69ab6229e9764b8a8e496682b97037d0 P 797cf95f0a804000920c48f633c1909b [CANDIDATE]: Term 1 pre-election: Tablet error from VoteRequest() call to peer 940e97545c3e4c04adaceb5c84bf7766 (127.16.212.130:44481): Illegal state: must be running to vote when last-logged opid is not known
I20260709 12:19:43.643631 18119 raft_consensus.cc:515] T 2018a98cd4d3401e813a5e37fc1bffc5 P 797cf95f0a804000920c48f633c1909b [term 1 FOLLOWER]: Starting leader election with config: opid_index: -1 OBSOLETE_local: false peers { permanent_uuid: "797cf95f0a804000920c48f633c1909b" member_type: VOTER last_known_addr { host: "127.16.212.129" port: 36879 } } peers { permanent_uuid: "940e97545c3e4c04adaceb5c84bf7766" member_type: VOTER last_known_addr { host: "127.16.212.130" port: 44481 } } peers { permanent_uuid: "b8977b1aab874668a470ffd1d6c0b4d2" member_type: VOTER last_known_addr { host: "127.16.212.131" port: 33951 } }
I20260709 12:19:43.644363 17870 leader_election.cc:304] T 69ab6229e9764b8a8e496682b97037d0 P 797cf95f0a804000920c48f633c1909b [CANDIDATE]: Term 1 pre-election: Election decided. Result: candidate lost. Election summary: received 3 responses out of 3 voters: 1 yes votes; 2 no votes. yes voters: 797cf95f0a804000920c48f633c1909b; no voters: 940e97545c3e4c04adaceb5c84bf7766, b8977b1aab874668a470ffd1d6c0b4d2
I20260709 12:19:43.645203 18099 raft_consensus.cc:2749] T 69ab6229e9764b8a8e496682b97037d0 P 797cf95f0a804000920c48f633c1909b [term 0 FOLLOWER]: Leader pre-election lost for term 1. Reason: could not achieve majority
I20260709 12:19:43.645507 18096 tablet_bootstrap.cc:654] T 3388dd65b58f4be4bf8bd99d377ae9d0 P b8977b1aab874668a470ffd1d6c0b4d2: Neither blocks nor log segments found. Creating new log.
W20260709 12:19:43.646435 17870 leader_election.cc:343] T 78f134c298a24ba2afa0d30da314ebe0 P 797cf95f0a804000920c48f633c1909b [CANDIDATE]: Term 1 pre-election: Tablet error from VoteRequest() call to peer 940e97545c3e4c04adaceb5c84bf7766 (127.16.212.130:44481): Illegal state: must be running to vote when last-logged opid is not known
I20260709 12:19:43.646997 17870 leader_election.cc:304] T 78f134c298a24ba2afa0d30da314ebe0 P 797cf95f0a804000920c48f633c1909b [CANDIDATE]: Term 1 pre-election: Election decided. Result: candidate lost. Election summary: received 3 responses out of 3 voters: 1 yes votes; 2 no votes. yes voters: 797cf95f0a804000920c48f633c1909b; no voters: 940e97545c3e4c04adaceb5c84bf7766, b8977b1aab874668a470ffd1d6c0b4d2
I20260709 12:19:43.647783 18099 raft_consensus.cc:2749] T 78f134c298a24ba2afa0d30da314ebe0 P 797cf95f0a804000920c48f633c1909b [term 0 FOLLOWER]: Leader pre-election lost for term 1. Reason: could not achieve majority
I20260709 12:19:43.647822 18102 leader_election.cc:290] T b489c6f8c03848a4bfd2e1744d175324 P b8977b1aab874668a470ffd1d6c0b4d2 [CANDIDATE]: Term 1 pre-election: Requested pre-vote from peers 797cf95f0a804000920c48f633c1909b (127.16.212.129:36879), 940e97545c3e4c04adaceb5c84bf7766 (127.16.212.130:44481)
I20260709 12:19:43.649711 17977 tablet_service.cc:1917] Received RequestConsensusVote() RPC: tablet_id: "b489c6f8c03848a4bfd2e1744d175324" candidate_uuid: "b8977b1aab874668a470ffd1d6c0b4d2" candidate_term: 1 candidate_status { last_received { term: 0 index: 0 } } ignore_live_leader: false dest_uuid: "940e97545c3e4c04adaceb5c84bf7766" is_pre_election: true
I20260709 12:19:43.650334 17977 raft_consensus.cc:2468] T b489c6f8c03848a4bfd2e1744d175324 P 940e97545c3e4c04adaceb5c84bf7766 [term 0 FOLLOWER]: Leader pre-election vote request: Granting yes vote for candidate b8977b1aab874668a470ffd1d6c0b4d2 in term 0.
I20260709 12:19:43.650494 18119 leader_election.cc:290] T 2018a98cd4d3401e813a5e37fc1bffc5 P 797cf95f0a804000920c48f633c1909b [CANDIDATE]: Term 1 election: Requested vote from peers 940e97545c3e4c04adaceb5c84bf7766 (127.16.212.130:44481), b8977b1aab874668a470ffd1d6c0b4d2 (127.16.212.131:33951)
I20260709 12:19:43.656603 17977 tablet_service.cc:1917] Received RequestConsensusVote() RPC: tablet_id: "2018a98cd4d3401e813a5e37fc1bffc5" candidate_uuid: "797cf95f0a804000920c48f633c1909b" candidate_term: 1 candidate_status { last_received { term: 0 index: 0 } } ignore_live_leader: false dest_uuid: "940e97545c3e4c04adaceb5c84bf7766"
I20260709 12:19:43.657196 17977 raft_consensus.cc:3060] T 2018a98cd4d3401e813a5e37fc1bffc5 P 940e97545c3e4c04adaceb5c84bf7766 [term 0 FOLLOWER]: Advancing to term 1
I20260709 12:19:43.650355 18051 tablet_service.cc:1917] Received RequestConsensusVote() RPC: tablet_id: "2018a98cd4d3401e813a5e37fc1bffc5" candidate_uuid: "797cf95f0a804000920c48f633c1909b" candidate_term: 1 candidate_status { last_received { term: 0 index: 0 } } ignore_live_leader: false dest_uuid: "b8977b1aab874668a470ffd1d6c0b4d2"
I20260709 12:19:43.659197 18019 leader_election.cc:304] T b489c6f8c03848a4bfd2e1744d175324 P b8977b1aab874668a470ffd1d6c0b4d2 [CANDIDATE]: Term 1 pre-election: Election decided. Result: candidate won. Election summary: received 2 responses out of 3 voters: 2 yes votes; 0 no votes. yes voters: 940e97545c3e4c04adaceb5c84bf7766, b8977b1aab874668a470ffd1d6c0b4d2; no voters: 
I20260709 12:19:43.659510 18051 raft_consensus.cc:3060] T 2018a98cd4d3401e813a5e37fc1bffc5 P b8977b1aab874668a470ffd1d6c0b4d2 [term 0 FOLLOWER]: Advancing to term 1
I20260709 12:19:43.657999 17904 tablet_service.cc:1917] Received RequestConsensusVote() RPC: tablet_id: "b489c6f8c03848a4bfd2e1744d175324" candidate_uuid: "b8977b1aab874668a470ffd1d6c0b4d2" candidate_term: 1 candidate_status { last_received { term: 0 index: 0 } } ignore_live_leader: false dest_uuid: "797cf95f0a804000920c48f633c1909b" is_pre_election: true
I20260709 12:19:43.663906 18102 raft_consensus.cc:2804] T b489c6f8c03848a4bfd2e1744d175324 P b8977b1aab874668a470ffd1d6c0b4d2 [term 0 FOLLOWER]: Leader pre-election won for term 1
I20260709 12:19:43.664294 18102 raft_consensus.cc:493] T b489c6f8c03848a4bfd2e1744d175324 P b8977b1aab874668a470ffd1d6c0b4d2 [term 0 FOLLOWER]: Starting leader election (no leader contacted us within the election timeout)
I20260709 12:19:43.664644 18102 raft_consensus.cc:3060] T b489c6f8c03848a4bfd2e1744d175324 P b8977b1aab874668a470ffd1d6c0b4d2 [term 0 FOLLOWER]: Advancing to term 1
I20260709 12:19:43.667845 17977 raft_consensus.cc:2468] T 2018a98cd4d3401e813a5e37fc1bffc5 P 940e97545c3e4c04adaceb5c84bf7766 [term 1 FOLLOWER]: Leader election vote request: Granting yes vote for candidate 797cf95f0a804000920c48f633c1909b in term 1.
I20260709 12:19:43.652942 18101 raft_consensus.cc:515] T 0d53aeac49aa4976871c9371d2043b31 P b8977b1aab874668a470ffd1d6c0b4d2 [term 1 FOLLOWER]: Starting leader election with config: opid_index: -1 OBSOLETE_local: false peers { permanent_uuid: "797cf95f0a804000920c48f633c1909b" member_type: VOTER last_known_addr { host: "127.16.212.129" port: 36879 } } peers { permanent_uuid: "940e97545c3e4c04adaceb5c84bf7766" member_type: VOTER last_known_addr { host: "127.16.212.130" port: 44481 } } peers { permanent_uuid: "b8977b1aab874668a470ffd1d6c0b4d2" member_type: VOTER last_known_addr { host: "127.16.212.131" port: 33951 } }
I20260709 12:19:43.670696 18093 tablet_bootstrap.cc:654] T 78f134c298a24ba2afa0d30da314ebe0 P 940e97545c3e4c04adaceb5c84bf7766: Neither blocks nor log segments found. Creating new log.
W20260709 12:19:43.672971 18016 leader_election.cc:343] T b489c6f8c03848a4bfd2e1744d175324 P b8977b1aab874668a470ffd1d6c0b4d2 [CANDIDATE]: Term 1 pre-election: Tablet error from VoteRequest() call to peer 797cf95f0a804000920c48f633c1909b (127.16.212.129:36879): Illegal state: must be running to vote when last-logged opid is not known
W20260709 12:19:43.675405 17850 auto_rebalancer.cc:288] Could not retrieve cluster info: Service unavailable: Tablet not running
I20260709 12:19:43.677743 18051 raft_consensus.cc:2468] T 2018a98cd4d3401e813a5e37fc1bffc5 P b8977b1aab874668a470ffd1d6c0b4d2 [term 1 FOLLOWER]: Leader election vote request: Granting yes vote for candidate 797cf95f0a804000920c48f633c1909b in term 1.
I20260709 12:19:43.677848 17977 tablet_service.cc:1917] Received RequestConsensusVote() RPC: tablet_id: "0d53aeac49aa4976871c9371d2043b31" candidate_uuid: "b8977b1aab874668a470ffd1d6c0b4d2" candidate_term: 1 candidate_status { last_received { term: 0 index: 0 } } ignore_live_leader: false dest_uuid: "940e97545c3e4c04adaceb5c84bf7766"
I20260709 12:19:43.679875 18119 raft_consensus.cc:493] T 366323290ed6487cb376f078634aff58 P 797cf95f0a804000920c48f633c1909b [term 0 FOLLOWER]: Starting pre-election (no leader contacted us within the election timeout)
W20260709 12:19:43.679940 18019 leader_election.cc:343] T 0d53aeac49aa4976871c9371d2043b31 P b8977b1aab874668a470ffd1d6c0b4d2 [CANDIDATE]: Term 1 election: Tablet error from VoteRequest() call to peer 940e97545c3e4c04adaceb5c84bf7766 (127.16.212.130:44481): Illegal state: must be running to vote when last-logged opid is not known
I20260709 12:19:43.680675 18119 raft_consensus.cc:515] T 366323290ed6487cb376f078634aff58 P 797cf95f0a804000920c48f633c1909b [term 0 FOLLOWER]: Starting pre-election with config: opid_index: -1 OBSOLETE_local: false peers { permanent_uuid: "797cf95f0a804000920c48f633c1909b" member_type: VOTER last_known_addr { host: "127.16.212.129" port: 36879 } } peers { permanent_uuid: "940e97545c3e4c04adaceb5c84bf7766" member_type: VOTER last_known_addr { host: "127.16.212.130" port: 44481 } } peers { permanent_uuid: "b8977b1aab874668a470ffd1d6c0b4d2" member_type: VOTER last_known_addr { host: "127.16.212.131" port: 33951 } }
I20260709 12:19:43.683458 18119 leader_election.cc:290] T 366323290ed6487cb376f078634aff58 P 797cf95f0a804000920c48f633c1909b [CANDIDATE]: Term 1 pre-election: Requested pre-vote from peers 940e97545c3e4c04adaceb5c84bf7766 (127.16.212.130:44481), b8977b1aab874668a470ffd1d6c0b4d2 (127.16.212.131:33951)
I20260709 12:19:43.673264 18125 raft_consensus.cc:493] T f5fb7e138a49465a94407c1b536a2b73 P b8977b1aab874668a470ffd1d6c0b4d2 [term 0 FOLLOWER]: Starting pre-election (no leader contacted us within the election timeout)
I20260709 12:19:43.673003 17870 leader_election.cc:304] T 2018a98cd4d3401e813a5e37fc1bffc5 P 797cf95f0a804000920c48f633c1909b [CANDIDATE]: Term 1 election: Election decided. Result: candidate won. Election summary: received 2 responses out of 3 voters: 2 yes votes; 0 no votes. yes voters: 797cf95f0a804000920c48f633c1909b, 940e97545c3e4c04adaceb5c84bf7766; no voters: 
I20260709 12:19:43.684428 18101 leader_election.cc:290] T 0d53aeac49aa4976871c9371d2043b31 P b8977b1aab874668a470ffd1d6c0b4d2 [CANDIDATE]: Term 1 election: Requested vote from peers 797cf95f0a804000920c48f633c1909b (127.16.212.129:36879), 940e97545c3e4c04adaceb5c84bf7766 (127.16.212.130:44481)
I20260709 12:19:43.686198 17977 tablet_service.cc:1917] Received RequestConsensusVote() RPC: tablet_id: "366323290ed6487cb376f078634aff58" candidate_uuid: "797cf95f0a804000920c48f633c1909b" candidate_term: 1 candidate_status { last_received { term: 0 index: 0 } } ignore_live_leader: false dest_uuid: "940e97545c3e4c04adaceb5c84bf7766" is_pre_election: true
I20260709 12:19:43.686955 17977 raft_consensus.cc:2468] T 366323290ed6487cb376f078634aff58 P 940e97545c3e4c04adaceb5c84bf7766 [term 0 FOLLOWER]: Leader pre-election vote request: Granting yes vote for candidate 797cf95f0a804000920c48f633c1909b in term 0.
I20260709 12:19:43.687201 17904 tablet_service.cc:1917] Received RequestConsensusVote() RPC: tablet_id: "0d53aeac49aa4976871c9371d2043b31" candidate_uuid: "b8977b1aab874668a470ffd1d6c0b4d2" candidate_term: 1 candidate_status { last_received { term: 0 index: 0 } } ignore_live_leader: false dest_uuid: "797cf95f0a804000920c48f633c1909b"
I20260709 12:19:43.687736 17904 raft_consensus.cc:3060] T 0d53aeac49aa4976871c9371d2043b31 P 797cf95f0a804000920c48f633c1909b [term 0 FOLLOWER]: Advancing to term 1
I20260709 12:19:43.687831 18094 tablet_bootstrap.cc:492] T b489c6f8c03848a4bfd2e1744d175324 P 797cf95f0a804000920c48f633c1909b: No bootstrap required, opened a new log
I20260709 12:19:43.688182 17870 leader_election.cc:304] T 366323290ed6487cb376f078634aff58 P 797cf95f0a804000920c48f633c1909b [CANDIDATE]: Term 1 pre-election: Election decided. Result: candidate won. Election summary: received 2 responses out of 3 voters: 2 yes votes; 0 no votes. yes voters: 797cf95f0a804000920c48f633c1909b, 940e97545c3e4c04adaceb5c84bf7766; no voters: 
I20260709 12:19:43.688496 18094 ts_tablet_manager.cc:1403] T b489c6f8c03848a4bfd2e1744d175324 P 797cf95f0a804000920c48f633c1909b: Time spent bootstrapping tablet: real 0.081s	user 0.028s	sys 0.014s
I20260709 12:19:43.691016 18099 raft_consensus.cc:2804] T 2018a98cd4d3401e813a5e37fc1bffc5 P 797cf95f0a804000920c48f633c1909b [term 1 FOLLOWER]: Leader election won for term 1
I20260709 12:19:43.691506 18099 raft_consensus.cc:697] T 2018a98cd4d3401e813a5e37fc1bffc5 P 797cf95f0a804000920c48f633c1909b [term 1 LEADER]: Becoming Leader. State: Replica: 797cf95f0a804000920c48f633c1909b, State: Running, Role: LEADER
I20260709 12:19:43.692368 18099 consensus_queue.cc:237] T 2018a98cd4d3401e813a5e37fc1bffc5 P 797cf95f0a804000920c48f633c1909b [LEADER]: Queue going to LEADER mode. State: All replicated index: 0, Majority replicated index: 0, Committed index: 0, Last appended: 0.0, Last appended by leader: 0, Current term: 1, Majority size: 2, State: 0, Mode: LEADER, active raft config: opid_index: -1 OBSOLETE_local: false peers { permanent_uuid: "797cf95f0a804000920c48f633c1909b" member_type: VOTER last_known_addr { host: "127.16.212.129" port: 36879 } } peers { permanent_uuid: "940e97545c3e4c04adaceb5c84bf7766" member_type: VOTER last_known_addr { host: "127.16.212.130" port: 44481 } } peers { permanent_uuid: "b8977b1aab874668a470ffd1d6c0b4d2" member_type: VOTER last_known_addr { host: "127.16.212.131" port: 33951 } }
I20260709 12:19:43.693094 18119 raft_consensus.cc:2804] T 366323290ed6487cb376f078634aff58 P 797cf95f0a804000920c48f633c1909b [term 0 FOLLOWER]: Leader pre-election won for term 1
I20260709 12:19:43.692713 18094 raft_consensus.cc:359] T b489c6f8c03848a4bfd2e1744d175324 P 797cf95f0a804000920c48f633c1909b [term 0 FOLLOWER]: Replica starting. Triggering 0 pending ops. Active config: opid_index: -1 OBSOLETE_local: false peers { permanent_uuid: "797cf95f0a804000920c48f633c1909b" member_type: VOTER last_known_addr { host: "127.16.212.129" port: 36879 } } peers { permanent_uuid: "940e97545c3e4c04adaceb5c84bf7766" member_type: VOTER last_known_addr { host: "127.16.212.130" port: 44481 } } peers { permanent_uuid: "b8977b1aab874668a470ffd1d6c0b4d2" member_type: VOTER last_known_addr { host: "127.16.212.131" port: 33951 } }
I20260709 12:19:43.674028 18102 raft_consensus.cc:515] T b489c6f8c03848a4bfd2e1744d175324 P b8977b1aab874668a470ffd1d6c0b4d2 [term 1 FOLLOWER]: Starting leader election with config: opid_index: -1 OBSOLETE_local: false peers { permanent_uuid: "797cf95f0a804000920c48f633c1909b" member_type: VOTER last_known_addr { host: "127.16.212.129" port: 36879 } } peers { permanent_uuid: "940e97545c3e4c04adaceb5c84bf7766" member_type: VOTER last_known_addr { host: "127.16.212.130" port: 44481 } } peers { permanent_uuid: "b8977b1aab874668a470ffd1d6c0b4d2" member_type: VOTER last_known_addr { host: "127.16.212.131" port: 33951 } }
I20260709 12:19:43.694310 18094 raft_consensus.cc:385] T b489c6f8c03848a4bfd2e1744d175324 P 797cf95f0a804000920c48f633c1909b [term 0 FOLLOWER]: Consensus starting up: Expiring failure detector timer to make a prompt election more likely
I20260709 12:19:43.694514 18125 raft_consensus.cc:515] T f5fb7e138a49465a94407c1b536a2b73 P b8977b1aab874668a470ffd1d6c0b4d2 [term 0 FOLLOWER]: Starting pre-election with config: opid_index: -1 OBSOLETE_local: false peers { permanent_uuid: "940e97545c3e4c04adaceb5c84bf7766" member_type: VOTER last_known_addr { host: "127.16.212.130" port: 44481 } } peers { permanent_uuid: "797cf95f0a804000920c48f633c1909b" member_type: VOTER last_known_addr { host: "127.16.212.129" port: 36879 } } peers { permanent_uuid: "b8977b1aab874668a470ffd1d6c0b4d2" member_type: VOTER last_known_addr { host: "127.16.212.131" port: 33951 } }
I20260709 12:19:43.695010 18094 raft_consensus.cc:740] T b489c6f8c03848a4bfd2e1744d175324 P 797cf95f0a804000920c48f633c1909b [term 0 FOLLOWER]: Becoming Follower/Learner. State: Replica: 797cf95f0a804000920c48f633c1909b, State: Initialized, Role: FOLLOWER
I20260709 12:19:43.693471 18119 raft_consensus.cc:493] T 366323290ed6487cb376f078634aff58 P 797cf95f0a804000920c48f633c1909b [term 0 FOLLOWER]: Starting leader election (no leader contacted us within the election timeout)
I20260709 12:19:43.696936 18119 raft_consensus.cc:3060] T 366323290ed6487cb376f078634aff58 P 797cf95f0a804000920c48f633c1909b [term 0 FOLLOWER]: Advancing to term 1
I20260709 12:19:43.697631 18094 consensus_queue.cc:260] T b489c6f8c03848a4bfd2e1744d175324 P 797cf95f0a804000920c48f633c1909b [NON_LEADER]: Queue going to NON_LEADER mode. State: All replicated index: 0, Majority replicated index: 0, Committed index: 0, Last appended: 0.0, Last appended by leader: 0, Current term: 0, Majority size: -1, State: 0, Mode: NON_LEADER, active raft config: opid_index: -1 OBSOLETE_local: false peers { permanent_uuid: "797cf95f0a804000920c48f633c1909b" member_type: VOTER last_known_addr { host: "127.16.212.129" port: 36879 } } peers { permanent_uuid: "940e97545c3e4c04adaceb5c84bf7766" member_type: VOTER last_known_addr { host: "127.16.212.130" port: 44481 } } peers { permanent_uuid: "b8977b1aab874668a470ffd1d6c0b4d2" member_type: VOTER last_known_addr { host: "127.16.212.131" port: 33951 } }
I20260709 12:19:43.698276 17977 tablet_service.cc:1917] Received RequestConsensusVote() RPC: tablet_id: "f5fb7e138a49465a94407c1b536a2b73" candidate_uuid: "b8977b1aab874668a470ffd1d6c0b4d2" candidate_term: 1 candidate_status { last_received { term: 0 index: 0 } } ignore_live_leader: false dest_uuid: "940e97545c3e4c04adaceb5c84bf7766" is_pre_election: true
I20260709 12:19:43.698912 17977 raft_consensus.cc:2468] T f5fb7e138a49465a94407c1b536a2b73 P 940e97545c3e4c04adaceb5c84bf7766 [term 0 FOLLOWER]: Leader pre-election vote request: Granting yes vote for candidate b8977b1aab874668a470ffd1d6c0b4d2 in term 0.
I20260709 12:19:43.699903 18094 ts_tablet_manager.cc:1434] T b489c6f8c03848a4bfd2e1744d175324 P 797cf95f0a804000920c48f633c1909b: Time spent starting tablet: real 0.011s	user 0.006s	sys 0.003s
I20260709 12:19:43.700150 18019 leader_election.cc:304] T f5fb7e138a49465a94407c1b536a2b73 P b8977b1aab874668a470ffd1d6c0b4d2 [CANDIDATE]: Term 1 pre-election: Election decided. Result: candidate won. Election summary: received 2 responses out of 3 voters: 2 yes votes; 0 no votes. yes voters: 940e97545c3e4c04adaceb5c84bf7766, b8977b1aab874668a470ffd1d6c0b4d2; no voters: 
I20260709 12:19:43.701992 18101 raft_consensus.cc:2804] T f5fb7e138a49465a94407c1b536a2b73 P b8977b1aab874668a470ffd1d6c0b4d2 [term 0 FOLLOWER]: Leader pre-election won for term 1
I20260709 12:19:43.702373 18101 raft_consensus.cc:493] T f5fb7e138a49465a94407c1b536a2b73 P b8977b1aab874668a470ffd1d6c0b4d2 [term 0 FOLLOWER]: Starting leader election (no leader contacted us within the election timeout)
I20260709 12:19:43.702701 18101 raft_consensus.cc:3060] T f5fb7e138a49465a94407c1b536a2b73 P b8977b1aab874668a470ffd1d6c0b4d2 [term 0 FOLLOWER]: Advancing to term 1
I20260709 12:19:43.703552 17904 raft_consensus.cc:2468] T 0d53aeac49aa4976871c9371d2043b31 P 797cf95f0a804000920c48f633c1909b [term 1 FOLLOWER]: Leader election vote request: Granting yes vote for candidate b8977b1aab874668a470ffd1d6c0b4d2 in term 1.
I20260709 12:19:43.703941 18125 leader_election.cc:290] T f5fb7e138a49465a94407c1b536a2b73 P b8977b1aab874668a470ffd1d6c0b4d2 [CANDIDATE]: Term 1 pre-election: Requested pre-vote from peers 940e97545c3e4c04adaceb5c84bf7766 (127.16.212.130:44481), 797cf95f0a804000920c48f633c1909b (127.16.212.129:36879)
I20260709 12:19:43.704689 18094 tablet_bootstrap.cc:492] T dd7e7931c4504b5abbf2f1de85c02d1e P 797cf95f0a804000920c48f633c1909b: Bootstrap starting.
I20260709 12:19:43.705953 18016 leader_election.cc:304] T 0d53aeac49aa4976871c9371d2043b31 P b8977b1aab874668a470ffd1d6c0b4d2 [CANDIDATE]: Term 1 election: Election decided. Result: candidate won. Election summary: received 3 responses out of 3 voters: 2 yes votes; 1 no votes. yes voters: 797cf95f0a804000920c48f633c1909b, b8977b1aab874668a470ffd1d6c0b4d2; no voters: 940e97545c3e4c04adaceb5c84bf7766
I20260709 12:19:43.706545 18093 tablet_bootstrap.cc:492] T 78f134c298a24ba2afa0d30da314ebe0 P 940e97545c3e4c04adaceb5c84bf7766: No bootstrap required, opened a new log
I20260709 12:19:43.707022 18093 ts_tablet_manager.cc:1403] T 78f134c298a24ba2afa0d30da314ebe0 P 940e97545c3e4c04adaceb5c84bf7766: Time spent bootstrapping tablet: real 0.074s	user 0.011s	sys 0.021s
I20260709 12:19:43.708591 17903 tablet_service.cc:1917] Received RequestConsensusVote() RPC: tablet_id: "b489c6f8c03848a4bfd2e1744d175324" candidate_uuid: "b8977b1aab874668a470ffd1d6c0b4d2" candidate_term: 1 candidate_status { last_received { term: 0 index: 0 } } ignore_live_leader: false dest_uuid: "797cf95f0a804000920c48f633c1909b"
I20260709 12:19:43.708781 17977 tablet_service.cc:1917] Received RequestConsensusVote() RPC: tablet_id: "b489c6f8c03848a4bfd2e1744d175324" candidate_uuid: "b8977b1aab874668a470ffd1d6c0b4d2" candidate_term: 1 candidate_status { last_received { term: 0 index: 0 } } ignore_live_leader: false dest_uuid: "940e97545c3e4c04adaceb5c84bf7766"
I20260709 12:19:43.709234 17903 raft_consensus.cc:3060] T b489c6f8c03848a4bfd2e1744d175324 P 797cf95f0a804000920c48f633c1909b [term 0 FOLLOWER]: Advancing to term 1
I20260709 12:19:43.709396 17977 raft_consensus.cc:3060] T b489c6f8c03848a4bfd2e1744d175324 P 940e97545c3e4c04adaceb5c84bf7766 [term 0 FOLLOWER]: Advancing to term 1
I20260709 12:19:43.706008 18051 tablet_service.cc:1917] Received RequestConsensusVote() RPC: tablet_id: "366323290ed6487cb376f078634aff58" candidate_uuid: "797cf95f0a804000920c48f633c1909b" candidate_term: 1 candidate_status { last_received { term: 0 index: 0 } } ignore_live_leader: false dest_uuid: "b8977b1aab874668a470ffd1d6c0b4d2" is_pre_election: true
I20260709 12:19:43.710213 18125 raft_consensus.cc:2804] T 0d53aeac49aa4976871c9371d2043b31 P b8977b1aab874668a470ffd1d6c0b4d2 [term 1 FOLLOWER]: Leader election won for term 1
I20260709 12:19:43.707321 17904 tablet_service.cc:1917] Received RequestConsensusVote() RPC: tablet_id: "f5fb7e138a49465a94407c1b536a2b73" candidate_uuid: "b8977b1aab874668a470ffd1d6c0b4d2" candidate_term: 1 candidate_status { last_received { term: 0 index: 0 } } ignore_live_leader: false dest_uuid: "797cf95f0a804000920c48f633c1909b" is_pre_election: true
I20260709 12:19:43.717715 17800 catalog_manager.cc:5697] T 2018a98cd4d3401e813a5e37fc1bffc5 P 797cf95f0a804000920c48f633c1909b reported cstate change: term changed from 0 to 1, leader changed from <none> to 797cf95f0a804000920c48f633c1909b (127.16.212.129). New cstate: current_term: 1 leader_uuid: "797cf95f0a804000920c48f633c1909b" committed_config { opid_index: -1 OBSOLETE_local: false peers { permanent_uuid: "797cf95f0a804000920c48f633c1909b" member_type: VOTER last_known_addr { host: "127.16.212.129" port: 36879 } health_report { overall_health: HEALTHY } } peers { permanent_uuid: "940e97545c3e4c04adaceb5c84bf7766" member_type: VOTER last_known_addr { host: "127.16.212.130" port: 44481 } health_report { overall_health: UNKNOWN } } peers { permanent_uuid: "b8977b1aab874668a470ffd1d6c0b4d2" member_type: VOTER last_known_addr { host: "127.16.212.131" port: 33951 } health_report { overall_health: UNKNOWN } } }
I20260709 12:19:43.710021 18093 raft_consensus.cc:359] T 78f134c298a24ba2afa0d30da314ebe0 P 940e97545c3e4c04adaceb5c84bf7766 [term 0 FOLLOWER]: Replica starting. Triggering 0 pending ops. Active config: opid_index: -1 OBSOLETE_local: false peers { permanent_uuid: "797cf95f0a804000920c48f633c1909b" member_type: VOTER last_known_addr { host: "127.16.212.129" port: 36879 } } peers { permanent_uuid: "940e97545c3e4c04adaceb5c84bf7766" member_type: VOTER last_known_addr { host: "127.16.212.130" port: 44481 } } peers { permanent_uuid: "b8977b1aab874668a470ffd1d6c0b4d2" member_type: VOTER last_known_addr { host: "127.16.212.131" port: 33951 } }
I20260709 12:19:43.719432 18093 raft_consensus.cc:385] T 78f134c298a24ba2afa0d30da314ebe0 P 940e97545c3e4c04adaceb5c84bf7766 [term 0 FOLLOWER]: Consensus starting up: Expiring failure detector timer to make a prompt election more likely
I20260709 12:19:43.719730 18093 raft_consensus.cc:740] T 78f134c298a24ba2afa0d30da314ebe0 P 940e97545c3e4c04adaceb5c84bf7766 [term 0 FOLLOWER]: Becoming Follower/Learner. State: Replica: 940e97545c3e4c04adaceb5c84bf7766, State: Initialized, Role: FOLLOWER
I20260709 12:19:43.720480 18093 consensus_queue.cc:260] T 78f134c298a24ba2afa0d30da314ebe0 P 940e97545c3e4c04adaceb5c84bf7766 [NON_LEADER]: Queue going to NON_LEADER mode. State: All replicated index: 0, Majority replicated index: 0, Committed index: 0, Last appended: 0.0, Last appended by leader: 0, Current term: 0, Majority size: -1, State: 0, Mode: NON_LEADER, active raft config: opid_index: -1 OBSOLETE_local: false peers { permanent_uuid: "797cf95f0a804000920c48f633c1909b" member_type: VOTER last_known_addr { host: "127.16.212.129" port: 36879 } } peers { permanent_uuid: "940e97545c3e4c04adaceb5c84bf7766" member_type: VOTER last_known_addr { host: "127.16.212.130" port: 44481 } } peers { permanent_uuid: "b8977b1aab874668a470ffd1d6c0b4d2" member_type: VOTER last_known_addr { host: "127.16.212.131" port: 33951 } }
I20260709 12:19:43.715329 18094 tablet_bootstrap.cc:654] T dd7e7931c4504b5abbf2f1de85c02d1e P 797cf95f0a804000920c48f633c1909b: Neither blocks nor log segments found. Creating new log.
I20260709 12:19:43.700100 18096 tablet_bootstrap.cc:492] T 3388dd65b58f4be4bf8bd99d377ae9d0 P b8977b1aab874668a470ffd1d6c0b4d2: No bootstrap required, opened a new log
I20260709 12:19:43.717909 17903 raft_consensus.cc:2468] T b489c6f8c03848a4bfd2e1744d175324 P 797cf95f0a804000920c48f633c1909b [term 1 FOLLOWER]: Leader election vote request: Granting yes vote for candidate b8977b1aab874668a470ffd1d6c0b4d2 in term 1.
I20260709 12:19:43.723703 18101 raft_consensus.cc:515] T f5fb7e138a49465a94407c1b536a2b73 P b8977b1aab874668a470ffd1d6c0b4d2 [term 1 FOLLOWER]: Starting leader election with config: opid_index: -1 OBSOLETE_local: false peers { permanent_uuid: "940e97545c3e4c04adaceb5c84bf7766" member_type: VOTER last_known_addr { host: "127.16.212.130" port: 44481 } } peers { permanent_uuid: "797cf95f0a804000920c48f633c1909b" member_type: VOTER last_known_addr { host: "127.16.212.129" port: 36879 } } peers { permanent_uuid: "b8977b1aab874668a470ffd1d6c0b4d2" member_type: VOTER last_known_addr { host: "127.16.212.131" port: 33951 } }
W20260709 12:19:43.724465 18016 leader_election.cc:343] T f5fb7e138a49465a94407c1b536a2b73 P b8977b1aab874668a470ffd1d6c0b4d2 [CANDIDATE]: Term 1 pre-election: Tablet error from VoteRequest() call to peer 797cf95f0a804000920c48f633c1909b (127.16.212.129:36879): Illegal state: must be running to vote when last-logged opid is not known
I20260709 12:19:43.718429 18051 raft_consensus.cc:2468] T 366323290ed6487cb376f078634aff58 P b8977b1aab874668a470ffd1d6c0b4d2 [term 0 FOLLOWER]: Leader pre-election vote request: Granting yes vote for candidate 797cf95f0a804000920c48f633c1909b in term 0.
I20260709 12:19:43.725764 18119 raft_consensus.cc:515] T 366323290ed6487cb376f078634aff58 P 797cf95f0a804000920c48f633c1909b [term 1 FOLLOWER]: Starting leader election with config: opid_index: -1 OBSOLETE_local: false peers { permanent_uuid: "797cf95f0a804000920c48f633c1909b" member_type: VOTER last_known_addr { host: "127.16.212.129" port: 36879 } } peers { permanent_uuid: "940e97545c3e4c04adaceb5c84bf7766" member_type: VOTER last_known_addr { host: "127.16.212.130" port: 44481 } } peers { permanent_uuid: "b8977b1aab874668a470ffd1d6c0b4d2" member_type: VOTER last_known_addr { host: "127.16.212.131" port: 33951 } }
I20260709 12:19:43.727136 18096 ts_tablet_manager.cc:1403] T 3388dd65b58f4be4bf8bd99d377ae9d0 P b8977b1aab874668a470ffd1d6c0b4d2: Time spent bootstrapping tablet: real 0.121s	user 0.012s	sys 0.033s
I20260709 12:19:43.728652 17977 raft_consensus.cc:2468] T b489c6f8c03848a4bfd2e1744d175324 P 940e97545c3e4c04adaceb5c84bf7766 [term 1 FOLLOWER]: Leader election vote request: Granting yes vote for candidate b8977b1aab874668a470ffd1d6c0b4d2 in term 1.
I20260709 12:19:43.729718 18019 leader_election.cc:304] T b489c6f8c03848a4bfd2e1744d175324 P b8977b1aab874668a470ffd1d6c0b4d2 [CANDIDATE]: Term 1 election: Election decided. Result: candidate won. Election summary: received 2 responses out of 3 voters: 2 yes votes; 0 no votes. yes voters: 940e97545c3e4c04adaceb5c84bf7766, b8977b1aab874668a470ffd1d6c0b4d2; no voters: 
I20260709 12:19:43.723143 18093 ts_tablet_manager.cc:1434] T 78f134c298a24ba2afa0d30da314ebe0 P 940e97545c3e4c04adaceb5c84bf7766: Time spent starting tablet: real 0.016s	user 0.005s	sys 0.002s
I20260709 12:19:43.725560 18102 leader_election.cc:290] T b489c6f8c03848a4bfd2e1744d175324 P b8977b1aab874668a470ffd1d6c0b4d2 [CANDIDATE]: Term 1 election: Requested vote from peers 797cf95f0a804000920c48f633c1909b (127.16.212.129:36879), 940e97545c3e4c04adaceb5c84bf7766 (127.16.212.130:44481)
I20260709 12:19:43.732995 18100 raft_consensus.cc:493] T 78f134c298a24ba2afa0d30da314ebe0 P 940e97545c3e4c04adaceb5c84bf7766 [term 0 FOLLOWER]: Starting pre-election (no leader contacted us within the election timeout)
I20260709 12:19:43.735060 18102 raft_consensus.cc:2804] T b489c6f8c03848a4bfd2e1744d175324 P b8977b1aab874668a470ffd1d6c0b4d2 [term 1 FOLLOWER]: Leader election won for term 1
I20260709 12:19:43.734753 18100 raft_consensus.cc:515] T 78f134c298a24ba2afa0d30da314ebe0 P 940e97545c3e4c04adaceb5c84bf7766 [term 0 FOLLOWER]: Starting pre-election with config: opid_index: -1 OBSOLETE_local: false peers { permanent_uuid: "797cf95f0a804000920c48f633c1909b" member_type: VOTER last_known_addr { host: "127.16.212.129" port: 36879 } } peers { permanent_uuid: "940e97545c3e4c04adaceb5c84bf7766" member_type: VOTER last_known_addr { host: "127.16.212.130" port: 44481 } } peers { permanent_uuid: "b8977b1aab874668a470ffd1d6c0b4d2" member_type: VOTER last_known_addr { host: "127.16.212.131" port: 33951 } }
I20260709 12:19:43.735739 18102 raft_consensus.cc:697] T b489c6f8c03848a4bfd2e1744d175324 P b8977b1aab874668a470ffd1d6c0b4d2 [term 1 LEADER]: Becoming Leader. State: Replica: b8977b1aab874668a470ffd1d6c0b4d2, State: Running, Role: LEADER
I20260709 12:19:43.737645 18101 leader_election.cc:290] T f5fb7e138a49465a94407c1b536a2b73 P b8977b1aab874668a470ffd1d6c0b4d2 [CANDIDATE]: Term 1 election: Requested vote from peers 940e97545c3e4c04adaceb5c84bf7766 (127.16.212.130:44481), 797cf95f0a804000920c48f633c1909b (127.16.212.129:36879)
I20260709 12:19:43.749173 17903 tablet_service.cc:1917] Received RequestConsensusVote() RPC: tablet_id: "f5fb7e138a49465a94407c1b536a2b73" candidate_uuid: "b8977b1aab874668a470ffd1d6c0b4d2" candidate_term: 1 candidate_status { last_received { term: 0 index: 0 } } ignore_live_leader: false dest_uuid: "797cf95f0a804000920c48f633c1909b"
I20260709 12:19:43.750104 17977 tablet_service.cc:1917] Received RequestConsensusVote() RPC: tablet_id: "366323290ed6487cb376f078634aff58" candidate_uuid: "797cf95f0a804000920c48f633c1909b" candidate_term: 1 candidate_status { last_received { term: 0 index: 0 } } ignore_live_leader: false dest_uuid: "940e97545c3e4c04adaceb5c84bf7766"
W20260709 12:19:43.758033 18016 leader_election.cc:343] T f5fb7e138a49465a94407c1b536a2b73 P b8977b1aab874668a470ffd1d6c0b4d2 [CANDIDATE]: Term 1 election: Tablet error from VoteRequest() call to peer 797cf95f0a804000920c48f633c1909b (127.16.212.129:36879): Illegal state: must be running to vote when last-logged opid is not known
I20260709 12:19:43.758158 17977 raft_consensus.cc:3060] T 366323290ed6487cb376f078634aff58 P 940e97545c3e4c04adaceb5c84bf7766 [term 0 FOLLOWER]: Advancing to term 1
I20260709 12:19:43.774260 17979 tablet_service.cc:1917] Received RequestConsensusVote() RPC: tablet_id: "f5fb7e138a49465a94407c1b536a2b73" candidate_uuid: "b8977b1aab874668a470ffd1d6c0b4d2" candidate_term: 1 candidate_status { last_received { term: 0 index: 0 } } ignore_live_leader: false dest_uuid: "940e97545c3e4c04adaceb5c84bf7766"
I20260709 12:19:43.783743 18131 raft_consensus.cc:493] T dd7e7931c4504b5abbf2f1de85c02d1e P 940e97545c3e4c04adaceb5c84bf7766 [term 0 FOLLOWER]: Starting pre-election (no leader contacted us within the election timeout)
I20260709 12:19:43.784457 18131 raft_consensus.cc:515] T dd7e7931c4504b5abbf2f1de85c02d1e P 940e97545c3e4c04adaceb5c84bf7766 [term 0 FOLLOWER]: Starting pre-election with config: opid_index: -1 OBSOLETE_local: false peers { permanent_uuid: "797cf95f0a804000920c48f633c1909b" member_type: VOTER last_known_addr { host: "127.16.212.129" port: 36879 } } peers { permanent_uuid: "940e97545c3e4c04adaceb5c84bf7766" member_type: VOTER last_known_addr { host: "127.16.212.130" port: 44481 } } peers { permanent_uuid: "b8977b1aab874668a470ffd1d6c0b4d2" member_type: VOTER last_known_addr { host: "127.16.212.131" port: 33951 } }
I20260709 12:19:43.787751 18102 consensus_queue.cc:237] T b489c6f8c03848a4bfd2e1744d175324 P b8977b1aab874668a470ffd1d6c0b4d2 [LEADER]: Queue going to LEADER mode. State: All replicated index: 0, Majority replicated index: 0, Committed index: 0, Last appended: 0.0, Last appended by leader: 0, Current term: 1, Majority size: 2, State: 0, Mode: LEADER, active raft config: opid_index: -1 OBSOLETE_local: false peers { permanent_uuid: "797cf95f0a804000920c48f633c1909b" member_type: VOTER last_known_addr { host: "127.16.212.129" port: 36879 } } peers { permanent_uuid: "940e97545c3e4c04adaceb5c84bf7766" member_type: VOTER last_known_addr { host: "127.16.212.130" port: 44481 } } peers { permanent_uuid: "b8977b1aab874668a470ffd1d6c0b4d2" member_type: VOTER last_known_addr { host: "127.16.212.131" port: 33951 } }
I20260709 12:19:43.790997 17979 raft_consensus.cc:3060] T f5fb7e138a49465a94407c1b536a2b73 P 940e97545c3e4c04adaceb5c84bf7766 [term 0 FOLLOWER]: Advancing to term 1
I20260709 12:19:43.791337 18096 raft_consensus.cc:359] T 3388dd65b58f4be4bf8bd99d377ae9d0 P b8977b1aab874668a470ffd1d6c0b4d2 [term 0 FOLLOWER]: Replica starting. Triggering 0 pending ops. Active config: opid_index: -1 OBSOLETE_local: false peers { permanent_uuid: "797cf95f0a804000920c48f633c1909b" member_type: VOTER last_known_addr { host: "127.16.212.129" port: 36879 } } peers { permanent_uuid: "940e97545c3e4c04adaceb5c84bf7766" member_type: VOTER last_known_addr { host: "127.16.212.130" port: 44481 } } peers { permanent_uuid: "b8977b1aab874668a470ffd1d6c0b4d2" member_type: VOTER last_known_addr { host: "127.16.212.131" port: 33951 } }
I20260709 12:19:43.793041 18096 raft_consensus.cc:385] T 3388dd65b58f4be4bf8bd99d377ae9d0 P b8977b1aab874668a470ffd1d6c0b4d2 [term 0 FOLLOWER]: Consensus starting up: Expiring failure detector timer to make a prompt election more likely
I20260709 12:19:43.793488 18096 raft_consensus.cc:740] T 3388dd65b58f4be4bf8bd99d377ae9d0 P b8977b1aab874668a470ffd1d6c0b4d2 [term 0 FOLLOWER]: Becoming Follower/Learner. State: Replica: b8977b1aab874668a470ffd1d6c0b4d2, State: Initialized, Role: FOLLOWER
I20260709 12:19:43.797055 17977 raft_consensus.cc:2468] T 366323290ed6487cb376f078634aff58 P 940e97545c3e4c04adaceb5c84bf7766 [term 1 FOLLOWER]: Leader election vote request: Granting yes vote for candidate 797cf95f0a804000920c48f633c1909b in term 1.
I20260709 12:19:43.798499 18096 consensus_queue.cc:260] T 3388dd65b58f4be4bf8bd99d377ae9d0 P b8977b1aab874668a470ffd1d6c0b4d2 [NON_LEADER]: Queue going to NON_LEADER mode. State: All replicated index: 0, Majority replicated index: 0, Committed index: 0, Last appended: 0.0, Last appended by leader: 0, Current term: 0, Majority size: -1, State: 0, Mode: NON_LEADER, active raft config: opid_index: -1 OBSOLETE_local: false peers { permanent_uuid: "797cf95f0a804000920c48f633c1909b" member_type: VOTER last_known_addr { host: "127.16.212.129" port: 36879 } } peers { permanent_uuid: "940e97545c3e4c04adaceb5c84bf7766" member_type: VOTER last_known_addr { host: "127.16.212.130" port: 44481 } } peers { permanent_uuid: "b8977b1aab874668a470ffd1d6c0b4d2" member_type: VOTER last_known_addr { host: "127.16.212.131" port: 33951 } }
I20260709 12:19:43.801477 18096 ts_tablet_manager.cc:1434] T 3388dd65b58f4be4bf8bd99d377ae9d0 P b8977b1aab874668a470ffd1d6c0b4d2: Time spent starting tablet: real 0.074s	user 0.007s	sys 0.001s
I20260709 12:19:43.774260 18100 leader_election.cc:290] T 78f134c298a24ba2afa0d30da314ebe0 P 940e97545c3e4c04adaceb5c84bf7766 [CANDIDATE]: Term 1 pre-election: Requested pre-vote from peers 797cf95f0a804000920c48f633c1909b (127.16.212.129:36879), b8977b1aab874668a470ffd1d6c0b4d2 (127.16.212.131:33951)
I20260709 12:19:43.803763 18125 raft_consensus.cc:697] T 0d53aeac49aa4976871c9371d2043b31 P b8977b1aab874668a470ffd1d6c0b4d2 [term 1 LEADER]: Becoming Leader. State: Replica: b8977b1aab874668a470ffd1d6c0b4d2, State: Running, Role: LEADER
I20260709 12:19:43.804193 18100 raft_consensus.cc:493] T 17dd9116b6494b6cac0e8f6472b71ddc P 940e97545c3e4c04adaceb5c84bf7766 [term 0 FOLLOWER]: Starting pre-election (no leader contacted us within the election timeout)
I20260709 12:19:43.804837 18100 raft_consensus.cc:515] T 17dd9116b6494b6cac0e8f6472b71ddc P 940e97545c3e4c04adaceb5c84bf7766 [term 0 FOLLOWER]: Starting pre-election with config: opid_index: -1 OBSOLETE_local: false peers { permanent_uuid: "797cf95f0a804000920c48f633c1909b" member_type: VOTER last_known_addr { host: "127.16.212.129" port: 36879 } } peers { permanent_uuid: "940e97545c3e4c04adaceb5c84bf7766" member_type: VOTER last_known_addr { host: "127.16.212.130" port: 44481 } } peers { permanent_uuid: "b8977b1aab874668a470ffd1d6c0b4d2" member_type: VOTER last_known_addr { host: "127.16.212.131" port: 33951 } }
I20260709 12:19:43.805048 18125 consensus_queue.cc:237] T 0d53aeac49aa4976871c9371d2043b31 P b8977b1aab874668a470ffd1d6c0b4d2 [LEADER]: Queue going to LEADER mode. State: All replicated index: 0, Majority replicated index: 0, Committed index: 0, Last appended: 0.0, Last appended by leader: 0, Current term: 1, Majority size: 2, State: 0, Mode: LEADER, active raft config: opid_index: -1 OBSOLETE_local: false peers { permanent_uuid: "797cf95f0a804000920c48f633c1909b" member_type: VOTER last_known_addr { host: "127.16.212.129" port: 36879 } } peers { permanent_uuid: "940e97545c3e4c04adaceb5c84bf7766" member_type: VOTER last_known_addr { host: "127.16.212.130" port: 44481 } } peers { permanent_uuid: "b8977b1aab874668a470ffd1d6c0b4d2" member_type: VOTER last_known_addr { host: "127.16.212.131" port: 33951 } }
I20260709 12:19:43.806906 18093 tablet_bootstrap.cc:492] T 69ab6229e9764b8a8e496682b97037d0 P 940e97545c3e4c04adaceb5c84bf7766: Bootstrap starting.
I20260709 12:19:43.803073 18096 tablet_bootstrap.cc:492] T dd7e7931c4504b5abbf2f1de85c02d1e P b8977b1aab874668a470ffd1d6c0b4d2: Bootstrap starting.
I20260709 12:19:43.812672 17870 leader_election.cc:304] T 366323290ed6487cb376f078634aff58 P 797cf95f0a804000920c48f633c1909b [CANDIDATE]: Term 1 election: Election decided. Result: candidate won. Election summary: received 2 responses out of 3 voters: 2 yes votes; 0 no votes. yes voters: 797cf95f0a804000920c48f633c1909b, 940e97545c3e4c04adaceb5c84bf7766; no voters: 
I20260709 12:19:43.826064 17979 raft_consensus.cc:2468] T f5fb7e138a49465a94407c1b536a2b73 P 940e97545c3e4c04adaceb5c84bf7766 [term 1 FOLLOWER]: Leader election vote request: Granting yes vote for candidate b8977b1aab874668a470ffd1d6c0b4d2 in term 1.
I20260709 12:19:43.816197 18099 raft_consensus.cc:2804] T 366323290ed6487cb376f078634aff58 P 797cf95f0a804000920c48f633c1909b [term 1 FOLLOWER]: Leader election won for term 1
I20260709 12:19:43.829584 18099 raft_consensus.cc:697] T 366323290ed6487cb376f078634aff58 P 797cf95f0a804000920c48f633c1909b [term 1 LEADER]: Becoming Leader. State: Replica: 797cf95f0a804000920c48f633c1909b, State: Running, Role: LEADER
I20260709 12:19:43.831593 18100 leader_election.cc:290] T 17dd9116b6494b6cac0e8f6472b71ddc P 940e97545c3e4c04adaceb5c84bf7766 [CANDIDATE]: Term 1 pre-election: Requested pre-vote from peers 797cf95f0a804000920c48f633c1909b (127.16.212.129:36879), b8977b1aab874668a470ffd1d6c0b4d2 (127.16.212.131:33951)
I20260709 12:19:43.833405 18093 tablet_bootstrap.cc:654] T 69ab6229e9764b8a8e496682b97037d0 P 940e97545c3e4c04adaceb5c84bf7766: Neither blocks nor log segments found. Creating new log.
I20260709 12:19:43.835794 18096 tablet_bootstrap.cc:654] T dd7e7931c4504b5abbf2f1de85c02d1e P b8977b1aab874668a470ffd1d6c0b4d2: Neither blocks nor log segments found. Creating new log.
