I20260709 12:19:41.527184 23943 tablet_bootstrap.cc:654] T f76b90ec68e74f6fb65987b7d94b2dda P fb207978d03e4366a9ab5db09322399a: Neither blocks nor log segments found. Creating new log.
I20260709 12:19:41.527419 23825 raft_consensus.cc:2393] T d273d36bfa934988883d10c588182620 P 4e8cac46162e4a228cbff1c58ac46b37 [term 1 FOLLOWER]: Leader pre-election vote request: Denying vote to candidate fb207978d03e4366a9ab5db09322399a in current term 1: Already voted for candidate 27962ac102274aefaa855534049e7491 in this term.
I20260709 12:19:41.529567 23751 tablet_service.cc:1917] Received RequestConsensusVote() RPC: tablet_id: "d273d36bfa934988883d10c588182620" candidate_uuid: "fb207978d03e4366a9ab5db09322399a" candidate_term: 1 candidate_status { last_received { term: 0 index: 0 } } ignore_live_leader: false dest_uuid: "27962ac102274aefaa855534049e7491" is_pre_election: true
I20260709 12:19:41.532415 23863 leader_election.cc:304] T d273d36bfa934988883d10c588182620 P fb207978d03e4366a9ab5db09322399a [CANDIDATE]: Term 1 pre-election: Election decided. Result: candidate lost. Election summary: received 3 responses out of 3 voters: 1 yes votes; 2 no votes. yes voters: fb207978d03e4366a9ab5db09322399a; no voters: 27962ac102274aefaa855534049e7491, 4e8cac46162e4a228cbff1c58ac46b37
I20260709 12:19:41.533622 23975 raft_consensus.cc:3060] T d273d36bfa934988883d10c588182620 P fb207978d03e4366a9ab5db09322399a [term 0 FOLLOWER]: Advancing to term 1
I20260709 12:19:41.533812 23941 tablet_bootstrap.cc:492] T e641fde5ed124e438943bd09d2460819 P 27962ac102274aefaa855534049e7491: No bootstrap required, opened a new log
I20260709 12:19:41.534451 23941 ts_tablet_manager.cc:1403] T e641fde5ed124e438943bd09d2460819 P 27962ac102274aefaa855534049e7491: Time spent bootstrapping tablet: real 0.043s	user 0.007s	sys 0.021s
I20260709 12:19:41.541512 23975 raft_consensus.cc:2749] T d273d36bfa934988883d10c588182620 P fb207978d03e4366a9ab5db09322399a [term 1 FOLLOWER]: Leader pre-election lost for term 1. Reason: could not achieve majority
I20260709 12:19:41.542512 23943 tablet_bootstrap.cc:492] T f76b90ec68e74f6fb65987b7d94b2dda P fb207978d03e4366a9ab5db09322399a: No bootstrap required, opened a new log
I20260709 12:19:41.542960 23943 ts_tablet_manager.cc:1403] T f76b90ec68e74f6fb65987b7d94b2dda P fb207978d03e4366a9ab5db09322399a: Time spent bootstrapping tablet: real 0.041s	user 0.010s	sys 0.007s
I20260709 12:19:41.543812 23940 raft_consensus.cc:359] T 826230df454b42cab98aad9b77f818b2 P 4e8cac46162e4a228cbff1c58ac46b37 [term 0 FOLLOWER]: Replica starting. Triggering 0 pending ops. Active config: opid_index: -1 OBSOLETE_local: false peers { permanent_uuid: "27962ac102274aefaa855534049e7491" member_type: VOTER last_known_addr { host: "127.22.144.1" port: 33089 } } peers { permanent_uuid: "4e8cac46162e4a228cbff1c58ac46b37" member_type: VOTER last_known_addr { host: "127.22.144.2" port: 39809 } } peers { permanent_uuid: "fb207978d03e4366a9ab5db09322399a" member_type: VOTER last_known_addr { host: "127.22.144.3" port: 39799 } }
I20260709 12:19:41.544528 23940 raft_consensus.cc:385] T 826230df454b42cab98aad9b77f818b2 P 4e8cac46162e4a228cbff1c58ac46b37 [term 0 FOLLOWER]: Consensus starting up: Expiring failure detector timer to make a prompt election more likely
I20260709 12:19:41.544250 23941 raft_consensus.cc:359] T e641fde5ed124e438943bd09d2460819 P 27962ac102274aefaa855534049e7491 [term 0 FOLLOWER]: Replica starting. Triggering 0 pending ops. Active config: opid_index: -1 OBSOLETE_local: false peers { permanent_uuid: "27962ac102274aefaa855534049e7491" member_type: VOTER last_known_addr { host: "127.22.144.1" port: 33089 } } peers { permanent_uuid: "4e8cac46162e4a228cbff1c58ac46b37" member_type: VOTER last_known_addr { host: "127.22.144.2" port: 39809 } } peers { permanent_uuid: "fb207978d03e4366a9ab5db09322399a" member_type: VOTER last_known_addr { host: "127.22.144.3" port: 39799 } }
I20260709 12:19:41.544840 23940 raft_consensus.cc:740] T 826230df454b42cab98aad9b77f818b2 P 4e8cac46162e4a228cbff1c58ac46b37 [term 0 FOLLOWER]: Becoming Follower/Learner. State: Replica: 4e8cac46162e4a228cbff1c58ac46b37, State: Initialized, Role: FOLLOWER
I20260709 12:19:41.545077 23941 raft_consensus.cc:385] T e641fde5ed124e438943bd09d2460819 P 27962ac102274aefaa855534049e7491 [term 0 FOLLOWER]: Consensus starting up: Expiring failure detector timer to make a prompt election more likely
I20260709 12:19:41.545392 23941 raft_consensus.cc:740] T e641fde5ed124e438943bd09d2460819 P 27962ac102274aefaa855534049e7491 [term 0 FOLLOWER]: Becoming Follower/Learner. State: Replica: 27962ac102274aefaa855534049e7491, State: Initialized, Role: FOLLOWER
I20260709 12:19:41.545471 23940 consensus_queue.cc:260] T 826230df454b42cab98aad9b77f818b2 P 4e8cac46162e4a228cbff1c58ac46b37 [NON_LEADER]: Queue going to NON_LEADER mode. State: All replicated index: 0, Majority replicated index: 0, Committed index: 0, Last appended: 0.0, Last appended by leader: 0, Current term: 0, Majority size: -1, State: 0, Mode: NON_LEADER, active raft config: opid_index: -1 OBSOLETE_local: false peers { permanent_uuid: "27962ac102274aefaa855534049e7491" member_type: VOTER last_known_addr { host: "127.22.144.1" port: 33089 } } peers { permanent_uuid: "4e8cac46162e4a228cbff1c58ac46b37" member_type: VOTER last_known_addr { host: "127.22.144.2" port: 39809 } } peers { permanent_uuid: "fb207978d03e4366a9ab5db09322399a" member_type: VOTER last_known_addr { host: "127.22.144.3" port: 39799 } }
I20260709 12:19:41.545893 23943 raft_consensus.cc:359] T f76b90ec68e74f6fb65987b7d94b2dda P fb207978d03e4366a9ab5db09322399a [term 0 FOLLOWER]: Replica starting. Triggering 0 pending ops. Active config: opid_index: -1 OBSOLETE_local: false peers { permanent_uuid: "4e8cac46162e4a228cbff1c58ac46b37" member_type: VOTER last_known_addr { host: "127.22.144.2" port: 39809 } } peers { permanent_uuid: "27962ac102274aefaa855534049e7491" member_type: VOTER last_known_addr { host: "127.22.144.1" port: 33089 } } peers { permanent_uuid: "fb207978d03e4366a9ab5db09322399a" member_type: VOTER last_known_addr { host: "127.22.144.3" port: 39799 } }
I20260709 12:19:41.546494 23943 raft_consensus.cc:385] T f76b90ec68e74f6fb65987b7d94b2dda P fb207978d03e4366a9ab5db09322399a [term 0 FOLLOWER]: Consensus starting up: Expiring failure detector timer to make a prompt election more likely
I20260709 12:19:41.546180 23941 consensus_queue.cc:260] T e641fde5ed124e438943bd09d2460819 P 27962ac102274aefaa855534049e7491 [NON_LEADER]: Queue going to NON_LEADER mode. State: All replicated index: 0, Majority replicated index: 0, Committed index: 0, Last appended: 0.0, Last appended by leader: 0, Current term: 0, Majority size: -1, State: 0, Mode: NON_LEADER, active raft config: opid_index: -1 OBSOLETE_local: false peers { permanent_uuid: "27962ac102274aefaa855534049e7491" member_type: VOTER last_known_addr { host: "127.22.144.1" port: 33089 } } peers { permanent_uuid: "4e8cac46162e4a228cbff1c58ac46b37" member_type: VOTER last_known_addr { host: "127.22.144.2" port: 39809 } } peers { permanent_uuid: "fb207978d03e4366a9ab5db09322399a" member_type: VOTER last_known_addr { host: "127.22.144.3" port: 39799 } }
I20260709 12:19:41.546747 23943 raft_consensus.cc:740] T f76b90ec68e74f6fb65987b7d94b2dda P fb207978d03e4366a9ab5db09322399a [term 0 FOLLOWER]: Becoming Follower/Learner. State: Replica: fb207978d03e4366a9ab5db09322399a, State: Initialized, Role: FOLLOWER
I20260709 12:19:41.547554 23940 ts_tablet_manager.cc:1434] T 826230df454b42cab98aad9b77f818b2 P 4e8cac46162e4a228cbff1c58ac46b37: Time spent starting tablet: real 0.023s	user 0.002s	sys 0.002s
I20260709 12:19:41.547521 23943 consensus_queue.cc:260] T f76b90ec68e74f6fb65987b7d94b2dda P fb207978d03e4366a9ab5db09322399a [NON_LEADER]: Queue going to NON_LEADER mode. State: All replicated index: 0, Majority replicated index: 0, Committed index: 0, Last appended: 0.0, Last appended by leader: 0, Current term: 0, Majority size: -1, State: 0, Mode: NON_LEADER, active raft config: opid_index: -1 OBSOLETE_local: false peers { permanent_uuid: "4e8cac46162e4a228cbff1c58ac46b37" member_type: VOTER last_known_addr { host: "127.22.144.2" port: 39809 } } peers { permanent_uuid: "27962ac102274aefaa855534049e7491" member_type: VOTER last_known_addr { host: "127.22.144.1" port: 33089 } } peers { permanent_uuid: "fb207978d03e4366a9ab5db09322399a" member_type: VOTER last_known_addr { host: "127.22.144.3" port: 39799 } }
I20260709 12:19:41.548270 23648 catalog_manager.cc:5697] T f76b90ec68e74f6fb65987b7d94b2dda P 4e8cac46162e4a228cbff1c58ac46b37 reported cstate change: term changed from 0 to 1, leader changed from <none> to 4e8cac46162e4a228cbff1c58ac46b37 (127.22.144.2). New cstate: current_term: 1 leader_uuid: "4e8cac46162e4a228cbff1c58ac46b37" committed_config { opid_index: -1 OBSOLETE_local: false peers { permanent_uuid: "4e8cac46162e4a228cbff1c58ac46b37" member_type: VOTER last_known_addr { host: "127.22.144.2" port: 39809 } health_report { overall_health: HEALTHY } } peers { permanent_uuid: "27962ac102274aefaa855534049e7491" member_type: VOTER last_known_addr { host: "127.22.144.1" port: 33089 } health_report { overall_health: UNKNOWN } } peers { permanent_uuid: "fb207978d03e4366a9ab5db09322399a" member_type: VOTER last_known_addr { host: "127.22.144.3" port: 39799 } health_report { overall_health: UNKNOWN } } }
I20260709 12:19:41.549633 23943 ts_tablet_manager.cc:1434] T f76b90ec68e74f6fb65987b7d94b2dda P fb207978d03e4366a9ab5db09322399a: Time spent starting tablet: real 0.006s	user 0.005s	sys 0.002s
I20260709 12:19:41.550384 23941 ts_tablet_manager.cc:1434] T e641fde5ed124e438943bd09d2460819 P 27962ac102274aefaa855534049e7491: Time spent starting tablet: real 0.016s	user 0.004s	sys 0.001s
I20260709 12:19:41.619042 23971 raft_consensus.cc:493] T e641fde5ed124e438943bd09d2460819 P 4e8cac46162e4a228cbff1c58ac46b37 [term 0 FOLLOWER]: Starting pre-election (no leader contacted us within the election timeout)
I20260709 12:19:41.619453 23971 raft_consensus.cc:515] T e641fde5ed124e438943bd09d2460819 P 4e8cac46162e4a228cbff1c58ac46b37 [term 0 FOLLOWER]: Starting pre-election with config: opid_index: -1 OBSOLETE_local: false peers { permanent_uuid: "27962ac102274aefaa855534049e7491" member_type: VOTER last_known_addr { host: "127.22.144.1" port: 33089 } } peers { permanent_uuid: "4e8cac46162e4a228cbff1c58ac46b37" member_type: VOTER last_known_addr { host: "127.22.144.2" port: 39809 } } peers { permanent_uuid: "fb207978d03e4366a9ab5db09322399a" member_type: VOTER last_known_addr { host: "127.22.144.3" port: 39799 } }
I20260709 12:19:41.621110 23971 leader_election.cc:290] T e641fde5ed124e438943bd09d2460819 P 4e8cac46162e4a228cbff1c58ac46b37 [CANDIDATE]: Term 1 pre-election: Requested pre-vote from peers 27962ac102274aefaa855534049e7491 (127.22.144.1:33089), fb207978d03e4366a9ab5db09322399a (127.22.144.3:39799)
I20260709 12:19:41.622012 23751 tablet_service.cc:1917] Received RequestConsensusVote() RPC: tablet_id: "e641fde5ed124e438943bd09d2460819" candidate_uuid: "4e8cac46162e4a228cbff1c58ac46b37" candidate_term: 1 candidate_status { last_received { term: 0 index: 0 } } ignore_live_leader: false dest_uuid: "27962ac102274aefaa855534049e7491" is_pre_election: true
I20260709 12:19:41.622054 23900 tablet_service.cc:1917] Received RequestConsensusVote() RPC: tablet_id: "e641fde5ed124e438943bd09d2460819" candidate_uuid: "4e8cac46162e4a228cbff1c58ac46b37" candidate_term: 1 candidate_status { last_received { term: 0 index: 0 } } ignore_live_leader: false dest_uuid: "fb207978d03e4366a9ab5db09322399a" is_pre_election: true
I20260709 12:19:41.622553 23971 raft_consensus.cc:493] T 01cb8e504c0b4517959032ec42cf4dba P 4e8cac46162e4a228cbff1c58ac46b37 [term 0 FOLLOWER]: Starting pre-election (no leader contacted us within the election timeout)
I20260709 12:19:41.622711 23751 raft_consensus.cc:2468] T e641fde5ed124e438943bd09d2460819 P 27962ac102274aefaa855534049e7491 [term 0 FOLLOWER]: Leader pre-election vote request: Granting yes vote for candidate 4e8cac46162e4a228cbff1c58ac46b37 in term 0.
I20260709 12:19:41.622699 23900 raft_consensus.cc:2468] T e641fde5ed124e438943bd09d2460819 P fb207978d03e4366a9ab5db09322399a [term 0 FOLLOWER]: Leader pre-election vote request: Granting yes vote for candidate 4e8cac46162e4a228cbff1c58ac46b37 in term 0.
I20260709 12:19:41.623015 23971 raft_consensus.cc:515] T 01cb8e504c0b4517959032ec42cf4dba P 4e8cac46162e4a228cbff1c58ac46b37 [term 0 FOLLOWER]: Starting pre-election with config: opid_index: -1 OBSOLETE_local: false peers { permanent_uuid: "27962ac102274aefaa855534049e7491" member_type: VOTER last_known_addr { host: "127.22.144.1" port: 33089 } } peers { permanent_uuid: "4e8cac46162e4a228cbff1c58ac46b37" member_type: VOTER last_known_addr { host: "127.22.144.2" port: 39809 } } peers { permanent_uuid: "fb207978d03e4366a9ab5db09322399a" member_type: VOTER last_known_addr { host: "127.22.144.3" port: 39799 } }
I20260709 12:19:41.623974 23791 leader_election.cc:304] T e641fde5ed124e438943bd09d2460819 P 4e8cac46162e4a228cbff1c58ac46b37 [CANDIDATE]: Term 1 pre-election: Election decided. Result: candidate won. Election summary: received 2 responses out of 3 voters: 2 yes votes; 0 no votes. yes voters: 4e8cac46162e4a228cbff1c58ac46b37, fb207978d03e4366a9ab5db09322399a; no voters: 
I20260709 12:19:41.624744 23947 raft_consensus.cc:2804] T e641fde5ed124e438943bd09d2460819 P 4e8cac46162e4a228cbff1c58ac46b37 [term 0 FOLLOWER]: Leader pre-election won for term 1
I20260709 12:19:41.624985 23971 leader_election.cc:290] T 01cb8e504c0b4517959032ec42cf4dba P 4e8cac46162e4a228cbff1c58ac46b37 [CANDIDATE]: Term 1 pre-election: Requested pre-vote from peers 27962ac102274aefaa855534049e7491 (127.22.144.1:33089), fb207978d03e4366a9ab5db09322399a (127.22.144.3:39799)
I20260709 12:19:41.625151 23947 raft_consensus.cc:493] T e641fde5ed124e438943bd09d2460819 P 4e8cac46162e4a228cbff1c58ac46b37 [term 0 FOLLOWER]: Starting leader election (no leader contacted us within the election timeout)
I20260709 12:19:41.625514 23947 raft_consensus.cc:3060] T e641fde5ed124e438943bd09d2460819 P 4e8cac46162e4a228cbff1c58ac46b37 [term 0 FOLLOWER]: Advancing to term 1
I20260709 12:19:41.625748 23751 tablet_service.cc:1917] Received RequestConsensusVote() RPC: tablet_id: "01cb8e504c0b4517959032ec42cf4dba" candidate_uuid: "4e8cac46162e4a228cbff1c58ac46b37" candidate_term: 1 candidate_status { last_received { term: 0 index: 0 } } ignore_live_leader: false dest_uuid: "27962ac102274aefaa855534049e7491" is_pre_election: true
I20260709 12:19:41.625963 23900 tablet_service.cc:1917] Received RequestConsensusVote() RPC: tablet_id: "01cb8e504c0b4517959032ec42cf4dba" candidate_uuid: "4e8cac46162e4a228cbff1c58ac46b37" candidate_term: 1 candidate_status { last_received { term: 0 index: 0 } } ignore_live_leader: false dest_uuid: "fb207978d03e4366a9ab5db09322399a" is_pre_election: true
I20260709 12:19:41.626173 23751 raft_consensus.cc:2468] T 01cb8e504c0b4517959032ec42cf4dba P 27962ac102274aefaa855534049e7491 [term 0 FOLLOWER]: Leader pre-election vote request: Granting yes vote for candidate 4e8cac46162e4a228cbff1c58ac46b37 in term 0.
I20260709 12:19:41.626587 23900 raft_consensus.cc:2468] T 01cb8e504c0b4517959032ec42cf4dba P fb207978d03e4366a9ab5db09322399a [term 0 FOLLOWER]: Leader pre-election vote request: Granting yes vote for candidate 4e8cac46162e4a228cbff1c58ac46b37 in term 0.
I20260709 12:19:41.627147 23789 leader_election.cc:304] T 01cb8e504c0b4517959032ec42cf4dba P 4e8cac46162e4a228cbff1c58ac46b37 [CANDIDATE]: Term 1 pre-election: Election decided. Result: candidate won. Election summary: received 2 responses out of 3 voters: 2 yes votes; 0 no votes. yes voters: 27962ac102274aefaa855534049e7491, 4e8cac46162e4a228cbff1c58ac46b37; no voters: 
I20260709 12:19:41.627852 23971 raft_consensus.cc:2804] T 01cb8e504c0b4517959032ec42cf4dba P 4e8cac46162e4a228cbff1c58ac46b37 [term 0 FOLLOWER]: Leader pre-election won for term 1
I20260709 12:19:41.628176 23971 raft_consensus.cc:493] T 01cb8e504c0b4517959032ec42cf4dba P 4e8cac46162e4a228cbff1c58ac46b37 [term 0 FOLLOWER]: Starting leader election (no leader contacted us within the election timeout)
I20260709 12:19:41.628526 23971 raft_consensus.cc:3060] T 01cb8e504c0b4517959032ec42cf4dba P 4e8cac46162e4a228cbff1c58ac46b37 [term 0 FOLLOWER]: Advancing to term 1
I20260709 12:19:41.631930 23947 raft_consensus.cc:515] T e641fde5ed124e438943bd09d2460819 P 4e8cac46162e4a228cbff1c58ac46b37 [term 1 FOLLOWER]: Starting leader election with config: opid_index: -1 OBSOLETE_local: false peers { permanent_uuid: "27962ac102274aefaa855534049e7491" member_type: VOTER last_known_addr { host: "127.22.144.1" port: 33089 } } peers { permanent_uuid: "4e8cac46162e4a228cbff1c58ac46b37" member_type: VOTER last_known_addr { host: "127.22.144.2" port: 39809 } } peers { permanent_uuid: "fb207978d03e4366a9ab5db09322399a" member_type: VOTER last_known_addr { host: "127.22.144.3" port: 39799 } }
I20260709 12:19:41.633976 23947 leader_election.cc:290] T e641fde5ed124e438943bd09d2460819 P 4e8cac46162e4a228cbff1c58ac46b37 [CANDIDATE]: Term 1 election: Requested vote from peers 27962ac102274aefaa855534049e7491 (127.22.144.1:33089), fb207978d03e4366a9ab5db09322399a (127.22.144.3:39799)
I20260709 12:19:41.634702 23751 tablet_service.cc:1917] Received RequestConsensusVote() RPC: tablet_id: "e641fde5ed124e438943bd09d2460819" candidate_uuid: "4e8cac46162e4a228cbff1c58ac46b37" candidate_term: 1 candidate_status { last_received { term: 0 index: 0 } } ignore_live_leader: false dest_uuid: "27962ac102274aefaa855534049e7491"
I20260709 12:19:41.634895 23900 tablet_service.cc:1917] Received RequestConsensusVote() RPC: tablet_id: "e641fde5ed124e438943bd09d2460819" candidate_uuid: "4e8cac46162e4a228cbff1c58ac46b37" candidate_term: 1 candidate_status { last_received { term: 0 index: 0 } } ignore_live_leader: false dest_uuid: "fb207978d03e4366a9ab5db09322399a"
I20260709 12:19:41.635160 23751 raft_consensus.cc:3060] T e641fde5ed124e438943bd09d2460819 P 27962ac102274aefaa855534049e7491 [term 0 FOLLOWER]: Advancing to term 1
I20260709 12:19:41.634821 23971 raft_consensus.cc:515] T 01cb8e504c0b4517959032ec42cf4dba P 4e8cac46162e4a228cbff1c58ac46b37 [term 1 FOLLOWER]: Starting leader election with config: opid_index: -1 OBSOLETE_local: false peers { permanent_uuid: "27962ac102274aefaa855534049e7491" member_type: VOTER last_known_addr { host: "127.22.144.1" port: 33089 } } peers { permanent_uuid: "4e8cac46162e4a228cbff1c58ac46b37" member_type: VOTER last_known_addr { host: "127.22.144.2" port: 39809 } } peers { permanent_uuid: "fb207978d03e4366a9ab5db09322399a" member_type: VOTER last_known_addr { host: "127.22.144.3" port: 39799 } }
I20260709 12:19:41.635466 23900 raft_consensus.cc:3060] T e641fde5ed124e438943bd09d2460819 P fb207978d03e4366a9ab5db09322399a [term 0 FOLLOWER]: Advancing to term 1
I20260709 12:19:41.637234 23971 leader_election.cc:290] T 01cb8e504c0b4517959032ec42cf4dba P 4e8cac46162e4a228cbff1c58ac46b37 [CANDIDATE]: Term 1 election: Requested vote from peers 27962ac102274aefaa855534049e7491 (127.22.144.1:33089), fb207978d03e4366a9ab5db09322399a (127.22.144.3:39799)
I20260709 12:19:41.637555 23750 tablet_service.cc:1917] Received RequestConsensusVote() RPC: tablet_id: "01cb8e504c0b4517959032ec42cf4dba" candidate_uuid: "4e8cac46162e4a228cbff1c58ac46b37" candidate_term: 1 candidate_status { last_received { term: 0 index: 0 } } ignore_live_leader: false dest_uuid: "27962ac102274aefaa855534049e7491"
I20260709 12:19:41.637977 23898 tablet_service.cc:1917] Received RequestConsensusVote() RPC: tablet_id: "01cb8e504c0b4517959032ec42cf4dba" candidate_uuid: "4e8cac46162e4a228cbff1c58ac46b37" candidate_term: 1 candidate_status { last_received { term: 0 index: 0 } } ignore_live_leader: false dest_uuid: "fb207978d03e4366a9ab5db09322399a"
I20260709 12:19:41.638087 23750 raft_consensus.cc:3060] T 01cb8e504c0b4517959032ec42cf4dba P 27962ac102274aefaa855534049e7491 [term 0 FOLLOWER]: Advancing to term 1
I20260709 12:19:41.638514 23898 raft_consensus.cc:3060] T 01cb8e504c0b4517959032ec42cf4dba P fb207978d03e4366a9ab5db09322399a [term 0 FOLLOWER]: Advancing to term 1
I20260709 12:19:41.641738 23900 raft_consensus.cc:2468] T e641fde5ed124e438943bd09d2460819 P fb207978d03e4366a9ab5db09322399a [term 1 FOLLOWER]: Leader election vote request: Granting yes vote for candidate 4e8cac46162e4a228cbff1c58ac46b37 in term 1.
I20260709 12:19:41.642184 23751 raft_consensus.cc:2468] T e641fde5ed124e438943bd09d2460819 P 27962ac102274aefaa855534049e7491 [term 1 FOLLOWER]: Leader election vote request: Granting yes vote for candidate 4e8cac46162e4a228cbff1c58ac46b37 in term 1.
I20260709 12:19:41.642786 23791 leader_election.cc:304] T e641fde5ed124e438943bd09d2460819 P 4e8cac46162e4a228cbff1c58ac46b37 [CANDIDATE]: Term 1 election: Election decided. Result: candidate won. Election summary: received 2 responses out of 3 voters: 2 yes votes; 0 no votes. yes voters: 4e8cac46162e4a228cbff1c58ac46b37, fb207978d03e4366a9ab5db09322399a; no voters: 
I20260709 12:19:41.643594 23971 raft_consensus.cc:2804] T e641fde5ed124e438943bd09d2460819 P 4e8cac46162e4a228cbff1c58ac46b37 [term 1 FOLLOWER]: Leader election won for term 1
I20260709 12:19:41.644428 23750 raft_consensus.cc:2468] T 01cb8e504c0b4517959032ec42cf4dba P 27962ac102274aefaa855534049e7491 [term 1 FOLLOWER]: Leader election vote request: Granting yes vote for candidate 4e8cac46162e4a228cbff1c58ac46b37 in term 1.
I20260709 12:19:41.644044 23971 raft_consensus.cc:697] T e641fde5ed124e438943bd09d2460819 P 4e8cac46162e4a228cbff1c58ac46b37 [term 1 LEADER]: Becoming Leader. State: Replica: 4e8cac46162e4a228cbff1c58ac46b37, State: Running, Role: LEADER
I20260709 12:19:41.645306 23789 leader_election.cc:304] T 01cb8e504c0b4517959032ec42cf4dba P 4e8cac46162e4a228cbff1c58ac46b37 [CANDIDATE]: Term 1 election: Election decided. Result: candidate won. Election summary: received 2 responses out of 3 voters: 2 yes votes; 0 no votes. yes voters: 27962ac102274aefaa855534049e7491, 4e8cac46162e4a228cbff1c58ac46b37; no voters: 
I20260709 12:19:41.645453 23971 consensus_queue.cc:237] T e641fde5ed124e438943bd09d2460819 P 4e8cac46162e4a228cbff1c58ac46b37 [LEADER]: Queue going to LEADER mode. State: All replicated index: 0, Majority replicated index: 0, Committed index: 0, Last appended: 0.0, Last appended by leader: 0, Current term: 1, Majority size: 2, State: 0, Mode: LEADER, active raft config: opid_index: -1 OBSOLETE_local: false peers { permanent_uuid: "27962ac102274aefaa855534049e7491" member_type: VOTER last_known_addr { host: "127.22.144.1" port: 33089 } } peers { permanent_uuid: "4e8cac46162e4a228cbff1c58ac46b37" member_type: VOTER last_known_addr { host: "127.22.144.2" port: 39809 } } peers { permanent_uuid: "fb207978d03e4366a9ab5db09322399a" member_type: VOTER last_known_addr { host: "127.22.144.3" port: 39799 } }
I20260709 12:19:41.645880 23898 raft_consensus.cc:2468] T 01cb8e504c0b4517959032ec42cf4dba P fb207978d03e4366a9ab5db09322399a [term 1 FOLLOWER]: Leader election vote request: Granting yes vote for candidate 4e8cac46162e4a228cbff1c58ac46b37 in term 1.
I20260709 12:19:41.645932 23947 raft_consensus.cc:2804] T 01cb8e504c0b4517959032ec42cf4dba P 4e8cac46162e4a228cbff1c58ac46b37 [term 1 FOLLOWER]: Leader election won for term 1
I20260709 12:19:41.646831 23947 raft_consensus.cc:697] T 01cb8e504c0b4517959032ec42cf4dba P 4e8cac46162e4a228cbff1c58ac46b37 [term 1 LEADER]: Becoming Leader. State: Replica: 4e8cac46162e4a228cbff1c58ac46b37, State: Running, Role: LEADER
I20260709 12:19:41.647629 23947 consensus_queue.cc:237] T 01cb8e504c0b4517959032ec42cf4dba P 4e8cac46162e4a228cbff1c58ac46b37 [LEADER]: Queue going to LEADER mode. State: All replicated index: 0, Majority replicated index: 0, Committed index: 0, Last appended: 0.0, Last appended by leader: 0, Current term: 1, Majority size: 2, State: 0, Mode: LEADER, active raft config: opid_index: -1 OBSOLETE_local: false peers { permanent_uuid: "27962ac102274aefaa855534049e7491" member_type: VOTER last_known_addr { host: "127.22.144.1" port: 33089 } } peers { permanent_uuid: "4e8cac46162e4a228cbff1c58ac46b37" member_type: VOTER last_known_addr { host: "127.22.144.2" port: 39809 } } peers { permanent_uuid: "fb207978d03e4366a9ab5db09322399a" member_type: VOTER last_known_addr { host: "127.22.144.3" port: 39799 } }
I20260709 12:19:41.649569 23969 raft_consensus.cc:493] T 2486afcba40c4b2d8e6cbc703eab4fa5 P 27962ac102274aefaa855534049e7491 [term 0 FOLLOWER]: Starting pre-election (no leader contacted us within the election timeout)
I20260709 12:19:41.649995 23969 raft_consensus.cc:515] T 2486afcba40c4b2d8e6cbc703eab4fa5 P 27962ac102274aefaa855534049e7491 [term 0 FOLLOWER]: Starting pre-election with config: opid_index: -1 OBSOLETE_local: false peers { permanent_uuid: "27962ac102274aefaa855534049e7491" member_type: VOTER last_known_addr { host: "127.22.144.1" port: 33089 } } peers { permanent_uuid: "4e8cac46162e4a228cbff1c58ac46b37" member_type: VOTER last_known_addr { host: "127.22.144.2" port: 39809 } } peers { permanent_uuid: "fb207978d03e4366a9ab5db09322399a" member_type: VOTER last_known_addr { host: "127.22.144.3" port: 39799 } }
I20260709 12:19:41.652042 23969 leader_election.cc:290] T 2486afcba40c4b2d8e6cbc703eab4fa5 P 27962ac102274aefaa855534049e7491 [CANDIDATE]: Term 1 pre-election: Requested pre-vote from peers 4e8cac46162e4a228cbff1c58ac46b37 (127.22.144.2:39809), fb207978d03e4366a9ab5db09322399a (127.22.144.3:39799)
I20260709 12:19:41.653134 23898 tablet_service.cc:1917] Received RequestConsensusVote() RPC: tablet_id: "2486afcba40c4b2d8e6cbc703eab4fa5" candidate_uuid: "27962ac102274aefaa855534049e7491" candidate_term: 1 candidate_status { last_received { term: 0 index: 0 } } ignore_live_leader: false dest_uuid: "fb207978d03e4366a9ab5db09322399a" is_pre_election: true
I20260709 12:19:41.653692 23648 catalog_manager.cc:5697] T e641fde5ed124e438943bd09d2460819 P 4e8cac46162e4a228cbff1c58ac46b37 reported cstate change: term changed from 0 to 1, leader changed from <none> to 4e8cac46162e4a228cbff1c58ac46b37 (127.22.144.2). New cstate: current_term: 1 leader_uuid: "4e8cac46162e4a228cbff1c58ac46b37" committed_config { opid_index: -1 OBSOLETE_local: false peers { permanent_uuid: "27962ac102274aefaa855534049e7491" member_type: VOTER last_known_addr { host: "127.22.144.1" port: 33089 } health_report { overall_health: UNKNOWN } } peers { permanent_uuid: "4e8cac46162e4a228cbff1c58ac46b37" member_type: VOTER last_known_addr { host: "127.22.144.2" port: 39809 } health_report { overall_health: HEALTHY } } peers { permanent_uuid: "fb207978d03e4366a9ab5db09322399a" member_type: VOTER last_known_addr { host: "127.22.144.3" port: 39799 } health_report { overall_health: UNKNOWN } } }
I20260709 12:19:41.654533 23825 tablet_service.cc:1917] Received RequestConsensusVote() RPC: tablet_id: "2486afcba40c4b2d8e6cbc703eab4fa5" candidate_uuid: "27962ac102274aefaa855534049e7491" candidate_term: 1 candidate_status { last_received { term: 0 index: 0 } } ignore_live_leader: false dest_uuid: "4e8cac46162e4a228cbff1c58ac46b37" is_pre_election: true
I20260709 12:19:41.655265 23825 raft_consensus.cc:2393] T 2486afcba40c4b2d8e6cbc703eab4fa5 P 4e8cac46162e4a228cbff1c58ac46b37 [term 1 FOLLOWER]: Leader pre-election vote request: Denying vote to candidate 27962ac102274aefaa855534049e7491 in current term 1: Already voted for candidate fb207978d03e4366a9ab5db09322399a in this term.
I20260709 12:19:41.656143 23717 leader_election.cc:304] T 2486afcba40c4b2d8e6cbc703eab4fa5 P 27962ac102274aefaa855534049e7491 [CANDIDATE]: Term 1 pre-election: Election decided. Result: candidate lost. Election summary: received 3 responses out of 3 voters: 1 yes votes; 2 no votes. yes voters: 27962ac102274aefaa855534049e7491; no voters: 4e8cac46162e4a228cbff1c58ac46b37, fb207978d03e4366a9ab5db09322399a
I20260709 12:19:41.656802 23969 raft_consensus.cc:3060] T 2486afcba40c4b2d8e6cbc703eab4fa5 P 27962ac102274aefaa855534049e7491 [term 0 FOLLOWER]: Advancing to term 1
I20260709 12:19:41.662010 23988 consensus_queue.cc:1048] T d273d36bfa934988883d10c588182620 P 27962ac102274aefaa855534049e7491 [LEADER]: Connected to new peer: Peer: permanent_uuid: "fb207978d03e4366a9ab5db09322399a" member_type: VOTER last_known_addr { host: "127.22.144.3" port: 39799 }, Status: LMP_MISMATCH, Last received: 0.0, Next index: 1, Last known committed idx: 0, Time since last communication: 0.001s
I20260709 12:19:41.662771 23945 consensus_queue.cc:1048] T d273d36bfa934988883d10c588182620 P 27962ac102274aefaa855534049e7491 [LEADER]: Connected to new peer: Peer: permanent_uuid: "4e8cac46162e4a228cbff1c58ac46b37" member_type: VOTER last_known_addr { host: "127.22.144.2" port: 39809 }, Status: LMP_MISMATCH, Last received: 0.0, Next index: 1, Last known committed idx: 0, Time since last communication: 0.000s
I20260709 12:19:41.663189 23969 raft_consensus.cc:2749] T 2486afcba40c4b2d8e6cbc703eab4fa5 P 27962ac102274aefaa855534049e7491 [term 1 FOLLOWER]: Leader pre-election lost for term 1. Reason: could not achieve majority
I20260709 12:19:41.669356 23648 catalog_manager.cc:5697] T 01cb8e504c0b4517959032ec42cf4dba P 4e8cac46162e4a228cbff1c58ac46b37 reported cstate change: term changed from 0 to 1, leader changed from <none> to 4e8cac46162e4a228cbff1c58ac46b37 (127.22.144.2). New cstate: current_term: 1 leader_uuid: "4e8cac46162e4a228cbff1c58ac46b37" committed_config { opid_index: -1 OBSOLETE_local: false peers { permanent_uuid: "27962ac102274aefaa855534049e7491" member_type: VOTER last_known_addr { host: "127.22.144.1" port: 33089 } health_report { overall_health: UNKNOWN } } peers { permanent_uuid: "4e8cac46162e4a228cbff1c58ac46b37" member_type: VOTER last_known_addr { host: "127.22.144.2" port: 39809 } health_report { overall_health: HEALTHY } } peers { permanent_uuid: "fb207978d03e4366a9ab5db09322399a" member_type: VOTER last_known_addr { host: "127.22.144.3" port: 39799 } health_report { overall_health: UNKNOWN } } }
I20260709 12:19:41.678875 23947 raft_consensus.cc:493] T c80f2e49d48f4fb9abc2fb886980ac6a P 4e8cac46162e4a228cbff1c58ac46b37 [term 0 FOLLOWER]: Starting pre-election (no leader contacted us within the election timeout)
I20260709 12:19:41.679410 23947 raft_consensus.cc:515] T c80f2e49d48f4fb9abc2fb886980ac6a P 4e8cac46162e4a228cbff1c58ac46b37 [term 0 FOLLOWER]: Starting pre-election with config: opid_index: -1 OBSOLETE_local: false peers { permanent_uuid: "27962ac102274aefaa855534049e7491" member_type: VOTER last_known_addr { host: "127.22.144.1" port: 33089 } } peers { permanent_uuid: "4e8cac46162e4a228cbff1c58ac46b37" member_type: VOTER last_known_addr { host: "127.22.144.2" port: 39809 } } peers { permanent_uuid: "fb207978d03e4366a9ab5db09322399a" member_type: VOTER last_known_addr { host: "127.22.144.3" port: 39799 } }
I20260709 12:19:41.683933 23750 tablet_service.cc:1917] Received RequestConsensusVote() RPC: tablet_id: "c80f2e49d48f4fb9abc2fb886980ac6a" candidate_uuid: "4e8cac46162e4a228cbff1c58ac46b37" candidate_term: 1 candidate_status { last_received { term: 0 index: 0 } } ignore_live_leader: false dest_uuid: "27962ac102274aefaa855534049e7491" is_pre_election: true
I20260709 12:19:41.684777 23750 raft_consensus.cc:2393] T c80f2e49d48f4fb9abc2fb886980ac6a P 27962ac102274aefaa855534049e7491 [term 1 FOLLOWER]: Leader pre-election vote request: Denying vote to candidate 4e8cac46162e4a228cbff1c58ac46b37 in current term 1: Already voted for candidate fb207978d03e4366a9ab5db09322399a in this term.
I20260709 12:19:41.685104 23947 leader_election.cc:290] T c80f2e49d48f4fb9abc2fb886980ac6a P 4e8cac46162e4a228cbff1c58ac46b37 [CANDIDATE]: Term 1 pre-election: Requested pre-vote from peers 27962ac102274aefaa855534049e7491 (127.22.144.1:33089), fb207978d03e4366a9ab5db09322399a (127.22.144.3:39799)
I20260709 12:19:41.685971 23900 tablet_service.cc:1917] Received RequestConsensusVote() RPC: tablet_id: "c80f2e49d48f4fb9abc2fb886980ac6a" candidate_uuid: "4e8cac46162e4a228cbff1c58ac46b37" candidate_term: 1 candidate_status { last_received { term: 0 index: 0 } } ignore_live_leader: false dest_uuid: "fb207978d03e4366a9ab5db09322399a" is_pre_election: true
I20260709 12:19:41.687712 23975 raft_consensus.cc:493] T 46d0aa032acb4289a9a029c4bfe8125f P fb207978d03e4366a9ab5db09322399a [term 0 FOLLOWER]: Starting pre-election (no leader contacted us within the election timeout)
I20260709 12:19:41.687675 23791 leader_election.cc:304] T c80f2e49d48f4fb9abc2fb886980ac6a P 4e8cac46162e4a228cbff1c58ac46b37 [CANDIDATE]: Term 1 pre-election: Election decided. Result: candidate lost. Election summary: received 3 responses out of 3 voters: 1 yes votes; 2 no votes. yes voters: 4e8cac46162e4a228cbff1c58ac46b37; no voters: 27962ac102274aefaa855534049e7491, fb207978d03e4366a9ab5db09322399a
I20260709 12:19:41.688308 23975 raft_consensus.cc:515] T 46d0aa032acb4289a9a029c4bfe8125f P fb207978d03e4366a9ab5db09322399a [term 0 FOLLOWER]: Starting pre-election with config: opid_index: -1 OBSOLETE_local: false peers { permanent_uuid: "27962ac102274aefaa855534049e7491" member_type: VOTER last_known_addr { host: "127.22.144.1" port: 33089 } } peers { permanent_uuid: "4e8cac46162e4a228cbff1c58ac46b37" member_type: VOTER last_known_addr { host: "127.22.144.2" port: 39809 } } peers { permanent_uuid: "fb207978d03e4366a9ab5db09322399a" member_type: VOTER last_known_addr { host: "127.22.144.3" port: 39799 } }
I20260709 12:19:41.689116 23947 raft_consensus.cc:3060] T c80f2e49d48f4fb9abc2fb886980ac6a P 4e8cac46162e4a228cbff1c58ac46b37 [term 0 FOLLOWER]: Advancing to term 1
I20260709 12:19:41.690410 23975 leader_election.cc:290] T 46d0aa032acb4289a9a029c4bfe8125f P fb207978d03e4366a9ab5db09322399a [CANDIDATE]: Term 1 pre-election: Requested pre-vote from peers 27962ac102274aefaa855534049e7491 (127.22.144.1:33089), 4e8cac46162e4a228cbff1c58ac46b37 (127.22.144.2:39809)
I20260709 12:19:41.691913 23750 tablet_service.cc:1917] Received RequestConsensusVote() RPC: tablet_id: "46d0aa032acb4289a9a029c4bfe8125f" candidate_uuid: "fb207978d03e4366a9ab5db09322399a" candidate_term: 1 candidate_status { last_received { term: 0 index: 0 } } ignore_live_leader: false dest_uuid: "27962ac102274aefaa855534049e7491" is_pre_election: true
I20260709 12:19:41.692698 23750 raft_consensus.cc:2393] T 46d0aa032acb4289a9a029c4bfe8125f P 27962ac102274aefaa855534049e7491 [term 1 FOLLOWER]: Leader pre-election vote request: Denying vote to candidate fb207978d03e4366a9ab5db09322399a in current term 1: Already voted for candidate 4e8cac46162e4a228cbff1c58ac46b37 in this term.
I20260709 12:19:41.694967 23947 raft_consensus.cc:2749] T c80f2e49d48f4fb9abc2fb886980ac6a P 4e8cac46162e4a228cbff1c58ac46b37 [term 1 FOLLOWER]: Leader pre-election lost for term 1. Reason: could not achieve majority
I20260709 12:19:41.695806 23825 tablet_service.cc:1917] Received RequestConsensusVote() RPC: tablet_id: "46d0aa032acb4289a9a029c4bfe8125f" candidate_uuid: "fb207978d03e4366a9ab5db09322399a" candidate_term: 1 candidate_status { last_received { term: 0 index: 0 } } ignore_live_leader: false dest_uuid: "4e8cac46162e4a228cbff1c58ac46b37" is_pre_election: true
I20260709 12:19:41.697031 23866 leader_election.cc:304] T 46d0aa032acb4289a9a029c4bfe8125f P fb207978d03e4366a9ab5db09322399a [CANDIDATE]: Term 1 pre-election: Election decided. Result: candidate lost. Election summary: received 3 responses out of 3 voters: 1 yes votes; 2 no votes. yes voters: fb207978d03e4366a9ab5db09322399a; no voters: 27962ac102274aefaa855534049e7491, 4e8cac46162e4a228cbff1c58ac46b37
I20260709 12:19:41.697676 23975 raft_consensus.cc:3060] T 46d0aa032acb4289a9a029c4bfe8125f P fb207978d03e4366a9ab5db09322399a [term 0 FOLLOWER]: Advancing to term 1
I20260709 12:19:41.703635 23975 raft_consensus.cc:2749] T 46d0aa032acb4289a9a029c4bfe8125f P fb207978d03e4366a9ab5db09322399a [term 1 FOLLOWER]: Leader pre-election lost for term 1. Reason: could not achieve majority
I20260709 12:19:41.715735 23825 tablet_service.cc:2072] Received LeaderStepDown RPC: tablet_id: "f76b90ec68e74f6fb65987b7d94b2dda"
dest_uuid: "4e8cac46162e4a228cbff1c58ac46b37"
mode: GRACEFUL
new_leader_uuid: "27962ac102274aefaa855534049e7491"
 from {username='slave'} at 127.0.0.1:60536
I20260709 12:19:41.716269 23825 raft_consensus.cc:606] T f76b90ec68e74f6fb65987b7d94b2dda P 4e8cac46162e4a228cbff1c58ac46b37 [term 1 LEADER]: Received request to transfer leadership to TS 27962ac102274aefaa855534049e7491
I20260709 12:19:41.727579 23900 tablet_service.cc:2072] Received LeaderStepDown RPC: tablet_id: "c80f2e49d48f4fb9abc2fb886980ac6a"
dest_uuid: "fb207978d03e4366a9ab5db09322399a"
mode: GRACEFUL
new_leader_uuid: "27962ac102274aefaa855534049e7491"
 from {username='slave'} at 127.0.0.1:52954
I20260709 12:19:41.728070 23900 raft_consensus.cc:606] T c80f2e49d48f4fb9abc2fb886980ac6a P fb207978d03e4366a9ab5db09322399a [term 1 LEADER]: Received request to transfer leadership to TS 27962ac102274aefaa855534049e7491
I20260709 12:19:41.732590 23825 tablet_service.cc:2072] Received LeaderStepDown RPC: tablet_id: "e641fde5ed124e438943bd09d2460819"
dest_uuid: "4e8cac46162e4a228cbff1c58ac46b37"
mode: GRACEFUL
new_leader_uuid: "27962ac102274aefaa855534049e7491"
 from {username='slave'} at 127.0.0.1:60536
I20260709 12:19:41.733044 23825 raft_consensus.cc:606] T e641fde5ed124e438943bd09d2460819 P 4e8cac46162e4a228cbff1c58ac46b37 [term 1 LEADER]: Received request to transfer leadership to TS 27962ac102274aefaa855534049e7491
I20260709 12:19:41.740043 23975 consensus_queue.cc:1048] T c80f2e49d48f4fb9abc2fb886980ac6a P fb207978d03e4366a9ab5db09322399a [LEADER]: Connected to new peer: Peer: permanent_uuid: "27962ac102274aefaa855534049e7491" member_type: VOTER last_known_addr { host: "127.22.144.1" port: 33089 }, Status: LMP_MISMATCH, Last received: 0.0, Next index: 1, Last known committed idx: 0, Time since last communication: 0.000s
I20260709 12:19:41.744426 23950 consensus_queue.cc:1048] T c80f2e49d48f4fb9abc2fb886980ac6a P fb207978d03e4366a9ab5db09322399a [LEADER]: Connected to new peer: Peer: permanent_uuid: "4e8cac46162e4a228cbff1c58ac46b37" member_type: VOTER last_known_addr { host: "127.22.144.2" port: 39809 }, Status: LMP_MISMATCH, Last received: 0.0, Next index: 1, Last known committed idx: 0, Time since last communication: 0.000s
I20260709 12:19:41.746474 23900 tablet_service.cc:2072] Received LeaderStepDown RPC: tablet_id: "2486afcba40c4b2d8e6cbc703eab4fa5"
dest_uuid: "fb207978d03e4366a9ab5db09322399a"
mode: GRACEFUL
new_leader_uuid: "4e8cac46162e4a228cbff1c58ac46b37"
 from {username='slave'} at 127.0.0.1:52954
I20260709 12:19:41.747041 23900 raft_consensus.cc:606] T 2486afcba40c4b2d8e6cbc703eab4fa5 P fb207978d03e4366a9ab5db09322399a [term 1 LEADER]: Received request to transfer leadership to TS 4e8cac46162e4a228cbff1c58ac46b37
I20260709 12:19:41.750939 23970 raft_consensus.cc:993] T c80f2e49d48f4fb9abc2fb886980ac6a P fb207978d03e4366a9ab5db09322399a: : Instructing follower 27962ac102274aefaa855534049e7491 to start an election
I20260709 12:19:41.751444 23970 raft_consensus.cc:1081] T c80f2e49d48f4fb9abc2fb886980ac6a P fb207978d03e4366a9ab5db09322399a [term 1 LEADER]: Signalling peer 27962ac102274aefaa855534049e7491 to start an election
I20260709 12:19:41.754065 23751 tablet_service.cc:2044] Received Run Leader Election RPC: tablet_id: "c80f2e49d48f4fb9abc2fb886980ac6a"
dest_uuid: "27962ac102274aefaa855534049e7491"
 from {username='slave'} at 127.0.0.1:56266
I20260709 12:19:41.754681 23751 raft_consensus.cc:493] T c80f2e49d48f4fb9abc2fb886980ac6a P 27962ac102274aefaa855534049e7491 [term 1 FOLLOWER]: Starting forced leader election (received explicit request)
I20260709 12:19:41.755044 23751 raft_consensus.cc:3060] T c80f2e49d48f4fb9abc2fb886980ac6a P 27962ac102274aefaa855534049e7491 [term 1 FOLLOWER]: Advancing to term 2
I20260709 12:19:41.763312 23751 raft_consensus.cc:515] T c80f2e49d48f4fb9abc2fb886980ac6a P 27962ac102274aefaa855534049e7491 [term 2 FOLLOWER]: Starting forced leader election with config: opid_index: -1 OBSOLETE_local: false peers { permanent_uuid: "27962ac102274aefaa855534049e7491" member_type: VOTER last_known_addr { host: "127.22.144.1" port: 33089 } } peers { permanent_uuid: "4e8cac46162e4a228cbff1c58ac46b37" member_type: VOTER last_known_addr { host: "127.22.144.2" port: 39809 } } peers { permanent_uuid: "fb207978d03e4366a9ab5db09322399a" member_type: VOTER last_known_addr { host: "127.22.144.3" port: 39799 } }
I20260709 12:19:41.769495 23751 leader_election.cc:290] T c80f2e49d48f4fb9abc2fb886980ac6a P 27962ac102274aefaa855534049e7491 [CANDIDATE]: Term 2 election: Requested vote from peers 4e8cac46162e4a228cbff1c58ac46b37 (127.22.144.2:39809), fb207978d03e4366a9ab5db09322399a (127.22.144.3:39799)
I20260709 12:19:41.769845 23825 tablet_service.cc:1917] Received RequestConsensusVote() RPC: tablet_id: "c80f2e49d48f4fb9abc2fb886980ac6a" candidate_uuid: "27962ac102274aefaa855534049e7491" candidate_term: 2 candidate_status { last_received { term: 1 index: 1 } } ignore_live_leader: true dest_uuid: "4e8cac46162e4a228cbff1c58ac46b37"
I20260709 12:19:41.770395 23825 raft_consensus.cc:3060] T c80f2e49d48f4fb9abc2fb886980ac6a P 4e8cac46162e4a228cbff1c58ac46b37 [term 1 FOLLOWER]: Advancing to term 2
I20260709 12:19:41.770495 23900 tablet_service.cc:1917] Received RequestConsensusVote() RPC: tablet_id: "c80f2e49d48f4fb9abc2fb886980ac6a" candidate_uuid: "27962ac102274aefaa855534049e7491" candidate_term: 2 candidate_status { last_received { term: 1 index: 1 } } ignore_live_leader: true dest_uuid: "fb207978d03e4366a9ab5db09322399a"
I20260709 12:19:41.771093 23900 raft_consensus.cc:3055] T c80f2e49d48f4fb9abc2fb886980ac6a P fb207978d03e4366a9ab5db09322399a [term 1 LEADER]: Stepping down as leader of term 1
I20260709 12:19:41.771404 23900 raft_consensus.cc:740] T c80f2e49d48f4fb9abc2fb886980ac6a P fb207978d03e4366a9ab5db09322399a [term 1 LEADER]: Becoming Follower/Learner. State: Replica: fb207978d03e4366a9ab5db09322399a, State: Running, Role: LEADER
I20260709 12:19:41.772158 23900 consensus_queue.cc:260] T c80f2e49d48f4fb9abc2fb886980ac6a P fb207978d03e4366a9ab5db09322399a [NON_LEADER]: Queue going to NON_LEADER mode. State: All replicated index: 0, Majority replicated index: 1, Committed index: 1, Last appended: 1.1, Last appended by leader: 1, Current term: 1, Majority size: -1, State: 0, Mode: NON_LEADER, active raft config: opid_index: -1 OBSOLETE_local: false peers { permanent_uuid: "27962ac102274aefaa855534049e7491" member_type: VOTER last_known_addr { host: "127.22.144.1" port: 33089 } } peers { permanent_uuid: "4e8cac46162e4a228cbff1c58ac46b37" member_type: VOTER last_known_addr { host: "127.22.144.2" port: 39809 } } peers { permanent_uuid: "fb207978d03e4366a9ab5db09322399a" member_type: VOTER last_known_addr { host: "127.22.144.3" port: 39799 } }
I20260709 12:19:41.773365 23900 raft_consensus.cc:3060] T c80f2e49d48f4fb9abc2fb886980ac6a P fb207978d03e4366a9ab5db09322399a [term 1 FOLLOWER]: Advancing to term 2
I20260709 12:19:41.776226 23825 raft_consensus.cc:2468] T c80f2e49d48f4fb9abc2fb886980ac6a P 4e8cac46162e4a228cbff1c58ac46b37 [term 2 FOLLOWER]: Leader election vote request: Granting yes vote for candidate 27962ac102274aefaa855534049e7491 in term 2.
I20260709 12:19:41.777318 23717 leader_election.cc:304] T c80f2e49d48f4fb9abc2fb886980ac6a P 27962ac102274aefaa855534049e7491 [CANDIDATE]: Term 2 election: Election decided. Result: candidate won. Election summary: received 2 responses out of 3 voters: 2 yes votes; 0 no votes. yes voters: 27962ac102274aefaa855534049e7491, 4e8cac46162e4a228cbff1c58ac46b37; no voters: 
I20260709 12:19:41.778132 23988 raft_consensus.cc:2804] T c80f2e49d48f4fb9abc2fb886980ac6a P 27962ac102274aefaa855534049e7491 [term 2 FOLLOWER]: Leader election won for term 2
I20260709 12:19:41.778577 23988 raft_consensus.cc:697] T c80f2e49d48f4fb9abc2fb886980ac6a P 27962ac102274aefaa855534049e7491 [term 2 LEADER]: Becoming Leader. State: Replica: 27962ac102274aefaa855534049e7491, State: Running, Role: LEADER
I20260709 12:19:41.779333 23988 consensus_queue.cc:237] T c80f2e49d48f4fb9abc2fb886980ac6a P 27962ac102274aefaa855534049e7491 [LEADER]: Queue going to LEADER mode. State: All replicated index: 0, Majority replicated index: 1, Committed index: 1, Last appended: 1.1, Last appended by leader: 1, Current term: 2, Majority size: 2, State: 0, Mode: LEADER, active raft config: opid_index: -1 OBSOLETE_local: false peers { permanent_uuid: "27962ac102274aefaa855534049e7491" member_type: VOTER last_known_addr { host: "127.22.144.1" port: 33089 } } peers { permanent_uuid: "4e8cac46162e4a228cbff1c58ac46b37" member_type: VOTER last_known_addr { host: "127.22.144.2" port: 39809 } } peers { permanent_uuid: "fb207978d03e4366a9ab5db09322399a" member_type: VOTER last_known_addr { host: "127.22.144.3" port: 39799 } }
I20260709 12:19:41.780594 23900 raft_consensus.cc:2468] T c80f2e49d48f4fb9abc2fb886980ac6a P fb207978d03e4366a9ab5db09322399a [term 2 FOLLOWER]: Leader election vote request: Granting yes vote for candidate 27962ac102274aefaa855534049e7491 in term 2.
I20260709 12:19:41.786062 23751 tablet_service.cc:2072] Received LeaderStepDown RPC: tablet_id: "191df42f55014117a8c1cea55a5e2ae9"
dest_uuid: "27962ac102274aefaa855534049e7491"
mode: GRACEFUL
new_leader_uuid: "fb207978d03e4366a9ab5db09322399a"
 from {username='slave'} at 127.0.0.1:56274
I20260709 12:19:41.786512 23751 raft_consensus.cc:606] T 191df42f55014117a8c1cea55a5e2ae9 P 27962ac102274aefaa855534049e7491 [term 1 LEADER]: Received request to transfer leadership to TS fb207978d03e4366a9ab5db09322399a
I20260709 12:19:41.786966 23647 catalog_manager.cc:5697] T c80f2e49d48f4fb9abc2fb886980ac6a P 27962ac102274aefaa855534049e7491 reported cstate change: term changed from 1 to 2, leader changed from fb207978d03e4366a9ab5db09322399a (127.22.144.3) to 27962ac102274aefaa855534049e7491 (127.22.144.1). New cstate: current_term: 2 leader_uuid: "27962ac102274aefaa855534049e7491" committed_config { opid_index: -1 OBSOLETE_local: false peers { permanent_uuid: "27962ac102274aefaa855534049e7491" member_type: VOTER last_known_addr { host: "127.22.144.1" port: 33089 } health_report { overall_health: HEALTHY } } peers { permanent_uuid: "4e8cac46162e4a228cbff1c58ac46b37" member_type: VOTER last_known_addr { host: "127.22.144.2" port: 39809 } health_report { overall_health: UNKNOWN } } peers { permanent_uuid: "fb207978d03e4366a9ab5db09322399a" member_type: VOTER last_known_addr { host: "127.22.144.3" port: 39799 } health_report { overall_health: UNKNOWN } } }
I20260709 12:19:41.806954 23970 raft_consensus.cc:493] T f76b90ec68e74f6fb65987b7d94b2dda P fb207978d03e4366a9ab5db09322399a [term 0 FOLLOWER]: Starting pre-election (no leader contacted us within the election timeout)
I20260709 12:19:41.807376 23970 raft_consensus.cc:515] T f76b90ec68e74f6fb65987b7d94b2dda P fb207978d03e4366a9ab5db09322399a [term 0 FOLLOWER]: Starting pre-election with config: opid_index: -1 OBSOLETE_local: false peers { permanent_uuid: "4e8cac46162e4a228cbff1c58ac46b37" member_type: VOTER last_known_addr { host: "127.22.144.2" port: 39809 } } peers { permanent_uuid: "27962ac102274aefaa855534049e7491" member_type: VOTER last_known_addr { host: "127.22.144.1" port: 33089 } } peers { permanent_uuid: "fb207978d03e4366a9ab5db09322399a" member_type: VOTER last_known_addr { host: "127.22.144.3" port: 39799 } }
I20260709 12:19:41.809028 23970 leader_election.cc:290] T f76b90ec68e74f6fb65987b7d94b2dda P fb207978d03e4366a9ab5db09322399a [CANDIDATE]: Term 1 pre-election: Requested pre-vote from peers 4e8cac46162e4a228cbff1c58ac46b37 (127.22.144.2:39809), 27962ac102274aefaa855534049e7491 (127.22.144.1:33089)
I20260709 12:19:41.809700 23825 tablet_service.cc:1917] Received RequestConsensusVote() RPC: tablet_id: "f76b90ec68e74f6fb65987b7d94b2dda" candidate_uuid: "fb207978d03e4366a9ab5db09322399a" candidate_term: 1 candidate_status { last_received { term: 0 index: 0 } } ignore_live_leader: false dest_uuid: "4e8cac46162e4a228cbff1c58ac46b37" is_pre_election: true
I20260709 12:19:41.810045 23751 tablet_service.cc:1917] Received RequestConsensusVote() RPC: tablet_id: "f76b90ec68e74f6fb65987b7d94b2dda" candidate_uuid: "fb207978d03e4366a9ab5db09322399a" candidate_term: 1 candidate_status { last_received { term: 0 index: 0 } } ignore_live_leader: false dest_uuid: "27962ac102274aefaa855534049e7491" is_pre_election: true
I20260709 12:19:41.810647 23751 raft_consensus.cc:2393] T f76b90ec68e74f6fb65987b7d94b2dda P 27962ac102274aefaa855534049e7491 [term 1 FOLLOWER]: Leader pre-election vote request: Denying vote to candidate fb207978d03e4366a9ab5db09322399a in current term 1: Already voted for candidate 4e8cac46162e4a228cbff1c58ac46b37 in this term.
I20260709 12:19:41.811473 23863 leader_election.cc:304] T f76b90ec68e74f6fb65987b7d94b2dda P fb207978d03e4366a9ab5db09322399a [CANDIDATE]: Term 1 pre-election: Election decided. Result: candidate lost. Election summary: received 3 responses out of 3 voters: 1 yes votes; 2 no votes. yes voters: fb207978d03e4366a9ab5db09322399a; no voters: 27962ac102274aefaa855534049e7491, 4e8cac46162e4a228cbff1c58ac46b37
I20260709 12:19:41.812067 23970 raft_consensus.cc:3060] T f76b90ec68e74f6fb65987b7d94b2dda P fb207978d03e4366a9ab5db09322399a [term 0 FOLLOWER]: Advancing to term 1
I20260709 12:19:41.816789 23970 raft_consensus.cc:2749] T f76b90ec68e74f6fb65987b7d94b2dda P fb207978d03e4366a9ab5db09322399a [term 1 FOLLOWER]: Leader pre-election lost for term 1. Reason: could not achieve majority
I20260709 12:19:41.839331 23970 consensus_queue.cc:1048] T 2486afcba40c4b2d8e6cbc703eab4fa5 P fb207978d03e4366a9ab5db09322399a [LEADER]: Connected to new peer: Peer: permanent_uuid: "4e8cac46162e4a228cbff1c58ac46b37" member_type: VOTER last_known_addr { host: "127.22.144.2" port: 39809 }, Status: LMP_MISMATCH, Last received: 0.0, Next index: 1, Last known committed idx: 0, Time since last communication: 0.000s
