I20260709 12:19:55.319950 10071 tablet_service.cc:2044] Received Run Leader Election RPC: tablet_id: "ad39713436c84bd5ac2045791f3b54f7"
dest_uuid: "b6b77892fdca4ef69883a84d9ca188dd"
 from {username='slave'} at 127.0.0.1:34240
I20260709 12:19:55.320629 10071 raft_consensus.cc:493] T ad39713436c84bd5ac2045791f3b54f7 P b6b77892fdca4ef69883a84d9ca188dd [term 2 FOLLOWER]: Starting forced leader election (received explicit request)
I20260709 12:19:55.320899 10071 raft_consensus.cc:3060] T ad39713436c84bd5ac2045791f3b54f7 P b6b77892fdca4ef69883a84d9ca188dd [term 2 FOLLOWER]: Advancing to term 3
I20260709 12:19:55.325456 10071 raft_consensus.cc:515] T ad39713436c84bd5ac2045791f3b54f7 P b6b77892fdca4ef69883a84d9ca188dd [term 3 FOLLOWER]: Starting forced leader election with config: opid_index: -1 OBSOLETE_local: false peers { permanent_uuid: "b6b77892fdca4ef69883a84d9ca188dd" member_type: VOTER last_known_addr { host: "127.9.50.1" port: 34171 } } peers { permanent_uuid: "7ac1b2a7dd4d46a58709768245fe3cfd" member_type: VOTER last_known_addr { host: "127.9.50.2" port: 42453 } } peers { permanent_uuid: "b29e8ac482d04e0db3a771de4ead25ff" member_type: VOTER last_known_addr { host: "127.9.50.3" port: 41799 } }
I20260709 12:19:55.327098 10071 leader_election.cc:290] T ad39713436c84bd5ac2045791f3b54f7 P b6b77892fdca4ef69883a84d9ca188dd [CANDIDATE]: Term 3 election: Requested vote from peers 7ac1b2a7dd4d46a58709768245fe3cfd (127.9.50.2:42453), b29e8ac482d04e0db3a771de4ead25ff (127.9.50.3:41799)
I20260709 12:19:55.327745 10147 tablet_service.cc:1917] Received RequestConsensusVote() RPC: tablet_id: "ad39713436c84bd5ac2045791f3b54f7" candidate_uuid: "b6b77892fdca4ef69883a84d9ca188dd" candidate_term: 3 candidate_status { last_received { term: 2 index: 2 } } ignore_live_leader: true dest_uuid: "7ac1b2a7dd4d46a58709768245fe3cfd"
I20260709 12:19:55.327921 10219 tablet_service.cc:1917] Received RequestConsensusVote() RPC: tablet_id: "ad39713436c84bd5ac2045791f3b54f7" candidate_uuid: "b6b77892fdca4ef69883a84d9ca188dd" candidate_term: 3 candidate_status { last_received { term: 2 index: 2 } } ignore_live_leader: true dest_uuid: "b29e8ac482d04e0db3a771de4ead25ff"
I20260709 12:19:55.328262 10147 raft_consensus.cc:3060] T ad39713436c84bd5ac2045791f3b54f7 P 7ac1b2a7dd4d46a58709768245fe3cfd [term 2 FOLLOWER]: Advancing to term 3
I20260709 12:19:55.328469 10219 raft_consensus.cc:3055] T ad39713436c84bd5ac2045791f3b54f7 P b29e8ac482d04e0db3a771de4ead25ff [term 2 LEADER]: Stepping down as leader of term 2
I20260709 12:19:55.328774 10219 raft_consensus.cc:740] T ad39713436c84bd5ac2045791f3b54f7 P b29e8ac482d04e0db3a771de4ead25ff [term 2 LEADER]: Becoming Follower/Learner. State: Replica: b29e8ac482d04e0db3a771de4ead25ff, State: Running, Role: LEADER
I20260709 12:19:55.329433 10219 consensus_queue.cc:260] T ad39713436c84bd5ac2045791f3b54f7 P b29e8ac482d04e0db3a771de4ead25ff [NON_LEADER]: Queue going to NON_LEADER mode. State: All replicated index: 0, Majority replicated index: 2, Committed index: 2, Last appended: 2.2, Last appended by leader: 2, Current term: 2, Majority size: -1, State: 0, Mode: NON_LEADER, active raft config: opid_index: -1 OBSOLETE_local: false peers { permanent_uuid: "b6b77892fdca4ef69883a84d9ca188dd" member_type: VOTER last_known_addr { host: "127.9.50.1" port: 34171 } } peers { permanent_uuid: "7ac1b2a7dd4d46a58709768245fe3cfd" member_type: VOTER last_known_addr { host: "127.9.50.2" port: 42453 } } peers { permanent_uuid: "b29e8ac482d04e0db3a771de4ead25ff" member_type: VOTER last_known_addr { host: "127.9.50.3" port: 41799 } }
I20260709 12:19:55.330446 10219 raft_consensus.cc:3060] T ad39713436c84bd5ac2045791f3b54f7 P b29e8ac482d04e0db3a771de4ead25ff [term 2 FOLLOWER]: Advancing to term 3
I20260709 12:19:55.332724 10147 raft_consensus.cc:2468] T ad39713436c84bd5ac2045791f3b54f7 P 7ac1b2a7dd4d46a58709768245fe3cfd [term 3 FOLLOWER]: Leader election vote request: Granting yes vote for candidate b6b77892fdca4ef69883a84d9ca188dd in term 3.
I20260709 12:19:55.333750 10035 leader_election.cc:304] T ad39713436c84bd5ac2045791f3b54f7 P b6b77892fdca4ef69883a84d9ca188dd [CANDIDATE]: Term 3 election: Election decided. Result: candidate won. Election summary: received 2 responses out of 3 voters: 2 yes votes; 0 no votes. yes voters: 7ac1b2a7dd4d46a58709768245fe3cfd, b6b77892fdca4ef69883a84d9ca188dd; no voters: 
I20260709 12:19:55.334605 10375 raft_consensus.cc:2804] T ad39713436c84bd5ac2045791f3b54f7 P b6b77892fdca4ef69883a84d9ca188dd [term 3 FOLLOWER]: Leader election won for term 3
I20260709 12:19:55.335201 10375 raft_consensus.cc:697] T ad39713436c84bd5ac2045791f3b54f7 P b6b77892fdca4ef69883a84d9ca188dd [term 3 LEADER]: Becoming Leader. State: Replica: b6b77892fdca4ef69883a84d9ca188dd, State: Running, Role: LEADER
I20260709 12:19:55.335914 10219 raft_consensus.cc:2468] T ad39713436c84bd5ac2045791f3b54f7 P b29e8ac482d04e0db3a771de4ead25ff [term 3 FOLLOWER]: Leader election vote request: Granting yes vote for candidate b6b77892fdca4ef69883a84d9ca188dd in term 3.
I20260709 12:19:55.336266 10375 consensus_queue.cc:237] T ad39713436c84bd5ac2045791f3b54f7 P b6b77892fdca4ef69883a84d9ca188dd [LEADER]: Queue going to LEADER mode. State: All replicated index: 0, Majority replicated index: 2, Committed index: 2, Last appended: 2.2, Last appended by leader: 2, Current term: 3, Majority size: 2, State: 0, Mode: LEADER, active raft config: opid_index: -1 OBSOLETE_local: false peers { permanent_uuid: "b6b77892fdca4ef69883a84d9ca188dd" member_type: VOTER last_known_addr { host: "127.9.50.1" port: 34171 } } peers { permanent_uuid: "7ac1b2a7dd4d46a58709768245fe3cfd" member_type: VOTER last_known_addr { host: "127.9.50.2" port: 42453 } } peers { permanent_uuid: "b29e8ac482d04e0db3a771de4ead25ff" member_type: VOTER last_known_addr { host: "127.9.50.3" port: 41799 } }
I20260709 12:19:55.337685 10390 raft_consensus.cc:993] T cf7977b6401a4dc2a72ab06ec6a0c0cc P b29e8ac482d04e0db3a771de4ead25ff: : Instructing follower b6b77892fdca4ef69883a84d9ca188dd to start an election
I20260709 12:19:55.338167 10380 raft_consensus.cc:1081] T cf7977b6401a4dc2a72ab06ec6a0c0cc P b29e8ac482d04e0db3a771de4ead25ff [term 3 LEADER]: Signalling peer b6b77892fdca4ef69883a84d9ca188dd to start an election
I20260709 12:19:55.339828 10071 tablet_service.cc:2044] Received Run Leader Election RPC: tablet_id: "cf7977b6401a4dc2a72ab06ec6a0c0cc"
dest_uuid: "b6b77892fdca4ef69883a84d9ca188dd"
 from {username='slave'} at 127.0.0.1:34240
I20260709 12:19:55.340565 10071 raft_consensus.cc:493] T cf7977b6401a4dc2a72ab06ec6a0c0cc P b6b77892fdca4ef69883a84d9ca188dd [term 3 FOLLOWER]: Starting forced leader election (received explicit request)
I20260709 12:19:55.341032 10071 raft_consensus.cc:3060] T cf7977b6401a4dc2a72ab06ec6a0c0cc P b6b77892fdca4ef69883a84d9ca188dd [term 3 FOLLOWER]: Advancing to term 4
I20260709 12:19:55.345268  9970 catalog_manager.cc:5697] T ad39713436c84bd5ac2045791f3b54f7 P b6b77892fdca4ef69883a84d9ca188dd reported cstate change: term changed from 2 to 3, leader changed from b29e8ac482d04e0db3a771de4ead25ff (127.9.50.3) to b6b77892fdca4ef69883a84d9ca188dd (127.9.50.1). New cstate: current_term: 3 leader_uuid: "b6b77892fdca4ef69883a84d9ca188dd" committed_config { opid_index: -1 OBSOLETE_local: false peers { permanent_uuid: "b6b77892fdca4ef69883a84d9ca188dd" member_type: VOTER last_known_addr { host: "127.9.50.1" port: 34171 } health_report { overall_health: HEALTHY } } peers { permanent_uuid: "7ac1b2a7dd4d46a58709768245fe3cfd" member_type: VOTER last_known_addr { host: "127.9.50.2" port: 42453 } health_report { overall_health: UNKNOWN } } peers { permanent_uuid: "b29e8ac482d04e0db3a771de4ead25ff" member_type: VOTER last_known_addr { host: "127.9.50.3" port: 41799 } health_report { overall_health: UNKNOWN } } }
I20260709 12:19:55.348389 10071 raft_consensus.cc:515] T cf7977b6401a4dc2a72ab06ec6a0c0cc P b6b77892fdca4ef69883a84d9ca188dd [term 4 FOLLOWER]: Starting forced leader election with config: opid_index: -1 OBSOLETE_local: false peers { permanent_uuid: "b6b77892fdca4ef69883a84d9ca188dd" member_type: VOTER last_known_addr { host: "127.9.50.1" port: 34171 } } peers { permanent_uuid: "7ac1b2a7dd4d46a58709768245fe3cfd" member_type: VOTER last_known_addr { host: "127.9.50.2" port: 42453 } } peers { permanent_uuid: "b29e8ac482d04e0db3a771de4ead25ff" member_type: VOTER last_known_addr { host: "127.9.50.3" port: 41799 } }
I20260709 12:19:55.349905 10071 leader_election.cc:290] T cf7977b6401a4dc2a72ab06ec6a0c0cc P b6b77892fdca4ef69883a84d9ca188dd [CANDIDATE]: Term 4 election: Requested vote from peers 7ac1b2a7dd4d46a58709768245fe3cfd (127.9.50.2:42453), b29e8ac482d04e0db3a771de4ead25ff (127.9.50.3:41799)
I20260709 12:19:55.350741 10147 tablet_service.cc:1917] Received RequestConsensusVote() RPC: tablet_id: "cf7977b6401a4dc2a72ab06ec6a0c0cc" candidate_uuid: "b6b77892fdca4ef69883a84d9ca188dd" candidate_term: 4 candidate_status { last_received { term: 3 index: 3 } } ignore_live_leader: true dest_uuid: "7ac1b2a7dd4d46a58709768245fe3cfd"
I20260709 12:19:55.350940 10219 tablet_service.cc:1917] Received RequestConsensusVote() RPC: tablet_id: "cf7977b6401a4dc2a72ab06ec6a0c0cc" candidate_uuid: "b6b77892fdca4ef69883a84d9ca188dd" candidate_term: 4 candidate_status { last_received { term: 3 index: 3 } } ignore_live_leader: true dest_uuid: "b29e8ac482d04e0db3a771de4ead25ff"
I20260709 12:19:55.351347 10147 raft_consensus.cc:3060] T cf7977b6401a4dc2a72ab06ec6a0c0cc P 7ac1b2a7dd4d46a58709768245fe3cfd [term 3 FOLLOWER]: Advancing to term 4
I20260709 12:19:55.351468 10219 raft_consensus.cc:3055] T cf7977b6401a4dc2a72ab06ec6a0c0cc P b29e8ac482d04e0db3a771de4ead25ff [term 3 LEADER]: Stepping down as leader of term 3
I20260709 12:19:55.351848 10219 raft_consensus.cc:740] T cf7977b6401a4dc2a72ab06ec6a0c0cc P b29e8ac482d04e0db3a771de4ead25ff [term 3 LEADER]: Becoming Follower/Learner. State: Replica: b29e8ac482d04e0db3a771de4ead25ff, State: Running, Role: LEADER
I20260709 12:19:55.352572 10219 consensus_queue.cc:260] T cf7977b6401a4dc2a72ab06ec6a0c0cc P b29e8ac482d04e0db3a771de4ead25ff [NON_LEADER]: Queue going to NON_LEADER mode. State: All replicated index: 0, Majority replicated index: 3, Committed index: 3, Last appended: 3.3, Last appended by leader: 3, Current term: 3, Majority size: -1, State: 0, Mode: NON_LEADER, active raft config: opid_index: -1 OBSOLETE_local: false peers { permanent_uuid: "b6b77892fdca4ef69883a84d9ca188dd" member_type: VOTER last_known_addr { host: "127.9.50.1" port: 34171 } } peers { permanent_uuid: "7ac1b2a7dd4d46a58709768245fe3cfd" member_type: VOTER last_known_addr { host: "127.9.50.2" port: 42453 } } peers { permanent_uuid: "b29e8ac482d04e0db3a771de4ead25ff" member_type: VOTER last_known_addr { host: "127.9.50.3" port: 41799 } }
I20260709 12:19:55.354784 10219 raft_consensus.cc:3060] T cf7977b6401a4dc2a72ab06ec6a0c0cc P b29e8ac482d04e0db3a771de4ead25ff [term 3 FOLLOWER]: Advancing to term 4
I20260709 12:19:55.356498 10147 raft_consensus.cc:2468] T cf7977b6401a4dc2a72ab06ec6a0c0cc P 7ac1b2a7dd4d46a58709768245fe3cfd [term 4 FOLLOWER]: Leader election vote request: Granting yes vote for candidate b6b77892fdca4ef69883a84d9ca188dd in term 4.
I20260709 12:19:55.357846 10035 leader_election.cc:304] T cf7977b6401a4dc2a72ab06ec6a0c0cc P b6b77892fdca4ef69883a84d9ca188dd [CANDIDATE]: Term 4 election: Election decided. Result: candidate won. Election summary: received 2 responses out of 3 voters: 2 yes votes; 0 no votes. yes voters: 7ac1b2a7dd4d46a58709768245fe3cfd, b6b77892fdca4ef69883a84d9ca188dd; no voters: 
I20260709 12:19:55.358672 10375 raft_consensus.cc:2804] T cf7977b6401a4dc2a72ab06ec6a0c0cc P b6b77892fdca4ef69883a84d9ca188dd [term 4 FOLLOWER]: Leader election won for term 4
I20260709 12:19:55.359117 10375 raft_consensus.cc:697] T cf7977b6401a4dc2a72ab06ec6a0c0cc P b6b77892fdca4ef69883a84d9ca188dd [term 4 LEADER]: Becoming Leader. State: Replica: b6b77892fdca4ef69883a84d9ca188dd, State: Running, Role: LEADER
I20260709 12:19:55.360054 10375 consensus_queue.cc:237] T cf7977b6401a4dc2a72ab06ec6a0c0cc P b6b77892fdca4ef69883a84d9ca188dd [LEADER]: Queue going to LEADER mode. State: All replicated index: 0, Majority replicated index: 3, Committed index: 3, Last appended: 3.3, Last appended by leader: 3, Current term: 4, Majority size: 2, State: 0, Mode: LEADER, active raft config: opid_index: -1 OBSOLETE_local: false peers { permanent_uuid: "b6b77892fdca4ef69883a84d9ca188dd" member_type: VOTER last_known_addr { host: "127.9.50.1" port: 34171 } } peers { permanent_uuid: "7ac1b2a7dd4d46a58709768245fe3cfd" member_type: VOTER last_known_addr { host: "127.9.50.2" port: 42453 } } peers { permanent_uuid: "b29e8ac482d04e0db3a771de4ead25ff" member_type: VOTER last_known_addr { host: "127.9.50.3" port: 41799 } }
I20260709 12:19:55.360865 10219 raft_consensus.cc:2468] T cf7977b6401a4dc2a72ab06ec6a0c0cc P b29e8ac482d04e0db3a771de4ead25ff [term 4 FOLLOWER]: Leader election vote request: Granting yes vote for candidate b6b77892fdca4ef69883a84d9ca188dd in term 4.
I20260709 12:19:55.367825  9970 catalog_manager.cc:5697] T cf7977b6401a4dc2a72ab06ec6a0c0cc P b6b77892fdca4ef69883a84d9ca188dd reported cstate change: term changed from 3 to 4, leader changed from b29e8ac482d04e0db3a771de4ead25ff (127.9.50.3) to b6b77892fdca4ef69883a84d9ca188dd (127.9.50.1). New cstate: current_term: 4 leader_uuid: "b6b77892fdca4ef69883a84d9ca188dd" committed_config { opid_index: -1 OBSOLETE_local: false peers { permanent_uuid: "b6b77892fdca4ef69883a84d9ca188dd" member_type: VOTER last_known_addr { host: "127.9.50.1" port: 34171 } health_report { overall_health: HEALTHY } } peers { permanent_uuid: "7ac1b2a7dd4d46a58709768245fe3cfd" member_type: VOTER last_known_addr { host: "127.9.50.2" port: 42453 } health_report { overall_health: UNKNOWN } } peers { permanent_uuid: "b29e8ac482d04e0db3a771de4ead25ff" member_type: VOTER last_known_addr { host: "127.9.50.3" port: 41799 } health_report { overall_health: UNKNOWN } } }
I20260709 12:19:55.373777 10383 raft_consensus.cc:993] T 599e88ff50ec4c849232d96276e122d2 P 7ac1b2a7dd4d46a58709768245fe3cfd: : Instructing follower b6b77892fdca4ef69883a84d9ca188dd to start an election
I20260709 12:19:55.374296 10381 raft_consensus.cc:1081] T 599e88ff50ec4c849232d96276e122d2 P 7ac1b2a7dd4d46a58709768245fe3cfd [term 1 LEADER]: Signalling peer b6b77892fdca4ef69883a84d9ca188dd to start an election
I20260709 12:19:55.376159 10071 tablet_service.cc:2044] Received Run Leader Election RPC: tablet_id: "599e88ff50ec4c849232d96276e122d2"
dest_uuid: "b6b77892fdca4ef69883a84d9ca188dd"
 from {username='slave'} at 127.0.0.1:34226
I20260709 12:19:55.376673 10071 raft_consensus.cc:493] T 599e88ff50ec4c849232d96276e122d2 P b6b77892fdca4ef69883a84d9ca188dd [term 1 FOLLOWER]: Starting forced leader election (received explicit request)
I20260709 12:19:55.376929 10071 raft_consensus.cc:3060] T 599e88ff50ec4c849232d96276e122d2 P b6b77892fdca4ef69883a84d9ca188dd [term 1 FOLLOWER]: Advancing to term 2
I20260709 12:19:55.381021 10071 raft_consensus.cc:515] T 599e88ff50ec4c849232d96276e122d2 P b6b77892fdca4ef69883a84d9ca188dd [term 2 FOLLOWER]: Starting forced leader election with config: opid_index: -1 OBSOLETE_local: false peers { permanent_uuid: "b6b77892fdca4ef69883a84d9ca188dd" member_type: VOTER last_known_addr { host: "127.9.50.1" port: 34171 } } peers { permanent_uuid: "7ac1b2a7dd4d46a58709768245fe3cfd" member_type: VOTER last_known_addr { host: "127.9.50.2" port: 42453 } } peers { permanent_uuid: "b29e8ac482d04e0db3a771de4ead25ff" member_type: VOTER last_known_addr { host: "127.9.50.3" port: 41799 } }
I20260709 12:19:55.382411 10071 leader_election.cc:290] T 599e88ff50ec4c849232d96276e122d2 P b6b77892fdca4ef69883a84d9ca188dd [CANDIDATE]: Term 2 election: Requested vote from peers 7ac1b2a7dd4d46a58709768245fe3cfd (127.9.50.2:42453), b29e8ac482d04e0db3a771de4ead25ff (127.9.50.3:41799)
I20260709 12:19:55.383613 10147 tablet_service.cc:1917] Received RequestConsensusVote() RPC: tablet_id: "599e88ff50ec4c849232d96276e122d2" candidate_uuid: "b6b77892fdca4ef69883a84d9ca188dd" candidate_term: 2 candidate_status { last_received { term: 1 index: 1 } } ignore_live_leader: true dest_uuid: "7ac1b2a7dd4d46a58709768245fe3cfd"
I20260709 12:19:55.383816 10219 tablet_service.cc:1917] Received RequestConsensusVote() RPC: tablet_id: "599e88ff50ec4c849232d96276e122d2" candidate_uuid: "b6b77892fdca4ef69883a84d9ca188dd" candidate_term: 2 candidate_status { last_received { term: 1 index: 1 } } ignore_live_leader: true dest_uuid: "b29e8ac482d04e0db3a771de4ead25ff"
I20260709 12:19:55.384058 10147 raft_consensus.cc:3055] T 599e88ff50ec4c849232d96276e122d2 P 7ac1b2a7dd4d46a58709768245fe3cfd [term 1 LEADER]: Stepping down as leader of term 1
I20260709 12:19:55.384393 10147 raft_consensus.cc:740] T 599e88ff50ec4c849232d96276e122d2 P 7ac1b2a7dd4d46a58709768245fe3cfd [term 1 LEADER]: Becoming Follower/Learner. State: Replica: 7ac1b2a7dd4d46a58709768245fe3cfd, State: Running, Role: LEADER
I20260709 12:19:55.384447 10219 raft_consensus.cc:3060] T 599e88ff50ec4c849232d96276e122d2 P b29e8ac482d04e0db3a771de4ead25ff [term 1 FOLLOWER]: Advancing to term 2
I20260709 12:19:55.385097 10147 consensus_queue.cc:260] T 599e88ff50ec4c849232d96276e122d2 P 7ac1b2a7dd4d46a58709768245fe3cfd [NON_LEADER]: Queue going to NON_LEADER mode. State: All replicated index: 0, Majority replicated index: 1, Committed index: 1, Last appended: 1.1, Last appended by leader: 1, Current term: 1, Majority size: -1, State: 0, Mode: NON_LEADER, active raft config: opid_index: -1 OBSOLETE_local: false peers { permanent_uuid: "b6b77892fdca4ef69883a84d9ca188dd" member_type: VOTER last_known_addr { host: "127.9.50.1" port: 34171 } } peers { permanent_uuid: "7ac1b2a7dd4d46a58709768245fe3cfd" member_type: VOTER last_known_addr { host: "127.9.50.2" port: 42453 } } peers { permanent_uuid: "b29e8ac482d04e0db3a771de4ead25ff" member_type: VOTER last_known_addr { host: "127.9.50.3" port: 41799 } }
I20260709 12:19:55.386024 10147 raft_consensus.cc:3060] T 599e88ff50ec4c849232d96276e122d2 P 7ac1b2a7dd4d46a58709768245fe3cfd [term 1 FOLLOWER]: Advancing to term 2
I20260709 12:19:55.389421 10219 raft_consensus.cc:2468] T 599e88ff50ec4c849232d96276e122d2 P b29e8ac482d04e0db3a771de4ead25ff [term 2 FOLLOWER]: Leader election vote request: Granting yes vote for candidate b6b77892fdca4ef69883a84d9ca188dd in term 2.
I20260709 12:19:55.390121 10147 raft_consensus.cc:2468] T 599e88ff50ec4c849232d96276e122d2 P 7ac1b2a7dd4d46a58709768245fe3cfd [term 2 FOLLOWER]: Leader election vote request: Granting yes vote for candidate b6b77892fdca4ef69883a84d9ca188dd in term 2.
I20260709 12:19:55.390333 10035 leader_election.cc:304] T 599e88ff50ec4c849232d96276e122d2 P b6b77892fdca4ef69883a84d9ca188dd [CANDIDATE]: Term 2 election: Election decided. Result: candidate won. Election summary: received 2 responses out of 3 voters: 2 yes votes; 0 no votes. yes voters: b29e8ac482d04e0db3a771de4ead25ff, b6b77892fdca4ef69883a84d9ca188dd; no voters: 
I20260709 12:19:55.391042 10375 raft_consensus.cc:2804] T 599e88ff50ec4c849232d96276e122d2 P b6b77892fdca4ef69883a84d9ca188dd [term 2 FOLLOWER]: Leader election won for term 2
I20260709 12:19:55.391413 10375 raft_consensus.cc:697] T 599e88ff50ec4c849232d96276e122d2 P b6b77892fdca4ef69883a84d9ca188dd [term 2 LEADER]: Becoming Leader. State: Replica: b6b77892fdca4ef69883a84d9ca188dd, State: Running, Role: LEADER
I20260709 12:19:55.392187 10375 consensus_queue.cc:237] T 599e88ff50ec4c849232d96276e122d2 P b6b77892fdca4ef69883a84d9ca188dd [LEADER]: Queue going to LEADER mode. State: All replicated index: 0, Majority replicated index: 1, Committed index: 1, Last appended: 1.1, Last appended by leader: 1, Current term: 2, Majority size: 2, State: 0, Mode: LEADER, active raft config: opid_index: -1 OBSOLETE_local: false peers { permanent_uuid: "b6b77892fdca4ef69883a84d9ca188dd" member_type: VOTER last_known_addr { host: "127.9.50.1" port: 34171 } } peers { permanent_uuid: "7ac1b2a7dd4d46a58709768245fe3cfd" member_type: VOTER last_known_addr { host: "127.9.50.2" port: 42453 } } peers { permanent_uuid: "b29e8ac482d04e0db3a771de4ead25ff" member_type: VOTER last_known_addr { host: "127.9.50.3" port: 41799 } }
I20260709 12:19:55.399106  9970 catalog_manager.cc:5697] T 599e88ff50ec4c849232d96276e122d2 P b6b77892fdca4ef69883a84d9ca188dd reported cstate change: term changed from 1 to 2, leader changed from 7ac1b2a7dd4d46a58709768245fe3cfd (127.9.50.2) to b6b77892fdca4ef69883a84d9ca188dd (127.9.50.1). New cstate: current_term: 2 leader_uuid: "b6b77892fdca4ef69883a84d9ca188dd" committed_config { opid_index: -1 OBSOLETE_local: false peers { permanent_uuid: "b6b77892fdca4ef69883a84d9ca188dd" member_type: VOTER last_known_addr { host: "127.9.50.1" port: 34171 } health_report { overall_health: HEALTHY } } peers { permanent_uuid: "7ac1b2a7dd4d46a58709768245fe3cfd" member_type: VOTER last_known_addr { host: "127.9.50.2" port: 42453 } health_report { overall_health: UNKNOWN } } peers { permanent_uuid: "b29e8ac482d04e0db3a771de4ead25ff" member_type: VOTER last_known_addr { host: "127.9.50.3" port: 41799 } health_report { overall_health: UNKNOWN } } }
I20260709 12:19:55.428196 10383 raft_consensus.cc:993] T c94f7ede14e7430a8ff5a3890f072b75 P 7ac1b2a7dd4d46a58709768245fe3cfd: : Instructing follower b6b77892fdca4ef69883a84d9ca188dd to start an election
I20260709 12:19:55.428625 10381 raft_consensus.cc:1081] T c94f7ede14e7430a8ff5a3890f072b75 P 7ac1b2a7dd4d46a58709768245fe3cfd [term 1 LEADER]: Signalling peer b6b77892fdca4ef69883a84d9ca188dd to start an election
I20260709 12:19:55.429939 10071 tablet_service.cc:2044] Received Run Leader Election RPC: tablet_id: "c94f7ede14e7430a8ff5a3890f072b75"
dest_uuid: "b6b77892fdca4ef69883a84d9ca188dd"
 from {username='slave'} at 127.0.0.1:34226
I20260709 12:19:55.430335 10071 raft_consensus.cc:493] T c94f7ede14e7430a8ff5a3890f072b75 P b6b77892fdca4ef69883a84d9ca188dd [term 1 FOLLOWER]: Starting forced leader election (received explicit request)
I20260709 12:19:55.430554 10071 raft_consensus.cc:3060] T c94f7ede14e7430a8ff5a3890f072b75 P b6b77892fdca4ef69883a84d9ca188dd [term 1 FOLLOWER]: Advancing to term 2
I20260709 12:19:55.434813 10071 raft_consensus.cc:515] T c94f7ede14e7430a8ff5a3890f072b75 P b6b77892fdca4ef69883a84d9ca188dd [term 2 FOLLOWER]: Starting forced leader election with config: opid_index: -1 OBSOLETE_local: false peers { permanent_uuid: "b6b77892fdca4ef69883a84d9ca188dd" member_type: VOTER last_known_addr { host: "127.9.50.1" port: 34171 } } peers { permanent_uuid: "7ac1b2a7dd4d46a58709768245fe3cfd" member_type: VOTER last_known_addr { host: "127.9.50.2" port: 42453 } } peers { permanent_uuid: "b29e8ac482d04e0db3a771de4ead25ff" member_type: VOTER last_known_addr { host: "127.9.50.3" port: 41799 } }
I20260709 12:19:55.436226 10071 leader_election.cc:290] T c94f7ede14e7430a8ff5a3890f072b75 P b6b77892fdca4ef69883a84d9ca188dd [CANDIDATE]: Term 2 election: Requested vote from peers 7ac1b2a7dd4d46a58709768245fe3cfd (127.9.50.2:42453), b29e8ac482d04e0db3a771de4ead25ff (127.9.50.3:41799)
I20260709 12:19:55.437345 10147 tablet_service.cc:1917] Received RequestConsensusVote() RPC: tablet_id: "c94f7ede14e7430a8ff5a3890f072b75" candidate_uuid: "b6b77892fdca4ef69883a84d9ca188dd" candidate_term: 2 candidate_status { last_received { term: 1 index: 1 } } ignore_live_leader: true dest_uuid: "7ac1b2a7dd4d46a58709768245fe3cfd"
I20260709 12:19:55.437397 10219 tablet_service.cc:1917] Received RequestConsensusVote() RPC: tablet_id: "c94f7ede14e7430a8ff5a3890f072b75" candidate_uuid: "b6b77892fdca4ef69883a84d9ca188dd" candidate_term: 2 candidate_status { last_received { term: 1 index: 1 } } ignore_live_leader: true dest_uuid: "b29e8ac482d04e0db3a771de4ead25ff"
I20260709 12:19:55.438059 10147 raft_consensus.cc:3055] T c94f7ede14e7430a8ff5a3890f072b75 P 7ac1b2a7dd4d46a58709768245fe3cfd [term 1 LEADER]: Stepping down as leader of term 1
I20260709 12:19:55.438074 10219 raft_consensus.cc:3060] T c94f7ede14e7430a8ff5a3890f072b75 P b29e8ac482d04e0db3a771de4ead25ff [term 1 FOLLOWER]: Advancing to term 2
I20260709 12:19:55.438550 10147 raft_consensus.cc:740] T c94f7ede14e7430a8ff5a3890f072b75 P 7ac1b2a7dd4d46a58709768245fe3cfd [term 1 LEADER]: Becoming Follower/Learner. State: Replica: 7ac1b2a7dd4d46a58709768245fe3cfd, State: Running, Role: LEADER
I20260709 12:19:55.439369 10147 consensus_queue.cc:260] T c94f7ede14e7430a8ff5a3890f072b75 P 7ac1b2a7dd4d46a58709768245fe3cfd [NON_LEADER]: Queue going to NON_LEADER mode. State: All replicated index: 0, Majority replicated index: 1, Committed index: 1, Last appended: 1.1, Last appended by leader: 1, Current term: 1, Majority size: -1, State: 0, Mode: NON_LEADER, active raft config: opid_index: -1 OBSOLETE_local: false peers { permanent_uuid: "b6b77892fdca4ef69883a84d9ca188dd" member_type: VOTER last_known_addr { host: "127.9.50.1" port: 34171 } } peers { permanent_uuid: "7ac1b2a7dd4d46a58709768245fe3cfd" member_type: VOTER last_known_addr { host: "127.9.50.2" port: 42453 } } peers { permanent_uuid: "b29e8ac482d04e0db3a771de4ead25ff" member_type: VOTER last_known_addr { host: "127.9.50.3" port: 41799 } }
I20260709 12:19:55.440352 10147 raft_consensus.cc:3060] T c94f7ede14e7430a8ff5a3890f072b75 P 7ac1b2a7dd4d46a58709768245fe3cfd [term 1 FOLLOWER]: Advancing to term 2
I20260709 12:19:55.442996 10219 raft_consensus.cc:2468] T c94f7ede14e7430a8ff5a3890f072b75 P b29e8ac482d04e0db3a771de4ead25ff [term 2 FOLLOWER]: Leader election vote request: Granting yes vote for candidate b6b77892fdca4ef69883a84d9ca188dd in term 2.
I20260709 12:19:55.443974 10035 leader_election.cc:304] T c94f7ede14e7430a8ff5a3890f072b75 P b6b77892fdca4ef69883a84d9ca188dd [CANDIDATE]: Term 2 election: Election decided. Result: candidate won. Election summary: received 2 responses out of 3 voters: 2 yes votes; 0 no votes. yes voters: b29e8ac482d04e0db3a771de4ead25ff, b6b77892fdca4ef69883a84d9ca188dd; no voters: 
I20260709 12:19:55.444881 10375 raft_consensus.cc:2804] T c94f7ede14e7430a8ff5a3890f072b75 P b6b77892fdca4ef69883a84d9ca188dd [term 2 FOLLOWER]: Leader election won for term 2
I20260709 12:19:55.445410 10375 raft_consensus.cc:697] T c94f7ede14e7430a8ff5a3890f072b75 P b6b77892fdca4ef69883a84d9ca188dd [term 2 LEADER]: Becoming Leader. State: Replica: b6b77892fdca4ef69883a84d9ca188dd, State: Running, Role: LEADER
I20260709 12:19:55.446323 10147 raft_consensus.cc:2468] T c94f7ede14e7430a8ff5a3890f072b75 P 7ac1b2a7dd4d46a58709768245fe3cfd [term 2 FOLLOWER]: Leader election vote request: Granting yes vote for candidate b6b77892fdca4ef69883a84d9ca188dd in term 2.
I20260709 12:19:55.446277 10375 consensus_queue.cc:237] T c94f7ede14e7430a8ff5a3890f072b75 P b6b77892fdca4ef69883a84d9ca188dd [LEADER]: Queue going to LEADER mode. State: All replicated index: 0, Majority replicated index: 1, Committed index: 1, Last appended: 1.1, Last appended by leader: 1, Current term: 2, Majority size: 2, State: 0, Mode: LEADER, active raft config: opid_index: -1 OBSOLETE_local: false peers { permanent_uuid: "b6b77892fdca4ef69883a84d9ca188dd" member_type: VOTER last_known_addr { host: "127.9.50.1" port: 34171 } } peers { permanent_uuid: "7ac1b2a7dd4d46a58709768245fe3cfd" member_type: VOTER last_known_addr { host: "127.9.50.2" port: 42453 } } peers { permanent_uuid: "b29e8ac482d04e0db3a771de4ead25ff" member_type: VOTER last_known_addr { host: "127.9.50.3" port: 41799 } }
I20260709 12:19:55.454108  9970 catalog_manager.cc:5697] T c94f7ede14e7430a8ff5a3890f072b75 P b6b77892fdca4ef69883a84d9ca188dd reported cstate change: term changed from 1 to 2, leader changed from 7ac1b2a7dd4d46a58709768245fe3cfd (127.9.50.2) to b6b77892fdca4ef69883a84d9ca188dd (127.9.50.1). New cstate: current_term: 2 leader_uuid: "b6b77892fdca4ef69883a84d9ca188dd" committed_config { opid_index: -1 OBSOLETE_local: false peers { permanent_uuid: "b6b77892fdca4ef69883a84d9ca188dd" member_type: VOTER last_known_addr { host: "127.9.50.1" port: 34171 } health_report { overall_health: HEALTHY } } peers { permanent_uuid: "7ac1b2a7dd4d46a58709768245fe3cfd" member_type: VOTER last_known_addr { host: "127.9.50.2" port: 42453 } health_report { overall_health: UNKNOWN } } peers { permanent_uuid: "b29e8ac482d04e0db3a771de4ead25ff" member_type: VOTER last_known_addr { host: "127.9.50.3" port: 41799 } health_report { overall_health: UNKNOWN } } }
I20260709 12:19:55.728966 10219 raft_consensus.cc:1275] T ad39713436c84bd5ac2045791f3b54f7 P b29e8ac482d04e0db3a771de4ead25ff [term 3 FOLLOWER]: Refusing update from remote peer b6b77892fdca4ef69883a84d9ca188dd: Log matching property violated. Preceding OpId in replica: term: 2 index: 2. Preceding OpId from leader: term: 3 index: 3. (index mismatch)
I20260709 12:19:55.730141 10375 consensus_queue.cc:1048] T ad39713436c84bd5ac2045791f3b54f7 P b6b77892fdca4ef69883a84d9ca188dd [LEADER]: Connected to new peer: Peer: permanent_uuid: "b29e8ac482d04e0db3a771de4ead25ff" member_type: VOTER last_known_addr { host: "127.9.50.3" port: 41799 }, Status: LMP_MISMATCH, Last received: 0.0, Next index: 3, Last known committed idx: 2, Time since last communication: 0.000s
I20260709 12:19:55.741688 10147 raft_consensus.cc:1275] T ad39713436c84bd5ac2045791f3b54f7 P 7ac1b2a7dd4d46a58709768245fe3cfd [term 3 FOLLOWER]: Refusing update from remote peer b6b77892fdca4ef69883a84d9ca188dd: Log matching property violated. Preceding OpId in replica: term: 2 index: 2. Preceding OpId from leader: term: 3 index: 3. (index mismatch)
I20260709 12:19:55.743656 10384 consensus_queue.cc:1048] T ad39713436c84bd5ac2045791f3b54f7 P b6b77892fdca4ef69883a84d9ca188dd [LEADER]: Connected to new peer: Peer: permanent_uuid: "7ac1b2a7dd4d46a58709768245fe3cfd" member_type: VOTER last_known_addr { host: "127.9.50.2" port: 42453 }, Status: LMP_MISMATCH, Last received: 0.0, Next index: 3, Last known committed idx: 2, Time since last communication: 0.001s
I20260709 12:19:55.759126 10145 raft_consensus.cc:1275] T 4b26ef95feca4a8d8b59e6d5442b316f P 7ac1b2a7dd4d46a58709768245fe3cfd [term 2 FOLLOWER]: Refusing update from remote peer b6b77892fdca4ef69883a84d9ca188dd: Log matching property violated. Preceding OpId in replica: term: 1 index: 1. Preceding OpId from leader: term: 2 index: 2. (index mismatch)
I20260709 12:19:55.760416 10398 consensus_queue.cc:1048] T 4b26ef95feca4a8d8b59e6d5442b316f P b6b77892fdca4ef69883a84d9ca188dd [LEADER]: Connected to new peer: Peer: permanent_uuid: "7ac1b2a7dd4d46a58709768245fe3cfd" member_type: VOTER last_known_addr { host: "127.9.50.2" port: 42453 }, Status: LMP_MISMATCH, Last received: 0.0, Next index: 2, Last known committed idx: 1, Time since last communication: 0.000s
I20260709 12:19:55.770155 10219 raft_consensus.cc:1275] T 4b26ef95feca4a8d8b59e6d5442b316f P b29e8ac482d04e0db3a771de4ead25ff [term 2 FOLLOWER]: Refusing update from remote peer b6b77892fdca4ef69883a84d9ca188dd: Log matching property violated. Preceding OpId in replica: term: 1 index: 1. Preceding OpId from leader: term: 2 index: 2. (index mismatch)
I20260709 12:19:55.772537 10384 consensus_queue.cc:1048] T 4b26ef95feca4a8d8b59e6d5442b316f P b6b77892fdca4ef69883a84d9ca188dd [LEADER]: Connected to new peer: Peer: permanent_uuid: "b29e8ac482d04e0db3a771de4ead25ff" member_type: VOTER last_known_addr { host: "127.9.50.3" port: 41799 }, Status: LMP_MISMATCH, Last received: 0.0, Next index: 2, Last known committed idx: 1, Time since last communication: 0.000s
I20260709 12:19:55.837332 10219 raft_consensus.cc:1275] T cf7977b6401a4dc2a72ab06ec6a0c0cc P b29e8ac482d04e0db3a771de4ead25ff [term 4 FOLLOWER]: Refusing update from remote peer b6b77892fdca4ef69883a84d9ca188dd: Log matching property violated. Preceding OpId in replica: term: 3 index: 3. Preceding OpId from leader: term: 4 index: 4. (index mismatch)
I20260709 12:19:55.838773 10384 consensus_queue.cc:1048] T cf7977b6401a4dc2a72ab06ec6a0c0cc P b6b77892fdca4ef69883a84d9ca188dd [LEADER]: Connected to new peer: Peer: permanent_uuid: "b29e8ac482d04e0db3a771de4ead25ff" member_type: VOTER last_known_addr { host: "127.9.50.3" port: 41799 }, Status: LMP_MISMATCH, Last received: 0.0, Next index: 4, Last known committed idx: 3, Time since last communication: 0.000s
I20260709 12:19:55.844604 10147 raft_consensus.cc:1275] T cf7977b6401a4dc2a72ab06ec6a0c0cc P 7ac1b2a7dd4d46a58709768245fe3cfd [term 4 FOLLOWER]: Refusing update from remote peer b6b77892fdca4ef69883a84d9ca188dd: Log matching property violated. Preceding OpId in replica: term: 3 index: 3. Preceding OpId from leader: term: 4 index: 4. (index mismatch)
I20260709 12:19:55.848400 10384 consensus_queue.cc:1048] T cf7977b6401a4dc2a72ab06ec6a0c0cc P b6b77892fdca4ef69883a84d9ca188dd [LEADER]: Connected to new peer: Peer: permanent_uuid: "7ac1b2a7dd4d46a58709768245fe3cfd" member_type: VOTER last_known_addr { host: "127.9.50.2" port: 42453 }, Status: LMP_MISMATCH, Last received: 0.0, Next index: 4, Last known committed idx: 3, Time since last communication: 0.000s
I20260709 12:19:55.956019 10147 raft_consensus.cc:1275] T 599e88ff50ec4c849232d96276e122d2 P 7ac1b2a7dd4d46a58709768245fe3cfd [term 2 FOLLOWER]: Refusing update from remote peer b6b77892fdca4ef69883a84d9ca188dd: Log matching property violated. Preceding OpId in replica: term: 1 index: 1. Preceding OpId from leader: term: 2 index: 2. (index mismatch)
I20260709 12:19:55.957506 10384 consensus_queue.cc:1048] T 599e88ff50ec4c849232d96276e122d2 P b6b77892fdca4ef69883a84d9ca188dd [LEADER]: Connected to new peer: Peer: permanent_uuid: "7ac1b2a7dd4d46a58709768245fe3cfd" member_type: VOTER last_known_addr { host: "127.9.50.2" port: 42453 }, Status: LMP_MISMATCH, Last received: 0.0, Next index: 2, Last known committed idx: 1, Time since last communication: 0.000s
I20260709 12:19:55.967525 10221 raft_consensus.cc:1275] T 599e88ff50ec4c849232d96276e122d2 P b29e8ac482d04e0db3a771de4ead25ff [term 2 FOLLOWER]: Refusing update from remote peer b6b77892fdca4ef69883a84d9ca188dd: Log matching property violated. Preceding OpId in replica: term: 1 index: 1. Preceding OpId from leader: term: 2 index: 2. (index mismatch)
I20260709 12:19:55.970325 10375 consensus_queue.cc:1048] T 599e88ff50ec4c849232d96276e122d2 P b6b77892fdca4ef69883a84d9ca188dd [LEADER]: Connected to new peer: Peer: permanent_uuid: "b29e8ac482d04e0db3a771de4ead25ff" member_type: VOTER last_known_addr { host: "127.9.50.3" port: 41799 }, Status: LMP_MISMATCH, Last received: 0.0, Next index: 2, Last known committed idx: 1, Time since last communication: 0.000s
I20260709 12:19:55.970863 10147 raft_consensus.cc:1275] T c94f7ede14e7430a8ff5a3890f072b75 P 7ac1b2a7dd4d46a58709768245fe3cfd [term 2 FOLLOWER]: Refusing update from remote peer b6b77892fdca4ef69883a84d9ca188dd: Log matching property violated. Preceding OpId in replica: term: 1 index: 1. Preceding OpId from leader: term: 2 index: 2. (index mismatch)
I20260709 12:19:55.972479 10375 consensus_queue.cc:1048] T c94f7ede14e7430a8ff5a3890f072b75 P b6b77892fdca4ef69883a84d9ca188dd [LEADER]: Connected to new peer: Peer: permanent_uuid: "7ac1b2a7dd4d46a58709768245fe3cfd" member_type: VOTER last_known_addr { host: "127.9.50.2" port: 42453 }, Status: LMP_MISMATCH, Last received: 0.0, Next index: 2, Last known committed idx: 1, Time since last communication: 0.000s
I20260709 12:19:55.984086 10221 raft_consensus.cc:1275] T c94f7ede14e7430a8ff5a3890f072b75 P b29e8ac482d04e0db3a771de4ead25ff [term 2 FOLLOWER]: Refusing update from remote peer b6b77892fdca4ef69883a84d9ca188dd: Log matching property violated. Preceding OpId in replica: term: 1 index: 1. Preceding OpId from leader: term: 2 index: 2. (index mismatch)
I20260709 12:19:55.986032 10384 consensus_queue.cc:1048] T c94f7ede14e7430a8ff5a3890f072b75 P b6b77892fdca4ef69883a84d9ca188dd [LEADER]: Connected to new peer: Peer: permanent_uuid: "b29e8ac482d04e0db3a771de4ead25ff" member_type: VOTER last_known_addr { host: "127.9.50.3" port: 41799 }, Status: LMP_MISMATCH, Last received: 0.0, Next index: 2, Last known committed idx: 1, Time since last communication: 0.000s
I20260709 12:19:58.196501  9416 auto_leader_rebalancer-test.cc:399] The leader distribution is 
I20260709 12:19:58.197196  9416 auto_leader_rebalancer.cc:141] leader rebalance for table test-workload
I20260709 12:19:58.205520 10071 tablet_service.cc:2072] Received LeaderStepDown RPC: tablet_id: "4b26ef95feca4a8d8b59e6d5442b316f"
dest_uuid: "b6b77892fdca4ef69883a84d9ca188dd"
mode: GRACEFUL
new_leader_uuid: "7ac1b2a7dd4d46a58709768245fe3cfd"
 from {username='slave'} at 127.0.0.1:34260
I20260709 12:19:58.205968 10071 raft_consensus.cc:606] T 4b26ef95feca4a8d8b59e6d5442b316f P b6b77892fdca4ef69883a84d9ca188dd [term 2 LEADER]: Received request to transfer leadership to TS 7ac1b2a7dd4d46a58709768245fe3cfd
I20260709 12:19:58.208437 10071 tablet_service.cc:2072] Received LeaderStepDown RPC: tablet_id: "599e88ff50ec4c849232d96276e122d2"
dest_uuid: "b6b77892fdca4ef69883a84d9ca188dd"
mode: GRACEFUL
new_leader_uuid: "7ac1b2a7dd4d46a58709768245fe3cfd"
 from {username='slave'} at 127.0.0.1:34260
I20260709 12:19:58.208839 10071 raft_consensus.cc:606] T 599e88ff50ec4c849232d96276e122d2 P b6b77892fdca4ef69883a84d9ca188dd [term 2 LEADER]: Received request to transfer leadership to TS 7ac1b2a7dd4d46a58709768245fe3cfd
I20260709 12:19:58.210950 10071 tablet_service.cc:2072] Received LeaderStepDown RPC: tablet_id: "ad39713436c84bd5ac2045791f3b54f7"
dest_uuid: "b6b77892fdca4ef69883a84d9ca188dd"
mode: GRACEFUL
new_leader_uuid: "b29e8ac482d04e0db3a771de4ead25ff"
 from {username='slave'} at 127.0.0.1:34260
I20260709 12:19:58.211357 10071 raft_consensus.cc:606] T ad39713436c84bd5ac2045791f3b54f7 P b6b77892fdca4ef69883a84d9ca188dd [term 3 LEADER]: Received request to transfer leadership to TS b29e8ac482d04e0db3a771de4ead25ff
I20260709 12:19:58.213413 10071 tablet_service.cc:2072] Received LeaderStepDown RPC: tablet_id: "b25d5cef6398438f94e751106fd7323b"
dest_uuid: "b6b77892fdca4ef69883a84d9ca188dd"
mode: GRACEFUL
new_leader_uuid: "b29e8ac482d04e0db3a771de4ead25ff"
 from {username='slave'} at 127.0.0.1:34260
I20260709 12:19:58.213914 10071 raft_consensus.cc:606] T b25d5cef6398438f94e751106fd7323b P b6b77892fdca4ef69883a84d9ca188dd [term 2 LEADER]: Received request to transfer leadership to TS b29e8ac482d04e0db3a771de4ead25ff
I20260709 12:19:58.215075  9416 auto_leader_rebalancer.cc:440] table: test-workload, leader rebalance finish, leader transfer count: 4
I20260709 12:19:58.215576  9416 auto_leader_rebalancer.cc:515] All tables' leader rebalancing finished this round
I20260709 12:19:58.223217 10416 raft_consensus.cc:993] T 4b26ef95feca4a8d8b59e6d5442b316f P b6b77892fdca4ef69883a84d9ca188dd: : Instructing follower 7ac1b2a7dd4d46a58709768245fe3cfd to start an election
I20260709 12:19:58.223727 10414 raft_consensus.cc:1081] T 4b26ef95feca4a8d8b59e6d5442b316f P b6b77892fdca4ef69883a84d9ca188dd [term 2 LEADER]: Signalling peer 7ac1b2a7dd4d46a58709768245fe3cfd to start an election
I20260709 12:19:58.225216 10145 tablet_service.cc:2044] Received Run Leader Election RPC: tablet_id: "4b26ef95feca4a8d8b59e6d5442b316f"
dest_uuid: "7ac1b2a7dd4d46a58709768245fe3cfd"
 from {username='slave'} at 127.0.0.1:58864
I20260709 12:19:58.225816 10145 raft_consensus.cc:493] T 4b26ef95feca4a8d8b59e6d5442b316f P 7ac1b2a7dd4d46a58709768245fe3cfd [term 2 FOLLOWER]: Starting forced leader election (received explicit request)
I20260709 12:19:58.226168 10145 raft_consensus.cc:3060] T 4b26ef95feca4a8d8b59e6d5442b316f P 7ac1b2a7dd4d46a58709768245fe3cfd [term 2 FOLLOWER]: Advancing to term 3
I20260709 12:19:58.231387 10145 raft_consensus.cc:515] T 4b26ef95feca4a8d8b59e6d5442b316f P 7ac1b2a7dd4d46a58709768245fe3cfd [term 3 FOLLOWER]: Starting forced leader election with config: opid_index: -1 OBSOLETE_local: false peers { permanent_uuid: "b6b77892fdca4ef69883a84d9ca188dd" member_type: VOTER last_known_addr { host: "127.9.50.1" port: 34171 } } peers { permanent_uuid: "7ac1b2a7dd4d46a58709768245fe3cfd" member_type: VOTER last_known_addr { host: "127.9.50.2" port: 42453 } } peers { permanent_uuid: "b29e8ac482d04e0db3a771de4ead25ff" member_type: VOTER last_known_addr { host: "127.9.50.3" port: 41799 } }
I20260709 12:19:58.233541 10145 leader_election.cc:290] T 4b26ef95feca4a8d8b59e6d5442b316f P 7ac1b2a7dd4d46a58709768245fe3cfd [CANDIDATE]: Term 3 election: Requested vote from peers b6b77892fdca4ef69883a84d9ca188dd (127.9.50.1:34171), b29e8ac482d04e0db3a771de4ead25ff (127.9.50.3:41799)
I20260709 12:19:58.234356 10071 tablet_service.cc:1917] Received RequestConsensusVote() RPC: tablet_id: "4b26ef95feca4a8d8b59e6d5442b316f" candidate_uuid: "7ac1b2a7dd4d46a58709768245fe3cfd" candidate_term: 3 candidate_status { last_received { term: 2 index: 2 } } ignore_live_leader: true dest_uuid: "b6b77892fdca4ef69883a84d9ca188dd"
I20260709 12:19:58.234522 10215 tablet_service.cc:1917] Received RequestConsensusVote() RPC: tablet_id: "4b26ef95feca4a8d8b59e6d5442b316f" candidate_uuid: "7ac1b2a7dd4d46a58709768245fe3cfd" candidate_term: 3 candidate_status { last_received { term: 2 index: 2 } } ignore_live_leader: true dest_uuid: "b29e8ac482d04e0db3a771de4ead25ff"
I20260709 12:19:58.234895 10071 raft_consensus.cc:3055] T 4b26ef95feca4a8d8b59e6d5442b316f P b6b77892fdca4ef69883a84d9ca188dd [term 2 LEADER]: Stepping down as leader of term 2
I20260709 12:19:58.235085 10215 raft_consensus.cc:3060] T 4b26ef95feca4a8d8b59e6d5442b316f P b29e8ac482d04e0db3a771de4ead25ff [term 2 FOLLOWER]: Advancing to term 3
I20260709 12:19:58.235172 10071 raft_consensus.cc:740] T 4b26ef95feca4a8d8b59e6d5442b316f P b6b77892fdca4ef69883a84d9ca188dd [term 2 LEADER]: Becoming Follower/Learner. State: Replica: b6b77892fdca4ef69883a84d9ca188dd, State: Running, Role: LEADER
I20260709 12:19:58.235788 10071 consensus_queue.cc:260] T 4b26ef95feca4a8d8b59e6d5442b316f P b6b77892fdca4ef69883a84d9ca188dd [NON_LEADER]: Queue going to NON_LEADER mode. State: All replicated index: 0, Majority replicated index: 2, Committed index: 2, Last appended: 2.2, Last appended by leader: 2, Current term: 2, Majority size: -1, State: 0, Mode: NON_LEADER, active raft config: opid_index: -1 OBSOLETE_local: false peers { permanent_uuid: "b6b77892fdca4ef69883a84d9ca188dd" member_type: VOTER last_known_addr { host: "127.9.50.1" port: 34171 } } peers { permanent_uuid: "7ac1b2a7dd4d46a58709768245fe3cfd" member_type: VOTER last_known_addr { host: "127.9.50.2" port: 42453 } } peers { permanent_uuid: "b29e8ac482d04e0db3a771de4ead25ff" member_type: VOTER last_known_addr { host: "127.9.50.3" port: 41799 } }
I20260709 12:19:58.236833 10071 raft_consensus.cc:3060] T 4b26ef95feca4a8d8b59e6d5442b316f P b6b77892fdca4ef69883a84d9ca188dd [term 2 FOLLOWER]: Advancing to term 3
I20260709 12:19:58.240998 10215 raft_consensus.cc:2468] T 4b26ef95feca4a8d8b59e6d5442b316f P b29e8ac482d04e0db3a771de4ead25ff [term 3 FOLLOWER]: Leader election vote request: Granting yes vote for candidate 7ac1b2a7dd4d46a58709768245fe3cfd in term 3.
I20260709 12:19:58.241539 10071 raft_consensus.cc:2468] T 4b26ef95feca4a8d8b59e6d5442b316f P b6b77892fdca4ef69883a84d9ca188dd [term 3 FOLLOWER]: Leader election vote request: Granting yes vote for candidate 7ac1b2a7dd4d46a58709768245fe3cfd in term 3.
I20260709 12:19:58.242211 10110 leader_election.cc:304] T 4b26ef95feca4a8d8b59e6d5442b316f P 7ac1b2a7dd4d46a58709768245fe3cfd [CANDIDATE]: Term 3 election: Election decided. Result: candidate won. Election summary: received 2 responses out of 3 voters: 2 yes votes; 0 no votes. yes voters: 7ac1b2a7dd4d46a58709768245fe3cfd, b29e8ac482d04e0db3a771de4ead25ff; no voters: 
I20260709 12:19:58.242967 10412 raft_consensus.cc:2804] T 4b26ef95feca4a8d8b59e6d5442b316f P 7ac1b2a7dd4d46a58709768245fe3cfd [term 3 FOLLOWER]: Leader election won for term 3
I20260709 12:19:58.243762 10412 raft_consensus.cc:697] T 4b26ef95feca4a8d8b59e6d5442b316f P 7ac1b2a7dd4d46a58709768245fe3cfd [term 3 LEADER]: Becoming Leader. State: Replica: 7ac1b2a7dd4d46a58709768245fe3cfd, State: Running, Role: LEADER
I20260709 12:19:58.244410 10412 consensus_queue.cc:237] T 4b26ef95feca4a8d8b59e6d5442b316f P 7ac1b2a7dd4d46a58709768245fe3cfd [LEADER]: Queue going to LEADER mode. State: All replicated index: 0, Majority replicated index: 2, Committed index: 2, Last appended: 2.2, Last appended by leader: 2, Current term: 3, Majority size: 2, State: 0, Mode: LEADER, active raft config: opid_index: -1 OBSOLETE_local: false peers { permanent_uuid: "b6b77892fdca4ef69883a84d9ca188dd" member_type: VOTER last_known_addr { host: "127.9.50.1" port: 34171 } } peers { permanent_uuid: "7ac1b2a7dd4d46a58709768245fe3cfd" member_type: VOTER last_known_addr { host: "127.9.50.2" port: 42453 } } peers { permanent_uuid: "b29e8ac482d04e0db3a771de4ead25ff" member_type: VOTER last_known_addr { host: "127.9.50.3" port: 41799 } }
I20260709 12:19:58.254287  9966 catalog_manager.cc:5697] T 4b26ef95feca4a8d8b59e6d5442b316f P 7ac1b2a7dd4d46a58709768245fe3cfd reported cstate change: term changed from 2 to 3, leader changed from b6b77892fdca4ef69883a84d9ca188dd (127.9.50.1) to 7ac1b2a7dd4d46a58709768245fe3cfd (127.9.50.2). New cstate: current_term: 3 leader_uuid: "7ac1b2a7dd4d46a58709768245fe3cfd" committed_config { opid_index: -1 OBSOLETE_local: false peers { permanent_uuid: "b6b77892fdca4ef69883a84d9ca188dd" member_type: VOTER last_known_addr { host: "127.9.50.1" port: 34171 } health_report { overall_health: UNKNOWN } } peers { permanent_uuid: "7ac1b2a7dd4d46a58709768245fe3cfd" member_type: VOTER last_known_addr { host: "127.9.50.2" port: 42453 } health_report { overall_health: HEALTHY } } peers { permanent_uuid: "b29e8ac482d04e0db3a771de4ead25ff" member_type: VOTER last_known_addr { host: "127.9.50.3" port: 41799 } health_report { overall_health: UNKNOWN } } }
I20260709 12:19:58.429070 10414 raft_consensus.cc:993] T 599e88ff50ec4c849232d96276e122d2 P b6b77892fdca4ef69883a84d9ca188dd: : Instructing follower 7ac1b2a7dd4d46a58709768245fe3cfd to start an election
I20260709 12:19:58.429545 10416 raft_consensus.cc:1081] T 599e88ff50ec4c849232d96276e122d2 P b6b77892fdca4ef69883a84d9ca188dd [term 2 LEADER]: Signalling peer 7ac1b2a7dd4d46a58709768245fe3cfd to start an election
I20260709 12:19:58.431109 10145 tablet_service.cc:2044] Received Run Leader Election RPC: tablet_id: "599e88ff50ec4c849232d96276e122d2"
dest_uuid: "7ac1b2a7dd4d46a58709768245fe3cfd"
 from {username='slave'} at 127.0.0.1:58864
I20260709 12:19:58.431691 10145 raft_consensus.cc:493] T 599e88ff50ec4c849232d96276e122d2 P 7ac1b2a7dd4d46a58709768245fe3cfd [term 2 FOLLOWER]: Starting forced leader election (received explicit request)
I20260709 12:19:58.432032 10145 raft_consensus.cc:3060] T 599e88ff50ec4c849232d96276e122d2 P 7ac1b2a7dd4d46a58709768245fe3cfd [term 2 FOLLOWER]: Advancing to term 3
I20260709 12:19:58.433010 10416 raft_consensus.cc:993] T ad39713436c84bd5ac2045791f3b54f7 P b6b77892fdca4ef69883a84d9ca188dd: : Instructing follower b29e8ac482d04e0db3a771de4ead25ff to start an election
I20260709 12:19:58.433429 10414 raft_consensus.cc:1081] T ad39713436c84bd5ac2045791f3b54f7 P b6b77892fdca4ef69883a84d9ca188dd [term 3 LEADER]: Signalling peer b29e8ac482d04e0db3a771de4ead25ff to start an election
I20260709 12:19:58.434995 10215 tablet_service.cc:2044] Received Run Leader Election RPC: tablet_id: "ad39713436c84bd5ac2045791f3b54f7"
dest_uuid: "b29e8ac482d04e0db3a771de4ead25ff"
 from {username='slave'} at 127.0.0.1:44886
I20260709 12:19:58.435427 10215 raft_consensus.cc:493] T ad39713436c84bd5ac2045791f3b54f7 P b29e8ac482d04e0db3a771de4ead25ff [term 3 FOLLOWER]: Starting forced leader election (received explicit request)
I20260709 12:19:58.435711 10215 raft_consensus.cc:3060] T ad39713436c84bd5ac2045791f3b54f7 P b29e8ac482d04e0db3a771de4ead25ff [term 3 FOLLOWER]: Advancing to term 4
I20260709 12:19:58.437176 10145 raft_consensus.cc:515] T 599e88ff50ec4c849232d96276e122d2 P 7ac1b2a7dd4d46a58709768245fe3cfd [term 3 FOLLOWER]: Starting forced leader election with config: opid_index: -1 OBSOLETE_local: false peers { permanent_uuid: "b6b77892fdca4ef69883a84d9ca188dd" member_type: VOTER last_known_addr { host: "127.9.50.1" port: 34171 } } peers { permanent_uuid: "7ac1b2a7dd4d46a58709768245fe3cfd" member_type: VOTER last_known_addr { host: "127.9.50.2" port: 42453 } } peers { permanent_uuid: "b29e8ac482d04e0db3a771de4ead25ff" member_type: VOTER last_known_addr { host: "127.9.50.3" port: 41799 } }
I20260709 12:19:58.438633 10145 leader_election.cc:290] T 599e88ff50ec4c849232d96276e122d2 P 7ac1b2a7dd4d46a58709768245fe3cfd [CANDIDATE]: Term 3 election: Requested vote from peers b6b77892fdca4ef69883a84d9ca188dd (127.9.50.1:34171), b29e8ac482d04e0db3a771de4ead25ff (127.9.50.3:41799)
I20260709 12:19:58.439459 10071 tablet_service.cc:1917] Received RequestConsensusVote() RPC: tablet_id: "599e88ff50ec4c849232d96276e122d2" candidate_uuid: "7ac1b2a7dd4d46a58709768245fe3cfd" candidate_term: 3 candidate_status { last_received { term: 2 index: 2 } } ignore_live_leader: true dest_uuid: "b6b77892fdca4ef69883a84d9ca188dd"
I20260709 12:19:58.439661 10220 tablet_service.cc:1917] Received RequestConsensusVote() RPC: tablet_id: "599e88ff50ec4c849232d96276e122d2" candidate_uuid: "7ac1b2a7dd4d46a58709768245fe3cfd" candidate_term: 3 candidate_status { last_received { term: 2 index: 2 } } ignore_live_leader: true dest_uuid: "b29e8ac482d04e0db3a771de4ead25ff"
I20260709 12:19:58.439993 10071 raft_consensus.cc:3055] T 599e88ff50ec4c849232d96276e122d2 P b6b77892fdca4ef69883a84d9ca188dd [term 2 LEADER]: Stepping down as leader of term 2
I20260709 12:19:58.440232 10220 raft_consensus.cc:3060] T 599e88ff50ec4c849232d96276e122d2 P b29e8ac482d04e0db3a771de4ead25ff [term 2 FOLLOWER]: Advancing to term 3
I20260709 12:19:58.440433 10071 raft_consensus.cc:740] T 599e88ff50ec4c849232d96276e122d2 P b6b77892fdca4ef69883a84d9ca188dd [term 2 LEADER]: Becoming Follower/Learner. State: Replica: b6b77892fdca4ef69883a84d9ca188dd, State: Running, Role: LEADER
