I20260709 12:19:40.343598 10015 catalog_manager.cc:1383] Generated new cluster ID: 096b152edb2a4736961151b81b5ba0ae
I20260709 12:19:40.343956 10015 catalog_manager.cc:1531] Initializing Kudu internal certificate authority...
I20260709 12:19:40.365921 10015 catalog_manager.cc:1406] Generated new certificate authority record
I20260709 12:19:40.367185 10015 catalog_manager.cc:1540] Loading token signing keys...
I20260709 12:19:40.380323 10015 catalog_manager.cc:6070] T 00000000000000000000000000000000 P 35ab056872fa4fa7a8f4bc64ff573502: Generated new TSK 0
I20260709 12:19:40.380937 10015 catalog_manager.cc:1550] Initializing in-progress tserver states...
I20260709 12:19:40.404904  9416 file_cache.cc:504] Constructed file cache file cache with capacity 419430
W20260709 12:19:40.410535 10026 instance_detector.cc:116] could not retrieve AWS instance metadata: Network error: curl error: HTTP response code said error: The requested URL returned error: 404
W20260709 12:19:40.411490 10027 instance_detector.cc:116] could not retrieve Azure instance metadata: Network error: curl error: HTTP response code said error: The requested URL returned error: 404
I20260709 12:19:40.415238  9416 server_base.cc:1061] running on GCE node
W20260709 12:19:40.415262 10029 instance_detector.cc:116] could not retrieve OpenStack instance metadata: Network error: curl error: HTTP response code said error: The requested URL returned error: 404
I20260709 12:19:40.416658  9416 hybrid_clock.cc:584] initializing the hybrid clock with 'system_unsync' time source
W20260709 12:19:40.416870  9416 system_unsync_time.cc:38] NTP support is disabled. Clock error bounds will not be accurate. This configuration is not suitable for distributed clusters.
I20260709 12:19:40.416996  9416 hybrid_clock.cc:648] HybridClock initialized: now 1783599580416985 us; error 0 us; skew 500 ppm
I20260709 12:19:40.417500  9416 server_base.cc:861] Flag tcmalloc_max_total_thread_cache_bytes is not working since tcmalloc is not enabled.
I20260709 12:19:40.420480  9416 webserver.cc:533] Webserver started at http://127.9.50.1:44885/ using document root <none> and password file <none>
I20260709 12:19:40.420961  9416 fs_manager.cc:362] Metadata directory not provided
I20260709 12:19:40.421121  9416 fs_manager.cc:368] Using write-ahead log directory (fs_wal_dir) as metadata directory
I20260709 12:19:40.421335  9416 server_base.cc:909] This appears to be a new deployment of Kudu; creating new FS layout
I20260709 12:19:40.422367  9416 fs_manager.cc:1068] Generated new instance metadata in path /tmp/dist-test-taskuCaN2D/test-tmp/auto_leader_rebalancer-test.0.LeaderRebalancerTest.FunctionalTestForNotDivided.1783599549021389-9416-0/minicluster-data/ts-0-root/instance:
uuid: "b6b77892fdca4ef69883a84d9ca188dd"
format_stamp: "Formatted at 2026-07-09 12:19:40 on dist-test-slave-hw7q"
I20260709 12:19:40.427222  9416 fs_manager.cc:696] Time spent creating directory manager: real 0.004s	user 0.000s	sys 0.003s
I20260709 12:19:40.430598 10034 log_block_manager.cc:4127] Time spent loading block containers with low live blocks: real 0.000s	user 0.000s	sys 0.000s
I20260709 12:19:40.431445  9416 fs_manager.cc:730] Time spent opening block manager: real 0.002s	user 0.002s	sys 0.001s
I20260709 12:19:40.431742  9416 fs_manager.cc:647] Opened local filesystem: /tmp/dist-test-taskuCaN2D/test-tmp/auto_leader_rebalancer-test.0.LeaderRebalancerTest.FunctionalTestForNotDivided.1783599549021389-9416-0/minicluster-data/ts-0-root
uuid: "b6b77892fdca4ef69883a84d9ca188dd"
format_stamp: "Formatted at 2026-07-09 12:19:40 on dist-test-slave-hw7q"
I20260709 12:19:40.432035  9416 fs_report.cc:389] FS layout report
--------------------
wal directory: /tmp/dist-test-taskuCaN2D/test-tmp/auto_leader_rebalancer-test.0.LeaderRebalancerTest.FunctionalTestForNotDivided.1783599549021389-9416-0/minicluster-data/ts-0-root
metadata directory: /tmp/dist-test-taskuCaN2D/test-tmp/auto_leader_rebalancer-test.0.LeaderRebalancerTest.FunctionalTestForNotDivided.1783599549021389-9416-0/minicluster-data/ts-0-root
1 data directories: /tmp/dist-test-taskuCaN2D/test-tmp/auto_leader_rebalancer-test.0.LeaderRebalancerTest.FunctionalTestForNotDivided.1783599549021389-9416-0/minicluster-data/ts-0-root/data
Total live blocks: 0
Total live bytes: 0
Total live bytes (after alignment): 0
Total number of LBM containers: 0 (0 full)
Did not check for missing blocks
Did not check for orphaned blocks
Total full LBM containers with extra space: 0 (0 repaired)
Total full LBM container extra space in bytes: 0 (0 repaired)
Total incomplete LBM containers: 0 (0 repaired)
Total LBM partial records: 0 (0 repaired)
Total corrupted LBM metadata records in RocksDB: 0 (0 repaired)
I20260709 12:19:40.450309  9416 rpc_server.cc:225] running with OpenSSL 1.1.1  11 Sep 2018
I20260709 12:19:40.451591  9416 kserver.cc:163] Server-wide thread pool size limit: 3276
I20260709 12:19:40.453027  9416 txn_system_client.cc:432] TxnSystemClient initialization is disabled...
I20260709 12:19:40.455523  9416 ts_tablet_manager.cc:585] Loaded tablet metadata (0 total tablets, 0 live tablets)
I20260709 12:19:40.455726  9416 ts_tablet_manager.cc:531] Time spent load tablet metadata: real 0.000s	user 0.000s	sys 0.000s
I20260709 12:19:40.455969  9416 ts_tablet_manager.cc:616] Registered 0 tablets
I20260709 12:19:40.456131  9416 ts_tablet_manager.cc:595] Time spent register tablets: real 0.000s	user 0.000s	sys 0.000s
I20260709 12:19:40.499526  9416 rpc_server.cc:307] RPC server started. Bound to: 127.9.50.1:34171
I20260709 12:19:40.499675 10096 acceptor_pool.cc:272] collecting diagnostics on the listening RPC socket 127.9.50.1:34171 every 8 connection(s)
I20260709 12:19:40.504269  9416 file_cache.cc:504] Constructed file cache file cache with capacity 419430
W20260709 12:19:40.510994 10101 instance_detector.cc:116] could not retrieve AWS instance metadata: Network error: curl error: HTTP response code said error: The requested URL returned error: 404
W20260709 12:19:40.512226 10102 instance_detector.cc:116] could not retrieve Azure instance metadata: Network error: curl error: HTTP response code said error: The requested URL returned error: 404
W20260709 12:19:40.515100 10104 instance_detector.cc:116] could not retrieve OpenStack instance metadata: Network error: curl error: HTTP response code said error: The requested URL returned error: 404
I20260709 12:19:40.516193  9416 server_base.cc:1061] running on GCE node
I20260709 12:19:40.517762  9416 hybrid_clock.cc:584] initializing the hybrid clock with 'system_unsync' time source
W20260709 12:19:40.518232  9416 system_unsync_time.cc:38] NTP support is disabled. Clock error bounds will not be accurate. This configuration is not suitable for distributed clusters.
I20260709 12:19:40.518584  9416 hybrid_clock.cc:648] HybridClock initialized: now 1783599580518558 us; error 0 us; skew 500 ppm
I20260709 12:19:40.519385  9416 server_base.cc:861] Flag tcmalloc_max_total_thread_cache_bytes is not working since tcmalloc is not enabled.
I20260709 12:19:40.522491  9416 webserver.cc:533] Webserver started at http://127.9.50.2:34147/ using document root <none> and password file <none>
I20260709 12:19:40.523172  9416 fs_manager.cc:362] Metadata directory not provided
I20260709 12:19:40.523383  9416 fs_manager.cc:368] Using write-ahead log directory (fs_wal_dir) as metadata directory
I20260709 12:19:40.523741  9416 server_base.cc:909] This appears to be a new deployment of Kudu; creating new FS layout
I20260709 12:19:40.525523  9416 fs_manager.cc:1068] Generated new instance metadata in path /tmp/dist-test-taskuCaN2D/test-tmp/auto_leader_rebalancer-test.0.LeaderRebalancerTest.FunctionalTestForNotDivided.1783599549021389-9416-0/minicluster-data/ts-1-root/instance:
uuid: "7ac1b2a7dd4d46a58709768245fe3cfd"
format_stamp: "Formatted at 2026-07-09 12:19:40 on dist-test-slave-hw7q"
I20260709 12:19:40.526242 10097 heartbeater.cc:344] Connected to a master server at 127.9.50.62:39617
I20260709 12:19:40.526585 10097 heartbeater.cc:461] Registering TS with master...
I20260709 12:19:40.527348 10097 heartbeater.cc:507] Master 127.9.50.62:39617 requested a full tablet report, sending...
I20260709 12:19:40.529407  9970 ts_manager.cc:194] Registered new tserver with Master: b6b77892fdca4ef69883a84d9ca188dd (127.9.50.1:34171)
I20260709 12:19:40.530599  9416 fs_manager.cc:696] Time spent creating directory manager: real 0.004s	user 0.002s	sys 0.004s
I20260709 12:19:40.531410  9970 master_service.cc:502] Signed X509 certificate for tserver {username='slave'} at 127.0.0.1:40302
I20260709 12:19:40.535053 10109 log_block_manager.cc:4127] Time spent loading block containers with low live blocks: real 0.000s	user 0.000s	sys 0.000s
I20260709 12:19:40.536092  9416 fs_manager.cc:730] Time spent opening block manager: real 0.003s	user 0.004s	sys 0.000s
I20260709 12:19:40.536445  9416 fs_manager.cc:647] Opened local filesystem: /tmp/dist-test-taskuCaN2D/test-tmp/auto_leader_rebalancer-test.0.LeaderRebalancerTest.FunctionalTestForNotDivided.1783599549021389-9416-0/minicluster-data/ts-1-root
uuid: "7ac1b2a7dd4d46a58709768245fe3cfd"
format_stamp: "Formatted at 2026-07-09 12:19:40 on dist-test-slave-hw7q"
I20260709 12:19:40.536748  9416 fs_report.cc:389] FS layout report
--------------------
wal directory: /tmp/dist-test-taskuCaN2D/test-tmp/auto_leader_rebalancer-test.0.LeaderRebalancerTest.FunctionalTestForNotDivided.1783599549021389-9416-0/minicluster-data/ts-1-root
metadata directory: /tmp/dist-test-taskuCaN2D/test-tmp/auto_leader_rebalancer-test.0.LeaderRebalancerTest.FunctionalTestForNotDivided.1783599549021389-9416-0/minicluster-data/ts-1-root
1 data directories: /tmp/dist-test-taskuCaN2D/test-tmp/auto_leader_rebalancer-test.0.LeaderRebalancerTest.FunctionalTestForNotDivided.1783599549021389-9416-0/minicluster-data/ts-1-root/data
Total live blocks: 0
Total live bytes: 0
Total live bytes (after alignment): 0
Total number of LBM containers: 0 (0 full)
Did not check for missing blocks
Did not check for orphaned blocks
Total full LBM containers with extra space: 0 (0 repaired)
Total full LBM container extra space in bytes: 0 (0 repaired)
Total incomplete LBM containers: 0 (0 repaired)
Total LBM partial records: 0 (0 repaired)
Total corrupted LBM metadata records in RocksDB: 0 (0 repaired)
I20260709 12:19:40.569550  9416 rpc_server.cc:225] running with OpenSSL 1.1.1  11 Sep 2018
I20260709 12:19:40.570772  9416 kserver.cc:163] Server-wide thread pool size limit: 3276
I20260709 12:19:40.572378  9416 txn_system_client.cc:432] TxnSystemClient initialization is disabled...
I20260709 12:19:40.574745  9416 ts_tablet_manager.cc:585] Loaded tablet metadata (0 total tablets, 0 live tablets)
I20260709 12:19:40.575003  9416 ts_tablet_manager.cc:531] Time spent load tablet metadata: real 0.000s	user 0.000s	sys 0.000s
I20260709 12:19:40.575253  9416 ts_tablet_manager.cc:616] Registered 0 tablets
I20260709 12:19:40.575393  9416 ts_tablet_manager.cc:595] Time spent register tablets: real 0.000s	user 0.000s	sys 0.000s
I20260709 12:19:40.615477  9416 rpc_server.cc:307] RPC server started. Bound to: 127.9.50.2:42453
I20260709 12:19:40.615584 10171 acceptor_pool.cc:272] collecting diagnostics on the listening RPC socket 127.9.50.2:42453 every 8 connection(s)
I20260709 12:19:40.620085  9416 file_cache.cc:504] Constructed file cache file cache with capacity 419430
W20260709 12:19:40.629454 10175 instance_detector.cc:116] could not retrieve AWS instance metadata: Network error: curl error: HTTP response code said error: The requested URL returned error: 404
I20260709 12:19:40.635628  9416 server_base.cc:1061] running on GCE node
W20260709 12:19:40.636049 10176 instance_detector.cc:116] could not retrieve Azure instance metadata: Network error: curl error: HTTP response code said error: The requested URL returned error: 404
W20260709 12:19:40.638616 10178 instance_detector.cc:116] could not retrieve OpenStack instance metadata: Network error: curl error: HTTP response code said error: The requested URL returned error: 404
I20260709 12:19:40.639859  9416 hybrid_clock.cc:584] initializing the hybrid clock with 'system_unsync' time source
W20260709 12:19:40.640172  9416 system_unsync_time.cc:38] NTP support is disabled. Clock error bounds will not be accurate. This configuration is not suitable for distributed clusters.
I20260709 12:19:40.639925 10172 heartbeater.cc:344] Connected to a master server at 127.9.50.62:39617
I20260709 12:19:40.640413  9416 hybrid_clock.cc:648] HybridClock initialized: now 1783599580640394 us; error 0 us; skew 500 ppm
I20260709 12:19:40.640690 10172 heartbeater.cc:461] Registering TS with master...
I20260709 12:19:40.641088  9416 server_base.cc:861] Flag tcmalloc_max_total_thread_cache_bytes is not working since tcmalloc is not enabled.
I20260709 12:19:40.641559 10172 heartbeater.cc:507] Master 127.9.50.62:39617 requested a full tablet report, sending...
I20260709 12:19:40.644164  9416 webserver.cc:533] Webserver started at http://127.9.50.3:36335/ using document root <none> and password file <none>
I20260709 12:19:40.644166  9970 ts_manager.cc:194] Registered new tserver with Master: 7ac1b2a7dd4d46a58709768245fe3cfd (127.9.50.2:42453)
I20260709 12:19:40.644927  9416 fs_manager.cc:362] Metadata directory not provided
I20260709 12:19:40.645150  9416 fs_manager.cc:368] Using write-ahead log directory (fs_wal_dir) as metadata directory
I20260709 12:19:40.645401  9416 server_base.cc:909] This appears to be a new deployment of Kudu; creating new FS layout
I20260709 12:19:40.645766  9970 master_service.cc:502] Signed X509 certificate for tserver {username='slave'} at 127.0.0.1:40308
I20260709 12:19:40.646657  9416 fs_manager.cc:1068] Generated new instance metadata in path /tmp/dist-test-taskuCaN2D/test-tmp/auto_leader_rebalancer-test.0.LeaderRebalancerTest.FunctionalTestForNotDivided.1783599549021389-9416-0/minicluster-data/ts-2-root/instance:
uuid: "b29e8ac482d04e0db3a771de4ead25ff"
format_stamp: "Formatted at 2026-07-09 12:19:40 on dist-test-slave-hw7q"
I20260709 12:19:40.651083  9416 fs_manager.cc:696] Time spent creating directory manager: real 0.004s	user 0.003s	sys 0.000s
I20260709 12:19:40.654660 10183 log_block_manager.cc:4127] Time spent loading block containers with low live blocks: real 0.000s	user 0.000s	sys 0.000s
I20260709 12:19:40.655555  9416 fs_manager.cc:730] Time spent opening block manager: real 0.003s	user 0.000s	sys 0.003s
I20260709 12:19:40.655885  9416 fs_manager.cc:647] Opened local filesystem: /tmp/dist-test-taskuCaN2D/test-tmp/auto_leader_rebalancer-test.0.LeaderRebalancerTest.FunctionalTestForNotDivided.1783599549021389-9416-0/minicluster-data/ts-2-root
uuid: "b29e8ac482d04e0db3a771de4ead25ff"
format_stamp: "Formatted at 2026-07-09 12:19:40 on dist-test-slave-hw7q"
I20260709 12:19:40.656190  9416 fs_report.cc:389] FS layout report
--------------------
wal directory: /tmp/dist-test-taskuCaN2D/test-tmp/auto_leader_rebalancer-test.0.LeaderRebalancerTest.FunctionalTestForNotDivided.1783599549021389-9416-0/minicluster-data/ts-2-root
metadata directory: /tmp/dist-test-taskuCaN2D/test-tmp/auto_leader_rebalancer-test.0.LeaderRebalancerTest.FunctionalTestForNotDivided.1783599549021389-9416-0/minicluster-data/ts-2-root
1 data directories: /tmp/dist-test-taskuCaN2D/test-tmp/auto_leader_rebalancer-test.0.LeaderRebalancerTest.FunctionalTestForNotDivided.1783599549021389-9416-0/minicluster-data/ts-2-root/data
Total live blocks: 0
Total live bytes: 0
Total live bytes (after alignment): 0
Total number of LBM containers: 0 (0 full)
Did not check for missing blocks
Did not check for orphaned blocks
Total full LBM containers with extra space: 0 (0 repaired)
Total full LBM container extra space in bytes: 0 (0 repaired)
Total incomplete LBM containers: 0 (0 repaired)
Total LBM partial records: 0 (0 repaired)
Total corrupted LBM metadata records in RocksDB: 0 (0 repaired)
I20260709 12:19:40.670756  9416 rpc_server.cc:225] running with OpenSSL 1.1.1  11 Sep 2018
I20260709 12:19:40.672015  9416 kserver.cc:163] Server-wide thread pool size limit: 3276
I20260709 12:19:40.673491  9416 txn_system_client.cc:432] TxnSystemClient initialization is disabled...
I20260709 12:19:40.675766  9416 ts_tablet_manager.cc:585] Loaded tablet metadata (0 total tablets, 0 live tablets)
I20260709 12:19:40.675972  9416 ts_tablet_manager.cc:531] Time spent load tablet metadata: real 0.000s	user 0.000s	sys 0.000s
I20260709 12:19:40.676210  9416 ts_tablet_manager.cc:616] Registered 0 tablets
I20260709 12:19:40.676360  9416 ts_tablet_manager.cc:595] Time spent register tablets: real 0.000s	user 0.000s	sys 0.000s
I20260709 12:19:40.717592  9416 rpc_server.cc:307] RPC server started. Bound to: 127.9.50.3:41799
I20260709 12:19:40.717731 10245 acceptor_pool.cc:272] collecting diagnostics on the listening RPC socket 127.9.50.3:41799 every 8 connection(s)
I20260709 12:19:40.732735 10246 heartbeater.cc:344] Connected to a master server at 127.9.50.62:39617
I20260709 12:19:40.733139 10246 heartbeater.cc:461] Registering TS with master...
I20260709 12:19:40.734160 10246 heartbeater.cc:507] Master 127.9.50.62:39617 requested a full tablet report, sending...
I20260709 12:19:40.736508  9970 ts_manager.cc:194] Registered new tserver with Master: b29e8ac482d04e0db3a771de4ead25ff (127.9.50.3:41799)
I20260709 12:19:40.737000  9416 internal_mini_cluster.cc:371] 3 TS(s) registered with all masters after 0.016306628s
I20260709 12:19:40.738253  9970 master_service.cc:502] Signed X509 certificate for tserver {username='slave'} at 127.0.0.1:40312
I20260709 12:19:40.765530  9970 catalog_manager.cc:2283] Servicing CreateTable request from {username='slave'} at 127.0.0.1:40326:
name: "test-workload"
schema {
  columns {
    name: "key"
    type: INT32
    is_key: true
    is_nullable: false
    encoding: AUTO_ENCODING
    compression: DEFAULT_COMPRESSION
    cfile_block_size: 0
    immutable: false
  }
  columns {
    name: "int_val"
    type: INT32
    is_key: false
    is_nullable: false
    encoding: AUTO_ENCODING
    compression: DEFAULT_COMPRESSION
    cfile_block_size: 0
    immutable: false
  }
  columns {
    name: "string_val"
    type: STRING
    is_key: false
    is_nullable: true
    encoding: AUTO_ENCODING
    compression: DEFAULT_COMPRESSION
    cfile_block_size: 0
    immutable: false
  }
}
num_replicas: 3
split_rows_range_bounds {
  rows: "\004\001\000\314\314\314\014\004\001\000\230\231\231\031\004\001\000dff&\004\001\0000333\004\001\000\374\377\377?\004\001\000\310\314\314L\004\001\000\224\231\231Y\004\001\000`fff\004\001\000,33s""\004\001\000\314\314\314\014\004\001\000\230\231\231\031\004\001\000dff&\004\001\0000333\004\001\000\374\377\377?\004\001\000\310\314\314L\004\001\000\224\231\231Y\004\001\000`fff\004\001\000,33s"
  indirect_data: """"
}
partition_schema {
  range_schema {
    columns {
      name: "key"
    }
  }
}
W20260709 12:19:40.768378  9970 catalog_manager.cc:7077] The number of live tablet servers is not enough to re-replicate a tablet replica of the newly created table test-workload in case of a server failure: 4 tablet servers would be needed, 3 are available. Consider bringing up more tablet servers.
I20260709 12:19:40.839968 10062 tablet_service.cc:1511] Processing CreateTablet for tablet af983b6892544e87a53307d9b1576b7c (DEFAULT_TABLE table=test-workload [id=6f9b8607b38e4f87bbb8dff8f984875a]), partition=RANGE (key) PARTITION VALUES < 214748364
I20260709 12:19:40.840410 10061 tablet_service.cc:1511] Processing CreateTablet for tablet b25d5cef6398438f94e751106fd7323b (DEFAULT_TABLE table=test-workload [id=6f9b8607b38e4f87bbb8dff8f984875a]), partition=RANGE (key) PARTITION 214748364 <= VALUES < 429496728
I20260709 12:19:40.841475 10062 data_dirs.cc:400] Could only allocate 1 dirs of requested 3 for tablet af983b6892544e87a53307d9b1576b7c. 1 dirs total, 0 dirs full, 0 dirs failed
I20260709 12:19:40.842149 10059 tablet_service.cc:1511] Processing CreateTablet for tablet c2ef046b1f56492bb7857804dc3e5b2e (DEFAULT_TABLE table=test-workload [id=6f9b8607b38e4f87bbb8dff8f984875a]), partition=RANGE (key) PARTITION 644245092 <= VALUES < 858993456
I20260709 12:19:40.842195 10061 data_dirs.cc:400] Could only allocate 1 dirs of requested 3 for tablet b25d5cef6398438f94e751106fd7323b. 1 dirs total, 0 dirs full, 0 dirs failed
I20260709 12:19:40.843819 10060 tablet_service.cc:1511] Processing CreateTablet for tablet cf7977b6401a4dc2a72ab06ec6a0c0cc (DEFAULT_TABLE table=test-workload [id=6f9b8607b38e4f87bbb8dff8f984875a]), partition=RANGE (key) PARTITION 429496728 <= VALUES < 644245092
I20260709 12:19:40.845219 10060 data_dirs.cc:400] Could only allocate 1 dirs of requested 3 for tablet cf7977b6401a4dc2a72ab06ec6a0c0cc. 1 dirs total, 0 dirs full, 0 dirs failed
I20260709 12:19:40.844853 10058 tablet_service.cc:1511] Processing CreateTablet for tablet ad39713436c84bd5ac2045791f3b54f7 (DEFAULT_TABLE table=test-workload [id=6f9b8607b38e4f87bbb8dff8f984875a]), partition=RANGE (key) PARTITION 858993456 <= VALUES < 1073741820
I20260709 12:19:40.846118 10058 data_dirs.cc:400] Could only allocate 1 dirs of requested 3 for tablet ad39713436c84bd5ac2045791f3b54f7. 1 dirs total, 0 dirs full, 0 dirs failed
I20260709 12:19:40.848376 10059 data_dirs.cc:400] Could only allocate 1 dirs of requested 3 for tablet c2ef046b1f56492bb7857804dc3e5b2e. 1 dirs total, 0 dirs full, 0 dirs failed
I20260709 12:19:40.849148 10057 tablet_service.cc:1511] Processing CreateTablet for tablet c94f7ede14e7430a8ff5a3890f072b75 (DEFAULT_TABLE table=test-workload [id=6f9b8607b38e4f87bbb8dff8f984875a]), partition=RANGE (key) PARTITION 1073741820 <= VALUES < 1288490184
I20260709 12:19:40.850447 10057 data_dirs.cc:400] Could only allocate 1 dirs of requested 3 for tablet c94f7ede14e7430a8ff5a3890f072b75. 1 dirs total, 0 dirs full, 0 dirs failed
I20260709 12:19:40.875113 10056 tablet_service.cc:1511] Processing CreateTablet for tablet 599e88ff50ec4c849232d96276e122d2 (DEFAULT_TABLE table=test-workload [id=6f9b8607b38e4f87bbb8dff8f984875a]), partition=RANGE (key) PARTITION 1503238548 <= VALUES < 1717986912
I20260709 12:19:40.876546 10056 data_dirs.cc:400] Could only allocate 1 dirs of requested 3 for tablet 599e88ff50ec4c849232d96276e122d2. 1 dirs total, 0 dirs full, 0 dirs failed
I20260709 12:19:40.881029 10055 tablet_service.cc:1511] Processing CreateTablet for tablet d60f71a4952740969e9e932b7871457b (DEFAULT_TABLE table=test-workload [id=6f9b8607b38e4f87bbb8dff8f984875a]), partition=RANGE (key) PARTITION 1717986912 <= VALUES < 1932735276
I20260709 12:19:40.882449 10055 data_dirs.cc:400] Could only allocate 1 dirs of requested 3 for tablet d60f71a4952740969e9e932b7871457b. 1 dirs total, 0 dirs full, 0 dirs failed
I20260709 12:19:40.883021 10057 tablet_service.cc:1511] Processing CreateTablet for tablet 4b26ef95feca4a8d8b59e6d5442b316f (DEFAULT_TABLE table=test-workload [id=6f9b8607b38e4f87bbb8dff8f984875a]), partition=RANGE (key) PARTITION 1288490184 <= VALUES < 1503238548
I20260709 12:19:40.885985 10057 data_dirs.cc:400] Could only allocate 1 dirs of requested 3 for tablet 4b26ef95feca4a8d8b59e6d5442b316f. 1 dirs total, 0 dirs full, 0 dirs failed
I20260709 12:19:40.889423 10054 tablet_service.cc:1511] Processing CreateTablet for tablet b1058d18440642178bf265264478da5d (DEFAULT_TABLE table=test-workload [id=6f9b8607b38e4f87bbb8dff8f984875a]), partition=RANGE (key) PARTITION 1932735276 <= VALUES
I20260709 12:19:40.890697 10054 data_dirs.cc:400] Could only allocate 1 dirs of requested 3 for tablet b1058d18440642178bf265264478da5d. 1 dirs total, 0 dirs full, 0 dirs failed
I20260709 12:19:40.903505 10132 tablet_service.cc:1511] Processing CreateTablet for tablet c94f7ede14e7430a8ff5a3890f072b75 (DEFAULT_TABLE table=test-workload [id=6f9b8607b38e4f87bbb8dff8f984875a]), partition=RANGE (key) PARTITION 1073741820 <= VALUES < 1288490184
I20260709 12:19:40.903962 10137 tablet_service.cc:1511] Processing CreateTablet for tablet af983b6892544e87a53307d9b1576b7c (DEFAULT_TABLE table=test-workload [id=6f9b8607b38e4f87bbb8dff8f984875a]), partition=RANGE (key) PARTITION VALUES < 214748364
I20260709 12:19:40.904933 10132 data_dirs.cc:400] Could only allocate 1 dirs of requested 3 for tablet c94f7ede14e7430a8ff5a3890f072b75. 1 dirs total, 0 dirs full, 0 dirs failed
I20260709 12:19:40.905999 10136 tablet_service.cc:1511] Processing CreateTablet for tablet b25d5cef6398438f94e751106fd7323b (DEFAULT_TABLE table=test-workload [id=6f9b8607b38e4f87bbb8dff8f984875a]), partition=RANGE (key) PARTITION 214748364 <= VALUES < 429496728
I20260709 12:19:40.907325 10136 data_dirs.cc:400] Could only allocate 1 dirs of requested 3 for tablet b25d5cef6398438f94e751106fd7323b. 1 dirs total, 0 dirs full, 0 dirs failed
I20260709 12:19:40.911121 10135 tablet_service.cc:1511] Processing CreateTablet for tablet cf7977b6401a4dc2a72ab06ec6a0c0cc (DEFAULT_TABLE table=test-workload [id=6f9b8607b38e4f87bbb8dff8f984875a]), partition=RANGE (key) PARTITION 429496728 <= VALUES < 644245092
I20260709 12:19:40.912482 10135 data_dirs.cc:400] Could only allocate 1 dirs of requested 3 for tablet cf7977b6401a4dc2a72ab06ec6a0c0cc. 1 dirs total, 0 dirs full, 0 dirs failed
I20260709 12:19:40.916036 10134 tablet_service.cc:1511] Processing CreateTablet for tablet c2ef046b1f56492bb7857804dc3e5b2e (DEFAULT_TABLE table=test-workload [id=6f9b8607b38e4f87bbb8dff8f984875a]), partition=RANGE (key) PARTITION 644245092 <= VALUES < 858993456
I20260709 12:19:40.917366 10134 data_dirs.cc:400] Could only allocate 1 dirs of requested 3 for tablet c2ef046b1f56492bb7857804dc3e5b2e. 1 dirs total, 0 dirs full, 0 dirs failed
I20260709 12:19:40.919709 10133 tablet_service.cc:1511] Processing CreateTablet for tablet ad39713436c84bd5ac2045791f3b54f7 (DEFAULT_TABLE table=test-workload [id=6f9b8607b38e4f87bbb8dff8f984875a]), partition=RANGE (key) PARTITION 858993456 <= VALUES < 1073741820
I20260709 12:19:40.921103 10133 data_dirs.cc:400] Could only allocate 1 dirs of requested 3 for tablet ad39713436c84bd5ac2045791f3b54f7. 1 dirs total, 0 dirs full, 0 dirs failed
I20260709 12:19:40.922793 10261 tablet_bootstrap.cc:492] T b25d5cef6398438f94e751106fd7323b P b6b77892fdca4ef69883a84d9ca188dd: Bootstrap starting.
I20260709 12:19:40.924052 10131 tablet_service.cc:1511] Processing CreateTablet for tablet 4b26ef95feca4a8d8b59e6d5442b316f (DEFAULT_TABLE table=test-workload [id=6f9b8607b38e4f87bbb8dff8f984875a]), partition=RANGE (key) PARTITION 1288490184 <= VALUES < 1503238548
I20260709 12:19:40.925314 10131 data_dirs.cc:400] Could only allocate 1 dirs of requested 3 for tablet 4b26ef95feca4a8d8b59e6d5442b316f. 1 dirs total, 0 dirs full, 0 dirs failed
I20260709 12:19:40.929071 10261 tablet_bootstrap.cc:654] T b25d5cef6398438f94e751106fd7323b P b6b77892fdca4ef69883a84d9ca188dd: Neither blocks nor log segments found. Creating new log.
I20260709 12:19:40.934464 10211 tablet_service.cc:1511] Processing CreateTablet for tablet af983b6892544e87a53307d9b1576b7c (DEFAULT_TABLE table=test-workload [id=6f9b8607b38e4f87bbb8dff8f984875a]), partition=RANGE (key) PARTITION VALUES < 214748364
I20260709 12:19:40.936062 10211 data_dirs.cc:400] Could only allocate 1 dirs of requested 3 for tablet af983b6892544e87a53307d9b1576b7c. 1 dirs total, 0 dirs full, 0 dirs failed
I20260709 12:19:40.936252 10207 tablet_service.cc:1511] Processing CreateTablet for tablet ad39713436c84bd5ac2045791f3b54f7 (DEFAULT_TABLE table=test-workload [id=6f9b8607b38e4f87bbb8dff8f984875a]), partition=RANGE (key) PARTITION 858993456 <= VALUES < 1073741820
I20260709 12:19:40.937727 10207 data_dirs.cc:400] Could only allocate 1 dirs of requested 3 for tablet ad39713436c84bd5ac2045791f3b54f7. 1 dirs total, 0 dirs full, 0 dirs failed
I20260709 12:19:40.940013 10208 tablet_service.cc:1511] Processing CreateTablet for tablet c2ef046b1f56492bb7857804dc3e5b2e (DEFAULT_TABLE table=test-workload [id=6f9b8607b38e4f87bbb8dff8f984875a]), partition=RANGE (key) PARTITION 644245092 <= VALUES < 858993456
I20260709 12:19:40.940781 10261 tablet_bootstrap.cc:492] T b25d5cef6398438f94e751106fd7323b P b6b77892fdca4ef69883a84d9ca188dd: No bootstrap required, opened a new log
I20260709 12:19:40.941238 10261 ts_tablet_manager.cc:1403] T b25d5cef6398438f94e751106fd7323b P b6b77892fdca4ef69883a84d9ca188dd: Time spent bootstrapping tablet: real 0.019s	user 0.016s	sys 0.000s
I20260709 12:19:40.941352 10208 data_dirs.cc:400] Could only allocate 1 dirs of requested 3 for tablet c2ef046b1f56492bb7857804dc3e5b2e. 1 dirs total, 0 dirs full, 0 dirs failed
I20260709 12:19:40.944100 10209 tablet_service.cc:1511] Processing CreateTablet for tablet cf7977b6401a4dc2a72ab06ec6a0c0cc (DEFAULT_TABLE table=test-workload [id=6f9b8607b38e4f87bbb8dff8f984875a]), partition=RANGE (key) PARTITION 429496728 <= VALUES < 644245092
I20260709 12:19:40.944180 10261 raft_consensus.cc:359] T b25d5cef6398438f94e751106fd7323b P b6b77892fdca4ef69883a84d9ca188dd [term 0 FOLLOWER]: Replica starting. Triggering 0 pending ops. Active config: opid_index: -1 OBSOLETE_local: false peers { permanent_uuid: "b6b77892fdca4ef69883a84d9ca188dd" member_type: VOTER last_known_addr { host: "127.9.50.1" port: 34171 } } peers { permanent_uuid: "7ac1b2a7dd4d46a58709768245fe3cfd" member_type: VOTER last_known_addr { host: "127.9.50.2" port: 42453 } } peers { permanent_uuid: "b29e8ac482d04e0db3a771de4ead25ff" member_type: VOTER last_known_addr { host: "127.9.50.3" port: 41799 } }
I20260709 12:19:40.945005 10261 raft_consensus.cc:385] T b25d5cef6398438f94e751106fd7323b P b6b77892fdca4ef69883a84d9ca188dd [term 0 FOLLOWER]: Consensus starting up: Expiring failure detector timer to make a prompt election more likely
I20260709 12:19:40.945308 10261 raft_consensus.cc:740] T b25d5cef6398438f94e751106fd7323b P b6b77892fdca4ef69883a84d9ca188dd [term 0 FOLLOWER]: Becoming Follower/Learner. State: Replica: b6b77892fdca4ef69883a84d9ca188dd, State: Initialized, Role: FOLLOWER
I20260709 12:19:40.945506 10209 data_dirs.cc:400] Could only allocate 1 dirs of requested 3 for tablet cf7977b6401a4dc2a72ab06ec6a0c0cc. 1 dirs total, 0 dirs full, 0 dirs failed
I20260709 12:19:40.946270 10261 consensus_queue.cc:260] T b25d5cef6398438f94e751106fd7323b P b6b77892fdca4ef69883a84d9ca188dd [NON_LEADER]: Queue going to NON_LEADER mode. State: All replicated index: 0, Majority replicated index: 0, Committed index: 0, Last appended: 0.0, Last appended by leader: 0, Current term: 0, Majority size: -1, State: 0, Mode: NON_LEADER, active raft config: opid_index: -1 OBSOLETE_local: false peers { permanent_uuid: "b6b77892fdca4ef69883a84d9ca188dd" member_type: VOTER last_known_addr { host: "127.9.50.1" port: 34171 } } peers { permanent_uuid: "7ac1b2a7dd4d46a58709768245fe3cfd" member_type: VOTER last_known_addr { host: "127.9.50.2" port: 42453 } } peers { permanent_uuid: "b29e8ac482d04e0db3a771de4ead25ff" member_type: VOTER last_known_addr { host: "127.9.50.3" port: 41799 } }
I20260709 12:19:40.948082 10137 data_dirs.cc:400] Could only allocate 1 dirs of requested 3 for tablet af983b6892544e87a53307d9b1576b7c. 1 dirs total, 0 dirs full, 0 dirs failed
I20260709 12:19:40.948632 10210 tablet_service.cc:1511] Processing CreateTablet for tablet b25d5cef6398438f94e751106fd7323b (DEFAULT_TABLE table=test-workload [id=6f9b8607b38e4f87bbb8dff8f984875a]), partition=RANGE (key) PARTITION 214748364 <= VALUES < 429496728
I20260709 12:19:40.950245 10210 data_dirs.cc:400] Could only allocate 1 dirs of requested 3 for tablet b25d5cef6398438f94e751106fd7323b. 1 dirs total, 0 dirs full, 0 dirs failed
I20260709 12:19:40.952399 10206 tablet_service.cc:1511] Processing CreateTablet for tablet c94f7ede14e7430a8ff5a3890f072b75 (DEFAULT_TABLE table=test-workload [id=6f9b8607b38e4f87bbb8dff8f984875a]), partition=RANGE (key) PARTITION 1073741820 <= VALUES < 1288490184
I20260709 12:19:40.953547 10204 tablet_service.cc:1511] Processing CreateTablet for tablet 599e88ff50ec4c849232d96276e122d2 (DEFAULT_TABLE table=test-workload [id=6f9b8607b38e4f87bbb8dff8f984875a]), partition=RANGE (key) PARTITION 1503238548 <= VALUES < 1717986912
I20260709 12:19:40.953967 10206 data_dirs.cc:400] Could only allocate 1 dirs of requested 3 for tablet c94f7ede14e7430a8ff5a3890f072b75. 1 dirs total, 0 dirs full, 0 dirs failed
I20260709 12:19:40.956069 10205 tablet_service.cc:1511] Processing CreateTablet for tablet 4b26ef95feca4a8d8b59e6d5442b316f (DEFAULT_TABLE table=test-workload [id=6f9b8607b38e4f87bbb8dff8f984875a]), partition=RANGE (key) PARTITION 1288490184 <= VALUES < 1503238548
I20260709 12:19:40.971589 10205 data_dirs.cc:400] Could only allocate 1 dirs of requested 3 for tablet 4b26ef95feca4a8d8b59e6d5442b316f. 1 dirs total, 0 dirs full, 0 dirs failed
I20260709 12:19:40.971797 10130 tablet_service.cc:1511] Processing CreateTablet for tablet 599e88ff50ec4c849232d96276e122d2 (DEFAULT_TABLE table=test-workload [id=6f9b8607b38e4f87bbb8dff8f984875a]), partition=RANGE (key) PARTITION 1503238548 <= VALUES < 1717986912
I20260709 12:19:40.973238 10130 data_dirs.cc:400] Could only allocate 1 dirs of requested 3 for tablet 599e88ff50ec4c849232d96276e122d2. 1 dirs total, 0 dirs full, 0 dirs failed
I20260709 12:19:40.976838 10129 tablet_service.cc:1511] Processing CreateTablet for tablet d60f71a4952740969e9e932b7871457b (DEFAULT_TABLE table=test-workload [id=6f9b8607b38e4f87bbb8dff8f984875a]), partition=RANGE (key) PARTITION 1717986912 <= VALUES < 1932735276
I20260709 12:19:40.978303 10129 data_dirs.cc:400] Could only allocate 1 dirs of requested 3 for tablet d60f71a4952740969e9e932b7871457b. 1 dirs total, 0 dirs full, 0 dirs failed
I20260709 12:19:40.981462 10204 data_dirs.cc:400] Could only allocate 1 dirs of requested 3 for tablet 599e88ff50ec4c849232d96276e122d2. 1 dirs total, 0 dirs full, 0 dirs failed
I20260709 12:19:40.981139 10203 tablet_service.cc:1511] Processing CreateTablet for tablet d60f71a4952740969e9e932b7871457b (DEFAULT_TABLE table=test-workload [id=6f9b8607b38e4f87bbb8dff8f984875a]), partition=RANGE (key) PARTITION 1717986912 <= VALUES < 1932735276
I20260709 12:19:40.982657 10203 data_dirs.cc:400] Could only allocate 1 dirs of requested 3 for tablet d60f71a4952740969e9e932b7871457b. 1 dirs total, 0 dirs full, 0 dirs failed
I20260709 12:19:40.994194 10202 tablet_service.cc:1511] Processing CreateTablet for tablet b1058d18440642178bf265264478da5d (DEFAULT_TABLE table=test-workload [id=6f9b8607b38e4f87bbb8dff8f984875a]), partition=RANGE (key) PARTITION 1932735276 <= VALUES
I20260709 12:19:40.999528 10097 heartbeater.cc:499] Master 127.9.50.62:39617 was elected leader, sending a full tablet report...
I20260709 12:19:41.004963 10202 data_dirs.cc:400] Could only allocate 1 dirs of requested 3 for tablet b1058d18440642178bf265264478da5d. 1 dirs total, 0 dirs full, 0 dirs failed
I20260709 12:19:40.999491 10264 raft_consensus.cc:493] T b25d5cef6398438f94e751106fd7323b P b6b77892fdca4ef69883a84d9ca188dd [term 0 FOLLOWER]: Starting pre-election (no leader contacted us within the election timeout)
I20260709 12:19:41.007782 10264 raft_consensus.cc:515] T b25d5cef6398438f94e751106fd7323b P b6b77892fdca4ef69883a84d9ca188dd [term 0 FOLLOWER]: Starting pre-election with config: opid_index: -1 OBSOLETE_local: false peers { permanent_uuid: "b6b77892fdca4ef69883a84d9ca188dd" member_type: VOTER last_known_addr { host: "127.9.50.1" port: 34171 } } peers { permanent_uuid: "7ac1b2a7dd4d46a58709768245fe3cfd" member_type: VOTER last_known_addr { host: "127.9.50.2" port: 42453 } } peers { permanent_uuid: "b29e8ac482d04e0db3a771de4ead25ff" member_type: VOTER last_known_addr { host: "127.9.50.3" port: 41799 } }
I20260709 12:19:41.008308 10132 tablet_service.cc:1511] Processing CreateTablet for tablet b1058d18440642178bf265264478da5d (DEFAULT_TABLE table=test-workload [id=6f9b8607b38e4f87bbb8dff8f984875a]), partition=RANGE (key) PARTITION 1932735276 <= VALUES
I20260709 12:19:41.009712 10132 data_dirs.cc:400] Could only allocate 1 dirs of requested 3 for tablet b1058d18440642178bf265264478da5d. 1 dirs total, 0 dirs full, 0 dirs failed
W20260709 12:19:41.029875 10035 leader_election.cc:343] T b25d5cef6398438f94e751106fd7323b P b6b77892fdca4ef69883a84d9ca188dd [CANDIDATE]: Term 1 pre-election: Tablet error from VoteRequest() call to peer 7ac1b2a7dd4d46a58709768245fe3cfd (127.9.50.2:42453): Not found: Tablet not found: b25d5cef6398438f94e751106fd7323b
I20260709 12:19:41.031045 10264 leader_election.cc:290] T b25d5cef6398438f94e751106fd7323b P b6b77892fdca4ef69883a84d9ca188dd [CANDIDATE]: Term 1 pre-election: Requested pre-vote from peers 7ac1b2a7dd4d46a58709768245fe3cfd (127.9.50.2:42453), b29e8ac482d04e0db3a771de4ead25ff (127.9.50.3:41799)
I20260709 12:19:41.031953 10261 ts_tablet_manager.cc:1434] T b25d5cef6398438f94e751106fd7323b P b6b77892fdca4ef69883a84d9ca188dd: Time spent starting tablet: real 0.090s	user 0.010s	sys 0.004s
I20260709 12:19:41.033049 10261 tablet_bootstrap.cc:492] T c94f7ede14e7430a8ff5a3890f072b75 P b6b77892fdca4ef69883a84d9ca188dd: Bootstrap starting.
I20260709 12:19:41.064337 10262 tablet_bootstrap.cc:492] T c94f7ede14e7430a8ff5a3890f072b75 P 7ac1b2a7dd4d46a58709768245fe3cfd: Bootstrap starting.
W20260709 12:19:41.068305 10035 leader_election.cc:343] T b25d5cef6398438f94e751106fd7323b P b6b77892fdca4ef69883a84d9ca188dd [CANDIDATE]: Term 1 pre-election: Tablet error from VoteRequest() call to peer b29e8ac482d04e0db3a771de4ead25ff (127.9.50.3:41799): Not found: Tablet not found: b25d5cef6398438f94e751106fd7323b
I20260709 12:19:41.068818 10035 leader_election.cc:304] T b25d5cef6398438f94e751106fd7323b P b6b77892fdca4ef69883a84d9ca188dd [CANDIDATE]: Term 1 pre-election: Election decided. Result: candidate lost. Election summary: received 3 responses out of 3 voters: 1 yes votes; 2 no votes. yes voters: b6b77892fdca4ef69883a84d9ca188dd; no voters: 7ac1b2a7dd4d46a58709768245fe3cfd, b29e8ac482d04e0db3a771de4ead25ff
I20260709 12:19:41.069582 10264 raft_consensus.cc:2749] T b25d5cef6398438f94e751106fd7323b P b6b77892fdca4ef69883a84d9ca188dd [term 0 FOLLOWER]: Leader pre-election lost for term 1. Reason: could not achieve majority
I20260709 12:19:41.071642 10266 tablet_bootstrap.cc:492] T af983b6892544e87a53307d9b1576b7c P b29e8ac482d04e0db3a771de4ead25ff: Bootstrap starting.
I20260709 12:19:41.088630 10266 tablet_bootstrap.cc:654] T af983b6892544e87a53307d9b1576b7c P b29e8ac482d04e0db3a771de4ead25ff: Neither blocks nor log segments found. Creating new log.
I20260709 12:19:41.096401 10261 tablet_bootstrap.cc:654] T c94f7ede14e7430a8ff5a3890f072b75 P b6b77892fdca4ef69883a84d9ca188dd: Neither blocks nor log segments found. Creating new log.
I20260709 12:19:41.103950 10262 tablet_bootstrap.cc:654] T c94f7ede14e7430a8ff5a3890f072b75 P 7ac1b2a7dd4d46a58709768245fe3cfd: Neither blocks nor log segments found. Creating new log.
I20260709 12:19:41.114378 10261 tablet_bootstrap.cc:492] T c94f7ede14e7430a8ff5a3890f072b75 P b6b77892fdca4ef69883a84d9ca188dd: No bootstrap required, opened a new log
I20260709 12:19:41.115427 10261 ts_tablet_manager.cc:1403] T c94f7ede14e7430a8ff5a3890f072b75 P b6b77892fdca4ef69883a84d9ca188dd: Time spent bootstrapping tablet: real 0.083s	user 0.011s	sys 0.004s
I20260709 12:19:41.118732 10261 raft_consensus.cc:359] T c94f7ede14e7430a8ff5a3890f072b75 P b6b77892fdca4ef69883a84d9ca188dd [term 0 FOLLOWER]: Replica starting. Triggering 0 pending ops. Active config: opid_index: -1 OBSOLETE_local: false peers { permanent_uuid: "b6b77892fdca4ef69883a84d9ca188dd" member_type: VOTER last_known_addr { host: "127.9.50.1" port: 34171 } } peers { permanent_uuid: "7ac1b2a7dd4d46a58709768245fe3cfd" member_type: VOTER last_known_addr { host: "127.9.50.2" port: 42453 } } peers { permanent_uuid: "b29e8ac482d04e0db3a771de4ead25ff" member_type: VOTER last_known_addr { host: "127.9.50.3" port: 41799 } }
I20260709 12:19:41.119593 10261 raft_consensus.cc:385] T c94f7ede14e7430a8ff5a3890f072b75 P b6b77892fdca4ef69883a84d9ca188dd [term 0 FOLLOWER]: Consensus starting up: Expiring failure detector timer to make a prompt election more likely
I20260709 12:19:41.119958 10261 raft_consensus.cc:740] T c94f7ede14e7430a8ff5a3890f072b75 P b6b77892fdca4ef69883a84d9ca188dd [term 0 FOLLOWER]: Becoming Follower/Learner. State: Replica: b6b77892fdca4ef69883a84d9ca188dd, State: Initialized, Role: FOLLOWER
I20260709 12:19:41.120901 10261 consensus_queue.cc:260] T c94f7ede14e7430a8ff5a3890f072b75 P b6b77892fdca4ef69883a84d9ca188dd [NON_LEADER]: Queue going to NON_LEADER mode. State: All replicated index: 0, Majority replicated index: 0, Committed index: 0, Last appended: 0.0, Last appended by leader: 0, Current term: 0, Majority size: -1, State: 0, Mode: NON_LEADER, active raft config: opid_index: -1 OBSOLETE_local: false peers { permanent_uuid: "b6b77892fdca4ef69883a84d9ca188dd" member_type: VOTER last_known_addr { host: "127.9.50.1" port: 34171 } } peers { permanent_uuid: "7ac1b2a7dd4d46a58709768245fe3cfd" member_type: VOTER last_known_addr { host: "127.9.50.2" port: 42453 } } peers { permanent_uuid: "b29e8ac482d04e0db3a771de4ead25ff" member_type: VOTER last_known_addr { host: "127.9.50.3" port: 41799 } }
I20260709 12:19:41.123320 10261 ts_tablet_manager.cc:1434] T c94f7ede14e7430a8ff5a3890f072b75 P b6b77892fdca4ef69883a84d9ca188dd: Time spent starting tablet: real 0.007s	user 0.005s	sys 0.002s
I20260709 12:19:41.124557 10261 tablet_bootstrap.cc:492] T cf7977b6401a4dc2a72ab06ec6a0c0cc P b6b77892fdca4ef69883a84d9ca188dd: Bootstrap starting.
I20260709 12:19:41.126284 10262 tablet_bootstrap.cc:492] T c94f7ede14e7430a8ff5a3890f072b75 P 7ac1b2a7dd4d46a58709768245fe3cfd: No bootstrap required, opened a new log
I20260709 12:19:41.126785 10262 ts_tablet_manager.cc:1403] T c94f7ede14e7430a8ff5a3890f072b75 P 7ac1b2a7dd4d46a58709768245fe3cfd: Time spent bootstrapping tablet: real 0.065s	user 0.004s	sys 0.007s
I20260709 12:19:41.129873 10261 tablet_bootstrap.cc:654] T cf7977b6401a4dc2a72ab06ec6a0c0cc P b6b77892fdca4ef69883a84d9ca188dd: Neither blocks nor log segments found. Creating new log.
I20260709 12:19:41.132913 10266 tablet_bootstrap.cc:492] T af983b6892544e87a53307d9b1576b7c P b29e8ac482d04e0db3a771de4ead25ff: No bootstrap required, opened a new log
I20260709 12:19:41.133327 10266 ts_tablet_manager.cc:1403] T af983b6892544e87a53307d9b1576b7c P b29e8ac482d04e0db3a771de4ead25ff: Time spent bootstrapping tablet: real 0.062s	user 0.013s	sys 0.005s
I20260709 12:19:41.131075 10262 raft_consensus.cc:359] T c94f7ede14e7430a8ff5a3890f072b75 P 7ac1b2a7dd4d46a58709768245fe3cfd [term 0 FOLLOWER]: Replica starting. Triggering 0 pending ops. Active config: opid_index: -1 OBSOLETE_local: false peers { permanent_uuid: "b6b77892fdca4ef69883a84d9ca188dd" member_type: VOTER last_known_addr { host: "127.9.50.1" port: 34171 } } peers { permanent_uuid: "7ac1b2a7dd4d46a58709768245fe3cfd" member_type: VOTER last_known_addr { host: "127.9.50.2" port: 42453 } } peers { permanent_uuid: "b29e8ac482d04e0db3a771de4ead25ff" member_type: VOTER last_known_addr { host: "127.9.50.3" port: 41799 } }
I20260709 12:19:41.134857 10261 tablet_bootstrap.cc:492] T cf7977b6401a4dc2a72ab06ec6a0c0cc P b6b77892fdca4ef69883a84d9ca188dd: No bootstrap required, opened a new log
I20260709 12:19:41.134789 10262 raft_consensus.cc:385] T c94f7ede14e7430a8ff5a3890f072b75 P 7ac1b2a7dd4d46a58709768245fe3cfd [term 0 FOLLOWER]: Consensus starting up: Expiring failure detector timer to make a prompt election more likely
I20260709 12:19:41.135267 10262 raft_consensus.cc:740] T c94f7ede14e7430a8ff5a3890f072b75 P 7ac1b2a7dd4d46a58709768245fe3cfd [term 0 FOLLOWER]: Becoming Follower/Learner. State: Replica: 7ac1b2a7dd4d46a58709768245fe3cfd, State: Initialized, Role: FOLLOWER
I20260709 12:19:41.135396 10261 ts_tablet_manager.cc:1403] T cf7977b6401a4dc2a72ab06ec6a0c0cc P b6b77892fdca4ef69883a84d9ca188dd: Time spent bootstrapping tablet: real 0.011s	user 0.009s	sys 0.002s
I20260709 12:19:41.136001 10262 consensus_queue.cc:260] T c94f7ede14e7430a8ff5a3890f072b75 P 7ac1b2a7dd4d46a58709768245fe3cfd [NON_LEADER]: Queue going to NON_LEADER mode. State: All replicated index: 0, Majority replicated index: 0, Committed index: 0, Last appended: 0.0, Last appended by leader: 0, Current term: 0, Majority size: -1, State: 0, Mode: NON_LEADER, active raft config: opid_index: -1 OBSOLETE_local: false peers { permanent_uuid: "b6b77892fdca4ef69883a84d9ca188dd" member_type: VOTER last_known_addr { host: "127.9.50.1" port: 34171 } } peers { permanent_uuid: "7ac1b2a7dd4d46a58709768245fe3cfd" member_type: VOTER last_known_addr { host: "127.9.50.2" port: 42453 } } peers { permanent_uuid: "b29e8ac482d04e0db3a771de4ead25ff" member_type: VOTER last_known_addr { host: "127.9.50.3" port: 41799 } }
I20260709 12:19:41.136168 10266 raft_consensus.cc:359] T af983b6892544e87a53307d9b1576b7c P b29e8ac482d04e0db3a771de4ead25ff [term 0 FOLLOWER]: Replica starting. Triggering 0 pending ops. Active config: opid_index: -1 OBSOLETE_local: false peers { permanent_uuid: "b6b77892fdca4ef69883a84d9ca188dd" member_type: VOTER last_known_addr { host: "127.9.50.1" port: 34171 } } peers { permanent_uuid: "7ac1b2a7dd4d46a58709768245fe3cfd" member_type: VOTER last_known_addr { host: "127.9.50.2" port: 42453 } } peers { permanent_uuid: "b29e8ac482d04e0db3a771de4ead25ff" member_type: VOTER last_known_addr { host: "127.9.50.3" port: 41799 } }
I20260709 12:19:41.136898 10266 raft_consensus.cc:385] T af983b6892544e87a53307d9b1576b7c P b29e8ac482d04e0db3a771de4ead25ff [term 0 FOLLOWER]: Consensus starting up: Expiring failure detector timer to make a prompt election more likely
I20260709 12:19:41.137199 10266 raft_consensus.cc:740] T af983b6892544e87a53307d9b1576b7c P b29e8ac482d04e0db3a771de4ead25ff [term 0 FOLLOWER]: Becoming Follower/Learner. State: Replica: b29e8ac482d04e0db3a771de4ead25ff, State: Initialized, Role: FOLLOWER
I20260709 12:19:41.138345 10172 heartbeater.cc:499] Master 127.9.50.62:39617 was elected leader, sending a full tablet report...
I20260709 12:19:41.137946 10266 consensus_queue.cc:260] T af983b6892544e87a53307d9b1576b7c P b29e8ac482d04e0db3a771de4ead25ff [NON_LEADER]: Queue going to NON_LEADER mode. State: All replicated index: 0, Majority replicated index: 0, Committed index: 0, Last appended: 0.0, Last appended by leader: 0, Current term: 0, Majority size: -1, State: 0, Mode: NON_LEADER, active raft config: opid_index: -1 OBSOLETE_local: false peers { permanent_uuid: "b6b77892fdca4ef69883a84d9ca188dd" member_type: VOTER last_known_addr { host: "127.9.50.1" port: 34171 } } peers { permanent_uuid: "7ac1b2a7dd4d46a58709768245fe3cfd" member_type: VOTER last_known_addr { host: "127.9.50.2" port: 42453 } } peers { permanent_uuid: "b29e8ac482d04e0db3a771de4ead25ff" member_type: VOTER last_known_addr { host: "127.9.50.3" port: 41799 } }
I20260709 12:19:41.138228 10261 raft_consensus.cc:359] T cf7977b6401a4dc2a72ab06ec6a0c0cc P b6b77892fdca4ef69883a84d9ca188dd [term 0 FOLLOWER]: Replica starting. Triggering 0 pending ops. Active config: opid_index: -1 OBSOLETE_local: false peers { permanent_uuid: "b6b77892fdca4ef69883a84d9ca188dd" member_type: VOTER last_known_addr { host: "127.9.50.1" port: 34171 } } peers { permanent_uuid: "7ac1b2a7dd4d46a58709768245fe3cfd" member_type: VOTER last_known_addr { host: "127.9.50.2" port: 42453 } } peers { permanent_uuid: "b29e8ac482d04e0db3a771de4ead25ff" member_type: VOTER last_known_addr { host: "127.9.50.3" port: 41799 } }
I20260709 12:19:41.138747 10262 ts_tablet_manager.cc:1434] T c94f7ede14e7430a8ff5a3890f072b75 P 7ac1b2a7dd4d46a58709768245fe3cfd: Time spent starting tablet: real 0.012s	user 0.004s	sys 0.004s
I20260709 12:19:41.138970 10261 raft_consensus.cc:385] T cf7977b6401a4dc2a72ab06ec6a0c0cc P b6b77892fdca4ef69883a84d9ca188dd [term 0 FOLLOWER]: Consensus starting up: Expiring failure detector timer to make a prompt election more likely
I20260709 12:19:41.139773 10262 tablet_bootstrap.cc:492] T cf7977b6401a4dc2a72ab06ec6a0c0cc P 7ac1b2a7dd4d46a58709768245fe3cfd: Bootstrap starting.
I20260709 12:19:41.139870 10261 raft_consensus.cc:740] T cf7977b6401a4dc2a72ab06ec6a0c0cc P b6b77892fdca4ef69883a84d9ca188dd [term 0 FOLLOWER]: Becoming Follower/Learner. State: Replica: b6b77892fdca4ef69883a84d9ca188dd, State: Initialized, Role: FOLLOWER
I20260709 12:19:41.140911 10261 consensus_queue.cc:260] T cf7977b6401a4dc2a72ab06ec6a0c0cc P b6b77892fdca4ef69883a84d9ca188dd [NON_LEADER]: Queue going to NON_LEADER mode. State: All replicated index: 0, Majority replicated index: 0, Committed index: 0, Last appended: 0.0, Last appended by leader: 0, Current term: 0, Majority size: -1, State: 0, Mode: NON_LEADER, active raft config: opid_index: -1 OBSOLETE_local: false peers { permanent_uuid: "b6b77892fdca4ef69883a84d9ca188dd" member_type: VOTER last_known_addr { host: "127.9.50.1" port: 34171 } } peers { permanent_uuid: "7ac1b2a7dd4d46a58709768245fe3cfd" member_type: VOTER last_known_addr { host: "127.9.50.2" port: 42453 } } peers { permanent_uuid: "b29e8ac482d04e0db3a771de4ead25ff" member_type: VOTER last_known_addr { host: "127.9.50.3" port: 41799 } }
I20260709 12:19:41.143339 10261 ts_tablet_manager.cc:1434] T cf7977b6401a4dc2a72ab06ec6a0c0cc P b6b77892fdca4ef69883a84d9ca188dd: Time spent starting tablet: real 0.008s	user 0.007s	sys 0.000s
I20260709 12:19:41.144438 10261 tablet_bootstrap.cc:492] T 599e88ff50ec4c849232d96276e122d2 P b6b77892fdca4ef69883a84d9ca188dd: Bootstrap starting.
I20260709 12:19:41.146018 10262 tablet_bootstrap.cc:654] T cf7977b6401a4dc2a72ab06ec6a0c0cc P 7ac1b2a7dd4d46a58709768245fe3cfd: Neither blocks nor log segments found. Creating new log.
I20260709 12:19:41.149485 10246 heartbeater.cc:499] Master 127.9.50.62:39617 was elected leader, sending a full tablet report...
I20260709 12:19:41.150080 10266 ts_tablet_manager.cc:1434] T af983b6892544e87a53307d9b1576b7c P b29e8ac482d04e0db3a771de4ead25ff: Time spent starting tablet: real 0.016s	user 0.013s	sys 0.004s
I20260709 12:19:41.151032 10266 tablet_bootstrap.cc:492] T c2ef046b1f56492bb7857804dc3e5b2e P b29e8ac482d04e0db3a771de4ead25ff: Bootstrap starting.
