[==========] Running 8 tests from 2 test suites.
[----------] Global test environment set-up.
[----------] 6 tests from LeaderRebalancerTest
[ RUN      ] LeaderRebalancerTest.FunctionalTestForDivided
WARNING: Logging before InitGoogleLogging() is written to STDERR
I20260709 12:19:07.470465 24096 internal_mini_cluster.cc:156] Creating distributed mini masters. Addrs: 127.23.136.62:37417
I20260709 12:19:07.472222 24096 env_posix.cc:2285] Not raising this process' open files per process limit of 1048576; it is already as high as it can go
I20260709 12:19:07.473390 24096 file_cache.cc:504] Constructed file cache file cache with capacity 419430
W20260709 12:19:07.490527 24103 instance_detector.cc:116] could not retrieve Azure instance metadata: Network error: curl error: HTTP response code said error: The requested URL returned error: 404
W20260709 12:19:07.490617 24102 instance_detector.cc:116] could not retrieve AWS instance metadata: Network error: curl error: HTTP response code said error: The requested URL returned error: 404
W20260709 12:19:07.492180 24105 instance_detector.cc:116] could not retrieve OpenStack instance metadata: Network error: curl error: HTTP response code said error: The requested URL returned error: 404
W20260709 12:19:08.704025 24104 instance_detector.cc:116] could not retrieve GCE instance metadata: Timed out: curl timeout: Timeout was reached: Resolving timed out after 1212 milliseconds
I20260709 12:19:08.704144 24096 server_base.cc:1056] Not found: could not retrieve instance metadata: unable to detect cloud type of this node, probably running in non-cloud environment
I20260709 12:19:08.705504 24096 hybrid_clock.cc:584] initializing the hybrid clock with 'system_unsync' time source
W20260709 12:19:08.705773 24096 system_unsync_time.cc:38] NTP support is disabled. Clock error bounds will not be accurate. This configuration is not suitable for distributed clusters.
I20260709 12:19:08.705981 24096 hybrid_clock.cc:648] HybridClock initialized: now 1783599548705951 us; error 0 us; skew 500 ppm
I20260709 12:19:08.706810 24096 server_base.cc:861] Flag tcmalloc_max_total_thread_cache_bytes is not working since tcmalloc is not enabled.
I20260709 12:19:08.713179 24096 webserver.cc:533] Webserver started at http://127.23.136.62:44647/ using document root <none> and password file <none>
I20260709 12:19:08.714042 24096 fs_manager.cc:362] Metadata directory not provided
I20260709 12:19:08.714282 24096 fs_manager.cc:368] Using write-ahead log directory (fs_wal_dir) as metadata directory
I20260709 12:19:08.714730 24096 server_base.cc:909] This appears to be a new deployment of Kudu; creating new FS layout
I20260709 12:19:08.720623 24096 fs_manager.cc:1068] Generated new instance metadata in path /tmp/dist-test-tasksAXa35/test-tmp/auto_leader_rebalancer-test.0.LeaderRebalancerTest.FunctionalTestForDivided.1783599547290038-24096-0/minicluster-data/master-0-root/instance:
uuid: "77ed0cdf99fd4ae59faf0bb727facadc"
format_stamp: "Formatted at 2026-07-09 12:19:08 on dist-test-slave-8mql"
I20260709 12:19:08.728164 24096 fs_manager.cc:696] Time spent creating directory manager: real 0.007s	user 0.007s	sys 0.001s
I20260709 12:19:08.733227 24111 log_block_manager.cc:4127] Time spent loading block containers with low live blocks: real 0.000s	user 0.000s	sys 0.000s
I20260709 12:19:08.734539 24096 fs_manager.cc:730] Time spent opening block manager: real 0.004s	user 0.004s	sys 0.001s
I20260709 12:19:08.734911 24096 fs_manager.cc:647] Opened local filesystem: /tmp/dist-test-tasksAXa35/test-tmp/auto_leader_rebalancer-test.0.LeaderRebalancerTest.FunctionalTestForDivided.1783599547290038-24096-0/minicluster-data/master-0-root
uuid: "77ed0cdf99fd4ae59faf0bb727facadc"
format_stamp: "Formatted at 2026-07-09 12:19:08 on dist-test-slave-8mql"
I20260709 12:19:08.735263 24096 fs_report.cc:389] FS layout report
--------------------
wal directory: /tmp/dist-test-tasksAXa35/test-tmp/auto_leader_rebalancer-test.0.LeaderRebalancerTest.FunctionalTestForDivided.1783599547290038-24096-0/minicluster-data/master-0-root
metadata directory: /tmp/dist-test-tasksAXa35/test-tmp/auto_leader_rebalancer-test.0.LeaderRebalancerTest.FunctionalTestForDivided.1783599547290038-24096-0/minicluster-data/master-0-root
1 data directories: /tmp/dist-test-tasksAXa35/test-tmp/auto_leader_rebalancer-test.0.LeaderRebalancerTest.FunctionalTestForDivided.1783599547290038-24096-0/minicluster-data/master-0-root/data
Total live blocks: 0
Total live bytes: 0
Total live bytes (after alignment): 0
Total number of LBM containers: 0 (0 full)
Did not check for missing blocks
Did not check for orphaned blocks
Total full LBM containers with extra space: 0 (0 repaired)
Total full LBM container extra space in bytes: 0 (0 repaired)
Total incomplete LBM containers: 0 (0 repaired)
Total LBM partial records: 0 (0 repaired)
Total corrupted LBM metadata records in RocksDB: 0 (0 repaired)
I20260709 12:19:08.798913 24096 rpc_server.cc:225] running with OpenSSL 1.1.1  11 Sep 2018
I20260709 12:19:08.800595 24096 env_posix.cc:2285] Not raising this process' running threads per effective uid limit of 18446744073709551615; it is already as high as it can go
I20260709 12:19:08.801113 24096 kserver.cc:163] Server-wide thread pool size limit: 3276
I20260709 12:19:08.873370 24096 rpc_server.cc:307] RPC server started. Bound to: 127.23.136.62:37417
I20260709 12:19:08.873440 24162 acceptor_pool.cc:272] collecting diagnostics on the listening RPC socket 127.23.136.62:37417 every 8 connection(s)
I20260709 12:19:08.881244 24163 data_dirs.cc:400] Could only allocate 1 dirs of requested 3 for tablet 00000000000000000000000000000000. 1 dirs total, 0 dirs full, 0 dirs failed
I20260709 12:19:08.902601 24163 tablet_bootstrap.cc:492] T 00000000000000000000000000000000 P 77ed0cdf99fd4ae59faf0bb727facadc: Bootstrap starting.
I20260709 12:19:08.908553 24163 tablet_bootstrap.cc:654] T 00000000000000000000000000000000 P 77ed0cdf99fd4ae59faf0bb727facadc: Neither blocks nor log segments found. Creating new log.
I20260709 12:19:08.910416 24163 log.cc:826] T 00000000000000000000000000000000 P 77ed0cdf99fd4ae59faf0bb727facadc: Log is configured to *not* fsync() on all Append() calls
I20260709 12:19:08.915256 24163 tablet_bootstrap.cc:492] T 00000000000000000000000000000000 P 77ed0cdf99fd4ae59faf0bb727facadc: No bootstrap required, opened a new log
I20260709 12:19:08.935838 24163 raft_consensus.cc:359] T 00000000000000000000000000000000 P 77ed0cdf99fd4ae59faf0bb727facadc [term 0 FOLLOWER]: Replica starting. Triggering 0 pending ops. Active config: opid_index: -1 OBSOLETE_local: true peers { permanent_uuid: "77ed0cdf99fd4ae59faf0bb727facadc" member_type: VOTER }
I20260709 12:19:08.936381 24163 raft_consensus.cc:385] T 00000000000000000000000000000000 P 77ed0cdf99fd4ae59faf0bb727facadc [term 0 FOLLOWER]: Consensus starting up: Expiring failure detector timer to make a prompt election more likely
I20260709 12:19:08.936678 24163 raft_consensus.cc:740] T 00000000000000000000000000000000 P 77ed0cdf99fd4ae59faf0bb727facadc [term 0 FOLLOWER]: Becoming Follower/Learner. State: Replica: 77ed0cdf99fd4ae59faf0bb727facadc, State: Initialized, Role: FOLLOWER
I20260709 12:19:08.937613 24163 consensus_queue.cc:260] T 00000000000000000000000000000000 P 77ed0cdf99fd4ae59faf0bb727facadc [NON_LEADER]: Queue going to NON_LEADER mode. State: All replicated index: 0, Majority replicated index: 0, Committed index: 0, Last appended: 0.0, Last appended by leader: 0, Current term: 0, Majority size: -1, State: 0, Mode: NON_LEADER, active raft config: opid_index: -1 OBSOLETE_local: true peers { permanent_uuid: "77ed0cdf99fd4ae59faf0bb727facadc" member_type: VOTER }
I20260709 12:19:08.938138 24163 raft_consensus.cc:399] T 00000000000000000000000000000000 P 77ed0cdf99fd4ae59faf0bb727facadc [term 0 FOLLOWER]: Only one voter in the Raft config. Triggering election immediately
I20260709 12:19:08.938434 24163 raft_consensus.cc:493] T 00000000000000000000000000000000 P 77ed0cdf99fd4ae59faf0bb727facadc [term 0 FOLLOWER]: Starting leader election (initial election of a single-replica configuration)
I20260709 12:19:08.938781 24163 raft_consensus.cc:3060] T 00000000000000000000000000000000 P 77ed0cdf99fd4ae59faf0bb727facadc [term 0 FOLLOWER]: Advancing to term 1
I20260709 12:19:08.942943 24163 raft_consensus.cc:515] T 00000000000000000000000000000000 P 77ed0cdf99fd4ae59faf0bb727facadc [term 1 FOLLOWER]: Starting leader election with config: opid_index: -1 OBSOLETE_local: true peers { permanent_uuid: "77ed0cdf99fd4ae59faf0bb727facadc" member_type: VOTER }
I20260709 12:19:08.943733 24163 leader_election.cc:304] T 00000000000000000000000000000000 P 77ed0cdf99fd4ae59faf0bb727facadc [CANDIDATE]: Term 1 election: Election decided. Result: candidate won. Election summary: received 1 responses out of 1 voters: 1 yes votes; 0 no votes. yes voters: 77ed0cdf99fd4ae59faf0bb727facadc; no voters: 
I20260709 12:19:08.945452 24163 leader_election.cc:290] T 00000000000000000000000000000000 P 77ed0cdf99fd4ae59faf0bb727facadc [CANDIDATE]: Term 1 election: Requested vote from peers 
I20260709 12:19:08.945878 24166 raft_consensus.cc:2804] T 00000000000000000000000000000000 P 77ed0cdf99fd4ae59faf0bb727facadc [term 1 FOLLOWER]: Leader election won for term 1
I20260709 12:19:08.948371 24166 raft_consensus.cc:697] T 00000000000000000000000000000000 P 77ed0cdf99fd4ae59faf0bb727facadc [term 1 LEADER]: Becoming Leader. State: Replica: 77ed0cdf99fd4ae59faf0bb727facadc, State: Running, Role: LEADER
I20260709 12:19:08.949170 24166 consensus_queue.cc:237] T 00000000000000000000000000000000 P 77ed0cdf99fd4ae59faf0bb727facadc [LEADER]: Queue going to LEADER mode. State: All replicated index: 0, Majority replicated index: 0, Committed index: 0, Last appended: 0.0, Last appended by leader: 0, Current term: 1, Majority size: 1, State: 0, Mode: LEADER, active raft config: opid_index: -1 OBSOLETE_local: true peers { permanent_uuid: "77ed0cdf99fd4ae59faf0bb727facadc" member_type: VOTER }
I20260709 12:19:08.949749 24163 sys_catalog.cc:565] T 00000000000000000000000000000000 P 77ed0cdf99fd4ae59faf0bb727facadc [sys.catalog]: configured and running, proceeding with master startup.
I20260709 12:19:08.961390 24167 sys_catalog.cc:455] T 00000000000000000000000000000000 P 77ed0cdf99fd4ae59faf0bb727facadc [sys.catalog]: SysCatalogTable state changed. Reason: RaftConsensus started. Latest consensus state: current_term: 1 leader_uuid: "77ed0cdf99fd4ae59faf0bb727facadc" committed_config { opid_index: -1 OBSOLETE_local: true peers { permanent_uuid: "77ed0cdf99fd4ae59faf0bb727facadc" member_type: VOTER } }
I20260709 12:19:08.961614 24168 sys_catalog.cc:455] T 00000000000000000000000000000000 P 77ed0cdf99fd4ae59faf0bb727facadc [sys.catalog]: SysCatalogTable state changed. Reason: New leader 77ed0cdf99fd4ae59faf0bb727facadc. Latest consensus state: current_term: 1 leader_uuid: "77ed0cdf99fd4ae59faf0bb727facadc" committed_config { opid_index: -1 OBSOLETE_local: true peers { permanent_uuid: "77ed0cdf99fd4ae59faf0bb727facadc" member_type: VOTER } }
I20260709 12:19:08.962354 24167 sys_catalog.cc:458] T 00000000000000000000000000000000 P 77ed0cdf99fd4ae59faf0bb727facadc [sys.catalog]: This master's current role is: LEADER
I20260709 12:19:08.962590 24168 sys_catalog.cc:458] T 00000000000000000000000000000000 P 77ed0cdf99fd4ae59faf0bb727facadc [sys.catalog]: This master's current role is: LEADER
I20260709 12:19:08.967854 24175 catalog_manager.cc:1511] Loading table and tablet metadata into memory...
I20260709 12:19:08.979533 24175 catalog_manager.cc:1520] Initializing Kudu cluster ID...
I20260709 12:19:08.981782 24096 internal_mini_cluster.cc:184] Waiting to initialize catalog manager on master 0
I20260709 12:19:08.996263 24175 catalog_manager.cc:1383] Generated new cluster ID: 876bcd3caa6f460ebfff08da63c49ef0
I20260709 12:19:08.996588 24175 catalog_manager.cc:1531] Initializing Kudu internal certificate authority...
I20260709 12:19:09.012907 24175 catalog_manager.cc:1406] Generated new certificate authority record
I20260709 12:19:09.014549 24175 catalog_manager.cc:1540] Loading token signing keys...
I20260709 12:19:09.031644 24175 catalog_manager.cc:6070] T 00000000000000000000000000000000 P 77ed0cdf99fd4ae59faf0bb727facadc: Generated new TSK 0
I20260709 12:19:09.032678 24175 catalog_manager.cc:1550] Initializing in-progress tserver states...
I20260709 12:19:09.049044 24096 file_cache.cc:504] Constructed file cache file cache with capacity 419430
W20260709 12:19:09.063199 24185 instance_detector.cc:116] could not retrieve AWS instance metadata: Network error: curl error: HTTP response code said error: The requested URL returned error: 404
W20260709 12:19:09.066478 24186 instance_detector.cc:116] could not retrieve Azure instance metadata: Network error: curl error: HTTP response code said error: The requested URL returned error: 404
W20260709 12:19:09.068715 24188 instance_detector.cc:116] could not retrieve OpenStack instance metadata: Network error: curl error: HTTP response code said error: The requested URL returned error: 404
I20260709 12:19:09.070250 24096 server_base.cc:1061] running on GCE node
I20260709 12:19:09.071193 24096 hybrid_clock.cc:584] initializing the hybrid clock with 'system_unsync' time source
W20260709 12:19:09.071470 24096 system_unsync_time.cc:38] NTP support is disabled. Clock error bounds will not be accurate. This configuration is not suitable for distributed clusters.
I20260709 12:19:09.071682 24096 hybrid_clock.cc:648] HybridClock initialized: now 1783599549071662 us; error 0 us; skew 500 ppm
I20260709 12:19:09.072474 24096 server_base.cc:861] Flag tcmalloc_max_total_thread_cache_bytes is not working since tcmalloc is not enabled.
I20260709 12:19:09.076503 24096 webserver.cc:533] Webserver started at http://127.23.136.1:34977/ using document root <none> and password file <none>
I20260709 12:19:09.077201 24096 fs_manager.cc:362] Metadata directory not provided
I20260709 12:19:09.077461 24096 fs_manager.cc:368] Using write-ahead log directory (fs_wal_dir) as metadata directory
I20260709 12:19:09.077834 24096 server_base.cc:909] This appears to be a new deployment of Kudu; creating new FS layout
I20260709 12:19:09.079324 24096 fs_manager.cc:1068] Generated new instance metadata in path /tmp/dist-test-tasksAXa35/test-tmp/auto_leader_rebalancer-test.0.LeaderRebalancerTest.FunctionalTestForDivided.1783599547290038-24096-0/minicluster-data/ts-0-root/instance:
uuid: "fbdcb37f5311448abd33a55940a8eb03"
format_stamp: "Formatted at 2026-07-09 12:19:09 on dist-test-slave-8mql"
I20260709 12:19:09.086141 24096 fs_manager.cc:696] Time spent creating directory manager: real 0.006s	user 0.005s	sys 0.001s
I20260709 12:19:09.091224 24193 log_block_manager.cc:4127] Time spent loading block containers with low live blocks: real 0.000s	user 0.000s	sys 0.000s
I20260709 12:19:09.092134 24096 fs_manager.cc:730] Time spent opening block manager: real 0.003s	user 0.003s	sys 0.000s
I20260709 12:19:09.092483 24096 fs_manager.cc:647] Opened local filesystem: /tmp/dist-test-tasksAXa35/test-tmp/auto_leader_rebalancer-test.0.LeaderRebalancerTest.FunctionalTestForDivided.1783599547290038-24096-0/minicluster-data/ts-0-root
uuid: "fbdcb37f5311448abd33a55940a8eb03"
format_stamp: "Formatted at 2026-07-09 12:19:09 on dist-test-slave-8mql"
I20260709 12:19:09.092865 24096 fs_report.cc:389] FS layout report
--------------------
wal directory: /tmp/dist-test-tasksAXa35/test-tmp/auto_leader_rebalancer-test.0.LeaderRebalancerTest.FunctionalTestForDivided.1783599547290038-24096-0/minicluster-data/ts-0-root
metadata directory: /tmp/dist-test-tasksAXa35/test-tmp/auto_leader_rebalancer-test.0.LeaderRebalancerTest.FunctionalTestForDivided.1783599547290038-24096-0/minicluster-data/ts-0-root
1 data directories: /tmp/dist-test-tasksAXa35/test-tmp/auto_leader_rebalancer-test.0.LeaderRebalancerTest.FunctionalTestForDivided.1783599547290038-24096-0/minicluster-data/ts-0-root/data
Total live blocks: 0
Total live bytes: 0
Total live bytes (after alignment): 0
Total number of LBM containers: 0 (0 full)
Did not check for missing blocks
Did not check for orphaned blocks
Total full LBM containers with extra space: 0 (0 repaired)
Total full LBM container extra space in bytes: 0 (0 repaired)
Total incomplete LBM containers: 0 (0 repaired)
Total LBM partial records: 0 (0 repaired)
Total corrupted LBM metadata records in RocksDB: 0 (0 repaired)
I20260709 12:19:09.131377 24096 rpc_server.cc:225] running with OpenSSL 1.1.1  11 Sep 2018
I20260709 12:19:09.133209 24096 kserver.cc:163] Server-wide thread pool size limit: 3276
I20260709 12:19:09.136106 24096 txn_system_client.cc:432] TxnSystemClient initialization is disabled...
I20260709 12:19:09.141592 24096 ts_tablet_manager.cc:585] Loaded tablet metadata (0 total tablets, 0 live tablets)
I20260709 12:19:09.141923 24096 ts_tablet_manager.cc:531] Time spent load tablet metadata: real 0.000s	user 0.000s	sys 0.000s
I20260709 12:19:09.142248 24096 ts_tablet_manager.cc:616] Registered 0 tablets
I20260709 12:19:09.142506 24096 ts_tablet_manager.cc:595] Time spent register tablets: real 0.000s	user 0.000s	sys 0.000s
I20260709 12:19:09.232273 24096 rpc_server.cc:307] RPC server started. Bound to: 127.23.136.1:38327
I20260709 12:19:09.232301 24255 acceptor_pool.cc:272] collecting diagnostics on the listening RPC socket 127.23.136.1:38327 every 8 connection(s)
I20260709 12:19:09.239832 24096 file_cache.cc:504] Constructed file cache file cache with capacity 419430
W20260709 12:19:09.255229 24260 instance_detector.cc:116] could not retrieve AWS instance metadata: Network error: curl error: HTTP response code said error: The requested URL returned error: 404
W20260709 12:19:09.259032 24261 instance_detector.cc:116] could not retrieve Azure instance metadata: Network error: curl error: HTTP response code said error: The requested URL returned error: 404
W20260709 12:19:09.267876 24263 instance_detector.cc:116] could not retrieve OpenStack instance metadata: Network error: curl error: HTTP response code said error: The requested URL returned error: 404
I20260709 12:19:09.273312 24096 server_base.cc:1061] running on GCE node
I20260709 12:19:09.273378 24256 heartbeater.cc:344] Connected to a master server at 127.23.136.62:37417
I20260709 12:19:09.274013 24256 heartbeater.cc:461] Registering TS with master...
I20260709 12:19:09.274341 24096 hybrid_clock.cc:584] initializing the hybrid clock with 'system_unsync' time source
W20260709 12:19:09.274577 24096 system_unsync_time.cc:38] NTP support is disabled. Clock error bounds will not be accurate. This configuration is not suitable for distributed clusters.
I20260709 12:19:09.274777 24096 hybrid_clock.cc:648] HybridClock initialized: now 1783599549274760 us; error 0 us; skew 500 ppm
I20260709 12:19:09.275151 24256 heartbeater.cc:507] Master 127.23.136.62:37417 requested a full tablet report, sending...
I20260709 12:19:09.275487 24096 server_base.cc:861] Flag tcmalloc_max_total_thread_cache_bytes is not working since tcmalloc is not enabled.
I20260709 12:19:09.278646 24128 ts_manager.cc:194] Registered new tserver with Master: fbdcb37f5311448abd33a55940a8eb03 (127.23.136.1:38327)
I20260709 12:19:09.279027 24096 webserver.cc:533] Webserver started at http://127.23.136.2:46167/ using document root <none> and password file <none>
I20260709 12:19:09.279636 24096 fs_manager.cc:362] Metadata directory not provided
I20260709 12:19:09.279870 24096 fs_manager.cc:368] Using write-ahead log directory (fs_wal_dir) as metadata directory
I20260709 12:19:09.280166 24096 server_base.cc:909] This appears to be a new deployment of Kudu; creating new FS layout
I20260709 12:19:09.281287 24096 fs_manager.cc:1068] Generated new instance metadata in path /tmp/dist-test-tasksAXa35/test-tmp/auto_leader_rebalancer-test.0.LeaderRebalancerTest.FunctionalTestForDivided.1783599547290038-24096-0/minicluster-data/ts-1-root/instance:
uuid: "b986ef6ed6c145cfa406343bbb823e65"
format_stamp: "Formatted at 2026-07-09 12:19:09 on dist-test-slave-8mql"
I20260709 12:19:09.281723 24128 master_service.cc:502] Signed X509 certificate for tserver {username='slave'} at 127.0.0.1:55776
I20260709 12:19:09.287120 24096 fs_manager.cc:696] Time spent creating directory manager: real 0.005s	user 0.007s	sys 0.000s
I20260709 12:19:09.291917 24268 log_block_manager.cc:4127] Time spent loading block containers with low live blocks: real 0.000s	user 0.000s	sys 0.000s
I20260709 12:19:09.292780 24096 fs_manager.cc:730] Time spent opening block manager: real 0.004s	user 0.002s	sys 0.002s
I20260709 12:19:09.293056 24096 fs_manager.cc:647] Opened local filesystem: /tmp/dist-test-tasksAXa35/test-tmp/auto_leader_rebalancer-test.0.LeaderRebalancerTest.FunctionalTestForDivided.1783599547290038-24096-0/minicluster-data/ts-1-root
uuid: "b986ef6ed6c145cfa406343bbb823e65"
format_stamp: "Formatted at 2026-07-09 12:19:09 on dist-test-slave-8mql"
I20260709 12:19:09.293324 24096 fs_report.cc:389] FS layout report
--------------------
wal directory: /tmp/dist-test-tasksAXa35/test-tmp/auto_leader_rebalancer-test.0.LeaderRebalancerTest.FunctionalTestForDivided.1783599547290038-24096-0/minicluster-data/ts-1-root
metadata directory: /tmp/dist-test-tasksAXa35/test-tmp/auto_leader_rebalancer-test.0.LeaderRebalancerTest.FunctionalTestForDivided.1783599547290038-24096-0/minicluster-data/ts-1-root
1 data directories: /tmp/dist-test-tasksAXa35/test-tmp/auto_leader_rebalancer-test.0.LeaderRebalancerTest.FunctionalTestForDivided.1783599547290038-24096-0/minicluster-data/ts-1-root/data
Total live blocks: 0
Total live bytes: 0
Total live bytes (after alignment): 0
Total number of LBM containers: 0 (0 full)
Did not check for missing blocks
Did not check for orphaned blocks
Total full LBM containers with extra space: 0 (0 repaired)
Total full LBM container extra space in bytes: 0 (0 repaired)
Total incomplete LBM containers: 0 (0 repaired)
Total LBM partial records: 0 (0 repaired)
Total corrupted LBM metadata records in RocksDB: 0 (0 repaired)
I20260709 12:19:09.312999 24096 rpc_server.cc:225] running with OpenSSL 1.1.1  11 Sep 2018
I20260709 12:19:09.314658 24096 kserver.cc:163] Server-wide thread pool size limit: 3276
I20260709 12:19:09.317157 24096 txn_system_client.cc:432] TxnSystemClient initialization is disabled...
I20260709 12:19:09.320782 24096 ts_tablet_manager.cc:585] Loaded tablet metadata (0 total tablets, 0 live tablets)
I20260709 12:19:09.321043 24096 ts_tablet_manager.cc:531] Time spent load tablet metadata: real 0.000s	user 0.000s	sys 0.000s
I20260709 12:19:09.321322 24096 ts_tablet_manager.cc:616] Registered 0 tablets
I20260709 12:19:09.321518 24096 ts_tablet_manager.cc:595] Time spent register tablets: real 0.000s	user 0.000s	sys 0.000s
I20260709 12:19:09.408689 24096 rpc_server.cc:307] RPC server started. Bound to: 127.23.136.2:35265
I20260709 12:19:09.408777 24330 acceptor_pool.cc:272] collecting diagnostics on the listening RPC socket 127.23.136.2:35265 every 8 connection(s)
I20260709 12:19:09.415756 24096 file_cache.cc:504] Constructed file cache file cache with capacity 419430
W20260709 12:19:09.427410 24334 instance_detector.cc:116] could not retrieve AWS instance metadata: Network error: curl error: HTTP response code said error: The requested URL returned error: 404
W20260709 12:19:09.428463 24335 instance_detector.cc:116] could not retrieve Azure instance metadata: Network error: curl error: HTTP response code said error: The requested URL returned error: 404
I20260709 12:19:09.430377 24331 heartbeater.cc:344] Connected to a master server at 127.23.136.62:37417
I20260709 12:19:09.430727 24331 heartbeater.cc:461] Registering TS with master...
I20260709 12:19:09.431821 24331 heartbeater.cc:507] Master 127.23.136.62:37417 requested a full tablet report, sending...
W20260709 12:19:09.433267 24338 instance_detector.cc:116] could not retrieve OpenStack instance metadata: Network error: curl error: HTTP response code said error: The requested URL returned error: 404
I20260709 12:19:09.434222 24096 server_base.cc:1061] running on GCE node
I20260709 12:19:09.434490 24128 ts_manager.cc:194] Registered new tserver with Master: b986ef6ed6c145cfa406343bbb823e65 (127.23.136.2:35265)
I20260709 12:19:09.435266 24096 hybrid_clock.cc:584] initializing the hybrid clock with 'system_unsync' time source
W20260709 12:19:09.435546 24096 system_unsync_time.cc:38] NTP support is disabled. Clock error bounds will not be accurate. This configuration is not suitable for distributed clusters.
I20260709 12:19:09.435758 24096 hybrid_clock.cc:648] HybridClock initialized: now 1783599549435736 us; error 0 us; skew 500 ppm
I20260709 12:19:09.436460 24096 server_base.cc:861] Flag tcmalloc_max_total_thread_cache_bytes is not working since tcmalloc is not enabled.
I20260709 12:19:09.436584 24128 master_service.cc:502] Signed X509 certificate for tserver {username='slave'} at 127.0.0.1:55780
I20260709 12:19:09.439339 24096 webserver.cc:533] Webserver started at http://127.23.136.3:38011/ using document root <none> and password file <none>
I20260709 12:19:09.439946 24096 fs_manager.cc:362] Metadata directory not provided
I20260709 12:19:09.440152 24096 fs_manager.cc:368] Using write-ahead log directory (fs_wal_dir) as metadata directory
I20260709 12:19:09.440451 24096 server_base.cc:909] This appears to be a new deployment of Kudu; creating new FS layout
I20260709 12:19:09.441612 24096 fs_manager.cc:1068] Generated new instance metadata in path /tmp/dist-test-tasksAXa35/test-tmp/auto_leader_rebalancer-test.0.LeaderRebalancerTest.FunctionalTestForDivided.1783599547290038-24096-0/minicluster-data/ts-2-root/instance:
uuid: "12995696d9cf4d58bce229494b20a347"
format_stamp: "Formatted at 2026-07-09 12:19:09 on dist-test-slave-8mql"
I20260709 12:19:09.446138 24096 fs_manager.cc:696] Time spent creating directory manager: real 0.004s	user 0.006s	sys 0.000s
I20260709 12:19:09.449532 24342 log_block_manager.cc:4127] Time spent loading block containers with low live blocks: real 0.000s	user 0.000s	sys 0.000s
I20260709 12:19:09.450353 24096 fs_manager.cc:730] Time spent opening block manager: real 0.002s	user 0.002s	sys 0.000s
I20260709 12:19:09.450670 24096 fs_manager.cc:647] Opened local filesystem: /tmp/dist-test-tasksAXa35/test-tmp/auto_leader_rebalancer-test.0.LeaderRebalancerTest.FunctionalTestForDivided.1783599547290038-24096-0/minicluster-data/ts-2-root
uuid: "12995696d9cf4d58bce229494b20a347"
format_stamp: "Formatted at 2026-07-09 12:19:09 on dist-test-slave-8mql"
I20260709 12:19:09.451138 24096 fs_report.cc:389] FS layout report
--------------------
wal directory: /tmp/dist-test-tasksAXa35/test-tmp/auto_leader_rebalancer-test.0.LeaderRebalancerTest.FunctionalTestForDivided.1783599547290038-24096-0/minicluster-data/ts-2-root
metadata directory: /tmp/dist-test-tasksAXa35/test-tmp/auto_leader_rebalancer-test.0.LeaderRebalancerTest.FunctionalTestForDivided.1783599547290038-24096-0/minicluster-data/ts-2-root
1 data directories: /tmp/dist-test-tasksAXa35/test-tmp/auto_leader_rebalancer-test.0.LeaderRebalancerTest.FunctionalTestForDivided.1783599547290038-24096-0/minicluster-data/ts-2-root/data
Total live blocks: 0
Total live bytes: 0
Total live bytes (after alignment): 0
Total number of LBM containers: 0 (0 full)
Did not check for missing blocks
Did not check for orphaned blocks
Total full LBM containers with extra space: 0 (0 repaired)
Total full LBM container extra space in bytes: 0 (0 repaired)
Total incomplete LBM containers: 0 (0 repaired)
Total LBM partial records: 0 (0 repaired)
Total corrupted LBM metadata records in RocksDB: 0 (0 repaired)
I20260709 12:19:09.469473 24096 rpc_server.cc:225] running with OpenSSL 1.1.1  11 Sep 2018
I20260709 12:19:09.470713 24096 kserver.cc:163] Server-wide thread pool size limit: 3276
I20260709 12:19:09.472144 24096 txn_system_client.cc:432] TxnSystemClient initialization is disabled...
I20260709 12:19:09.474387 24096 ts_tablet_manager.cc:585] Loaded tablet metadata (0 total tablets, 0 live tablets)
I20260709 12:19:09.474622 24096 ts_tablet_manager.cc:531] Time spent load tablet metadata: real 0.000s	user 0.000s	sys 0.000s
I20260709 12:19:09.474858 24096 ts_tablet_manager.cc:616] Registered 0 tablets
I20260709 12:19:09.475029 24096 ts_tablet_manager.cc:595] Time spent register tablets: real 0.000s	user 0.000s	sys 0.000s
I20260709 12:19:09.563874 24096 rpc_server.cc:307] RPC server started. Bound to: 127.23.136.3:41607
I20260709 12:19:09.563969 24404 acceptor_pool.cc:272] collecting diagnostics on the listening RPC socket 127.23.136.3:41607 every 8 connection(s)
I20260709 12:19:09.580425 24405 heartbeater.cc:344] Connected to a master server at 127.23.136.62:37417
I20260709 12:19:09.580865 24405 heartbeater.cc:461] Registering TS with master...
I20260709 12:19:09.581858 24405 heartbeater.cc:507] Master 127.23.136.62:37417 requested a full tablet report, sending...
I20260709 12:19:09.584007 24128 ts_manager.cc:194] Registered new tserver with Master: 12995696d9cf4d58bce229494b20a347 (127.23.136.3:41607)
I20260709 12:19:09.584875 24096 internal_mini_cluster.cc:371] 3 TS(s) registered with all masters after 0.016148079s
I20260709 12:19:09.585609 24128 master_service.cc:502] Signed X509 certificate for tserver {username='slave'} at 127.0.0.1:55784
I20260709 12:19:09.637152 24128 catalog_manager.cc:2283] Servicing CreateTable request from {username='slave'} at 127.0.0.1:55786:
name: "test-workload"
schema {
  columns {
    name: "key"
    type: INT32
    is_key: true
    is_nullable: false
    encoding: AUTO_ENCODING
    compression: DEFAULT_COMPRESSION
    cfile_block_size: 0
    immutable: false
  }
  columns {
    name: "int_val"
    type: INT32
    is_key: false
    is_nullable: false
    encoding: AUTO_ENCODING
    compression: DEFAULT_COMPRESSION
    cfile_block_size: 0
    immutable: false
  }
  columns {
    name: "string_val"
    type: STRING
    is_key: false
    is_nullable: true
    encoding: AUTO_ENCODING
    compression: DEFAULT_COMPRESSION
    cfile_block_size: 0
    immutable: false
  }
}
num_replicas: 3
split_rows_range_bounds {
  rows: "\004\001\000\216\3438\016\004\001\000\034\307q\034\004\001\000\252\252\252*\004\001\0008\216\3438\004\001\000\306q\034G\004\001\000TUUU\004\001\000\3428\216c\004\001\000p\034\307q""\004\001\000\216\3438\016\004\001\000\034\307q\034\004\001\000\252\252\252*\004\001\0008\216\3438\004\001\000\306q\034G\004\001\000TUUU\004\001\000\3428\216c\004\001\000p\034\307q"
  indirect_data: """"
}
partition_schema {
  range_schema {
    columns {
      name: "key"
    }
  }
}
W20260709 12:19:09.640730 24128 catalog_manager.cc:7077] The number of live tablet servers is not enough to re-replicate a tablet replica of the newly created table test-workload in case of a server failure: 4 tablet servers would be needed, 3 are available. Consider bringing up more tablet servers.
I20260709 12:19:09.748359 24368 tablet_service.cc:1511] Processing CreateTablet for tablet 5d9480b8adfc471e912d7b5034c407fd (DEFAULT_TABLE table=test-workload [id=acc95cdeb14a46e9bcfbc2aaca11a3c5]), partition=RANGE (key) PARTITION 477218588 <= VALUES < 715827882
I20260709 12:19:09.747946 24369 tablet_service.cc:1511] Processing CreateTablet for tablet 0e344af4454a4183879a4ad62cd617da (DEFAULT_TABLE table=test-workload [id=acc95cdeb14a46e9bcfbc2aaca11a3c5]), partition=RANGE (key) PARTITION 238609294 <= VALUES < 477218588
I20260709 12:19:09.746266 24370 tablet_service.cc:1511] Processing CreateTablet for tablet 0a4cca7f22d84de0b4678cb540f7965e (DEFAULT_TABLE table=test-workload [id=acc95cdeb14a46e9bcfbc2aaca11a3c5]), partition=RANGE (key) PARTITION VALUES < 238609294
I20260709 12:19:09.747946 24367 tablet_service.cc:1511] Processing CreateTablet for tablet 13ad8d86563449bab57e5dc16db1e829 (DEFAULT_TABLE table=test-workload [id=acc95cdeb14a46e9bcfbc2aaca11a3c5]), partition=RANGE (key) PARTITION 715827882 <= VALUES < 954437176
I20260709 12:19:09.751116 24366 tablet_service.cc:1511] Processing CreateTablet for tablet 029c0c6068b345eb89de89f194c172b3 (DEFAULT_TABLE table=test-workload [id=acc95cdeb14a46e9bcfbc2aaca11a3c5]), partition=RANGE (key) PARTITION 954437176 <= VALUES < 1193046470
I20260709 12:19:09.753736 24368 data_dirs.cc:400] Could only allocate 1 dirs of requested 3 for tablet 5d9480b8adfc471e912d7b5034c407fd. 1 dirs total, 0 dirs full, 0 dirs failed
I20260709 12:19:09.757810 24365 tablet_service.cc:1511] Processing CreateTablet for tablet c5a731dfffdb475fb97d08878d7cc5cb (DEFAULT_TABLE table=test-workload [id=acc95cdeb14a46e9bcfbc2aaca11a3c5]), partition=RANGE (key) PARTITION 1193046470 <= VALUES < 1431655764
I20260709 12:19:09.759479 24367 data_dirs.cc:400] Could only allocate 1 dirs of requested 3 for tablet 13ad8d86563449bab57e5dc16db1e829. 1 dirs total, 0 dirs full, 0 dirs failed
I20260709 12:19:09.760988 24366 data_dirs.cc:400] Could only allocate 1 dirs of requested 3 for tablet 029c0c6068b345eb89de89f194c172b3. 1 dirs total, 0 dirs full, 0 dirs failed
I20260709 12:19:09.762463 24369 data_dirs.cc:400] Could only allocate 1 dirs of requested 3 for tablet 0e344af4454a4183879a4ad62cd617da. 1 dirs total, 0 dirs full, 0 dirs failed
I20260709 12:19:09.762866 24364 tablet_service.cc:1511] Processing CreateTablet for tablet e553a9bdce194b3a8a3f92b0c9e293ec (DEFAULT_TABLE table=test-workload [id=acc95cdeb14a46e9bcfbc2aaca11a3c5]), partition=RANGE (key) PARTITION 1431655764 <= VALUES < 1670265058
I20260709 12:19:09.763927 24370 data_dirs.cc:400] Could only allocate 1 dirs of requested 3 for tablet 0a4cca7f22d84de0b4678cb540f7965e. 1 dirs total, 0 dirs full, 0 dirs failed
I20260709 12:19:09.765687 24364 data_dirs.cc:400] Could only allocate 1 dirs of requested 3 for tablet e553a9bdce194b3a8a3f92b0c9e293ec. 1 dirs total, 0 dirs full, 0 dirs failed
I20260709 12:19:09.767014 24365 data_dirs.cc:400] Could only allocate 1 dirs of requested 3 for tablet c5a731dfffdb475fb97d08878d7cc5cb. 1 dirs total, 0 dirs full, 0 dirs failed
I20260709 12:19:09.783412 24221 tablet_service.cc:1511] Processing CreateTablet for tablet 0a4cca7f22d84de0b4678cb540f7965e (DEFAULT_TABLE table=test-workload [id=acc95cdeb14a46e9bcfbc2aaca11a3c5]), partition=RANGE (key) PARTITION VALUES < 238609294
I20260709 12:19:09.787089 24219 tablet_service.cc:1511] Processing CreateTablet for tablet 5d9480b8adfc471e912d7b5034c407fd (DEFAULT_TABLE table=test-workload [id=acc95cdeb14a46e9bcfbc2aaca11a3c5]), partition=RANGE (key) PARTITION 477218588 <= VALUES < 715827882
I20260709 12:19:09.787537 24221 data_dirs.cc:400] Could only allocate 1 dirs of requested 3 for tablet 0a4cca7f22d84de0b4678cb540f7965e. 1 dirs total, 0 dirs full, 0 dirs failed
I20260709 12:19:09.781329 24220 tablet_service.cc:1511] Processing CreateTablet for tablet 0e344af4454a4183879a4ad62cd617da (DEFAULT_TABLE table=test-workload [id=acc95cdeb14a46e9bcfbc2aaca11a3c5]), partition=RANGE (key) PARTITION 238609294 <= VALUES < 477218588
I20260709 12:19:09.801868 24219 data_dirs.cc:400] Could only allocate 1 dirs of requested 3 for tablet 5d9480b8adfc471e912d7b5034c407fd. 1 dirs total, 0 dirs full, 0 dirs failed
I20260709 12:19:09.812016 24216 tablet_service.cc:1511] Processing CreateTablet for tablet c5a731dfffdb475fb97d08878d7cc5cb (DEFAULT_TABLE table=test-workload [id=acc95cdeb14a46e9bcfbc2aaca11a3c5]), partition=RANGE (key) PARTITION 1193046470 <= VALUES < 1431655764
I20260709 12:19:09.814070 24217 tablet_service.cc:1511] Processing CreateTablet for tablet 029c0c6068b345eb89de89f194c172b3 (DEFAULT_TABLE table=test-workload [id=acc95cdeb14a46e9bcfbc2aaca11a3c5]), partition=RANGE (key) PARTITION 954437176 <= VALUES < 1193046470
I20260709 12:19:09.797405 24294 tablet_service.cc:1511] Processing CreateTablet for tablet 5d9480b8adfc471e912d7b5034c407fd (DEFAULT_TABLE table=test-workload [id=acc95cdeb14a46e9bcfbc2aaca11a3c5]), partition=RANGE (key) PARTITION 477218588 <= VALUES < 715827882
I20260709 12:19:09.795801 24296 tablet_service.cc:1511] Processing CreateTablet for tablet 0a4cca7f22d84de0b4678cb540f7965e (DEFAULT_TABLE table=test-workload [id=acc95cdeb14a46e9bcfbc2aaca11a3c5]), partition=RANGE (key) PARTITION VALUES < 238609294
I20260709 12:19:09.798826 24295 tablet_service.cc:1511] Processing CreateTablet for tablet 0e344af4454a4183879a4ad62cd617da (DEFAULT_TABLE table=test-workload [id=acc95cdeb14a46e9bcfbc2aaca11a3c5]), partition=RANGE (key) PARTITION 238609294 <= VALUES < 477218588
I20260709 12:19:09.828617 24292 tablet_service.cc:1511] Processing CreateTablet for tablet 029c0c6068b345eb89de89f194c172b3 (DEFAULT_TABLE table=test-workload [id=acc95cdeb14a46e9bcfbc2aaca11a3c5]), partition=RANGE (key) PARTITION 954437176 <= VALUES < 1193046470
I20260709 12:19:09.833464 24214 tablet_service.cc:1511] Processing CreateTablet for tablet 8951186a596f4eeea0d92c14f9256b4b (DEFAULT_TABLE table=test-workload [id=acc95cdeb14a46e9bcfbc2aaca11a3c5]), partition=RANGE (key) PARTITION 1670265058 <= VALUES < 1908874352
I20260709 12:19:09.839277 24293 tablet_service.cc:1511] Processing CreateTablet for tablet 13ad8d86563449bab57e5dc16db1e829 (DEFAULT_TABLE table=test-workload [id=acc95cdeb14a46e9bcfbc2aaca11a3c5]), partition=RANGE (key) PARTITION 715827882 <= VALUES < 954437176
I20260709 12:19:09.839669 24220 data_dirs.cc:400] Could only allocate 1 dirs of requested 3 for tablet 0e344af4454a4183879a4ad62cd617da. 1 dirs total, 0 dirs full, 0 dirs failed
I20260709 12:19:09.805572 24218 tablet_service.cc:1511] Processing CreateTablet for tablet 13ad8d86563449bab57e5dc16db1e829 (DEFAULT_TABLE table=test-workload [id=acc95cdeb14a46e9bcfbc2aaca11a3c5]), partition=RANGE (key) PARTITION 715827882 <= VALUES < 954437176
I20260709 12:19:09.844985 24294 data_dirs.cc:400] Could only allocate 1 dirs of requested 3 for tablet 5d9480b8adfc471e912d7b5034c407fd. 1 dirs total, 0 dirs full, 0 dirs failed
I20260709 12:19:09.830042 24363 tablet_service.cc:1511] Processing CreateTablet for tablet 8951186a596f4eeea0d92c14f9256b4b (DEFAULT_TABLE table=test-workload [id=acc95cdeb14a46e9bcfbc2aaca11a3c5]), partition=RANGE (key) PARTITION 1670265058 <= VALUES < 1908874352
I20260709 12:19:09.837986 24215 tablet_service.cc:1511] Processing CreateTablet for tablet e553a9bdce194b3a8a3f92b0c9e293ec (DEFAULT_TABLE table=test-workload [id=acc95cdeb14a46e9bcfbc2aaca11a3c5]), partition=RANGE (key) PARTITION 1431655764 <= VALUES < 1670265058
I20260709 12:19:09.848071 24363 data_dirs.cc:400] Could only allocate 1 dirs of requested 3 for tablet 8951186a596f4eeea0d92c14f9256b4b. 1 dirs total, 0 dirs full, 0 dirs failed
I20260709 12:19:09.853562 24213 tablet_service.cc:1511] Processing CreateTablet for tablet bc53f554ec5a441b8787f24f6549ef92 (DEFAULT_TABLE table=test-workload [id=acc95cdeb14a46e9bcfbc2aaca11a3c5]), partition=RANGE (key) PARTITION 1908874352 <= VALUES
I20260709 12:19:09.856477 24218 data_dirs.cc:400] Could only allocate 1 dirs of requested 3 for tablet 13ad8d86563449bab57e5dc16db1e829. 1 dirs total, 0 dirs full, 0 dirs failed
I20260709 12:19:09.854781 24288 tablet_service.cc:1511] Processing CreateTablet for tablet bc53f554ec5a441b8787f24f6549ef92 (DEFAULT_TABLE table=test-workload [id=acc95cdeb14a46e9bcfbc2aaca11a3c5]), partition=RANGE (key) PARTITION 1908874352 <= VALUES
I20260709 12:19:09.855248 24362 tablet_service.cc:1511] Processing CreateTablet for tablet bc53f554ec5a441b8787f24f6549ef92 (DEFAULT_TABLE table=test-workload [id=acc95cdeb14a46e9bcfbc2aaca11a3c5]), partition=RANGE (key) PARTITION 1908874352 <= VALUES
I20260709 12:19:09.862040 24291 tablet_service.cc:1511] Processing CreateTablet for tablet c5a731dfffdb475fb97d08878d7cc5cb (DEFAULT_TABLE table=test-workload [id=acc95cdeb14a46e9bcfbc2aaca11a3c5]), partition=RANGE (key) PARTITION 1193046470 <= VALUES < 1431655764
I20260709 12:19:09.867144 24215 data_dirs.cc:400] Could only allocate 1 dirs of requested 3 for tablet e553a9bdce194b3a8a3f92b0c9e293ec. 1 dirs total, 0 dirs full, 0 dirs failed
I20260709 12:19:09.867928 24295 data_dirs.cc:400] Could only allocate 1 dirs of requested 3 for tablet 0e344af4454a4183879a4ad62cd617da. 1 dirs total, 0 dirs full, 0 dirs failed
I20260709 12:19:09.868943 24362 data_dirs.cc:400] Could only allocate 1 dirs of requested 3 for tablet bc53f554ec5a441b8787f24f6549ef92. 1 dirs total, 0 dirs full, 0 dirs failed
I20260709 12:19:09.869097 24216 data_dirs.cc:400] Could only allocate 1 dirs of requested 3 for tablet c5a731dfffdb475fb97d08878d7cc5cb. 1 dirs total, 0 dirs full, 0 dirs failed
I20260709 12:19:09.876718 24288 data_dirs.cc:400] Could only allocate 1 dirs of requested 3 for tablet bc53f554ec5a441b8787f24f6549ef92. 1 dirs total, 0 dirs full, 0 dirs failed
I20260709 12:19:09.876127 24289 tablet_service.cc:1511] Processing CreateTablet for tablet 8951186a596f4eeea0d92c14f9256b4b (DEFAULT_TABLE table=test-workload [id=acc95cdeb14a46e9bcfbc2aaca11a3c5]), partition=RANGE (key) PARTITION 1670265058 <= VALUES < 1908874352
I20260709 12:19:09.875717 24213 data_dirs.cc:400] Could only allocate 1 dirs of requested 3 for tablet bc53f554ec5a441b8787f24f6549ef92. 1 dirs total, 0 dirs full, 0 dirs failed
I20260709 12:19:09.876169 24290 tablet_service.cc:1511] Processing CreateTablet for tablet e553a9bdce194b3a8a3f92b0c9e293ec (DEFAULT_TABLE table=test-workload [id=acc95cdeb14a46e9bcfbc2aaca11a3c5]), partition=RANGE (key) PARTITION 1431655764 <= VALUES < 1670265058
I20260709 12:19:09.880887 24292 data_dirs.cc:400] Could only allocate 1 dirs of requested 3 for tablet 029c0c6068b345eb89de89f194c172b3. 1 dirs total, 0 dirs full, 0 dirs failed
I20260709 12:19:09.883131 24289 data_dirs.cc:400] Could only allocate 1 dirs of requested 3 for tablet 8951186a596f4eeea0d92c14f9256b4b. 1 dirs total, 0 dirs full, 0 dirs failed
I20260709 12:19:09.886404 24291 data_dirs.cc:400] Could only allocate 1 dirs of requested 3 for tablet c5a731dfffdb475fb97d08878d7cc5cb. 1 dirs total, 0 dirs full, 0 dirs failed
I20260709 12:19:09.890314 24214 data_dirs.cc:400] Could only allocate 1 dirs of requested 3 for tablet 8951186a596f4eeea0d92c14f9256b4b. 1 dirs total, 0 dirs full, 0 dirs failed
I20260709 12:19:09.889225 24293 data_dirs.cc:400] Could only allocate 1 dirs of requested 3 for tablet 13ad8d86563449bab57e5dc16db1e829. 1 dirs total, 0 dirs full, 0 dirs failed
I20260709 12:19:09.893142 24217 data_dirs.cc:400] Could only allocate 1 dirs of requested 3 for tablet 029c0c6068b345eb89de89f194c172b3. 1 dirs total, 0 dirs full, 0 dirs failed
I20260709 12:19:09.904795 24290 data_dirs.cc:400] Could only allocate 1 dirs of requested 3 for tablet e553a9bdce194b3a8a3f92b0c9e293ec. 1 dirs total, 0 dirs full, 0 dirs failed
W20260709 12:19:09.985106 24176 auto_rebalancer.cc:288] Could not retrieve cluster info: Service unavailable: Tablet not running
I20260709 12:19:09.986719 24296 data_dirs.cc:400] Could only allocate 1 dirs of requested 3 for tablet 0a4cca7f22d84de0b4678cb540f7965e. 1 dirs total, 0 dirs full, 0 dirs failed
I20260709 12:19:10.161137 24424 tablet_bootstrap.cc:492] T bc53f554ec5a441b8787f24f6549ef92 P b986ef6ed6c145cfa406343bbb823e65: Bootstrap starting.
I20260709 12:19:10.165269 24423 tablet_bootstrap.cc:492] T 0e344af4454a4183879a4ad62cd617da P 12995696d9cf4d58bce229494b20a347: Bootstrap starting.
I20260709 12:19:10.192643 24423 tablet_bootstrap.cc:654] T 0e344af4454a4183879a4ad62cd617da P 12995696d9cf4d58bce229494b20a347: Neither blocks nor log segments found. Creating new log.
I20260709 12:19:10.207484 24425 tablet_bootstrap.cc:492] T 0e344af4454a4183879a4ad62cd617da P fbdcb37f5311448abd33a55940a8eb03: Bootstrap starting.
I20260709 12:19:10.219619 24424 tablet_bootstrap.cc:654] T bc53f554ec5a441b8787f24f6549ef92 P b986ef6ed6c145cfa406343bbb823e65: Neither blocks nor log segments found. Creating new log.
I20260709 12:19:10.232218 24425 tablet_bootstrap.cc:654] T 0e344af4454a4183879a4ad62cd617da P fbdcb37f5311448abd33a55940a8eb03: Neither blocks nor log segments found. Creating new log.
I20260709 12:19:10.237480 24423 tablet_bootstrap.cc:492] T 0e344af4454a4183879a4ad62cd617da P 12995696d9cf4d58bce229494b20a347: No bootstrap required, opened a new log
I20260709 12:19:10.238242 24423 ts_tablet_manager.cc:1403] T 0e344af4454a4183879a4ad62cd617da P 12995696d9cf4d58bce229494b20a347: Time spent bootstrapping tablet: real 0.081s	user 0.010s	sys 0.006s
I20260709 12:19:10.241601 24423 raft_consensus.cc:359] T 0e344af4454a4183879a4ad62cd617da P 12995696d9cf4d58bce229494b20a347 [term 0 FOLLOWER]: Replica starting. Triggering 0 pending ops. Active config: opid_index: -1 OBSOLETE_local: false peers { permanent_uuid: "fbdcb37f5311448abd33a55940a8eb03" member_type: VOTER last_known_addr { host: "127.23.136.1" port: 38327 } } peers { permanent_uuid: "b986ef6ed6c145cfa406343bbb823e65" member_type: VOTER last_known_addr { host: "127.23.136.2" port: 35265 } } peers { permanent_uuid: "12995696d9cf4d58bce229494b20a347" member_type: VOTER last_known_addr { host: "127.23.136.3" port: 41607 } }
I20260709 12:19:10.243394 24423 raft_consensus.cc:385] T 0e344af4454a4183879a4ad62cd617da P 12995696d9cf4d58bce229494b20a347 [term 0 FOLLOWER]: Consensus starting up: Expiring failure detector timer to make a prompt election more likely
I20260709 12:19:10.243772 24423 raft_consensus.cc:740] T 0e344af4454a4183879a4ad62cd617da P 12995696d9cf4d58bce229494b20a347 [term 0 FOLLOWER]: Becoming Follower/Learner. State: Replica: 12995696d9cf4d58bce229494b20a347, State: Initialized, Role: FOLLOWER
I20260709 12:19:10.244692 24423 consensus_queue.cc:260] T 0e344af4454a4183879a4ad62cd617da P 12995696d9cf4d58bce229494b20a347 [NON_LEADER]: Queue going to NON_LEADER mode. State: All replicated index: 0, Majority replicated index: 0, Committed index: 0, Last appended: 0.0, Last appended by leader: 0, Current term: 0, Majority size: -1, State: 0, Mode: NON_LEADER, active raft config: opid_index: -1 OBSOLETE_local: false peers { permanent_uuid: "fbdcb37f5311448abd33a55940a8eb03" member_type: VOTER last_known_addr { host: "127.23.136.1" port: 38327 } } peers { permanent_uuid: "b986ef6ed6c145cfa406343bbb823e65" member_type: VOTER last_known_addr { host: "127.23.136.2" port: 35265 } } peers { permanent_uuid: "12995696d9cf4d58bce229494b20a347" member_type: VOTER last_known_addr { host: "127.23.136.3" port: 41607 } }
I20260709 12:19:10.245317 24424 tablet_bootstrap.cc:492] T bc53f554ec5a441b8787f24f6549ef92 P b986ef6ed6c145cfa406343bbb823e65: No bootstrap required, opened a new log
I20260709 12:19:10.245913 24424 ts_tablet_manager.cc:1403] T bc53f554ec5a441b8787f24f6549ef92 P b986ef6ed6c145cfa406343bbb823e65: Time spent bootstrapping tablet: real 0.086s	user 0.008s	sys 0.014s
I20260709 12:19:10.251919 24424 raft_consensus.cc:359] T bc53f554ec5a441b8787f24f6549ef92 P b986ef6ed6c145cfa406343bbb823e65 [term 0 FOLLOWER]: Replica starting. Triggering 0 pending ops. Active config: opid_index: -1 OBSOLETE_local: false peers { permanent_uuid: "fbdcb37f5311448abd33a55940a8eb03" member_type: VOTER last_known_addr { host: "127.23.136.1" port: 38327 } } peers { permanent_uuid: "b986ef6ed6c145cfa406343bbb823e65" member_type: VOTER last_known_addr { host: "127.23.136.2" port: 35265 } } peers { permanent_uuid: "12995696d9cf4d58bce229494b20a347" member_type: VOTER last_known_addr { host: "127.23.136.3" port: 41607 } }
I20260709 12:19:10.252709 24424 raft_consensus.cc:385] T bc53f554ec5a441b8787f24f6549ef92 P b986ef6ed6c145cfa406343bbb823e65 [term 0 FOLLOWER]: Consensus starting up: Expiring failure detector timer to make a prompt election more likely
I20260709 12:19:10.253093 24424 raft_consensus.cc:740] T bc53f554ec5a441b8787f24f6549ef92 P b986ef6ed6c145cfa406343bbb823e65 [term 0 FOLLOWER]: Becoming Follower/Learner. State: Replica: b986ef6ed6c145cfa406343bbb823e65, State: Initialized, Role: FOLLOWER
I20260709 12:19:10.253726 24423 ts_tablet_manager.cc:1434] T 0e344af4454a4183879a4ad62cd617da P 12995696d9cf4d58bce229494b20a347: Time spent starting tablet: real 0.015s	user 0.007s	sys 0.007s
I20260709 12:19:10.253893 24405 heartbeater.cc:499] Master 127.23.136.62:37417 was elected leader, sending a full tablet report...
I20260709 12:19:10.254860 24423 tablet_bootstrap.cc:492] T 13ad8d86563449bab57e5dc16db1e829 P 12995696d9cf4d58bce229494b20a347: Bootstrap starting.
I20260709 12:19:10.261091 24423 tablet_bootstrap.cc:654] T 13ad8d86563449bab57e5dc16db1e829 P 12995696d9cf4d58bce229494b20a347: Neither blocks nor log segments found. Creating new log.
I20260709 12:19:10.272224 24423 tablet_bootstrap.cc:492] T 13ad8d86563449bab57e5dc16db1e829 P 12995696d9cf4d58bce229494b20a347: No bootstrap required, opened a new log
I20260709 12:19:10.272800 24423 ts_tablet_manager.cc:1403] T 13ad8d86563449bab57e5dc16db1e829 P 12995696d9cf4d58bce229494b20a347: Time spent bootstrapping tablet: real 0.018s	user 0.010s	sys 0.008s
I20260709 12:19:10.253926 24424 consensus_queue.cc:260] T bc53f554ec5a441b8787f24f6549ef92 P b986ef6ed6c145cfa406343bbb823e65 [NON_LEADER]: Queue going to NON_LEADER mode. State: All replicated index: 0, Majority replicated index: 0, Committed index: 0, Last appended: 0.0, Last appended by leader: 0, Current term: 0, Majority size: -1, State: 0, Mode: NON_LEADER, active raft config: opid_index: -1 OBSOLETE_local: false peers { permanent_uuid: "fbdcb37f5311448abd33a55940a8eb03" member_type: VOTER last_known_addr { host: "127.23.136.1" port: 38327 } } peers { permanent_uuid: "b986ef6ed6c145cfa406343bbb823e65" member_type: VOTER last_known_addr { host: "127.23.136.2" port: 35265 } } peers { permanent_uuid: "12995696d9cf4d58bce229494b20a347" member_type: VOTER last_known_addr { host: "127.23.136.3" port: 41607 } }
