I20260709 12:20:14.936518 25602 raft_consensus.cc:515] T f699205b66ce4dc49a2be2a419366d92 P 3ce64e58a85549dc8747d6af6b5580ca [term 1 FOLLOWER]: Starting leader election with config: opid_index: -1 OBSOLETE_local: false peers { permanent_uuid: "c151bdfa29cc43eb86e0014955aa8959" member_type: VOTER last_known_addr { host: "127.23.136.1" port: 46337 } } peers { permanent_uuid: "3ce64e58a85549dc8747d6af6b5580ca" member_type: VOTER last_known_addr { host: "127.23.136.2" port: 46541 } } peers { permanent_uuid: "84080640517444dfa05c7351211bafca" member_type: VOTER last_known_addr { host: "127.23.136.3" port: 34833 } }
I20260709 12:20:14.912523 25698 raft_consensus.cc:515] T ffa8af385c8d4e148784f3ed090ff912 P c151bdfa29cc43eb86e0014955aa8959 [term 1 FOLLOWER]: Starting leader election with config: opid_index: -1 OBSOLETE_local: false peers { permanent_uuid: "c151bdfa29cc43eb86e0014955aa8959" member_type: VOTER last_known_addr { host: "127.23.136.1" port: 46337 } } peers { permanent_uuid: "3ce64e58a85549dc8747d6af6b5580ca" member_type: VOTER last_known_addr { host: "127.23.136.2" port: 46541 } } peers { permanent_uuid: "84080640517444dfa05c7351211bafca" member_type: VOTER last_known_addr { host: "127.23.136.3" port: 34833 } }
I20260709 12:20:14.944483 25441 consensus_queue.cc:260] T f699205b66ce4dc49a2be2a419366d92 P c151bdfa29cc43eb86e0014955aa8959 [NON_LEADER]: Queue going to NON_LEADER mode. State: All replicated index: 0, Majority replicated index: 0, Committed index: 0, Last appended: 0.0, Last appended by leader: 0, Current term: 0, Majority size: -1, State: 0, Mode: NON_LEADER, active raft config: opid_index: -1 OBSOLETE_local: false peers { permanent_uuid: "c151bdfa29cc43eb86e0014955aa8959" member_type: VOTER last_known_addr { host: "127.23.136.1" port: 46337 } } peers { permanent_uuid: "3ce64e58a85549dc8747d6af6b5580ca" member_type: VOTER last_known_addr { host: "127.23.136.2" port: 46541 } } peers { permanent_uuid: "84080640517444dfa05c7351211bafca" member_type: VOTER last_known_addr { host: "127.23.136.3" port: 34833 } }
I20260709 12:20:14.945024 25322 tablet_service.cc:1917] Received RequestConsensusVote() RPC: tablet_id: "ffa8af385c8d4e148784f3ed090ff912" candidate_uuid: "c151bdfa29cc43eb86e0014955aa8959" candidate_term: 1 candidate_status { last_received { term: 0 index: 0 } } ignore_live_leader: false dest_uuid: "3ce64e58a85549dc8747d6af6b5580ca"
I20260709 12:20:14.945699 25322 raft_consensus.cc:3060] T ffa8af385c8d4e148784f3ed090ff912 P 3ce64e58a85549dc8747d6af6b5580ca [term 0 FOLLOWER]: Advancing to term 1
I20260709 12:20:14.947551 25441 ts_tablet_manager.cc:1434] T f699205b66ce4dc49a2be2a419366d92 P c151bdfa29cc43eb86e0014955aa8959: Time spent starting tablet: real 0.030s	user 0.009s	sys 0.000s
I20260709 12:20:14.948807 25441 tablet_bootstrap.cc:492] T a0af7bfecca0441397efb32ee1761d81 P c151bdfa29cc43eb86e0014955aa8959: Bootstrap starting.
I20260709 12:20:14.952255 25322 raft_consensus.cc:2468] T ffa8af385c8d4e148784f3ed090ff912 P 3ce64e58a85549dc8747d6af6b5580ca [term 1 FOLLOWER]: Leader election vote request: Granting yes vote for candidate c151bdfa29cc43eb86e0014955aa8959 in term 1.
I20260709 12:20:14.952509 25602 leader_election.cc:290] T f699205b66ce4dc49a2be2a419366d92 P 3ce64e58a85549dc8747d6af6b5580ca [CANDIDATE]: Term 1 election: Requested vote from peers c151bdfa29cc43eb86e0014955aa8959 (127.23.136.1:46337), 84080640517444dfa05c7351211bafca (127.23.136.3:34833)
I20260709 12:20:14.953555 25217 leader_election.cc:304] T ffa8af385c8d4e148784f3ed090ff912 P c151bdfa29cc43eb86e0014955aa8959 [CANDIDATE]: Term 1 election: Election decided. Result: candidate won. Election summary: received 2 responses out of 3 voters: 2 yes votes; 0 no votes. yes voters: 3ce64e58a85549dc8747d6af6b5580ca, c151bdfa29cc43eb86e0014955aa8959; no voters: 
I20260709 12:20:14.954478 25697 raft_consensus.cc:2804] T ffa8af385c8d4e148784f3ed090ff912 P c151bdfa29cc43eb86e0014955aa8959 [term 1 FOLLOWER]: Leader election won for term 1
I20260709 12:20:14.955080 25697 raft_consensus.cc:697] T ffa8af385c8d4e148784f3ed090ff912 P c151bdfa29cc43eb86e0014955aa8959 [term 1 LEADER]: Becoming Leader. State: Replica: c151bdfa29cc43eb86e0014955aa8959, State: Running, Role: LEADER
I20260709 12:20:14.956656 25697 consensus_queue.cc:237] T ffa8af385c8d4e148784f3ed090ff912 P c151bdfa29cc43eb86e0014955aa8959 [LEADER]: Queue going to LEADER mode. State: All replicated index: 0, Majority replicated index: 0, Committed index: 0, Last appended: 0.0, Last appended by leader: 0, Current term: 1, Majority size: 2, State: 0, Mode: LEADER, active raft config: opid_index: -1 OBSOLETE_local: false peers { permanent_uuid: "c151bdfa29cc43eb86e0014955aa8959" member_type: VOTER last_known_addr { host: "127.23.136.1" port: 46337 } } peers { permanent_uuid: "3ce64e58a85549dc8747d6af6b5580ca" member_type: VOTER last_known_addr { host: "127.23.136.2" port: 46541 } } peers { permanent_uuid: "84080640517444dfa05c7351211bafca" member_type: VOTER last_known_addr { host: "127.23.136.3" port: 34833 } }
I20260709 12:20:14.960337 25505 raft_consensus.cc:515] T f699205b66ce4dc49a2be2a419366d92 P 84080640517444dfa05c7351211bafca [term 1 FOLLOWER]: Starting leader election with config: opid_index: -1 OBSOLETE_local: false peers { permanent_uuid: "c151bdfa29cc43eb86e0014955aa8959" member_type: VOTER last_known_addr { host: "127.23.136.1" port: 46337 } } peers { permanent_uuid: "3ce64e58a85549dc8747d6af6b5580ca" member_type: VOTER last_known_addr { host: "127.23.136.2" port: 46541 } } peers { permanent_uuid: "84080640517444dfa05c7351211bafca" member_type: VOTER last_known_addr { host: "127.23.136.3" port: 34833 } }
I20260709 12:20:14.963104 25252 tablet_service.cc:1917] Received RequestConsensusVote() RPC: tablet_id: "f699205b66ce4dc49a2be2a419366d92" candidate_uuid: "84080640517444dfa05c7351211bafca" candidate_term: 1 candidate_status { last_received { term: 0 index: 0 } } ignore_live_leader: false dest_uuid: "c151bdfa29cc43eb86e0014955aa8959"
I20260709 12:20:14.963411 25505 leader_election.cc:290] T f699205b66ce4dc49a2be2a419366d92 P 84080640517444dfa05c7351211bafca [CANDIDATE]: Term 1 election: Requested vote from peers c151bdfa29cc43eb86e0014955aa8959 (127.23.136.1:46337), 3ce64e58a85549dc8747d6af6b5580ca (127.23.136.2:46541)
I20260709 12:20:14.963747 25252 raft_consensus.cc:3060] T f699205b66ce4dc49a2be2a419366d92 P c151bdfa29cc43eb86e0014955aa8959 [term 0 FOLLOWER]: Advancing to term 1
I20260709 12:20:14.965739 25325 raft_consensus.cc:2468] T 330225fc87104cb9954be87ce9a2c581 P 3ce64e58a85549dc8747d6af6b5580ca [term 1 FOLLOWER]: Leader election vote request: Granting yes vote for candidate c151bdfa29cc43eb86e0014955aa8959 in term 1.
I20260709 12:20:14.967880 25247 tablet_service.cc:1917] Received RequestConsensusVote() RPC: tablet_id: "f699205b66ce4dc49a2be2a419366d92" candidate_uuid: "3ce64e58a85549dc8747d6af6b5580ca" candidate_term: 1 candidate_status { last_received { term: 0 index: 0 } } ignore_live_leader: false dest_uuid: "c151bdfa29cc43eb86e0014955aa8959"
I20260709 12:20:14.969870 25529 raft_consensus.cc:493] T 02f736805b0a48a3b399e6ff70d78ea4 P c151bdfa29cc43eb86e0014955aa8959 [term 0 FOLLOWER]: Starting pre-election (no leader contacted us within the election timeout)
I20260709 12:20:14.971046 25398 tablet_service.cc:1917] Received RequestConsensusVote() RPC: tablet_id: "f699205b66ce4dc49a2be2a419366d92" candidate_uuid: "3ce64e58a85549dc8747d6af6b5580ca" candidate_term: 1 candidate_status { last_received { term: 0 index: 0 } } ignore_live_leader: false dest_uuid: "84080640517444dfa05c7351211bafca"
I20260709 12:20:14.971264 25252 raft_consensus.cc:2468] T f699205b66ce4dc49a2be2a419366d92 P c151bdfa29cc43eb86e0014955aa8959 [term 1 FOLLOWER]: Leader election vote request: Granting yes vote for candidate 84080640517444dfa05c7351211bafca in term 1.
I20260709 12:20:14.977845 25529 raft_consensus.cc:515] T 02f736805b0a48a3b399e6ff70d78ea4 P c151bdfa29cc43eb86e0014955aa8959 [term 0 FOLLOWER]: Starting pre-election with config: opid_index: -1 OBSOLETE_local: false peers { permanent_uuid: "c151bdfa29cc43eb86e0014955aa8959" member_type: VOTER last_known_addr { host: "127.23.136.1" port: 46337 } } peers { permanent_uuid: "3ce64e58a85549dc8747d6af6b5580ca" member_type: VOTER last_known_addr { host: "127.23.136.2" port: 46541 } } peers { permanent_uuid: "84080640517444dfa05c7351211bafca" member_type: VOTER last_known_addr { host: "127.23.136.3" port: 34833 } }
I20260709 12:20:14.979786 25247 raft_consensus.cc:2393] T f699205b66ce4dc49a2be2a419366d92 P c151bdfa29cc43eb86e0014955aa8959 [term 1 FOLLOWER]: Leader election vote request: Denying vote to candidate 3ce64e58a85549dc8747d6af6b5580ca in current term 1: Already voted for candidate 84080640517444dfa05c7351211bafca in this term.
I20260709 12:20:14.980865 25398 raft_consensus.cc:2393] T f699205b66ce4dc49a2be2a419366d92 P 84080640517444dfa05c7351211bafca [term 1 FOLLOWER]: Leader election vote request: Denying vote to candidate 3ce64e58a85549dc8747d6af6b5580ca in current term 1: Already voted for candidate 84080640517444dfa05c7351211bafca in this term.
I20260709 12:20:14.981175 25529 leader_election.cc:290] T 02f736805b0a48a3b399e6ff70d78ea4 P c151bdfa29cc43eb86e0014955aa8959 [CANDIDATE]: Term 1 pre-election: Requested pre-vote from peers 3ce64e58a85549dc8747d6af6b5580ca (127.23.136.2:46541), 84080640517444dfa05c7351211bafca (127.23.136.3:34833)
I20260709 12:20:14.981704 25364 leader_election.cc:304] T f699205b66ce4dc49a2be2a419366d92 P 84080640517444dfa05c7351211bafca [CANDIDATE]: Term 1 election: Election decided. Result: candidate won. Election summary: received 2 responses out of 3 voters: 2 yes votes; 0 no votes. yes voters: 84080640517444dfa05c7351211bafca, c151bdfa29cc43eb86e0014955aa8959; no voters: 
I20260709 12:20:14.982506 25505 raft_consensus.cc:2804] T f699205b66ce4dc49a2be2a419366d92 P 84080640517444dfa05c7351211bafca [term 1 FOLLOWER]: Leader election won for term 1
I20260709 12:20:14.982385 25319 tablet_service.cc:1917] Received RequestConsensusVote() RPC: tablet_id: "f699205b66ce4dc49a2be2a419366d92" candidate_uuid: "84080640517444dfa05c7351211bafca" candidate_term: 1 candidate_status { last_received { term: 0 index: 0 } } ignore_live_leader: false dest_uuid: "3ce64e58a85549dc8747d6af6b5580ca"
I20260709 12:20:14.982764 25290 leader_election.cc:304] T f699205b66ce4dc49a2be2a419366d92 P 3ce64e58a85549dc8747d6af6b5580ca [CANDIDATE]: Term 1 election: Election decided. Result: candidate lost. Election summary: received 3 responses out of 3 voters: 1 yes votes; 2 no votes. yes voters: 3ce64e58a85549dc8747d6af6b5580ca; no voters: 84080640517444dfa05c7351211bafca, c151bdfa29cc43eb86e0014955aa8959
I20260709 12:20:14.983141 25505 raft_consensus.cc:697] T f699205b66ce4dc49a2be2a419366d92 P 84080640517444dfa05c7351211bafca [term 1 LEADER]: Becoming Leader. State: Replica: 84080640517444dfa05c7351211bafca, State: Running, Role: LEADER
I20260709 12:20:14.985762 25319 raft_consensus.cc:2393] T f699205b66ce4dc49a2be2a419366d92 P 3ce64e58a85549dc8747d6af6b5580ca [term 1 FOLLOWER]: Leader election vote request: Denying vote to candidate 84080640517444dfa05c7351211bafca in current term 1: Already voted for candidate 3ce64e58a85549dc8747d6af6b5580ca in this term.
I20260709 12:20:14.986156 25505 consensus_queue.cc:237] T f699205b66ce4dc49a2be2a419366d92 P 84080640517444dfa05c7351211bafca [LEADER]: Queue going to LEADER mode. State: All replicated index: 0, Majority replicated index: 0, Committed index: 0, Last appended: 0.0, Last appended by leader: 0, Current term: 1, Majority size: 2, State: 0, Mode: LEADER, active raft config: opid_index: -1 OBSOLETE_local: false peers { permanent_uuid: "c151bdfa29cc43eb86e0014955aa8959" member_type: VOTER last_known_addr { host: "127.23.136.1" port: 46337 } } peers { permanent_uuid: "3ce64e58a85549dc8747d6af6b5580ca" member_type: VOTER last_known_addr { host: "127.23.136.2" port: 46541 } } peers { permanent_uuid: "84080640517444dfa05c7351211bafca" member_type: VOTER last_known_addr { host: "127.23.136.3" port: 34833 } }
I20260709 12:20:14.986894 25602 raft_consensus.cc:2749] T f699205b66ce4dc49a2be2a419366d92 P 3ce64e58a85549dc8747d6af6b5580ca [term 1 FOLLOWER]: Leader election lost for term 1. Reason: could not achieve majority
I20260709 12:20:14.989053 25217 leader_election.cc:304] T 330225fc87104cb9954be87ce9a2c581 P c151bdfa29cc43eb86e0014955aa8959 [CANDIDATE]: Term 1 election: Election decided. Result: candidate won. Election summary: received 3 responses out of 3 voters: 2 yes votes; 1 no votes. yes voters: 3ce64e58a85549dc8747d6af6b5580ca, c151bdfa29cc43eb86e0014955aa8959; no voters: 84080640517444dfa05c7351211bafca
I20260709 12:20:15.002323 25398 tablet_service.cc:1917] Received RequestConsensusVote() RPC: tablet_id: "02f736805b0a48a3b399e6ff70d78ea4" candidate_uuid: "c151bdfa29cc43eb86e0014955aa8959" candidate_term: 1 candidate_status { last_received { term: 0 index: 0 } } ignore_live_leader: false dest_uuid: "84080640517444dfa05c7351211bafca" is_pre_election: true
I20260709 12:20:15.002940 25529 consensus_queue.cc:1048] T e99736ec45d349beaee46194a44fcdca P c151bdfa29cc43eb86e0014955aa8959 [LEADER]: Connected to new peer: Peer: permanent_uuid: "84080640517444dfa05c7351211bafca" member_type: VOTER last_known_addr { host: "127.23.136.3" port: 34833 }, Status: LMP_MISMATCH, Last received: 0.0, Next index: 1, Last known committed idx: 0, Time since last communication: 0.000s
W20260709 12:20:15.005009 25215 leader_election.cc:343] T 02f736805b0a48a3b399e6ff70d78ea4 P c151bdfa29cc43eb86e0014955aa8959 [CANDIDATE]: Term 1 pre-election: Tablet error from VoteRequest() call to peer 84080640517444dfa05c7351211bafca (127.23.136.3:34833): Illegal state: must be running to vote when last-logged opid is not known
I20260709 12:20:14.997299 25697 raft_consensus.cc:2804] T 330225fc87104cb9954be87ce9a2c581 P c151bdfa29cc43eb86e0014955aa8959 [term 1 FOLLOWER]: Leader election won for term 1
I20260709 12:20:15.006886 25697 raft_consensus.cc:697] T 330225fc87104cb9954be87ce9a2c581 P c151bdfa29cc43eb86e0014955aa8959 [term 1 LEADER]: Becoming Leader. State: Replica: c151bdfa29cc43eb86e0014955aa8959, State: Running, Role: LEADER
I20260709 12:20:15.007784 25697 consensus_queue.cc:237] T 330225fc87104cb9954be87ce9a2c581 P c151bdfa29cc43eb86e0014955aa8959 [LEADER]: Queue going to LEADER mode. State: All replicated index: 0, Majority replicated index: 0, Committed index: 0, Last appended: 0.0, Last appended by leader: 0, Current term: 1, Majority size: 2, State: 0, Mode: LEADER, active raft config: opid_index: -1 OBSOLETE_local: false peers { permanent_uuid: "c151bdfa29cc43eb86e0014955aa8959" member_type: VOTER last_known_addr { host: "127.23.136.1" port: 46337 } } peers { permanent_uuid: "3ce64e58a85549dc8747d6af6b5580ca" member_type: VOTER last_known_addr { host: "127.23.136.2" port: 46541 } } peers { permanent_uuid: "84080640517444dfa05c7351211bafca" member_type: VOTER last_known_addr { host: "127.23.136.3" port: 34833 } }
I20260709 12:20:15.010813 25675 consensus_queue.cc:1048] T 682a46a7d6484e54a42c92826adae517 P 3ce64e58a85549dc8747d6af6b5580ca [LEADER]: Connected to new peer: Peer: permanent_uuid: "84080640517444dfa05c7351211bafca" member_type: VOTER last_known_addr { host: "127.23.136.3" port: 34833 }, Status: LMP_MISMATCH, Last received: 0.0, Next index: 1, Last known committed idx: 0, Time since last communication: 0.001s
I20260709 12:20:14.986917 25322 tablet_service.cc:1917] Received RequestConsensusVote() RPC: tablet_id: "02f736805b0a48a3b399e6ff70d78ea4" candidate_uuid: "c151bdfa29cc43eb86e0014955aa8959" candidate_term: 1 candidate_status { last_received { term: 0 index: 0 } } ignore_live_leader: false dest_uuid: "3ce64e58a85549dc8747d6af6b5580ca" is_pre_election: true
I20260709 12:20:15.014133 25322 raft_consensus.cc:2468] T 02f736805b0a48a3b399e6ff70d78ea4 P 3ce64e58a85549dc8747d6af6b5580ca [term 0 FOLLOWER]: Leader pre-election vote request: Granting yes vote for candidate c151bdfa29cc43eb86e0014955aa8959 in term 0.
I20260709 12:20:15.015396 25217 leader_election.cc:304] T 02f736805b0a48a3b399e6ff70d78ea4 P c151bdfa29cc43eb86e0014955aa8959 [CANDIDATE]: Term 1 pre-election: Election decided. Result: candidate won. Election summary: received 3 responses out of 3 voters: 2 yes votes; 1 no votes. yes voters: 3ce64e58a85549dc8747d6af6b5580ca, c151bdfa29cc43eb86e0014955aa8959; no voters: 84080640517444dfa05c7351211bafca
I20260709 12:20:15.031623 25441 tablet_bootstrap.cc:654] T a0af7bfecca0441397efb32ee1761d81 P c151bdfa29cc43eb86e0014955aa8959: Neither blocks nor log segments found. Creating new log.
I20260709 12:20:15.030048 25698 leader_election.cc:290] T ffa8af385c8d4e148784f3ed090ff912 P c151bdfa29cc43eb86e0014955aa8959 [CANDIDATE]: Term 1 election: Requested vote from peers 3ce64e58a85549dc8747d6af6b5580ca (127.23.136.2:46541), 84080640517444dfa05c7351211bafca (127.23.136.3:34833)
I20260709 12:20:15.043589 25450 tablet_bootstrap.cc:654] T 02f736805b0a48a3b399e6ff70d78ea4 P 84080640517444dfa05c7351211bafca: Neither blocks nor log segments found. Creating new log.
I20260709 12:20:15.048970 25399 tablet_service.cc:1917] Received RequestConsensusVote() RPC: tablet_id: "ffa8af385c8d4e148784f3ed090ff912" candidate_uuid: "c151bdfa29cc43eb86e0014955aa8959" candidate_term: 1 candidate_status { last_received { term: 0 index: 0 } } ignore_live_leader: false dest_uuid: "84080640517444dfa05c7351211bafca"
I20260709 12:20:15.049583 25399 raft_consensus.cc:3060] T ffa8af385c8d4e148784f3ed090ff912 P 84080640517444dfa05c7351211bafca [term 0 FOLLOWER]: Advancing to term 1
I20260709 12:20:15.050617 25614 consensus_queue.cc:1048] T cd340d60ead344de87bf7a6eb23f5dd9 P 3ce64e58a85549dc8747d6af6b5580ca [LEADER]: Connected to new peer: Peer: permanent_uuid: "c151bdfa29cc43eb86e0014955aa8959" member_type: VOTER last_known_addr { host: "127.23.136.1" port: 46337 }, Status: LMP_MISMATCH, Last received: 0.0, Next index: 1, Last known committed idx: 0, Time since last communication: 0.000s
I20260709 12:20:15.035415 25698 raft_consensus.cc:2804] T 02f736805b0a48a3b399e6ff70d78ea4 P c151bdfa29cc43eb86e0014955aa8959 [term 0 FOLLOWER]: Leader pre-election won for term 1
W20260709 12:20:15.067376 25217 outbound_call.cc:321] RPC callback for RPC call kudu.consensus.ConsensusService.RequestConsensusVote -> {remote=127.23.136.2:46541, user_credentials={real_user=slave}} blocked reactor thread for 52056.7us
I20260709 12:20:15.058887 25698 raft_consensus.cc:493] T 02f736805b0a48a3b399e6ff70d78ea4 P c151bdfa29cc43eb86e0014955aa8959 [term 0 FOLLOWER]: Starting leader election (no leader contacted us within the election timeout)
I20260709 12:20:15.092161 25528 consensus_queue.cc:1048] T 030579e1266348baa3478e72ecfea441 P c151bdfa29cc43eb86e0014955aa8959 [LEADER]: Connected to new peer: Peer: permanent_uuid: "3ce64e58a85549dc8747d6af6b5580ca" member_type: VOTER last_known_addr { host: "127.23.136.2" port: 46541 }, Status: LMP_MISMATCH, Last received: 0.0, Next index: 1, Last known committed idx: 0, Time since last communication: 0.001s
I20260709 12:20:15.076977 25698 raft_consensus.cc:3060] T 02f736805b0a48a3b399e6ff70d78ea4 P c151bdfa29cc43eb86e0014955aa8959 [term 0 FOLLOWER]: Advancing to term 1
I20260709 12:20:15.107250 25442 tablet_bootstrap.cc:492] T 17e168423d014c75b442da797f56f16d P 3ce64e58a85549dc8747d6af6b5580ca: No bootstrap required, opened a new log
I20260709 12:20:15.107772 25442 ts_tablet_manager.cc:1403] T 17e168423d014c75b442da797f56f16d P 3ce64e58a85549dc8747d6af6b5580ca: Time spent bootstrapping tablet: real 0.327s	user 0.078s	sys 0.091s
I20260709 12:20:15.116575 25442 raft_consensus.cc:359] T 17e168423d014c75b442da797f56f16d P 3ce64e58a85549dc8747d6af6b5580ca [term 0 FOLLOWER]: Replica starting. Triggering 0 pending ops. Active config: opid_index: -1 OBSOLETE_local: false peers { permanent_uuid: "c151bdfa29cc43eb86e0014955aa8959" member_type: VOTER last_known_addr { host: "127.23.136.1" port: 46337 } } peers { permanent_uuid: "3ce64e58a85549dc8747d6af6b5580ca" member_type: VOTER last_known_addr { host: "127.23.136.2" port: 46541 } } peers { permanent_uuid: "84080640517444dfa05c7351211bafca" member_type: VOTER last_known_addr { host: "127.23.136.3" port: 34833 } }
I20260709 12:20:15.116776 25744 consensus_queue.cc:1048] T a0d688ac468d436f9fa962580ee67041 P c151bdfa29cc43eb86e0014955aa8959 [LEADER]: Connected to new peer: Peer: permanent_uuid: "84080640517444dfa05c7351211bafca" member_type: VOTER last_known_addr { host: "127.23.136.3" port: 34833 }, Status: LMP_MISMATCH, Last received: 0.0, Next index: 1, Last known committed idx: 0, Time since last communication: 0.000s
I20260709 12:20:15.117354 25442 raft_consensus.cc:385] T 17e168423d014c75b442da797f56f16d P 3ce64e58a85549dc8747d6af6b5580ca [term 0 FOLLOWER]: Consensus starting up: Expiring failure detector timer to make a prompt election more likely
I20260709 12:20:15.117708 25442 raft_consensus.cc:740] T 17e168423d014c75b442da797f56f16d P 3ce64e58a85549dc8747d6af6b5580ca [term 0 FOLLOWER]: Becoming Follower/Learner. State: Replica: 3ce64e58a85549dc8747d6af6b5580ca, State: Initialized, Role: FOLLOWER
I20260709 12:20:15.117259 25394 raft_consensus.cc:3060] T 030579e1266348baa3478e72ecfea441 P 84080640517444dfa05c7351211bafca [term 0 FOLLOWER]: Advancing to term 1
I20260709 12:20:15.120901 25686 consensus_queue.cc:1048] T e99736ec45d349beaee46194a44fcdca P c151bdfa29cc43eb86e0014955aa8959 [LEADER]: Connected to new peer: Peer: permanent_uuid: "3ce64e58a85549dc8747d6af6b5580ca" member_type: VOTER last_known_addr { host: "127.23.136.2" port: 46541 }, Status: LMP_MISMATCH, Last received: 0.0, Next index: 1, Last known committed idx: 0, Time since last communication: 0.000s
I20260709 12:20:15.123924 25442 consensus_queue.cc:260] T 17e168423d014c75b442da797f56f16d P 3ce64e58a85549dc8747d6af6b5580ca [NON_LEADER]: Queue going to NON_LEADER mode. State: All replicated index: 0, Majority replicated index: 0, Committed index: 0, Last appended: 0.0, Last appended by leader: 0, Current term: 0, Majority size: -1, State: 0, Mode: NON_LEADER, active raft config: opid_index: -1 OBSOLETE_local: false peers { permanent_uuid: "c151bdfa29cc43eb86e0014955aa8959" member_type: VOTER last_known_addr { host: "127.23.136.1" port: 46337 } } peers { permanent_uuid: "3ce64e58a85549dc8747d6af6b5580ca" member_type: VOTER last_known_addr { host: "127.23.136.2" port: 46541 } } peers { permanent_uuid: "84080640517444dfa05c7351211bafca" member_type: VOTER last_known_addr { host: "127.23.136.3" port: 34833 } }
I20260709 12:20:15.143711 25442 ts_tablet_manager.cc:1434] T 17e168423d014c75b442da797f56f16d P 3ce64e58a85549dc8747d6af6b5580ca: Time spent starting tablet: real 0.036s	user 0.007s	sys 0.001s
I20260709 12:20:15.149744 25442 tablet_bootstrap.cc:492] T 22927a32d57f42c28f9c00c8b4d9c717 P 3ce64e58a85549dc8747d6af6b5580ca: Bootstrap starting.
I20260709 12:20:15.126459 25696 consensus_queue.cc:1048] T 682a46a7d6484e54a42c92826adae517 P 3ce64e58a85549dc8747d6af6b5580ca [LEADER]: Connected to new peer: Peer: permanent_uuid: "c151bdfa29cc43eb86e0014955aa8959" member_type: VOTER last_known_addr { host: "127.23.136.1" port: 46337 }, Status: LMP_MISMATCH, Last received: 0.0, Next index: 1, Last known committed idx: 0, Time since last communication: 0.021s
W20260709 12:20:15.141541 25364 outbound_call.cc:321] RPC callback for RPC call kudu.consensus.ConsensusService.UpdateConsensus -> {remote=127.23.136.1:46337, user_credentials={real_user=slave}} blocked reactor thread for 100008us
I20260709 12:20:15.156522 25399 raft_consensus.cc:2468] T ffa8af385c8d4e148784f3ed090ff912 P 84080640517444dfa05c7351211bafca [term 1 FOLLOWER]: Leader election vote request: Granting yes vote for candidate c151bdfa29cc43eb86e0014955aa8959 in term 1.
I20260709 12:20:15.204763 25441 tablet_bootstrap.cc:492] T a0af7bfecca0441397efb32ee1761d81 P c151bdfa29cc43eb86e0014955aa8959: No bootstrap required, opened a new log
I20260709 12:20:15.205293 25441 ts_tablet_manager.cc:1403] T a0af7bfecca0441397efb32ee1761d81 P c151bdfa29cc43eb86e0014955aa8959: Time spent bootstrapping tablet: real 0.257s	user 0.013s	sys 0.016s
W20260709 12:20:15.209618 25736 log.cc:927] Time spent T bfa06b2d06b24894afb11ee20a3c7dfe P c151bdfa29cc43eb86e0014955aa8959: Append to log took a long time: real 0.108s	user 0.000s	sys 0.001s
I20260709 12:20:15.213270 25146 catalog_manager.cc:5697] T f699205b66ce4dc49a2be2a419366d92 P 84080640517444dfa05c7351211bafca reported cstate change: term changed from 0 to 1, leader changed from <none> to 84080640517444dfa05c7351211bafca (127.23.136.3). New cstate: current_term: 1 leader_uuid: "84080640517444dfa05c7351211bafca" committed_config { opid_index: -1 OBSOLETE_local: false peers { permanent_uuid: "c151bdfa29cc43eb86e0014955aa8959" member_type: VOTER last_known_addr { host: "127.23.136.1" port: 46337 } health_report { overall_health: UNKNOWN } } peers { permanent_uuid: "3ce64e58a85549dc8747d6af6b5580ca" member_type: VOTER last_known_addr { host: "127.23.136.2" port: 46541 } health_report { overall_health: UNKNOWN } } peers { permanent_uuid: "84080640517444dfa05c7351211bafca" member_type: VOTER last_known_addr { host: "127.23.136.3" port: 34833 } health_report { overall_health: HEALTHY } } }
I20260709 12:20:15.219770 25450 tablet_bootstrap.cc:492] T 02f736805b0a48a3b399e6ff70d78ea4 P 84080640517444dfa05c7351211bafca: No bootstrap required, opened a new log
I20260709 12:20:15.220275 25450 ts_tablet_manager.cc:1403] T 02f736805b0a48a3b399e6ff70d78ea4 P 84080640517444dfa05c7351211bafca: Time spent bootstrapping tablet: real 0.349s	user 0.008s	sys 0.010s
I20260709 12:20:15.230660 25442 tablet_bootstrap.cc:654] T 22927a32d57f42c28f9c00c8b4d9c717 P 3ce64e58a85549dc8747d6af6b5580ca: Neither blocks nor log segments found. Creating new log.
I20260709 12:20:15.310674 25149 catalog_manager.cc:5697] T ffa8af385c8d4e148784f3ed090ff912 P c151bdfa29cc43eb86e0014955aa8959 reported cstate change: term changed from 0 to 1, leader changed from <none> to c151bdfa29cc43eb86e0014955aa8959 (127.23.136.1). New cstate: current_term: 1 leader_uuid: "c151bdfa29cc43eb86e0014955aa8959" committed_config { opid_index: -1 OBSOLETE_local: false peers { permanent_uuid: "c151bdfa29cc43eb86e0014955aa8959" member_type: VOTER last_known_addr { host: "127.23.136.1" port: 46337 } health_report { overall_health: HEALTHY } } peers { permanent_uuid: "3ce64e58a85549dc8747d6af6b5580ca" member_type: VOTER last_known_addr { host: "127.23.136.2" port: 46541 } health_report { overall_health: UNKNOWN } } peers { permanent_uuid: "84080640517444dfa05c7351211bafca" member_type: VOTER last_known_addr { host: "127.23.136.3" port: 34833 } health_report { overall_health: UNKNOWN } } }
W20260709 12:20:15.310637 25366 outbound_call.cc:321] RPC callback for RPC call kudu.consensus.ConsensusService.UpdateConsensus -> {remote=127.23.136.2:46541, user_credentials={real_user=slave}} blocked reactor thread for 77544.6us
W20260709 12:20:15.310546 25215 outbound_call.cc:321] RPC callback for RPC call kudu.consensus.ConsensusService.RequestConsensusVote -> {remote=127.23.136.3:34833, user_credentials={real_user=slave}} blocked reactor thread for 51349.9us
W20260709 12:20:15.316538 25755 log.cc:927] Time spent T 030579e1266348baa3478e72ecfea441 P 3ce64e58a85549dc8747d6af6b5580ca: Append to log took a long time: real 0.094s	user 0.000s	sys 0.001s
I20260709 12:20:15.321358 25450 raft_consensus.cc:359] T 02f736805b0a48a3b399e6ff70d78ea4 P 84080640517444dfa05c7351211bafca [term 0 FOLLOWER]: Replica starting. Triggering 0 pending ops. Active config: opid_index: -1 OBSOLETE_local: false peers { permanent_uuid: "c151bdfa29cc43eb86e0014955aa8959" member_type: VOTER last_known_addr { host: "127.23.136.1" port: 46337 } } peers { permanent_uuid: "3ce64e58a85549dc8747d6af6b5580ca" member_type: VOTER last_known_addr { host: "127.23.136.2" port: 46541 } } peers { permanent_uuid: "84080640517444dfa05c7351211bafca" member_type: VOTER last_known_addr { host: "127.23.136.3" port: 34833 } }
I20260709 12:20:15.321992 25450 raft_consensus.cc:385] T 02f736805b0a48a3b399e6ff70d78ea4 P 84080640517444dfa05c7351211bafca [term 0 FOLLOWER]: Consensus starting up: Expiring failure detector timer to make a prompt election more likely
I20260709 12:20:15.322217 25450 raft_consensus.cc:740] T 02f736805b0a48a3b399e6ff70d78ea4 P 84080640517444dfa05c7351211bafca [term 0 FOLLOWER]: Becoming Follower/Learner. State: Replica: 84080640517444dfa05c7351211bafca, State: Initialized, Role: FOLLOWER
I20260709 12:20:15.324993 25529 consensus_queue.cc:1048] T a0d688ac468d436f9fa962580ee67041 P c151bdfa29cc43eb86e0014955aa8959 [LEADER]: Connected to new peer: Peer: permanent_uuid: "3ce64e58a85549dc8747d6af6b5580ca" member_type: VOTER last_known_addr { host: "127.23.136.2" port: 46541 }, Status: LMP_MISMATCH, Last received: 0.0, Next index: 1, Last known committed idx: 0, Time since last communication: 0.008s
I20260709 12:20:15.332639 25450 consensus_queue.cc:260] T 02f736805b0a48a3b399e6ff70d78ea4 P 84080640517444dfa05c7351211bafca [NON_LEADER]: Queue going to NON_LEADER mode. State: All replicated index: 0, Majority replicated index: 0, Committed index: 0, Last appended: 0.0, Last appended by leader: 0, Current term: 0, Majority size: -1, State: 0, Mode: NON_LEADER, active raft config: opid_index: -1 OBSOLETE_local: false peers { permanent_uuid: "c151bdfa29cc43eb86e0014955aa8959" member_type: VOTER last_known_addr { host: "127.23.136.1" port: 46337 } } peers { permanent_uuid: "3ce64e58a85549dc8747d6af6b5580ca" member_type: VOTER last_known_addr { host: "127.23.136.2" port: 46541 } } peers { permanent_uuid: "84080640517444dfa05c7351211bafca" member_type: VOTER last_known_addr { host: "127.23.136.3" port: 34833 } }
I20260709 12:20:15.337960 25441 raft_consensus.cc:359] T a0af7bfecca0441397efb32ee1761d81 P c151bdfa29cc43eb86e0014955aa8959 [term 0 FOLLOWER]: Replica starting. Triggering 0 pending ops. Active config: opid_index: -1 OBSOLETE_local: false peers { permanent_uuid: "c151bdfa29cc43eb86e0014955aa8959" member_type: VOTER last_known_addr { host: "127.23.136.1" port: 46337 } } peers { permanent_uuid: "3ce64e58a85549dc8747d6af6b5580ca" member_type: VOTER last_known_addr { host: "127.23.136.2" port: 46541 } } peers { permanent_uuid: "84080640517444dfa05c7351211bafca" member_type: VOTER last_known_addr { host: "127.23.136.3" port: 34833 } }
I20260709 12:20:15.338802 25441 raft_consensus.cc:385] T a0af7bfecca0441397efb32ee1761d81 P c151bdfa29cc43eb86e0014955aa8959 [term 0 FOLLOWER]: Consensus starting up: Expiring failure detector timer to make a prompt election more likely
I20260709 12:20:15.339152 25441 raft_consensus.cc:740] T a0af7bfecca0441397efb32ee1761d81 P c151bdfa29cc43eb86e0014955aa8959 [term 0 FOLLOWER]: Becoming Follower/Learner. State: Replica: c151bdfa29cc43eb86e0014955aa8959, State: Initialized, Role: FOLLOWER
I20260709 12:20:15.344137 25441 consensus_queue.cc:260] T a0af7bfecca0441397efb32ee1761d81 P c151bdfa29cc43eb86e0014955aa8959 [NON_LEADER]: Queue going to NON_LEADER mode. State: All replicated index: 0, Majority replicated index: 0, Committed index: 0, Last appended: 0.0, Last appended by leader: 0, Current term: 0, Majority size: -1, State: 0, Mode: NON_LEADER, active raft config: opid_index: -1 OBSOLETE_local: false peers { permanent_uuid: "c151bdfa29cc43eb86e0014955aa8959" member_type: VOTER last_known_addr { host: "127.23.136.1" port: 46337 } } peers { permanent_uuid: "3ce64e58a85549dc8747d6af6b5580ca" member_type: VOTER last_known_addr { host: "127.23.136.2" port: 46541 } } peers { permanent_uuid: "84080640517444dfa05c7351211bafca" member_type: VOTER last_known_addr { host: "127.23.136.3" port: 34833 } }
I20260709 12:20:15.365737 25698 raft_consensus.cc:515] T 02f736805b0a48a3b399e6ff70d78ea4 P c151bdfa29cc43eb86e0014955aa8959 [term 1 FOLLOWER]: Starting leader election with config: opid_index: -1 OBSOLETE_local: false peers { permanent_uuid: "c151bdfa29cc43eb86e0014955aa8959" member_type: VOTER last_known_addr { host: "127.23.136.1" port: 46337 } } peers { permanent_uuid: "3ce64e58a85549dc8747d6af6b5580ca" member_type: VOTER last_known_addr { host: "127.23.136.2" port: 46541 } } peers { permanent_uuid: "84080640517444dfa05c7351211bafca" member_type: VOTER last_known_addr { host: "127.23.136.3" port: 34833 } }
I20260709 12:20:15.366609 25441 ts_tablet_manager.cc:1434] T a0af7bfecca0441397efb32ee1761d81 P c151bdfa29cc43eb86e0014955aa8959: Time spent starting tablet: real 0.161s	user 0.011s	sys 0.020s
I20260709 12:20:15.367601 25441 tablet_bootstrap.cc:492] T 569137b5da3443418a344620f68c0fad P c151bdfa29cc43eb86e0014955aa8959: Bootstrap starting.
W20260709 12:20:15.386767 25366 outbound_call.cc:321] RPC callback for RPC call kudu.consensus.ConsensusService.UpdateConsensus -> {remote=127.23.136.2:46541, user_credentials={real_user=slave}} blocked reactor thread for 44876.4us
I20260709 12:20:15.389712 25505 raft_consensus.cc:493] T 030579e1266348baa3478e72ecfea441 P 84080640517444dfa05c7351211bafca [term 1 FOLLOWER]: Starting pre-election (no leader contacted us within the election timeout)
I20260709 12:20:15.390201 25505 raft_consensus.cc:515] T 030579e1266348baa3478e72ecfea441 P 84080640517444dfa05c7351211bafca [term 1 FOLLOWER]: Starting pre-election with config: opid_index: -1 OBSOLETE_local: false peers { permanent_uuid: "c151bdfa29cc43eb86e0014955aa8959" member_type: VOTER last_known_addr { host: "127.23.136.1" port: 46337 } } peers { permanent_uuid: "3ce64e58a85549dc8747d6af6b5580ca" member_type: VOTER last_known_addr { host: "127.23.136.2" port: 46541 } } peers { permanent_uuid: "84080640517444dfa05c7351211bafca" member_type: VOTER last_known_addr { host: "127.23.136.3" port: 34833 } }
I20260709 12:20:15.393927 25505 leader_election.cc:290] T 030579e1266348baa3478e72ecfea441 P 84080640517444dfa05c7351211bafca [CANDIDATE]: Term 2 pre-election: Requested pre-vote from peers c151bdfa29cc43eb86e0014955aa8959 (127.23.136.1:46337), 3ce64e58a85549dc8747d6af6b5580ca (127.23.136.2:46541)
I20260709 12:20:15.396772 25698 leader_election.cc:290] T 02f736805b0a48a3b399e6ff70d78ea4 P c151bdfa29cc43eb86e0014955aa8959 [CANDIDATE]: Term 1 election: Requested vote from peers 3ce64e58a85549dc8747d6af6b5580ca (127.23.136.2:46541), 84080640517444dfa05c7351211bafca (127.23.136.3:34833)
I20260709 12:20:15.401507 25450 ts_tablet_manager.cc:1434] T 02f736805b0a48a3b399e6ff70d78ea4 P 84080640517444dfa05c7351211bafca: Time spent starting tablet: real 0.181s	user 0.005s	sys 0.007s
I20260709 12:20:15.402872 25450 tablet_bootstrap.cc:492] T 17e168423d014c75b442da797f56f16d P 84080640517444dfa05c7351211bafca: Bootstrap starting.
I20260709 12:20:15.422335 25252 tablet_service.cc:1917] Received RequestConsensusVote() RPC: tablet_id: "030579e1266348baa3478e72ecfea441" candidate_uuid: "84080640517444dfa05c7351211bafca" candidate_term: 2 candidate_status { last_received { term: 0 index: 0 } } ignore_live_leader: false dest_uuid: "c151bdfa29cc43eb86e0014955aa8959" is_pre_election: true
I20260709 12:20:15.434796 25441 tablet_bootstrap.cc:654] T 569137b5da3443418a344620f68c0fad P c151bdfa29cc43eb86e0014955aa8959: Neither blocks nor log segments found. Creating new log.
I20260709 12:20:15.447968 25442 tablet_bootstrap.cc:492] T 22927a32d57f42c28f9c00c8b4d9c717 P 3ce64e58a85549dc8747d6af6b5580ca: No bootstrap required, opened a new log
I20260709 12:20:15.448372 25442 ts_tablet_manager.cc:1403] T 22927a32d57f42c28f9c00c8b4d9c717 P 3ce64e58a85549dc8747d6af6b5580ca: Time spent bootstrapping tablet: real 0.299s	user 0.024s	sys 0.012s
I20260709 12:20:15.438596 25324 tablet_service.cc:1917] Received RequestConsensusVote() RPC: tablet_id: "030579e1266348baa3478e72ecfea441" candidate_uuid: "84080640517444dfa05c7351211bafca" candidate_term: 2 candidate_status { last_received { term: 0 index: 0 } } ignore_live_leader: false dest_uuid: "3ce64e58a85549dc8747d6af6b5580ca" is_pre_election: true
W20260709 12:20:15.463371 25217 outbound_call.cc:321] RPC callback for RPC call kudu.consensus.ConsensusService.UpdateConsensus -> {remote=127.23.136.2:46541, user_credentials={real_user=slave}} blocked reactor thread for 84065.4us
I20260709 12:20:15.450340 25528 consensus_queue.cc:1048] T 030579e1266348baa3478e72ecfea441 P c151bdfa29cc43eb86e0014955aa8959 [LEADER]: Connected to new peer: Peer: permanent_uuid: "84080640517444dfa05c7351211bafca" member_type: VOTER last_known_addr { host: "127.23.136.3" port: 34833 }, Status: LMP_MISMATCH, Last received: 0.0, Next index: 1, Last known committed idx: 0, Time since last communication: 0.013s
I20260709 12:20:15.466511 25322 tablet_service.cc:1917] Received RequestConsensusVote() RPC: tablet_id: "02f736805b0a48a3b399e6ff70d78ea4" candidate_uuid: "c151bdfa29cc43eb86e0014955aa8959" candidate_term: 1 candidate_status { last_received { term: 0 index: 0 } } ignore_live_leader: false dest_uuid: "3ce64e58a85549dc8747d6af6b5580ca"
I20260709 12:20:15.469230 25401 tablet_service.cc:1917] Received RequestConsensusVote() RPC: tablet_id: "02f736805b0a48a3b399e6ff70d78ea4" candidate_uuid: "c151bdfa29cc43eb86e0014955aa8959" candidate_term: 1 candidate_status { last_received { term: 0 index: 0 } } ignore_live_leader: false dest_uuid: "84080640517444dfa05c7351211bafca"
I20260709 12:20:15.469492 25322 raft_consensus.cc:3060] T 02f736805b0a48a3b399e6ff70d78ea4 P 3ce64e58a85549dc8747d6af6b5580ca [term 0 FOLLOWER]: Advancing to term 1
I20260709 12:20:15.469835 25401 raft_consensus.cc:3060] T 02f736805b0a48a3b399e6ff70d78ea4 P 84080640517444dfa05c7351211bafca [term 0 FOLLOWER]: Advancing to term 1
I20260709 12:20:15.472606 25442 raft_consensus.cc:359] T 22927a32d57f42c28f9c00c8b4d9c717 P 3ce64e58a85549dc8747d6af6b5580ca [term 0 FOLLOWER]: Replica starting. Triggering 0 pending ops. Active config: opid_index: -1 OBSOLETE_local: false peers { permanent_uuid: "c151bdfa29cc43eb86e0014955aa8959" member_type: VOTER last_known_addr { host: "127.23.136.1" port: 46337 } } peers { permanent_uuid: "3ce64e58a85549dc8747d6af6b5580ca" member_type: VOTER last_known_addr { host: "127.23.136.2" port: 46541 } } peers { permanent_uuid: "84080640517444dfa05c7351211bafca" member_type: VOTER last_known_addr { host: "127.23.136.3" port: 34833 } }
I20260709 12:20:15.473279 25442 raft_consensus.cc:385] T 22927a32d57f42c28f9c00c8b4d9c717 P 3ce64e58a85549dc8747d6af6b5580ca [term 0 FOLLOWER]: Consensus starting up: Expiring failure detector timer to make a prompt election more likely
I20260709 12:20:15.473570 25442 raft_consensus.cc:740] T 22927a32d57f42c28f9c00c8b4d9c717 P 3ce64e58a85549dc8747d6af6b5580ca [term 0 FOLLOWER]: Becoming Follower/Learner. State: Replica: 3ce64e58a85549dc8747d6af6b5580ca, State: Initialized, Role: FOLLOWER
I20260709 12:20:15.485343 25450 tablet_bootstrap.cc:654] T 17e168423d014c75b442da797f56f16d P 84080640517444dfa05c7351211bafca: Neither blocks nor log segments found. Creating new log.
I20260709 12:20:15.482766 25442 consensus_queue.cc:260] T 22927a32d57f42c28f9c00c8b4d9c717 P 3ce64e58a85549dc8747d6af6b5580ca [NON_LEADER]: Queue going to NON_LEADER mode. State: All replicated index: 0, Majority replicated index: 0, Committed index: 0, Last appended: 0.0, Last appended by leader: 0, Current term: 0, Majority size: -1, State: 0, Mode: NON_LEADER, active raft config: opid_index: -1 OBSOLETE_local: false peers { permanent_uuid: "c151bdfa29cc43eb86e0014955aa8959" member_type: VOTER last_known_addr { host: "127.23.136.1" port: 46337 } } peers { permanent_uuid: "3ce64e58a85549dc8747d6af6b5580ca" member_type: VOTER last_known_addr { host: "127.23.136.2" port: 46541 } } peers { permanent_uuid: "84080640517444dfa05c7351211bafca" member_type: VOTER last_known_addr { host: "127.23.136.3" port: 34833 } }
I20260709 12:20:15.489370 25758 raft_consensus.cc:493] T 22927a32d57f42c28f9c00c8b4d9c717 P c151bdfa29cc43eb86e0014955aa8959 [term 0 FOLLOWER]: Starting pre-election (no leader contacted us within the election timeout)
I20260709 12:20:15.489828 25758 raft_consensus.cc:515] T 22927a32d57f42c28f9c00c8b4d9c717 P c151bdfa29cc43eb86e0014955aa8959 [term 0 FOLLOWER]: Starting pre-election with config: opid_index: -1 OBSOLETE_local: false peers { permanent_uuid: "c151bdfa29cc43eb86e0014955aa8959" member_type: VOTER last_known_addr { host: "127.23.136.1" port: 46337 } } peers { permanent_uuid: "3ce64e58a85549dc8747d6af6b5580ca" member_type: VOTER last_known_addr { host: "127.23.136.2" port: 46541 } } peers { permanent_uuid: "84080640517444dfa05c7351211bafca" member_type: VOTER last_known_addr { host: "127.23.136.3" port: 34833 } }
I20260709 12:20:15.493794 25758 leader_election.cc:290] T 22927a32d57f42c28f9c00c8b4d9c717 P c151bdfa29cc43eb86e0014955aa8959 [CANDIDATE]: Term 1 pre-election: Requested pre-vote from peers 3ce64e58a85549dc8747d6af6b5580ca (127.23.136.2:46541), 84080640517444dfa05c7351211bafca (127.23.136.3:34833)
I20260709 12:20:15.495244 25442 ts_tablet_manager.cc:1434] T 22927a32d57f42c28f9c00c8b4d9c717 P 3ce64e58a85549dc8747d6af6b5580ca: Time spent starting tablet: real 0.047s	user 0.007s	sys 0.000s
I20260709 12:20:15.496219 25442 tablet_bootstrap.cc:492] T 94ea7c9b41024e36b3a6b71400f63bf8 P 3ce64e58a85549dc8747d6af6b5580ca: Bootstrap starting.
I20260709 12:20:15.500742 25392 tablet_service.cc:1917] Received RequestConsensusVote() RPC: tablet_id: "22927a32d57f42c28f9c00c8b4d9c717" candidate_uuid: "c151bdfa29cc43eb86e0014955aa8959" candidate_term: 1 candidate_status { last_received { term: 0 index: 0 } } ignore_live_leader: false dest_uuid: "84080640517444dfa05c7351211bafca" is_pre_election: true
I20260709 12:20:15.510890 25401 raft_consensus.cc:2468] T 02f736805b0a48a3b399e6ff70d78ea4 P 84080640517444dfa05c7351211bafca [term 1 FOLLOWER]: Leader election vote request: Granting yes vote for candidate c151bdfa29cc43eb86e0014955aa8959 in term 1.
W20260709 12:20:15.522342 25215 leader_election.cc:343] T 22927a32d57f42c28f9c00c8b4d9c717 P c151bdfa29cc43eb86e0014955aa8959 [CANDIDATE]: Term 1 pre-election: Tablet error from VoteRequest() call to peer 84080640517444dfa05c7351211bafca (127.23.136.3:34833): Illegal state: must be running to vote when last-logged opid is not known
I20260709 12:20:15.523276 25215 leader_election.cc:304] T 02f736805b0a48a3b399e6ff70d78ea4 P c151bdfa29cc43eb86e0014955aa8959 [CANDIDATE]: Term 1 election: Election decided. Result: candidate won. Election summary: received 2 responses out of 3 voters: 2 yes votes; 0 no votes. yes voters: 84080640517444dfa05c7351211bafca, c151bdfa29cc43eb86e0014955aa8959; no voters: 
W20260709 12:20:15.532537 25760 log.cc:927] Time spent T a0d688ac468d436f9fa962580ee67041 P 3ce64e58a85549dc8747d6af6b5580ca: Append to log took a long time: real 0.067s	user 0.000s	sys 0.000s
I20260709 12:20:15.536782 25322 raft_consensus.cc:2468] T 02f736805b0a48a3b399e6ff70d78ea4 P 3ce64e58a85549dc8747d6af6b5580ca [term 1 FOLLOWER]: Leader election vote request: Granting yes vote for candidate c151bdfa29cc43eb86e0014955aa8959 in term 1.
I20260709 12:20:15.539168 25697 raft_consensus.cc:2804] T 02f736805b0a48a3b399e6ff70d78ea4 P c151bdfa29cc43eb86e0014955aa8959 [term 1 FOLLOWER]: Leader election won for term 1
I20260709 12:20:15.539844 25697 raft_consensus.cc:697] T 02f736805b0a48a3b399e6ff70d78ea4 P c151bdfa29cc43eb86e0014955aa8959 [term 1 LEADER]: Becoming Leader. State: Replica: c151bdfa29cc43eb86e0014955aa8959, State: Running, Role: LEADER
I20260709 12:20:15.540925 25697 consensus_queue.cc:237] T 02f736805b0a48a3b399e6ff70d78ea4 P c151bdfa29cc43eb86e0014955aa8959 [LEADER]: Queue going to LEADER mode. State: All replicated index: 0, Majority replicated index: 0, Committed index: 0, Last appended: 0.0, Last appended by leader: 0, Current term: 1, Majority size: 2, State: 0, Mode: LEADER, active raft config: opid_index: -1 OBSOLETE_local: false peers { permanent_uuid: "c151bdfa29cc43eb86e0014955aa8959" member_type: VOTER last_known_addr { host: "127.23.136.1" port: 46337 } } peers { permanent_uuid: "3ce64e58a85549dc8747d6af6b5580ca" member_type: VOTER last_known_addr { host: "127.23.136.2" port: 46541 } } peers { permanent_uuid: "84080640517444dfa05c7351211bafca" member_type: VOTER last_known_addr { host: "127.23.136.3" port: 34833 } }
I20260709 12:20:15.547330 25528 consensus_queue.cc:1048] T ffa8af385c8d4e148784f3ed090ff912 P c151bdfa29cc43eb86e0014955aa8959 [LEADER]: Connected to new peer: Peer: permanent_uuid: "84080640517444dfa05c7351211bafca" member_type: VOTER last_known_addr { host: "127.23.136.3" port: 34833 }, Status: LMP_MISMATCH, Last received: 0.0, Next index: 1, Last known committed idx: 0, Time since last communication: 0.001s
W20260709 12:20:15.556571 25217 outbound_call.cc:321] RPC callback for RPC call kudu.consensus.ConsensusService.UpdateConsensus -> {remote=127.23.136.2:46541, user_credentials={real_user=slave}} blocked reactor thread for 46805.5us
I20260709 12:20:15.568023 25441 tablet_bootstrap.cc:492] T 569137b5da3443418a344620f68c0fad P c151bdfa29cc43eb86e0014955aa8959: No bootstrap required, opened a new log
W20260709 12:20:15.568847 25366 outbound_call.cc:321] RPC callback for RPC call kudu.consensus.ConsensusService.UpdateConsensus -> {remote=127.23.136.2:46541, user_credentials={real_user=slave}} blocked reactor thread for 95479.5us
I20260709 12:20:15.569603 25441 ts_tablet_manager.cc:1403] T 569137b5da3443418a344620f68c0fad P c151bdfa29cc43eb86e0014955aa8959: Time spent bootstrapping tablet: real 0.202s	user 0.039s	sys 0.022s
W20260709 12:20:15.567874 25364 outbound_call.cc:321] RPC callback for RPC call kudu.consensus.ConsensusService.UpdateConsensus -> {remote=127.23.136.1:46337, user_credentials={real_user=slave}} blocked reactor thread for 120961us
I20260709 12:20:15.571518 25323 tablet_service.cc:1917] Received RequestConsensusVote() RPC: tablet_id: "22927a32d57f42c28f9c00c8b4d9c717" candidate_uuid: "c151bdfa29cc43eb86e0014955aa8959" candidate_term: 1 candidate_status { last_received { term: 0 index: 0 } } ignore_live_leader: false dest_uuid: "3ce64e58a85549dc8747d6af6b5580ca" is_pre_election: true
I20260709 12:20:15.573848 25149 catalog_manager.cc:5697] T 330225fc87104cb9954be87ce9a2c581 P c151bdfa29cc43eb86e0014955aa8959 reported cstate change: term changed from 0 to 1, leader changed from <none> to c151bdfa29cc43eb86e0014955aa8959 (127.23.136.1). New cstate: current_term: 1 leader_uuid: "c151bdfa29cc43eb86e0014955aa8959" committed_config { opid_index: -1 OBSOLETE_local: false peers { permanent_uuid: "c151bdfa29cc43eb86e0014955aa8959" member_type: VOTER last_known_addr { host: "127.23.136.1" port: 46337 } health_report { overall_health: HEALTHY } } peers { permanent_uuid: "3ce64e58a85549dc8747d6af6b5580ca" member_type: VOTER last_known_addr { host: "127.23.136.2" port: 46541 } health_report { overall_health: UNKNOWN } } peers { permanent_uuid: "84080640517444dfa05c7351211bafca" member_type: VOTER last_known_addr { host: "127.23.136.3" port: 34833 } health_report { overall_health: UNKNOWN } } }
I20260709 12:20:15.572147 25323 raft_consensus.cc:2468] T 22927a32d57f42c28f9c00c8b4d9c717 P 3ce64e58a85549dc8747d6af6b5580ca [term 0 FOLLOWER]: Leader pre-election vote request: Granting yes vote for candidate c151bdfa29cc43eb86e0014955aa8959 in term 0.
I20260709 12:20:15.597404 25364 leader_election.cc:304] T 030579e1266348baa3478e72ecfea441 P 84080640517444dfa05c7351211bafca [CANDIDATE]: Term 2 pre-election: Election decided. Result: candidate lost. Election summary: received 3 responses out of 3 voters: 1 yes votes; 2 no votes. yes voters: 84080640517444dfa05c7351211bafca; no voters: 3ce64e58a85549dc8747d6af6b5580ca, c151bdfa29cc43eb86e0014955aa8959
I20260709 12:20:15.597996 25442 tablet_bootstrap.cc:654] T 94ea7c9b41024e36b3a6b71400f63bf8 P 3ce64e58a85549dc8747d6af6b5580ca: Neither blocks nor log segments found. Creating new log.
I20260709 12:20:15.616719 25217 leader_election.cc:304] T 22927a32d57f42c28f9c00c8b4d9c717 P c151bdfa29cc43eb86e0014955aa8959 [CANDIDATE]: Term 1 pre-election: Election decided. Result: candidate won. Election summary: received 3 responses out of 3 voters: 2 yes votes; 1 no votes. yes voters: 3ce64e58a85549dc8747d6af6b5580ca, c151bdfa29cc43eb86e0014955aa8959; no voters: 84080640517444dfa05c7351211bafca
I20260709 12:20:15.618158 25529 raft_consensus.cc:2804] T 22927a32d57f42c28f9c00c8b4d9c717 P c151bdfa29cc43eb86e0014955aa8959 [term 0 FOLLOWER]: Leader pre-election won for term 1
I20260709 12:20:15.619870 25529 raft_consensus.cc:493] T 22927a32d57f42c28f9c00c8b4d9c717 P c151bdfa29cc43eb86e0014955aa8959 [term 0 FOLLOWER]: Starting leader election (no leader contacted us within the election timeout)
I20260709 12:20:15.620206 25529 raft_consensus.cc:3060] T 22927a32d57f42c28f9c00c8b4d9c717 P c151bdfa29cc43eb86e0014955aa8959 [term 0 FOLLOWER]: Advancing to term 1
I20260709 12:20:15.619861 25750 raft_consensus.cc:493] T 17e168423d014c75b442da797f56f16d P 3ce64e58a85549dc8747d6af6b5580ca [term 0 FOLLOWER]: Starting pre-election (no leader contacted us within the election timeout)
I20260709 12:20:15.628211 25750 raft_consensus.cc:515] T 17e168423d014c75b442da797f56f16d P 3ce64e58a85549dc8747d6af6b5580ca [term 0 FOLLOWER]: Starting pre-election with config: opid_index: -1 OBSOLETE_local: false peers { permanent_uuid: "c151bdfa29cc43eb86e0014955aa8959" member_type: VOTER last_known_addr { host: "127.23.136.1" port: 46337 } } peers { permanent_uuid: "3ce64e58a85549dc8747d6af6b5580ca" member_type: VOTER last_known_addr { host: "127.23.136.2" port: 46541 } } peers { permanent_uuid: "84080640517444dfa05c7351211bafca" member_type: VOTER last_known_addr { host: "127.23.136.3" port: 34833 } }
I20260709 12:20:15.630191 25750 leader_election.cc:290] T 17e168423d014c75b442da797f56f16d P 3ce64e58a85549dc8747d6af6b5580ca [CANDIDATE]: Term 1 pre-election: Requested pre-vote from peers c151bdfa29cc43eb86e0014955aa8959 (127.23.136.1:46337), 84080640517444dfa05c7351211bafca (127.23.136.3:34833)
