I20260709 12:20:15.475414 15312 tablet_service.cc:1917] Received RequestConsensusVote() RPC: tablet_id: "c6c4b874ae9548048af35bf7f58e2a52" candidate_uuid: "e33c77487481443b9a8f6761a1d567e7" candidate_term: 1 candidate_status { last_received { term: 0 index: 0 } } ignore_live_leader: false dest_uuid: "e31b4347763f4104817b8cf3080506ae"
I20260709 12:20:15.475912 15354 tablet_bootstrap.cc:492] T 370b80270b1148cc9472dcdc695172bc P e31b4347763f4104817b8cf3080506ae: Bootstrap starting.
I20260709 12:20:15.475736 15061 catalog_manager.cc:5697] T cb3ca6e2053c438eb498c31f34a0b511 P e33c77487481443b9a8f6761a1d567e7 reported cstate change: term changed from 0 to 1, leader changed from <none> to e33c77487481443b9a8f6761a1d567e7 (127.13.159.129). New cstate: current_term: 1 leader_uuid: "e33c77487481443b9a8f6761a1d567e7" committed_config { opid_index: -1 OBSOLETE_local: false peers { permanent_uuid: "e33c77487481443b9a8f6761a1d567e7" member_type: VOTER last_known_addr { host: "127.13.159.129" port: 37683 } health_report { overall_health: HEALTHY } } peers { permanent_uuid: "69f1a4ace4594a7aa102265c7ab67232" member_type: VOTER last_known_addr { host: "127.13.159.130" port: 33855 } health_report { overall_health: UNKNOWN } } peers { permanent_uuid: "e31b4347763f4104817b8cf3080506ae" member_type: VOTER last_known_addr { host: "127.13.159.131" port: 38973 } health_report { overall_health: UNKNOWN } } }
I20260709 12:20:15.475935 15615 raft_consensus.cc:493] T 48dc110b47444f25b8e94c541b670adb P 69f1a4ace4594a7aa102265c7ab67232 [term 0 FOLLOWER]: Starting leader election (no leader contacted us within the election timeout)
I20260709 12:20:15.477072 15615 raft_consensus.cc:3060] T 48dc110b47444f25b8e94c541b670adb P 69f1a4ace4594a7aa102265c7ab67232 [term 0 FOLLOWER]: Advancing to term 1
I20260709 12:20:15.479842 15483 consensus_queue.cc:1048] T 7647617f275a41cb80ba41fa8502360e P 69f1a4ace4594a7aa102265c7ab67232 [LEADER]: Connected to new peer: Peer: permanent_uuid: "e31b4347763f4104817b8cf3080506ae" member_type: VOTER last_known_addr { host: "127.13.159.131" port: 38973 }, Status: LMP_MISMATCH, Last received: 0.0, Next index: 1, Last known committed idx: 0, Time since last communication: 0.000s
I20260709 12:20:15.481451 15310 tablet_service.cc:1917] Received RequestConsensusVote() RPC: tablet_id: "48dc110b47444f25b8e94c541b670adb" candidate_uuid: "69f1a4ace4594a7aa102265c7ab67232" candidate_term: 1 candidate_status { last_received { term: 0 index: 0 } } ignore_live_leader: false dest_uuid: "e31b4347763f4104817b8cf3080506ae" is_pre_election: true
I20260709 12:20:15.482069 15310 raft_consensus.cc:2468] T 48dc110b47444f25b8e94c541b670adb P e31b4347763f4104817b8cf3080506ae [term 0 FOLLOWER]: Leader pre-election vote request: Granting yes vote for candidate 69f1a4ace4594a7aa102265c7ab67232 in term 0.
I20260709 12:20:15.482555 15354 tablet_bootstrap.cc:654] T 370b80270b1148cc9472dcdc695172bc P e31b4347763f4104817b8cf3080506ae: Neither blocks nor log segments found. Creating new log.
I20260709 12:20:15.483431 15615 raft_consensus.cc:515] T 48dc110b47444f25b8e94c541b670adb P 69f1a4ace4594a7aa102265c7ab67232 [term 1 FOLLOWER]: Starting leader election with config: opid_index: -1 OBSOLETE_local: false peers { permanent_uuid: "e33c77487481443b9a8f6761a1d567e7" member_type: VOTER last_known_addr { host: "127.13.159.129" port: 37683 } } peers { permanent_uuid: "69f1a4ace4594a7aa102265c7ab67232" member_type: VOTER last_known_addr { host: "127.13.159.130" port: 33855 } } peers { permanent_uuid: "e31b4347763f4104817b8cf3080506ae" member_type: VOTER last_known_addr { host: "127.13.159.131" port: 38973 } }
I20260709 12:20:15.485378 15353 tablet_bootstrap.cc:492] T b8546d2cb00649a29f80c7a484a472c8 P e33c77487481443b9a8f6761a1d567e7: Bootstrap starting.
I20260709 12:20:15.486265 15163 tablet_service.cc:1917] Received RequestConsensusVote() RPC: tablet_id: "48dc110b47444f25b8e94c541b670adb" candidate_uuid: "69f1a4ace4594a7aa102265c7ab67232" candidate_term: 1 candidate_status { last_received { term: 0 index: 0 } } ignore_live_leader: false dest_uuid: "e33c77487481443b9a8f6761a1d567e7"
I20260709 12:20:15.486863 15163 raft_consensus.cc:3060] T 48dc110b47444f25b8e94c541b670adb P e33c77487481443b9a8f6761a1d567e7 [term 0 FOLLOWER]: Advancing to term 1
I20260709 12:20:15.490378 15352 raft_consensus.cc:359] T 396703cdbe6b4750b4cd21d335b6f6e7 P 69f1a4ace4594a7aa102265c7ab67232 [term 0 FOLLOWER]: Replica starting. Triggering 0 pending ops. Active config: opid_index: -1 OBSOLETE_local: false peers { permanent_uuid: "e33c77487481443b9a8f6761a1d567e7" member_type: VOTER last_known_addr { host: "127.13.159.129" port: 37683 } } peers { permanent_uuid: "69f1a4ace4594a7aa102265c7ab67232" member_type: VOTER last_known_addr { host: "127.13.159.130" port: 33855 } } peers { permanent_uuid: "e31b4347763f4104817b8cf3080506ae" member_type: VOTER last_known_addr { host: "127.13.159.131" port: 38973 } }
I20260709 12:20:15.491335 15353 tablet_bootstrap.cc:654] T b8546d2cb00649a29f80c7a484a472c8 P e33c77487481443b9a8f6761a1d567e7: Neither blocks nor log segments found. Creating new log.
I20260709 12:20:15.491544 15352 raft_consensus.cc:385] T 396703cdbe6b4750b4cd21d335b6f6e7 P 69f1a4ace4594a7aa102265c7ab67232 [term 0 FOLLOWER]: Consensus starting up: Expiring failure detector timer to make a prompt election more likely
I20260709 12:20:15.491866 15352 raft_consensus.cc:740] T 396703cdbe6b4750b4cd21d335b6f6e7 P 69f1a4ace4594a7aa102265c7ab67232 [term 0 FOLLOWER]: Becoming Follower/Learner. State: Replica: 69f1a4ace4594a7aa102265c7ab67232, State: Initialized, Role: FOLLOWER
I20260709 12:20:15.485394 15615 leader_election.cc:290] T 48dc110b47444f25b8e94c541b670adb P 69f1a4ace4594a7aa102265c7ab67232 [CANDIDATE]: Term 1 election: Requested vote from peers e33c77487481443b9a8f6761a1d567e7 (127.13.159.129:37683), e31b4347763f4104817b8cf3080506ae (127.13.159.131:38973)
I20260709 12:20:15.494968 15163 raft_consensus.cc:2468] T 48dc110b47444f25b8e94c541b670adb P e33c77487481443b9a8f6761a1d567e7 [term 1 FOLLOWER]: Leader election vote request: Granting yes vote for candidate 69f1a4ace4594a7aa102265c7ab67232 in term 1.
I20260709 12:20:15.497939 15202 leader_election.cc:304] T 48dc110b47444f25b8e94c541b670adb P 69f1a4ace4594a7aa102265c7ab67232 [CANDIDATE]: Term 1 election: Election decided. Result: candidate won. Election summary: received 2 responses out of 3 voters: 2 yes votes; 0 no votes. yes voters: 69f1a4ace4594a7aa102265c7ab67232, e33c77487481443b9a8f6761a1d567e7; no voters: 
I20260709 12:20:15.498023 15312 tablet_service.cc:1917] Received RequestConsensusVote() RPC: tablet_id: "48dc110b47444f25b8e94c541b670adb" candidate_uuid: "69f1a4ace4594a7aa102265c7ab67232" candidate_term: 1 candidate_status { last_received { term: 0 index: 0 } } ignore_live_leader: false dest_uuid: "e31b4347763f4104817b8cf3080506ae"
I20260709 12:20:15.498623 15312 raft_consensus.cc:3060] T 48dc110b47444f25b8e94c541b670adb P e31b4347763f4104817b8cf3080506ae [term 0 FOLLOWER]: Advancing to term 1
I20260709 12:20:15.502820 15423 raft_consensus.cc:2804] T 48dc110b47444f25b8e94c541b670adb P 69f1a4ace4594a7aa102265c7ab67232 [term 1 FOLLOWER]: Leader election won for term 1
I20260709 12:20:15.503288 15423 raft_consensus.cc:697] T 48dc110b47444f25b8e94c541b670adb P 69f1a4ace4594a7aa102265c7ab67232 [term 1 LEADER]: Becoming Leader. State: Replica: 69f1a4ace4594a7aa102265c7ab67232, State: Running, Role: LEADER
I20260709 12:20:15.504011 15423 consensus_queue.cc:237] T 48dc110b47444f25b8e94c541b670adb P 69f1a4ace4594a7aa102265c7ab67232 [LEADER]: Queue going to LEADER mode. State: All replicated index: 0, Majority replicated index: 0, Committed index: 0, Last appended: 0.0, Last appended by leader: 0, Current term: 1, Majority size: 2, State: 0, Mode: LEADER, active raft config: opid_index: -1 OBSOLETE_local: false peers { permanent_uuid: "e33c77487481443b9a8f6761a1d567e7" member_type: VOTER last_known_addr { host: "127.13.159.129" port: 37683 } } peers { permanent_uuid: "69f1a4ace4594a7aa102265c7ab67232" member_type: VOTER last_known_addr { host: "127.13.159.130" port: 33855 } } peers { permanent_uuid: "e31b4347763f4104817b8cf3080506ae" member_type: VOTER last_known_addr { host: "127.13.159.131" port: 38973 } }
I20260709 12:20:15.509196 15363 consensus_queue.cc:1048] T e1914eb65c58461394a16735dd981b7f P e31b4347763f4104817b8cf3080506ae [LEADER]: Connected to new peer: Peer: permanent_uuid: "e33c77487481443b9a8f6761a1d567e7" member_type: VOTER last_known_addr { host: "127.13.159.129" port: 37683 }, Status: LMP_MISMATCH, Last received: 0.0, Next index: 1, Last known committed idx: 0, Time since last communication: 0.000s
I20260709 12:20:15.516225 15128 leader_election.cc:304] T c6c4b874ae9548048af35bf7f58e2a52 P e33c77487481443b9a8f6761a1d567e7 [CANDIDATE]: Term 1 election: Election decided. Result: candidate won. Election summary: received 2 responses out of 3 voters: 2 yes votes; 0 no votes. yes voters: 69f1a4ace4594a7aa102265c7ab67232, e33c77487481443b9a8f6761a1d567e7; no voters: 
I20260709 12:20:15.517211 15359 raft_consensus.cc:2804] T c6c4b874ae9548048af35bf7f58e2a52 P e33c77487481443b9a8f6761a1d567e7 [term 1 FOLLOWER]: Leader election won for term 1
I20260709 12:20:15.517750 15359 raft_consensus.cc:697] T c6c4b874ae9548048af35bf7f58e2a52 P e33c77487481443b9a8f6761a1d567e7 [term 1 LEADER]: Becoming Leader. State: Replica: e33c77487481443b9a8f6761a1d567e7, State: Running, Role: LEADER
I20260709 12:20:15.519469 15352 consensus_queue.cc:260] T 396703cdbe6b4750b4cd21d335b6f6e7 P 69f1a4ace4594a7aa102265c7ab67232 [NON_LEADER]: Queue going to NON_LEADER mode. State: All replicated index: 0, Majority replicated index: 0, Committed index: 0, Last appended: 0.0, Last appended by leader: 0, Current term: 0, Majority size: -1, State: 0, Mode: NON_LEADER, active raft config: opid_index: -1 OBSOLETE_local: false peers { permanent_uuid: "e33c77487481443b9a8f6761a1d567e7" member_type: VOTER last_known_addr { host: "127.13.159.129" port: 37683 } } peers { permanent_uuid: "69f1a4ace4594a7aa102265c7ab67232" member_type: VOTER last_known_addr { host: "127.13.159.130" port: 33855 } } peers { permanent_uuid: "e31b4347763f4104817b8cf3080506ae" member_type: VOTER last_known_addr { host: "127.13.159.131" port: 38973 } }
I20260709 12:20:15.518664 15359 consensus_queue.cc:237] T c6c4b874ae9548048af35bf7f58e2a52 P e33c77487481443b9a8f6761a1d567e7 [LEADER]: Queue going to LEADER mode. State: All replicated index: 0, Majority replicated index: 0, Committed index: 0, Last appended: 0.0, Last appended by leader: 0, Current term: 1, Majority size: 2, State: 0, Mode: LEADER, active raft config: opid_index: -1 OBSOLETE_local: false peers { permanent_uuid: "e33c77487481443b9a8f6761a1d567e7" member_type: VOTER last_known_addr { host: "127.13.159.129" port: 37683 } } peers { permanent_uuid: "69f1a4ace4594a7aa102265c7ab67232" member_type: VOTER last_known_addr { host: "127.13.159.130" port: 33855 } } peers { permanent_uuid: "e31b4347763f4104817b8cf3080506ae" member_type: VOTER last_known_addr { host: "127.13.159.131" port: 38973 } }
W20260709 12:20:15.537958 15128 leader_election.cc:343] T c6c4b874ae9548048af35bf7f58e2a52 P e33c77487481443b9a8f6761a1d567e7 [CANDIDATE]: Term 1 election: Tablet error from VoteRequest() call to peer e31b4347763f4104817b8cf3080506ae (127.13.159.131:38973): Illegal state: must be running to vote when last-logged opid is not known
I20260709 12:20:15.539619 15352 ts_tablet_manager.cc:1434] T 396703cdbe6b4750b4cd21d335b6f6e7 P 69f1a4ace4594a7aa102265c7ab67232: Time spent starting tablet: real 0.067s	user 0.007s	sys 0.003s
I20260709 12:20:15.566417 15308 tablet_service.cc:1917] Received RequestConsensusVote() RPC: tablet_id: "cb3ca6e2053c438eb498c31f34a0b511" candidate_uuid: "e33c77487481443b9a8f6761a1d567e7" candidate_term: 1 candidate_status { last_received { term: 0 index: 0 } } ignore_live_leader: false dest_uuid: "e31b4347763f4104817b8cf3080506ae"
I20260709 12:20:15.574596 15308 raft_consensus.cc:3060] T cb3ca6e2053c438eb498c31f34a0b511 P e31b4347763f4104817b8cf3080506ae [term 0 FOLLOWER]: Advancing to term 1
I20260709 12:20:15.591624 15352 tablet_bootstrap.cc:492] T 9e83783ba82047af96d090e6d448b5f2 P 69f1a4ace4594a7aa102265c7ab67232: Bootstrap starting.
I20260709 12:20:15.593005 15354 tablet_bootstrap.cc:492] T 370b80270b1148cc9472dcdc695172bc P e31b4347763f4104817b8cf3080506ae: No bootstrap required, opened a new log
I20260709 12:20:15.593508 15354 ts_tablet_manager.cc:1403] T 370b80270b1148cc9472dcdc695172bc P e31b4347763f4104817b8cf3080506ae: Time spent bootstrapping tablet: real 0.118s	user 0.031s	sys 0.013s
I20260709 12:20:15.600168 15312 raft_consensus.cc:2468] T 48dc110b47444f25b8e94c541b670adb P e31b4347763f4104817b8cf3080506ae [term 1 FOLLOWER]: Leader election vote request: Granting yes vote for candidate 69f1a4ace4594a7aa102265c7ab67232 in term 1.
I20260709 12:20:15.616802 15308 raft_consensus.cc:2468] T cb3ca6e2053c438eb498c31f34a0b511 P e31b4347763f4104817b8cf3080506ae [term 1 FOLLOWER]: Leader election vote request: Granting yes vote for candidate e33c77487481443b9a8f6761a1d567e7 in term 1.
I20260709 12:20:15.622471 15354 raft_consensus.cc:359] T 370b80270b1148cc9472dcdc695172bc P e31b4347763f4104817b8cf3080506ae [term 0 FOLLOWER]: Replica starting. Triggering 0 pending ops. Active config: opid_index: -1 OBSOLETE_local: false peers { permanent_uuid: "e33c77487481443b9a8f6761a1d567e7" member_type: VOTER last_known_addr { host: "127.13.159.129" port: 37683 } } peers { permanent_uuid: "69f1a4ace4594a7aa102265c7ab67232" member_type: VOTER last_known_addr { host: "127.13.159.130" port: 33855 } } peers { permanent_uuid: "e31b4347763f4104817b8cf3080506ae" member_type: VOTER last_known_addr { host: "127.13.159.131" port: 38973 } }
I20260709 12:20:15.625540 15615 consensus_queue.cc:1048] T 7647617f275a41cb80ba41fa8502360e P 69f1a4ace4594a7aa102265c7ab67232 [LEADER]: Connected to new peer: Peer: permanent_uuid: "e33c77487481443b9a8f6761a1d567e7" member_type: VOTER last_known_addr { host: "127.13.159.129" port: 37683 }, Status: LMP_MISMATCH, Last received: 0.0, Next index: 1, Last known committed idx: 0, Time since last communication: 0.000s
I20260709 12:20:15.626049 15354 raft_consensus.cc:385] T 370b80270b1148cc9472dcdc695172bc P e31b4347763f4104817b8cf3080506ae [term 0 FOLLOWER]: Consensus starting up: Expiring failure detector timer to make a prompt election more likely
I20260709 12:20:15.626453 15354 raft_consensus.cc:740] T 370b80270b1148cc9472dcdc695172bc P e31b4347763f4104817b8cf3080506ae [term 0 FOLLOWER]: Becoming Follower/Learner. State: Replica: e31b4347763f4104817b8cf3080506ae, State: Initialized, Role: FOLLOWER
I20260709 12:20:15.626917 15061 catalog_manager.cc:5697] T 48dc110b47444f25b8e94c541b670adb P 69f1a4ace4594a7aa102265c7ab67232 reported cstate change: term changed from 0 to 1, leader changed from <none> to 69f1a4ace4594a7aa102265c7ab67232 (127.13.159.130). New cstate: current_term: 1 leader_uuid: "69f1a4ace4594a7aa102265c7ab67232" committed_config { opid_index: -1 OBSOLETE_local: false peers { permanent_uuid: "e33c77487481443b9a8f6761a1d567e7" member_type: VOTER last_known_addr { host: "127.13.159.129" port: 37683 } health_report { overall_health: UNKNOWN } } peers { permanent_uuid: "69f1a4ace4594a7aa102265c7ab67232" member_type: VOTER last_known_addr { host: "127.13.159.130" port: 33855 } health_report { overall_health: HEALTHY } } peers { permanent_uuid: "e31b4347763f4104817b8cf3080506ae" member_type: VOTER last_known_addr { host: "127.13.159.131" port: 38973 } health_report { overall_health: UNKNOWN } } }
I20260709 12:20:15.627133 15354 consensus_queue.cc:260] T 370b80270b1148cc9472dcdc695172bc P e31b4347763f4104817b8cf3080506ae [NON_LEADER]: Queue going to NON_LEADER mode. State: All replicated index: 0, Majority replicated index: 0, Committed index: 0, Last appended: 0.0, Last appended by leader: 0, Current term: 0, Majority size: -1, State: 0, Mode: NON_LEADER, active raft config: opid_index: -1 OBSOLETE_local: false peers { permanent_uuid: "e33c77487481443b9a8f6761a1d567e7" member_type: VOTER last_known_addr { host: "127.13.159.129" port: 37683 } } peers { permanent_uuid: "69f1a4ace4594a7aa102265c7ab67232" member_type: VOTER last_known_addr { host: "127.13.159.130" port: 33855 } } peers { permanent_uuid: "e31b4347763f4104817b8cf3080506ae" member_type: VOTER last_known_addr { host: "127.13.159.131" port: 38973 } }
I20260709 12:20:15.636695 15354 ts_tablet_manager.cc:1434] T 370b80270b1148cc9472dcdc695172bc P e31b4347763f4104817b8cf3080506ae: Time spent starting tablet: real 0.043s	user 0.006s	sys 0.000s
I20260709 12:20:15.637444 15354 tablet_bootstrap.cc:492] T 03c1fca14d5b4f39bb95d790b1150c70 P e31b4347763f4104817b8cf3080506ae: Bootstrap starting.
I20260709 12:20:15.639587 15353 tablet_bootstrap.cc:492] T b8546d2cb00649a29f80c7a484a472c8 P e33c77487481443b9a8f6761a1d567e7: No bootstrap required, opened a new log
I20260709 12:20:15.640019 15353 ts_tablet_manager.cc:1403] T b8546d2cb00649a29f80c7a484a472c8 P e33c77487481443b9a8f6761a1d567e7: Time spent bootstrapping tablet: real 0.155s	user 0.028s	sys 0.032s
I20260709 12:20:15.648823 15353 raft_consensus.cc:359] T b8546d2cb00649a29f80c7a484a472c8 P e33c77487481443b9a8f6761a1d567e7 [term 0 FOLLOWER]: Replica starting. Triggering 0 pending ops. Active config: opid_index: -1 OBSOLETE_local: false peers { permanent_uuid: "e33c77487481443b9a8f6761a1d567e7" member_type: VOTER last_known_addr { host: "127.13.159.129" port: 37683 } } peers { permanent_uuid: "69f1a4ace4594a7aa102265c7ab67232" member_type: VOTER last_known_addr { host: "127.13.159.130" port: 33855 } } peers { permanent_uuid: "e31b4347763f4104817b8cf3080506ae" member_type: VOTER last_known_addr { host: "127.13.159.131" port: 38973 } }
I20260709 12:20:15.649488 15353 raft_consensus.cc:385] T b8546d2cb00649a29f80c7a484a472c8 P e33c77487481443b9a8f6761a1d567e7 [term 0 FOLLOWER]: Consensus starting up: Expiring failure detector timer to make a prompt election more likely
I20260709 12:20:15.649873 15353 raft_consensus.cc:740] T b8546d2cb00649a29f80c7a484a472c8 P e33c77487481443b9a8f6761a1d567e7 [term 0 FOLLOWER]: Becoming Follower/Learner. State: Replica: e33c77487481443b9a8f6761a1d567e7, State: Initialized, Role: FOLLOWER
I20260709 12:20:15.650535 15353 consensus_queue.cc:260] T b8546d2cb00649a29f80c7a484a472c8 P e33c77487481443b9a8f6761a1d567e7 [NON_LEADER]: Queue going to NON_LEADER mode. State: All replicated index: 0, Majority replicated index: 0, Committed index: 0, Last appended: 0.0, Last appended by leader: 0, Current term: 0, Majority size: -1, State: 0, Mode: NON_LEADER, active raft config: opid_index: -1 OBSOLETE_local: false peers { permanent_uuid: "e33c77487481443b9a8f6761a1d567e7" member_type: VOTER last_known_addr { host: "127.13.159.129" port: 37683 } } peers { permanent_uuid: "69f1a4ace4594a7aa102265c7ab67232" member_type: VOTER last_known_addr { host: "127.13.159.130" port: 33855 } } peers { permanent_uuid: "e31b4347763f4104817b8cf3080506ae" member_type: VOTER last_known_addr { host: "127.13.159.131" port: 38973 } }
I20260709 12:20:15.653824 15352 tablet_bootstrap.cc:654] T 9e83783ba82047af96d090e6d448b5f2 P 69f1a4ace4594a7aa102265c7ab67232: Neither blocks nor log segments found. Creating new log.
I20260709 12:20:15.655946 15353 ts_tablet_manager.cc:1434] T b8546d2cb00649a29f80c7a484a472c8 P e33c77487481443b9a8f6761a1d567e7: Time spent starting tablet: real 0.016s	user 0.005s	sys 0.001s
I20260709 12:20:15.656970 15056 catalog_manager.cc:5697] T c6c4b874ae9548048af35bf7f58e2a52 P e33c77487481443b9a8f6761a1d567e7 reported cstate change: term changed from 0 to 1, leader changed from <none> to e33c77487481443b9a8f6761a1d567e7 (127.13.159.129). New cstate: current_term: 1 leader_uuid: "e33c77487481443b9a8f6761a1d567e7" committed_config { opid_index: -1 OBSOLETE_local: false peers { permanent_uuid: "e33c77487481443b9a8f6761a1d567e7" member_type: VOTER last_known_addr { host: "127.13.159.129" port: 37683 } health_report { overall_health: HEALTHY } } peers { permanent_uuid: "69f1a4ace4594a7aa102265c7ab67232" member_type: VOTER last_known_addr { host: "127.13.159.130" port: 33855 } health_report { overall_health: UNKNOWN } } peers { permanent_uuid: "e31b4347763f4104817b8cf3080506ae" member_type: VOTER last_known_addr { host: "127.13.159.131" port: 38973 } health_report { overall_health: UNKNOWN } } }
I20260709 12:20:15.658228 15353 tablet_bootstrap.cc:492] T 9c3c42946b7d4074917c68d6857164f6 P e33c77487481443b9a8f6761a1d567e7: Bootstrap starting.
I20260709 12:20:15.656994 15653 raft_consensus.cc:493] T 6b526ee83a4c4ca5a2911f35d11331f3 P e33c77487481443b9a8f6761a1d567e7 [term 0 FOLLOWER]: Starting pre-election (no leader contacted us within the election timeout)
I20260709 12:20:15.663084 15653 raft_consensus.cc:515] T 6b526ee83a4c4ca5a2911f35d11331f3 P e33c77487481443b9a8f6761a1d567e7 [term 0 FOLLOWER]: Starting pre-election with config: opid_index: -1 OBSOLETE_local: false peers { permanent_uuid: "e33c77487481443b9a8f6761a1d567e7" member_type: VOTER last_known_addr { host: "127.13.159.129" port: 37683 } } peers { permanent_uuid: "69f1a4ace4594a7aa102265c7ab67232" member_type: VOTER last_known_addr { host: "127.13.159.130" port: 33855 } } peers { permanent_uuid: "e31b4347763f4104817b8cf3080506ae" member_type: VOTER last_known_addr { host: "127.13.159.131" port: 38973 } }
I20260709 12:20:15.665153 15653 leader_election.cc:290] T 6b526ee83a4c4ca5a2911f35d11331f3 P e33c77487481443b9a8f6761a1d567e7 [CANDIDATE]: Term 1 pre-election: Requested pre-vote from peers 69f1a4ace4594a7aa102265c7ab67232 (127.13.159.130:33855), e31b4347763f4104817b8cf3080506ae (127.13.159.131:38973)
I20260709 12:20:15.668249 15233 tablet_service.cc:1917] Received RequestConsensusVote() RPC: tablet_id: "6b526ee83a4c4ca5a2911f35d11331f3" candidate_uuid: "e33c77487481443b9a8f6761a1d567e7" candidate_term: 1 candidate_status { last_received { term: 0 index: 0 } } ignore_live_leader: false dest_uuid: "69f1a4ace4594a7aa102265c7ab67232" is_pre_election: true
I20260709 12:20:15.669559 15308 tablet_service.cc:1917] Received RequestConsensusVote() RPC: tablet_id: "6b526ee83a4c4ca5a2911f35d11331f3" candidate_uuid: "e33c77487481443b9a8f6761a1d567e7" candidate_term: 1 candidate_status { last_received { term: 0 index: 0 } } ignore_live_leader: false dest_uuid: "e31b4347763f4104817b8cf3080506ae" is_pre_election: true
W20260709 12:20:15.672065 15128 leader_election.cc:343] T 6b526ee83a4c4ca5a2911f35d11331f3 P e33c77487481443b9a8f6761a1d567e7 [CANDIDATE]: Term 1 pre-election: Tablet error from VoteRequest() call to peer e31b4347763f4104817b8cf3080506ae (127.13.159.131:38973): Illegal state: must be running to vote when last-logged opid is not known
W20260709 12:20:15.673488 15128 leader_election.cc:343] T 6b526ee83a4c4ca5a2911f35d11331f3 P e33c77487481443b9a8f6761a1d567e7 [CANDIDATE]: Term 1 pre-election: Tablet error from VoteRequest() call to peer 69f1a4ace4594a7aa102265c7ab67232 (127.13.159.130:33855): Illegal state: must be running to vote when last-logged opid is not known
I20260709 12:20:15.674075 15128 leader_election.cc:304] T 6b526ee83a4c4ca5a2911f35d11331f3 P e33c77487481443b9a8f6761a1d567e7 [CANDIDATE]: Term 1 pre-election: Election decided. Result: candidate lost. Election summary: received 3 responses out of 3 voters: 1 yes votes; 2 no votes. yes voters: e33c77487481443b9a8f6761a1d567e7; no voters: 69f1a4ace4594a7aa102265c7ab67232, e31b4347763f4104817b8cf3080506ae
I20260709 12:20:15.675041 15359 raft_consensus.cc:2749] T 6b526ee83a4c4ca5a2911f35d11331f3 P e33c77487481443b9a8f6761a1d567e7 [term 0 FOLLOWER]: Leader pre-election lost for term 1. Reason: could not achieve majority
I20260709 12:20:15.693761 15653 raft_consensus.cc:493] T b8546d2cb00649a29f80c7a484a472c8 P e33c77487481443b9a8f6761a1d567e7 [term 0 FOLLOWER]: Starting pre-election (no leader contacted us within the election timeout)
I20260709 12:20:15.695086 15353 tablet_bootstrap.cc:654] T 9c3c42946b7d4074917c68d6857164f6 P e33c77487481443b9a8f6761a1d567e7: Neither blocks nor log segments found. Creating new log.
I20260709 12:20:15.694290 15653 raft_consensus.cc:515] T b8546d2cb00649a29f80c7a484a472c8 P e33c77487481443b9a8f6761a1d567e7 [term 0 FOLLOWER]: Starting pre-election with config: opid_index: -1 OBSOLETE_local: false peers { permanent_uuid: "e33c77487481443b9a8f6761a1d567e7" member_type: VOTER last_known_addr { host: "127.13.159.129" port: 37683 } } peers { permanent_uuid: "69f1a4ace4594a7aa102265c7ab67232" member_type: VOTER last_known_addr { host: "127.13.159.130" port: 33855 } } peers { permanent_uuid: "e31b4347763f4104817b8cf3080506ae" member_type: VOTER last_known_addr { host: "127.13.159.131" port: 38973 } }
I20260709 12:20:15.698427 15653 leader_election.cc:290] T b8546d2cb00649a29f80c7a484a472c8 P e33c77487481443b9a8f6761a1d567e7 [CANDIDATE]: Term 1 pre-election: Requested pre-vote from peers 69f1a4ace4594a7aa102265c7ab67232 (127.13.159.130:33855), e31b4347763f4104817b8cf3080506ae (127.13.159.131:38973)
I20260709 12:20:15.704541 15235 tablet_service.cc:1917] Received RequestConsensusVote() RPC: tablet_id: "b8546d2cb00649a29f80c7a484a472c8" candidate_uuid: "e33c77487481443b9a8f6761a1d567e7" candidate_term: 1 candidate_status { last_received { term: 0 index: 0 } } ignore_live_leader: false dest_uuid: "69f1a4ace4594a7aa102265c7ab67232" is_pre_election: true
I20260709 12:20:15.706615 15308 tablet_service.cc:1917] Received RequestConsensusVote() RPC: tablet_id: "b8546d2cb00649a29f80c7a484a472c8" candidate_uuid: "e33c77487481443b9a8f6761a1d567e7" candidate_term: 1 candidate_status { last_received { term: 0 index: 0 } } ignore_live_leader: false dest_uuid: "e31b4347763f4104817b8cf3080506ae" is_pre_election: true
I20260709 12:20:15.707242 15308 raft_consensus.cc:2468] T b8546d2cb00649a29f80c7a484a472c8 P e31b4347763f4104817b8cf3080506ae [term 0 FOLLOWER]: Leader pre-election vote request: Granting yes vote for candidate e33c77487481443b9a8f6761a1d567e7 in term 0.
I20260709 12:20:15.707623 15354 tablet_bootstrap.cc:654] T 03c1fca14d5b4f39bb95d790b1150c70 P e31b4347763f4104817b8cf3080506ae: Neither blocks nor log segments found. Creating new log.
I20260709 12:20:15.709144 15128 leader_election.cc:304] T b8546d2cb00649a29f80c7a484a472c8 P e33c77487481443b9a8f6761a1d567e7 [CANDIDATE]: Term 1 pre-election: Election decided. Result: candidate won. Election summary: received 2 responses out of 3 voters: 2 yes votes; 0 no votes. yes voters: e31b4347763f4104817b8cf3080506ae, e33c77487481443b9a8f6761a1d567e7; no voters: 
I20260709 12:20:15.708222 15483 consensus_queue.cc:1048] T 9c3c42946b7d4074917c68d6857164f6 P 69f1a4ace4594a7aa102265c7ab67232 [LEADER]: Connected to new peer: Peer: permanent_uuid: "e31b4347763f4104817b8cf3080506ae" member_type: VOTER last_known_addr { host: "127.13.159.131" port: 38973 }, Status: LMP_MISMATCH, Last received: 0.0, Next index: 1, Last known committed idx: 0, Time since last communication: 0.002s
W20260709 12:20:15.709971 15128 leader_election.cc:343] T b8546d2cb00649a29f80c7a484a472c8 P e33c77487481443b9a8f6761a1d567e7 [CANDIDATE]: Term 1 pre-election: Tablet error from VoteRequest() call to peer 69f1a4ace4594a7aa102265c7ab67232 (127.13.159.130:33855): Illegal state: must be running to vote when last-logged opid is not known
I20260709 12:20:15.709929 15653 raft_consensus.cc:2804] T b8546d2cb00649a29f80c7a484a472c8 P e33c77487481443b9a8f6761a1d567e7 [term 0 FOLLOWER]: Leader pre-election won for term 1
I20260709 12:20:15.711489 15653 raft_consensus.cc:493] T b8546d2cb00649a29f80c7a484a472c8 P e33c77487481443b9a8f6761a1d567e7 [term 0 FOLLOWER]: Starting leader election (no leader contacted us within the election timeout)
I20260709 12:20:15.711808 15653 raft_consensus.cc:3060] T b8546d2cb00649a29f80c7a484a472c8 P e33c77487481443b9a8f6761a1d567e7 [term 0 FOLLOWER]: Advancing to term 1
I20260709 12:20:15.717371 15653 raft_consensus.cc:515] T b8546d2cb00649a29f80c7a484a472c8 P e33c77487481443b9a8f6761a1d567e7 [term 1 FOLLOWER]: Starting leader election with config: opid_index: -1 OBSOLETE_local: false peers { permanent_uuid: "e33c77487481443b9a8f6761a1d567e7" member_type: VOTER last_known_addr { host: "127.13.159.129" port: 37683 } } peers { permanent_uuid: "69f1a4ace4594a7aa102265c7ab67232" member_type: VOTER last_known_addr { host: "127.13.159.130" port: 33855 } } peers { permanent_uuid: "e31b4347763f4104817b8cf3080506ae" member_type: VOTER last_known_addr { host: "127.13.159.131" port: 38973 } }
I20260709 12:20:15.719755 15352 tablet_bootstrap.cc:492] T 9e83783ba82047af96d090e6d448b5f2 P 69f1a4ace4594a7aa102265c7ab67232: No bootstrap required, opened a new log
I20260709 12:20:15.720321 15352 ts_tablet_manager.cc:1403] T 9e83783ba82047af96d090e6d448b5f2 P 69f1a4ace4594a7aa102265c7ab67232: Time spent bootstrapping tablet: real 0.129s	user 0.007s	sys 0.014s
I20260709 12:20:15.720384 15354 tablet_bootstrap.cc:492] T 03c1fca14d5b4f39bb95d790b1150c70 P e31b4347763f4104817b8cf3080506ae: No bootstrap required, opened a new log
I20260709 12:20:15.720734 15310 tablet_service.cc:1917] Received RequestConsensusVote() RPC: tablet_id: "b8546d2cb00649a29f80c7a484a472c8" candidate_uuid: "e33c77487481443b9a8f6761a1d567e7" candidate_term: 1 candidate_status { last_received { term: 0 index: 0 } } ignore_live_leader: false dest_uuid: "e31b4347763f4104817b8cf3080506ae"
I20260709 12:20:15.721306 15354 ts_tablet_manager.cc:1403] T 03c1fca14d5b4f39bb95d790b1150c70 P e31b4347763f4104817b8cf3080506ae: Time spent bootstrapping tablet: real 0.084s	user 0.010s	sys 0.002s
I20260709 12:20:15.721380 15310 raft_consensus.cc:3060] T b8546d2cb00649a29f80c7a484a472c8 P e31b4347763f4104817b8cf3080506ae [term 0 FOLLOWER]: Advancing to term 1
I20260709 12:20:15.723042 15352 raft_consensus.cc:359] T 9e83783ba82047af96d090e6d448b5f2 P 69f1a4ace4594a7aa102265c7ab67232 [term 0 FOLLOWER]: Replica starting. Triggering 0 pending ops. Active config: opid_index: -1 OBSOLETE_local: false peers { permanent_uuid: "e33c77487481443b9a8f6761a1d567e7" member_type: VOTER last_known_addr { host: "127.13.159.129" port: 37683 } } peers { permanent_uuid: "69f1a4ace4594a7aa102265c7ab67232" member_type: VOTER last_known_addr { host: "127.13.159.130" port: 33855 } } peers { permanent_uuid: "e31b4347763f4104817b8cf3080506ae" member_type: VOTER last_known_addr { host: "127.13.159.131" port: 38973 } }
I20260709 12:20:15.723816 15352 raft_consensus.cc:385] T 9e83783ba82047af96d090e6d448b5f2 P 69f1a4ace4594a7aa102265c7ab67232 [term 0 FOLLOWER]: Consensus starting up: Expiring failure detector timer to make a prompt election more likely
I20260709 12:20:15.724167 15352 raft_consensus.cc:740] T 9e83783ba82047af96d090e6d448b5f2 P 69f1a4ace4594a7aa102265c7ab67232 [term 0 FOLLOWER]: Becoming Follower/Learner. State: Replica: 69f1a4ace4594a7aa102265c7ab67232, State: Initialized, Role: FOLLOWER
I20260709 12:20:15.724411 15354 raft_consensus.cc:359] T 03c1fca14d5b4f39bb95d790b1150c70 P e31b4347763f4104817b8cf3080506ae [term 0 FOLLOWER]: Replica starting. Triggering 0 pending ops. Active config: opid_index: -1 OBSOLETE_local: false peers { permanent_uuid: "e33c77487481443b9a8f6761a1d567e7" member_type: VOTER last_known_addr { host: "127.13.159.129" port: 37683 } } peers { permanent_uuid: "69f1a4ace4594a7aa102265c7ab67232" member_type: VOTER last_known_addr { host: "127.13.159.130" port: 33855 } } peers { permanent_uuid: "e31b4347763f4104817b8cf3080506ae" member_type: VOTER last_known_addr { host: "127.13.159.131" port: 38973 } }
I20260709 12:20:15.725320 15354 raft_consensus.cc:385] T 03c1fca14d5b4f39bb95d790b1150c70 P e31b4347763f4104817b8cf3080506ae [term 0 FOLLOWER]: Consensus starting up: Expiring failure detector timer to make a prompt election more likely
I20260709 12:20:15.726269 15354 raft_consensus.cc:740] T 03c1fca14d5b4f39bb95d790b1150c70 P e31b4347763f4104817b8cf3080506ae [term 0 FOLLOWER]: Becoming Follower/Learner. State: Replica: e31b4347763f4104817b8cf3080506ae, State: Initialized, Role: FOLLOWER
I20260709 12:20:15.720427 15235 tablet_service.cc:1917] Received RequestConsensusVote() RPC: tablet_id: "b8546d2cb00649a29f80c7a484a472c8" candidate_uuid: "e33c77487481443b9a8f6761a1d567e7" candidate_term: 1 candidate_status { last_received { term: 0 index: 0 } } ignore_live_leader: false dest_uuid: "69f1a4ace4594a7aa102265c7ab67232"
I20260709 12:20:15.725136 15352 consensus_queue.cc:260] T 9e83783ba82047af96d090e6d448b5f2 P 69f1a4ace4594a7aa102265c7ab67232 [NON_LEADER]: Queue going to NON_LEADER mode. State: All replicated index: 0, Majority replicated index: 0, Committed index: 0, Last appended: 0.0, Last appended by leader: 0, Current term: 0, Majority size: -1, State: 0, Mode: NON_LEADER, active raft config: opid_index: -1 OBSOLETE_local: false peers { permanent_uuid: "e33c77487481443b9a8f6761a1d567e7" member_type: VOTER last_known_addr { host: "127.13.159.129" port: 37683 } } peers { permanent_uuid: "69f1a4ace4594a7aa102265c7ab67232" member_type: VOTER last_known_addr { host: "127.13.159.130" port: 33855 } } peers { permanent_uuid: "e31b4347763f4104817b8cf3080506ae" member_type: VOTER last_known_addr { host: "127.13.159.131" port: 38973 } }
W20260709 12:20:15.728780 15128 leader_election.cc:343] T b8546d2cb00649a29f80c7a484a472c8 P e33c77487481443b9a8f6761a1d567e7 [CANDIDATE]: Term 1 election: Tablet error from VoteRequest() call to peer 69f1a4ace4594a7aa102265c7ab67232 (127.13.159.130:33855): Illegal state: must be running to vote when last-logged opid is not known
I20260709 12:20:15.729172 15352 ts_tablet_manager.cc:1434] T 9e83783ba82047af96d090e6d448b5f2 P 69f1a4ace4594a7aa102265c7ab67232: Time spent starting tablet: real 0.008s	user 0.006s	sys 0.002s
I20260709 12:20:15.730168 15352 tablet_bootstrap.cc:492] T 02cf88378c584781bd32158510091b8a P 69f1a4ace4594a7aa102265c7ab67232: Bootstrap starting.
I20260709 12:20:15.732554 15353 tablet_bootstrap.cc:492] T 9c3c42946b7d4074917c68d6857164f6 P e33c77487481443b9a8f6761a1d567e7: No bootstrap required, opened a new log
I20260709 12:20:15.732623 15310 raft_consensus.cc:2468] T b8546d2cb00649a29f80c7a484a472c8 P e31b4347763f4104817b8cf3080506ae [term 1 FOLLOWER]: Leader election vote request: Granting yes vote for candidate e33c77487481443b9a8f6761a1d567e7 in term 1.
I20260709 12:20:15.733274 15353 ts_tablet_manager.cc:1403] T 9c3c42946b7d4074917c68d6857164f6 P e33c77487481443b9a8f6761a1d567e7: Time spent bootstrapping tablet: real 0.075s	user 0.009s	sys 0.000s
I20260709 12:20:15.726984 15354 consensus_queue.cc:260] T 03c1fca14d5b4f39bb95d790b1150c70 P e31b4347763f4104817b8cf3080506ae [NON_LEADER]: Queue going to NON_LEADER mode. State: All replicated index: 0, Majority replicated index: 0, Committed index: 0, Last appended: 0.0, Last appended by leader: 0, Current term: 0, Majority size: -1, State: 0, Mode: NON_LEADER, active raft config: opid_index: -1 OBSOLETE_local: false peers { permanent_uuid: "e33c77487481443b9a8f6761a1d567e7" member_type: VOTER last_known_addr { host: "127.13.159.129" port: 37683 } } peers { permanent_uuid: "69f1a4ace4594a7aa102265c7ab67232" member_type: VOTER last_known_addr { host: "127.13.159.130" port: 33855 } } peers { permanent_uuid: "e31b4347763f4104817b8cf3080506ae" member_type: VOTER last_known_addr { host: "127.13.159.131" port: 38973 } }
I20260709 12:20:15.733870 15128 leader_election.cc:304] T b8546d2cb00649a29f80c7a484a472c8 P e33c77487481443b9a8f6761a1d567e7 [CANDIDATE]: Term 1 election: Election decided. Result: candidate won. Election summary: received 3 responses out of 3 voters: 2 yes votes; 1 no votes. yes voters: e31b4347763f4104817b8cf3080506ae, e33c77487481443b9a8f6761a1d567e7; no voters: 69f1a4ace4594a7aa102265c7ab67232
I20260709 12:20:15.734661 15359 raft_consensus.cc:2804] T b8546d2cb00649a29f80c7a484a472c8 P e33c77487481443b9a8f6761a1d567e7 [term 1 FOLLOWER]: Leader election won for term 1
I20260709 12:20:15.735111 15359 raft_consensus.cc:697] T b8546d2cb00649a29f80c7a484a472c8 P e33c77487481443b9a8f6761a1d567e7 [term 1 LEADER]: Becoming Leader. State: Replica: e33c77487481443b9a8f6761a1d567e7, State: Running, Role: LEADER
I20260709 12:20:15.735827 15359 consensus_queue.cc:237] T b8546d2cb00649a29f80c7a484a472c8 P e33c77487481443b9a8f6761a1d567e7 [LEADER]: Queue going to LEADER mode. State: All replicated index: 0, Majority replicated index: 0, Committed index: 0, Last appended: 0.0, Last appended by leader: 0, Current term: 1, Majority size: 2, State: 0, Mode: LEADER, active raft config: opid_index: -1 OBSOLETE_local: false peers { permanent_uuid: "e33c77487481443b9a8f6761a1d567e7" member_type: VOTER last_known_addr { host: "127.13.159.129" port: 37683 } } peers { permanent_uuid: "69f1a4ace4594a7aa102265c7ab67232" member_type: VOTER last_known_addr { host: "127.13.159.130" port: 33855 } } peers { permanent_uuid: "e31b4347763f4104817b8cf3080506ae" member_type: VOTER last_known_addr { host: "127.13.159.131" port: 38973 } }
I20260709 12:20:15.737110 15354 ts_tablet_manager.cc:1434] T 03c1fca14d5b4f39bb95d790b1150c70 P e31b4347763f4104817b8cf3080506ae: Time spent starting tablet: real 0.015s	user 0.006s	sys 0.000s
I20260709 12:20:15.735898 15353 raft_consensus.cc:359] T 9c3c42946b7d4074917c68d6857164f6 P e33c77487481443b9a8f6761a1d567e7 [term 0 FOLLOWER]: Replica starting. Triggering 0 pending ops. Active config: opid_index: -1 OBSOLETE_local: false peers { permanent_uuid: "e33c77487481443b9a8f6761a1d567e7" member_type: VOTER last_known_addr { host: "127.13.159.129" port: 37683 } } peers { permanent_uuid: "69f1a4ace4594a7aa102265c7ab67232" member_type: VOTER last_known_addr { host: "127.13.159.130" port: 33855 } } peers { permanent_uuid: "e31b4347763f4104817b8cf3080506ae" member_type: VOTER last_known_addr { host: "127.13.159.131" port: 38973 } }
I20260709 12:20:15.738592 15653 leader_election.cc:290] T b8546d2cb00649a29f80c7a484a472c8 P e33c77487481443b9a8f6761a1d567e7 [CANDIDATE]: Term 1 election: Requested vote from peers 69f1a4ace4594a7aa102265c7ab67232 (127.13.159.130:33855), e31b4347763f4104817b8cf3080506ae (127.13.159.131:38973)
I20260709 12:20:15.739038 15353 raft_consensus.cc:385] T 9c3c42946b7d4074917c68d6857164f6 P e33c77487481443b9a8f6761a1d567e7 [term 0 FOLLOWER]: Consensus starting up: Expiring failure detector timer to make a prompt election more likely
I20260709 12:20:15.741068 15353 raft_consensus.cc:740] T 9c3c42946b7d4074917c68d6857164f6 P e33c77487481443b9a8f6761a1d567e7 [term 0 FOLLOWER]: Becoming Follower/Learner. State: Replica: e33c77487481443b9a8f6761a1d567e7, State: Initialized, Role: FOLLOWER
I20260709 12:20:15.741592 15354 tablet_bootstrap.cc:492] T c6c4b874ae9548048af35bf7f58e2a52 P e31b4347763f4104817b8cf3080506ae: Bootstrap starting.
I20260709 12:20:15.742071 15353 consensus_queue.cc:260] T 9c3c42946b7d4074917c68d6857164f6 P e33c77487481443b9a8f6761a1d567e7 [NON_LEADER]: Queue going to NON_LEADER mode. State: All replicated index: 0, Majority replicated index: 0, Committed index: 0, Last appended: 0.0, Last appended by leader: 0, Current term: 0, Majority size: -1, State: 0, Mode: NON_LEADER, active raft config: opid_index: -1 OBSOLETE_local: false peers { permanent_uuid: "e33c77487481443b9a8f6761a1d567e7" member_type: VOTER last_known_addr { host: "127.13.159.129" port: 37683 } } peers { permanent_uuid: "69f1a4ace4594a7aa102265c7ab67232" member_type: VOTER last_known_addr { host: "127.13.159.130" port: 33855 } } peers { permanent_uuid: "e31b4347763f4104817b8cf3080506ae" member_type: VOTER last_known_addr { host: "127.13.159.131" port: 38973 } }
I20260709 12:20:15.744864 15353 ts_tablet_manager.cc:1434] T 9c3c42946b7d4074917c68d6857164f6 P e33c77487481443b9a8f6761a1d567e7: Time spent starting tablet: real 0.011s	user 0.005s	sys 0.000s
I20260709 12:20:15.796139 15363 raft_consensus.cc:493] T 5f94068569f048fcb521b269cebd4c54 P e31b4347763f4104817b8cf3080506ae [term 0 FOLLOWER]: Starting pre-election (no leader contacted us within the election timeout)
I20260709 12:20:15.797781 15352 tablet_bootstrap.cc:654] T 02cf88378c584781bd32158510091b8a P 69f1a4ace4594a7aa102265c7ab67232: Neither blocks nor log segments found. Creating new log.
I20260709 12:20:15.798501 15353 tablet_bootstrap.cc:492] T 396703cdbe6b4750b4cd21d335b6f6e7 P e33c77487481443b9a8f6761a1d567e7: Bootstrap starting.
I20260709 12:20:15.797803 15363 raft_consensus.cc:515] T 5f94068569f048fcb521b269cebd4c54 P e31b4347763f4104817b8cf3080506ae [term 0 FOLLOWER]: Starting pre-election with config: opid_index: -1 OBSOLETE_local: false peers { permanent_uuid: "e33c77487481443b9a8f6761a1d567e7" member_type: VOTER last_known_addr { host: "127.13.159.129" port: 37683 } } peers { permanent_uuid: "69f1a4ace4594a7aa102265c7ab67232" member_type: VOTER last_known_addr { host: "127.13.159.130" port: 33855 } } peers { permanent_uuid: "e31b4347763f4104817b8cf3080506ae" member_type: VOTER last_known_addr { host: "127.13.159.131" port: 38973 } }
I20260709 12:20:15.822594 15615 raft_consensus.cc:493] T 9e83783ba82047af96d090e6d448b5f2 P 69f1a4ace4594a7aa102265c7ab67232 [term 0 FOLLOWER]: Starting pre-election (no leader contacted us within the election timeout)
I20260709 12:20:15.823674 15615 raft_consensus.cc:515] T 9e83783ba82047af96d090e6d448b5f2 P 69f1a4ace4594a7aa102265c7ab67232 [term 0 FOLLOWER]: Starting pre-election with config: opid_index: -1 OBSOLETE_local: false peers { permanent_uuid: "e33c77487481443b9a8f6761a1d567e7" member_type: VOTER last_known_addr { host: "127.13.159.129" port: 37683 } } peers { permanent_uuid: "69f1a4ace4594a7aa102265c7ab67232" member_type: VOTER last_known_addr { host: "127.13.159.130" port: 33855 } } peers { permanent_uuid: "e31b4347763f4104817b8cf3080506ae" member_type: VOTER last_known_addr { host: "127.13.159.131" port: 38973 } }
I20260709 12:20:15.857160 15363 leader_election.cc:290] T 5f94068569f048fcb521b269cebd4c54 P e31b4347763f4104817b8cf3080506ae [CANDIDATE]: Term 1 pre-election: Requested pre-vote from peers e33c77487481443b9a8f6761a1d567e7 (127.13.159.129:37683), 69f1a4ace4594a7aa102265c7ab67232 (127.13.159.130:33855)
I20260709 12:20:15.861712 15359 raft_consensus.cc:493] T 370b80270b1148cc9472dcdc695172bc P e33c77487481443b9a8f6761a1d567e7 [term 0 FOLLOWER]: Starting pre-election (no leader contacted us within the election timeout)
I20260709 12:20:15.862423 15359 raft_consensus.cc:515] T 370b80270b1148cc9472dcdc695172bc P e33c77487481443b9a8f6761a1d567e7 [term 0 FOLLOWER]: Starting pre-election with config: opid_index: -1 OBSOLETE_local: false peers { permanent_uuid: "e33c77487481443b9a8f6761a1d567e7" member_type: VOTER last_known_addr { host: "127.13.159.129" port: 37683 } } peers { permanent_uuid: "69f1a4ace4594a7aa102265c7ab67232" member_type: VOTER last_known_addr { host: "127.13.159.130" port: 33855 } } peers { permanent_uuid: "e31b4347763f4104817b8cf3080506ae" member_type: VOTER last_known_addr { host: "127.13.159.131" port: 38973 } }
I20260709 12:20:15.862798 15615 leader_election.cc:290] T 9e83783ba82047af96d090e6d448b5f2 P 69f1a4ace4594a7aa102265c7ab67232 [CANDIDATE]: Term 1 pre-election: Requested pre-vote from peers e33c77487481443b9a8f6761a1d567e7 (127.13.159.129:37683), e31b4347763f4104817b8cf3080506ae (127.13.159.131:38973)
I20260709 12:20:15.864859 15359 leader_election.cc:290] T 370b80270b1148cc9472dcdc695172bc P e33c77487481443b9a8f6761a1d567e7 [CANDIDATE]: Term 1 pre-election: Requested pre-vote from peers 69f1a4ace4594a7aa102265c7ab67232 (127.13.159.130:33855), e31b4347763f4104817b8cf3080506ae (127.13.159.131:38973)
I20260709 12:20:15.865461 15484 raft_consensus.cc:493] T 370b80270b1148cc9472dcdc695172bc P 69f1a4ace4594a7aa102265c7ab67232 [term 0 FOLLOWER]: Starting pre-election (no leader contacted us within the election timeout)
I20260709 12:20:15.866199 15309 tablet_service.cc:1917] Received RequestConsensusVote() RPC: tablet_id: "370b80270b1148cc9472dcdc695172bc" candidate_uuid: "e33c77487481443b9a8f6761a1d567e7" candidate_term: 1 candidate_status { last_received { term: 0 index: 0 } } ignore_live_leader: false dest_uuid: "e31b4347763f4104817b8cf3080506ae" is_pre_election: true
I20260709 12:20:15.866282 15484 raft_consensus.cc:515] T 370b80270b1148cc9472dcdc695172bc P 69f1a4ace4594a7aa102265c7ab67232 [term 0 FOLLOWER]: Starting pre-election with config: opid_index: -1 OBSOLETE_local: false peers { permanent_uuid: "e33c77487481443b9a8f6761a1d567e7" member_type: VOTER last_known_addr { host: "127.13.159.129" port: 37683 } } peers { permanent_uuid: "69f1a4ace4594a7aa102265c7ab67232" member_type: VOTER last_known_addr { host: "127.13.159.130" port: 33855 } } peers { permanent_uuid: "e31b4347763f4104817b8cf3080506ae" member_type: VOTER last_known_addr { host: "127.13.159.131" port: 38973 } }
I20260709 12:20:15.867211 15309 raft_consensus.cc:2468] T 370b80270b1148cc9472dcdc695172bc P e31b4347763f4104817b8cf3080506ae [term 0 FOLLOWER]: Leader pre-election vote request: Granting yes vote for candidate e33c77487481443b9a8f6761a1d567e7 in term 0.
I20260709 12:20:15.869777 15163 tablet_service.cc:1917] Received RequestConsensusVote() RPC: tablet_id: "5f94068569f048fcb521b269cebd4c54" candidate_uuid: "e31b4347763f4104817b8cf3080506ae" candidate_term: 1 candidate_status { last_received { term: 0 index: 0 } } ignore_live_leader: false dest_uuid: "e33c77487481443b9a8f6761a1d567e7" is_pre_election: true
I20260709 12:20:15.870734 15163 raft_consensus.cc:2468] T 5f94068569f048fcb521b269cebd4c54 P e33c77487481443b9a8f6761a1d567e7 [term 0 FOLLOWER]: Leader pre-election vote request: Granting yes vote for candidate e31b4347763f4104817b8cf3080506ae in term 0.
I20260709 12:20:15.872311 15276 leader_election.cc:304] T 5f94068569f048fcb521b269cebd4c54 P e31b4347763f4104817b8cf3080506ae [CANDIDATE]: Term 1 pre-election: Election decided. Result: candidate won. Election summary: received 2 responses out of 3 voters: 2 yes votes; 0 no votes. yes voters: e31b4347763f4104817b8cf3080506ae, e33c77487481443b9a8f6761a1d567e7; no voters: 
I20260709 12:20:15.883558 15128 leader_election.cc:304] T 370b80270b1148cc9472dcdc695172bc P e33c77487481443b9a8f6761a1d567e7 [CANDIDATE]: Term 1 pre-election: Election decided. Result: candidate won. Election summary: received 2 responses out of 3 voters: 2 yes votes; 0 no votes. yes voters: e31b4347763f4104817b8cf3080506ae, e33c77487481443b9a8f6761a1d567e7; no voters: 
I20260709 12:20:15.885721 15359 raft_consensus.cc:2804] T 370b80270b1148cc9472dcdc695172bc P e33c77487481443b9a8f6761a1d567e7 [term 0 FOLLOWER]: Leader pre-election won for term 1
I20260709 12:20:15.886266 15359 raft_consensus.cc:493] T 370b80270b1148cc9472dcdc695172bc P e33c77487481443b9a8f6761a1d567e7 [term 0 FOLLOWER]: Starting leader election (no leader contacted us within the election timeout)
I20260709 12:20:15.888815 15484 leader_election.cc:290] T 370b80270b1148cc9472dcdc695172bc P 69f1a4ace4594a7aa102265c7ab67232 [CANDIDATE]: Term 1 pre-election: Requested pre-vote from peers e33c77487481443b9a8f6761a1d567e7 (127.13.159.129:37683), e31b4347763f4104817b8cf3080506ae (127.13.159.131:38973)
I20260709 12:20:15.886703 15359 raft_consensus.cc:3060] T 370b80270b1148cc9472dcdc695172bc P e33c77487481443b9a8f6761a1d567e7 [term 0 FOLLOWER]: Advancing to term 1
I20260709 12:20:15.897528 15308 tablet_service.cc:1917] Received RequestConsensusVote() RPC: tablet_id: "9e83783ba82047af96d090e6d448b5f2" candidate_uuid: "69f1a4ace4594a7aa102265c7ab67232" candidate_term: 1 candidate_status { last_received { term: 0 index: 0 } } ignore_live_leader: false dest_uuid: "e31b4347763f4104817b8cf3080506ae" is_pre_election: true
I20260709 12:20:15.903007 15162 tablet_service.cc:1917] Received RequestConsensusVote() RPC: tablet_id: "370b80270b1148cc9472dcdc695172bc" candidate_uuid: "69f1a4ace4594a7aa102265c7ab67232" candidate_term: 1 candidate_status { last_received { term: 0 index: 0 } } ignore_live_leader: false dest_uuid: "e33c77487481443b9a8f6761a1d567e7" is_pre_election: true
I20260709 12:20:15.904938 15163 tablet_service.cc:1917] Received RequestConsensusVote() RPC: tablet_id: "9e83783ba82047af96d090e6d448b5f2" candidate_uuid: "69f1a4ace4594a7aa102265c7ab67232" candidate_term: 1 candidate_status { last_received { term: 0 index: 0 } } ignore_live_leader: false dest_uuid: "e33c77487481443b9a8f6761a1d567e7" is_pre_election: true
I20260709 12:20:15.905326 15564 raft_consensus.cc:2804] T 5f94068569f048fcb521b269cebd4c54 P e31b4347763f4104817b8cf3080506ae [term 0 FOLLOWER]: Leader pre-election won for term 1
I20260709 12:20:15.905869 15564 raft_consensus.cc:493] T 5f94068569f048fcb521b269cebd4c54 P e31b4347763f4104817b8cf3080506ae [term 0 FOLLOWER]: Starting leader election (no leader contacted us within the election timeout)
I20260709 12:20:15.906247 15564 raft_consensus.cc:3060] T 5f94068569f048fcb521b269cebd4c54 P e31b4347763f4104817b8cf3080506ae [term 0 FOLLOWER]: Advancing to term 1
I20260709 12:20:15.906589 15161 raft_consensus.cc:3060] T 9c3c42946b7d4074917c68d6857164f6 P e33c77487481443b9a8f6761a1d567e7 [term 0 FOLLOWER]: Advancing to term 1
I20260709 12:20:15.915038 15354 tablet_bootstrap.cc:654] T c6c4b874ae9548048af35bf7f58e2a52 P e31b4347763f4104817b8cf3080506ae: Neither blocks nor log segments found. Creating new log.
W20260709 12:20:15.945027 15203 leader_election.cc:343] T 9e83783ba82047af96d090e6d448b5f2 P 69f1a4ace4594a7aa102265c7ab67232 [CANDIDATE]: Term 1 pre-election: Tablet error from VoteRequest() call to peer e31b4347763f4104817b8cf3080506ae (127.13.159.131:38973): Illegal state: must be running to vote when last-logged opid is not known
I20260709 12:20:16.003456 15309 tablet_service.cc:1917] Received RequestConsensusVote() RPC: tablet_id: "370b80270b1148cc9472dcdc695172bc" candidate_uuid: "69f1a4ace4594a7aa102265c7ab67232" candidate_term: 1 candidate_status { last_received { term: 0 index: 0 } } ignore_live_leader: false dest_uuid: "e31b4347763f4104817b8cf3080506ae" is_pre_election: true
