I20260709 12:20:19.087060  4042 consensus_queue.cc:260] T e029f255cf96482eb49b53e7dc7ed25d P 146eb0cb8a2f4846ae6ef2b8758dd6a6 [NON_LEADER]: Queue going to NON_LEADER mode. State: All replicated index: 0, Majority replicated index: 0, Committed index: 0, Last appended: 0.0, Last appended by leader: 0, Current term: 0, Majority size: -1, State: 0, Mode: NON_LEADER, active raft config: opid_index: -1 OBSOLETE_local: false peers { permanent_uuid: "bd47d64594f743eba2922d79251c1c5c" member_type: VOTER last_known_addr { host: "127.2.157.65" port: 37307 } } peers { permanent_uuid: "146eb0cb8a2f4846ae6ef2b8758dd6a6" member_type: VOTER last_known_addr { host: "127.2.157.66" port: 38799 } } peers { permanent_uuid: "32d706e2535f4fa19a09382d4edac677" member_type: VOTER last_known_addr { host: "127.2.157.67" port: 35865 } }
I20260709 12:20:19.131204  3832 data_dirs.cc:400] Could only allocate 1 dirs of requested 3 for tablet a7d019c5856041bca1afab26bbc6c7a6. 1 dirs total, 0 dirs full, 0 dirs failed
I20260709 12:20:19.132896  4039 tablet_bootstrap.cc:492] T e029f255cf96482eb49b53e7dc7ed25d P 32d706e2535f4fa19a09382d4edac677: No bootstrap required, opened a new log
I20260709 12:20:19.132822  4042 ts_tablet_manager.cc:1434] T e029f255cf96482eb49b53e7dc7ed25d P 146eb0cb8a2f4846ae6ef2b8758dd6a6: Time spent starting tablet: real 0.138s	user 0.007s	sys 0.002s
I20260709 12:20:19.135380  4039 ts_tablet_manager.cc:1403] T e029f255cf96482eb49b53e7dc7ed25d P 32d706e2535f4fa19a09382d4edac677: Time spent bootstrapping tablet: real 0.328s	user 0.027s	sys 0.036s
W20260709 12:20:19.138958  3889 leader_election.cc:343] T 610ee9fca78e4559ab9cde25d14edade P 146eb0cb8a2f4846ae6ef2b8758dd6a6 [CANDIDATE]: Term 1 pre-election: Tablet error from VoteRequest() call to peer 32d706e2535f4fa19a09382d4edac677 (127.2.157.67:35865): Illegal state: must be running to vote when last-logged opid is not known
I20260709 12:20:19.139281  3914 tablet_service.cc:1511] Processing CreateTablet for tablet 1fc77961701c41028cd54ea83719dae9 (DEFAULT_TABLE table=test-workload [id=7c0d40c13c414823aaa0a7d0fb408d5c]), partition=RANGE (key) PARTITION 1273930945 <= VALUES < 1310328972
I20260709 12:20:19.140213  4039 raft_consensus.cc:359] T e029f255cf96482eb49b53e7dc7ed25d P 32d706e2535f4fa19a09382d4edac677 [term 0 FOLLOWER]: Replica starting. Triggering 0 pending ops. Active config: opid_index: -1 OBSOLETE_local: false peers { permanent_uuid: "bd47d64594f743eba2922d79251c1c5c" member_type: VOTER last_known_addr { host: "127.2.157.65" port: 37307 } } peers { permanent_uuid: "146eb0cb8a2f4846ae6ef2b8758dd6a6" member_type: VOTER last_known_addr { host: "127.2.157.66" port: 38799 } } peers { permanent_uuid: "32d706e2535f4fa19a09382d4edac677" member_type: VOTER last_known_addr { host: "127.2.157.67" port: 35865 } }
I20260709 12:20:19.139779  3889 leader_election.cc:304] T 610ee9fca78e4559ab9cde25d14edade P 146eb0cb8a2f4846ae6ef2b8758dd6a6 [CANDIDATE]: Term 1 pre-election: Election decided. Result: candidate lost. Election summary: received 3 responses out of 3 voters: 1 yes votes; 2 no votes. yes voters: 146eb0cb8a2f4846ae6ef2b8758dd6a6; no voters: 32d706e2535f4fa19a09382d4edac677, bd47d64594f743eba2922d79251c1c5c
I20260709 12:20:19.140993  4039 raft_consensus.cc:385] T e029f255cf96482eb49b53e7dc7ed25d P 32d706e2535f4fa19a09382d4edac677 [term 0 FOLLOWER]: Consensus starting up: Expiring failure detector timer to make a prompt election more likely
I20260709 12:20:19.141330  4039 raft_consensus.cc:740] T e029f255cf96482eb49b53e7dc7ed25d P 32d706e2535f4fa19a09382d4edac677 [term 0 FOLLOWER]: Becoming Follower/Learner. State: Replica: 32d706e2535f4fa19a09382d4edac677, State: Initialized, Role: FOLLOWER
I20260709 12:20:19.142258  4052 raft_consensus.cc:2749] T 610ee9fca78e4559ab9cde25d14edade P 146eb0cb8a2f4846ae6ef2b8758dd6a6 [term 0 FOLLOWER]: Leader pre-election lost for term 1. Reason: could not achieve majority
I20260709 12:20:19.142212  4039 consensus_queue.cc:260] T e029f255cf96482eb49b53e7dc7ed25d P 32d706e2535f4fa19a09382d4edac677 [NON_LEADER]: Queue going to NON_LEADER mode. State: All replicated index: 0, Majority replicated index: 0, Committed index: 0, Last appended: 0.0, Last appended by leader: 0, Current term: 0, Majority size: -1, State: 0, Mode: NON_LEADER, active raft config: opid_index: -1 OBSOLETE_local: false peers { permanent_uuid: "bd47d64594f743eba2922d79251c1c5c" member_type: VOTER last_known_addr { host: "127.2.157.65" port: 37307 } } peers { permanent_uuid: "146eb0cb8a2f4846ae6ef2b8758dd6a6" member_type: VOTER last_known_addr { host: "127.2.157.66" port: 38799 } } peers { permanent_uuid: "32d706e2535f4fa19a09382d4edac677" member_type: VOTER last_known_addr { host: "127.2.157.67" port: 35865 } }
W20260709 12:20:19.143318  3815 leader_election.cc:343] T 0fc6b8b0d8114762a0c8cec5e5461a82 P bd47d64594f743eba2922d79251c1c5c [CANDIDATE]: Term 1 pre-election: Tablet error from VoteRequest() call to peer 146eb0cb8a2f4846ae6ef2b8758dd6a6 (127.2.157.66:38799): Illegal state: must be running to vote when last-logged opid is not known
I20260709 12:20:19.144361  3914 data_dirs.cc:400] Could only allocate 1 dirs of requested 3 for tablet 1fc77961701c41028cd54ea83719dae9. 1 dirs total, 0 dirs full, 0 dirs failed
I20260709 12:20:19.153158  4042 tablet_bootstrap.cc:492] T c9cb9cc431d048dd8cfea736da6af5fa P 146eb0cb8a2f4846ae6ef2b8758dd6a6: Bootstrap starting.
I20260709 12:20:19.154057  3997 tablet_service.cc:1917] Received RequestConsensusVote() RPC: tablet_id: "0fc6b8b0d8114762a0c8cec5e5461a82" candidate_uuid: "bd47d64594f743eba2922d79251c1c5c" candidate_term: 1 candidate_status { last_received { term: 0 index: 0 } } ignore_live_leader: false dest_uuid: "32d706e2535f4fa19a09382d4edac677" is_pre_election: true
I20260709 12:20:19.154377  3989 tablet_service.cc:1511] Processing CreateTablet for tablet a7d019c5856041bca1afab26bbc6c7a6 (DEFAULT_TABLE table=test-workload [id=7c0d40c13c414823aaa0a7d0fb408d5c]), partition=RANGE (key) PARTITION 1237532918 <= VALUES < 1273930945
I20260709 12:20:19.154767  3997 raft_consensus.cc:2468] T 0fc6b8b0d8114762a0c8cec5e5461a82 P 32d706e2535f4fa19a09382d4edac677 [term 0 FOLLOWER]: Leader pre-election vote request: Granting yes vote for candidate bd47d64594f743eba2922d79251c1c5c in term 0.
I20260709 12:20:19.156132  3989 data_dirs.cc:400] Could only allocate 1 dirs of requested 3 for tablet a7d019c5856041bca1afab26bbc6c7a6. 1 dirs total, 0 dirs full, 0 dirs failed
I20260709 12:20:19.161011  4039 ts_tablet_manager.cc:1434] T e029f255cf96482eb49b53e7dc7ed25d P 32d706e2535f4fa19a09382d4edac677: Time spent starting tablet: real 0.024s	user 0.005s	sys 0.000s
I20260709 12:20:19.162182  4039 tablet_bootstrap.cc:492] T 2900e71c0212466e8be300d30595c609 P 32d706e2535f4fa19a09382d4edac677: Bootstrap starting.
I20260709 12:20:19.169232  4042 tablet_bootstrap.cc:654] T c9cb9cc431d048dd8cfea736da6af5fa P 146eb0cb8a2f4846ae6ef2b8758dd6a6: Neither blocks nor log segments found. Creating new log.
I20260709 12:20:19.166363  3998 raft_consensus.cc:2468] T f3bacd87db564c3ba5256af726514f84 P 32d706e2535f4fa19a09382d4edac677 [term 1 FOLLOWER]: Leader election vote request: Granting yes vote for candidate bd47d64594f743eba2922d79251c1c5c in term 1.
I20260709 12:20:19.170580  3985 tablet_service.cc:1511] Processing CreateTablet for tablet 1fc77961701c41028cd54ea83719dae9 (DEFAULT_TABLE table=test-workload [id=7c0d40c13c414823aaa0a7d0fb408d5c]), partition=RANGE (key) PARTITION 1273930945 <= VALUES < 1310328972
I20260709 12:20:19.175309  3985 data_dirs.cc:400] Could only allocate 1 dirs of requested 3 for tablet 1fc77961701c41028cd54ea83719dae9. 1 dirs total, 0 dirs full, 0 dirs failed
I20260709 12:20:19.178148  3980 tablet_service.cc:1511] Processing CreateTablet for tablet 88805767597d4bf9bed095ba7d4f4a76 (DEFAULT_TABLE table=test-workload [id=7c0d40c13c414823aaa0a7d0fb408d5c]), partition=RANGE (key) PARTITION 1310328972 <= VALUES < 1346726999
I20260709 12:20:19.179618  3980 data_dirs.cc:400] Could only allocate 1 dirs of requested 3 for tablet 88805767597d4bf9bed095ba7d4f4a76. 1 dirs total, 0 dirs full, 0 dirs failed
I20260709 12:20:19.190909  3909 tablet_service.cc:1511] Processing CreateTablet for tablet 88805767597d4bf9bed095ba7d4f4a76 (DEFAULT_TABLE table=test-workload [id=7c0d40c13c414823aaa0a7d0fb408d5c]), partition=RANGE (key) PARTITION 1310328972 <= VALUES < 1346726999
I20260709 12:20:19.192373  3909 data_dirs.cc:400] Could only allocate 1 dirs of requested 3 for tablet 88805767597d4bf9bed095ba7d4f4a76. 1 dirs total, 0 dirs full, 0 dirs failed
W20260709 12:20:19.194697  4025 tablet.cc:2406] T e029f255cf96482eb49b53e7dc7ed25d P 32d706e2535f4fa19a09382d4edac677: Can't schedule compaction. Clean time has not been advanced past its initial value.
I20260709 12:20:19.123335  3834 tablet_service.cc:1511] Processing CreateTablet for tablet 9b32e0bc8a63482a89916840eae42f8a (DEFAULT_TABLE table=test-workload [id=7c0d40c13c414823aaa0a7d0fb408d5c]), partition=RANGE (key) PARTITION 1201134891 <= VALUES < 1237532918
I20260709 12:20:19.209779  3907 tablet_service.cc:1511] Processing CreateTablet for tablet 58188a85c5c940b2a6a6d9e2640f3b18 (DEFAULT_TABLE table=test-workload [id=7c0d40c13c414823aaa0a7d0fb408d5c]), partition=RANGE (key) PARTITION 1346726999 <= VALUES < 1383125026
I20260709 12:20:19.210990  3907 data_dirs.cc:400] Could only allocate 1 dirs of requested 3 for tablet 58188a85c5c940b2a6a6d9e2640f3b18. 1 dirs total, 0 dirs full, 0 dirs failed
I20260709 12:20:19.213722  3906 tablet_service.cc:1511] Processing CreateTablet for tablet 91a268ae9485472a8208827344502203 (DEFAULT_TABLE table=test-workload [id=7c0d40c13c414823aaa0a7d0fb408d5c]), partition=RANGE (key) PARTITION 1383125026 <= VALUES < 1419523053
I20260709 12:20:19.215039  3906 data_dirs.cc:400] Could only allocate 1 dirs of requested 3 for tablet 91a268ae9485472a8208827344502203. 1 dirs total, 0 dirs full, 0 dirs failed
I20260709 12:20:19.186610  3745 catalog_manager.cc:5697] T 565a1813fc6b4a21aa0897f0624b5122 P 146eb0cb8a2f4846ae6ef2b8758dd6a6 reported cstate change: term changed from 0 to 1, leader changed from <none> to 146eb0cb8a2f4846ae6ef2b8758dd6a6 (127.2.157.66). New cstate: current_term: 1 leader_uuid: "146eb0cb8a2f4846ae6ef2b8758dd6a6" committed_config { opid_index: -1 OBSOLETE_local: false peers { permanent_uuid: "bd47d64594f743eba2922d79251c1c5c" member_type: VOTER last_known_addr { host: "127.2.157.65" port: 37307 } health_report { overall_health: UNKNOWN } } peers { permanent_uuid: "146eb0cb8a2f4846ae6ef2b8758dd6a6" member_type: VOTER last_known_addr { host: "127.2.157.66" port: 38799 } health_report { overall_health: HEALTHY } } peers { permanent_uuid: "32d706e2535f4fa19a09382d4edac677" member_type: VOTER last_known_addr { host: "127.2.157.67" port: 35865 } health_report { overall_health: UNKNOWN } } }
I20260709 12:20:19.217803  3913 tablet_service.cc:1511] Processing CreateTablet for tablet e693a63f62764df9a01acfa82fed09e8 (DEFAULT_TABLE table=test-workload [id=7c0d40c13c414823aaa0a7d0fb408d5c]), partition=RANGE (key) PARTITION 1419523053 <= VALUES < 1455921080
I20260709 12:20:19.219115  3989 tablet_service.cc:1511] Processing CreateTablet for tablet e693a63f62764df9a01acfa82fed09e8 (DEFAULT_TABLE table=test-workload [id=7c0d40c13c414823aaa0a7d0fb408d5c]), partition=RANGE (key) PARTITION 1419523053 <= VALUES < 1455921080
I20260709 12:20:19.220903  3989 data_dirs.cc:400] Could only allocate 1 dirs of requested 3 for tablet e693a63f62764df9a01acfa82fed09e8. 1 dirs total, 0 dirs full, 0 dirs failed
I20260709 12:20:19.219221  3913 data_dirs.cc:400] Could only allocate 1 dirs of requested 3 for tablet e693a63f62764df9a01acfa82fed09e8. 1 dirs total, 0 dirs full, 0 dirs failed
I20260709 12:20:19.222579  3910 tablet_service.cc:1511] Processing CreateTablet for tablet 83b1a4f620064a52bb4a2fb284f00276 (DEFAULT_TABLE table=test-workload [id=7c0d40c13c414823aaa0a7d0fb408d5c]), partition=RANGE (key) PARTITION 1455921080 <= VALUES < 1492319107
I20260709 12:20:19.234248  3910 data_dirs.cc:400] Could only allocate 1 dirs of requested 3 for tablet 83b1a4f620064a52bb4a2fb284f00276. 1 dirs total, 0 dirs full, 0 dirs failed
I20260709 12:20:19.237507  3980 tablet_service.cc:1511] Processing CreateTablet for tablet 58188a85c5c940b2a6a6d9e2640f3b18 (DEFAULT_TABLE table=test-workload [id=7c0d40c13c414823aaa0a7d0fb408d5c]), partition=RANGE (key) PARTITION 1346726999 <= VALUES < 1383125026
I20260709 12:20:19.246575  3980 data_dirs.cc:400] Could only allocate 1 dirs of requested 3 for tablet 58188a85c5c940b2a6a6d9e2640f3b18. 1 dirs total, 0 dirs full, 0 dirs failed
I20260709 12:20:19.242753  4068 raft_consensus.cc:493] T e029f255cf96482eb49b53e7dc7ed25d P 146eb0cb8a2f4846ae6ef2b8758dd6a6 [term 0 FOLLOWER]: Starting pre-election (no leader contacted us within the election timeout)
I20260709 12:20:19.252226  4068 raft_consensus.cc:515] T e029f255cf96482eb49b53e7dc7ed25d P 146eb0cb8a2f4846ae6ef2b8758dd6a6 [term 0 FOLLOWER]: Starting pre-election with config: opid_index: -1 OBSOLETE_local: false peers { permanent_uuid: "bd47d64594f743eba2922d79251c1c5c" member_type: VOTER last_known_addr { host: "127.2.157.65" port: 37307 } } peers { permanent_uuid: "146eb0cb8a2f4846ae6ef2b8758dd6a6" member_type: VOTER last_known_addr { host: "127.2.157.66" port: 38799 } } peers { permanent_uuid: "32d706e2535f4fa19a09382d4edac677" member_type: VOTER last_known_addr { host: "127.2.157.67" port: 35865 } }
I20260709 12:20:19.254422  4068 leader_election.cc:290] T e029f255cf96482eb49b53e7dc7ed25d P 146eb0cb8a2f4846ae6ef2b8758dd6a6 [CANDIDATE]: Term 1 pre-election: Requested pre-vote from peers bd47d64594f743eba2922d79251c1c5c (127.2.157.65:37307), 32d706e2535f4fa19a09382d4edac677 (127.2.157.67:35865)
I20260709 12:20:19.254242  3833 tablet_service.cc:1511] Processing CreateTablet for tablet 1fc77961701c41028cd54ea83719dae9 (DEFAULT_TABLE table=test-workload [id=7c0d40c13c414823aaa0a7d0fb408d5c]), partition=RANGE (key) PARTITION 1273930945 <= VALUES < 1310328972
I20260709 12:20:19.256479  4047 raft_consensus.cc:493] T 2ba6f4e278ba4a6daa236e0b38b36cc0 P bd47d64594f743eba2922d79251c1c5c [term 0 FOLLOWER]: Starting pre-election (no leader contacted us within the election timeout)
I20260709 12:20:19.256983  4047 raft_consensus.cc:515] T 2ba6f4e278ba4a6daa236e0b38b36cc0 P bd47d64594f743eba2922d79251c1c5c [term 0 FOLLOWER]: Starting pre-election with config: opid_index: -1 OBSOLETE_local: false peers { permanent_uuid: "bd47d64594f743eba2922d79251c1c5c" member_type: VOTER last_known_addr { host: "127.2.157.65" port: 37307 } } peers { permanent_uuid: "146eb0cb8a2f4846ae6ef2b8758dd6a6" member_type: VOTER last_known_addr { host: "127.2.157.66" port: 38799 } } peers { permanent_uuid: "32d706e2535f4fa19a09382d4edac677" member_type: VOTER last_known_addr { host: "127.2.157.67" port: 35865 } }
I20260709 12:20:19.263089  3850 tablet_service.cc:1917] Received RequestConsensusVote() RPC: tablet_id: "e029f255cf96482eb49b53e7dc7ed25d" candidate_uuid: "146eb0cb8a2f4846ae6ef2b8758dd6a6" candidate_term: 1 candidate_status { last_received { term: 0 index: 0 } } ignore_live_leader: false dest_uuid: "bd47d64594f743eba2922d79251c1c5c" is_pre_election: true
I20260709 12:20:19.270007  3911 tablet_service.cc:1511] Processing CreateTablet for tablet bbef64c2ac9444d6983c225484fccfda (DEFAULT_TABLE table=test-workload [id=7c0d40c13c414823aaa0a7d0fb408d5c]), partition=RANGE (key) PARTITION 1492319107 <= VALUES < 1528717134
I20260709 12:20:19.264400  3834 data_dirs.cc:400] Could only allocate 1 dirs of requested 3 for tablet 9b32e0bc8a63482a89916840eae42f8a. 1 dirs total, 0 dirs full, 0 dirs failed
I20260709 12:20:19.271885  3850 raft_consensus.cc:2468] T e029f255cf96482eb49b53e7dc7ed25d P bd47d64594f743eba2922d79251c1c5c [term 0 FOLLOWER]: Leader pre-election vote request: Granting yes vote for candidate 146eb0cb8a2f4846ae6ef2b8758dd6a6 in term 0.
I20260709 12:20:19.280962  4047 leader_election.cc:290] T 2ba6f4e278ba4a6daa236e0b38b36cc0 P bd47d64594f743eba2922d79251c1c5c [CANDIDATE]: Term 1 pre-election: Requested pre-vote from peers 146eb0cb8a2f4846ae6ef2b8758dd6a6 (127.2.157.66:38799), 32d706e2535f4fa19a09382d4edac677 (127.2.157.67:35865)
I20260709 12:20:19.280690  3888 leader_election.cc:304] T e029f255cf96482eb49b53e7dc7ed25d P 146eb0cb8a2f4846ae6ef2b8758dd6a6 [CANDIDATE]: Term 1 pre-election: Election decided. Result: candidate won. Election summary: received 2 responses out of 3 voters: 2 yes votes; 0 no votes. yes voters: 146eb0cb8a2f4846ae6ef2b8758dd6a6, bd47d64594f743eba2922d79251c1c5c; no voters: 
I20260709 12:20:19.282333  4042 tablet_bootstrap.cc:492] T c9cb9cc431d048dd8cfea736da6af5fa P 146eb0cb8a2f4846ae6ef2b8758dd6a6: No bootstrap required, opened a new log
I20260709 12:20:19.271899  3814 leader_election.cc:304] T 0fc6b8b0d8114762a0c8cec5e5461a82 P bd47d64594f743eba2922d79251c1c5c [CANDIDATE]: Term 1 pre-election: Election decided. Result: candidate won. Election summary: received 3 responses out of 3 voters: 2 yes votes; 1 no votes. yes voters: 32d706e2535f4fa19a09382d4edac677, bd47d64594f743eba2922d79251c1c5c; no voters: 146eb0cb8a2f4846ae6ef2b8758dd6a6
I20260709 12:20:19.271402  3911 data_dirs.cc:400] Could only allocate 1 dirs of requested 3 for tablet bbef64c2ac9444d6983c225484fccfda. 1 dirs total, 0 dirs full, 0 dirs failed
W20260709 12:20:19.267148  3964 consensus_peers.cc:597] T ce77a1e41f7b43cc965d6fd6976759cd P 32d706e2535f4fa19a09382d4edac677 -> Peer 146eb0cb8a2f4846ae6ef2b8758dd6a6 (127.2.157.66:38799): Couldn't send request to peer 146eb0cb8a2f4846ae6ef2b8758dd6a6. Error code: TABLET_NOT_RUNNING (12). Status: Illegal state: Tablet not RUNNING: INITIALIZED. This is attempt 1: this message will repeat every 5th retry.
I20260709 12:20:19.289810  4068 raft_consensus.cc:2804] T e029f255cf96482eb49b53e7dc7ed25d P 146eb0cb8a2f4846ae6ef2b8758dd6a6 [term 0 FOLLOWER]: Leader pre-election won for term 1
I20260709 12:20:19.291354  3833 data_dirs.cc:400] Could only allocate 1 dirs of requested 3 for tablet 1fc77961701c41028cd54ea83719dae9. 1 dirs total, 0 dirs full, 0 dirs failed
I20260709 12:20:19.291736  4068 raft_consensus.cc:493] T e029f255cf96482eb49b53e7dc7ed25d P 146eb0cb8a2f4846ae6ef2b8758dd6a6 [term 0 FOLLOWER]: Starting leader election (no leader contacted us within the election timeout)
I20260709 12:20:19.292152  4068 raft_consensus.cc:3060] T e029f255cf96482eb49b53e7dc7ed25d P 146eb0cb8a2f4846ae6ef2b8758dd6a6 [term 0 FOLLOWER]: Advancing to term 1
I20260709 12:20:19.291738  4047 raft_consensus.cc:2804] T 0fc6b8b0d8114762a0c8cec5e5461a82 P bd47d64594f743eba2922d79251c1c5c [term 0 FOLLOWER]: Leader pre-election won for term 1
I20260709 12:20:19.296593  4047 raft_consensus.cc:493] T 0fc6b8b0d8114762a0c8cec5e5461a82 P bd47d64594f743eba2922d79251c1c5c [term 0 FOLLOWER]: Starting leader election (no leader contacted us within the election timeout)
I20260709 12:20:19.296983  4047 raft_consensus.cc:3060] T 0fc6b8b0d8114762a0c8cec5e5461a82 P bd47d64594f743eba2922d79251c1c5c [term 0 FOLLOWER]: Advancing to term 1
I20260709 12:20:19.282599  3922 tablet_service.cc:1917] Received RequestConsensusVote() RPC: tablet_id: "2ba6f4e278ba4a6daa236e0b38b36cc0" candidate_uuid: "bd47d64594f743eba2922d79251c1c5c" candidate_term: 1 candidate_status { last_received { term: 0 index: 0 } } ignore_live_leader: false dest_uuid: "146eb0cb8a2f4846ae6ef2b8758dd6a6" is_pre_election: true
W20260709 12:20:19.300748  3815 leader_election.cc:343] T 2ba6f4e278ba4a6daa236e0b38b36cc0 P bd47d64594f743eba2922d79251c1c5c [CANDIDATE]: Term 1 pre-election: Tablet error from VoteRequest() call to peer 146eb0cb8a2f4846ae6ef2b8758dd6a6 (127.2.157.66:38799): Illegal state: must be running to vote when last-logged opid is not known
W20260709 12:20:19.301338  3964 outbound_call.cc:321] RPC callback for RPC call kudu.consensus.ConsensusService.UpdateConsensus -> {remote=127.2.157.66:38799, user_credentials={real_user=slave}} blocked reactor thread for 56330.9us
I20260709 12:20:19.304013  3998 tablet_service.cc:1917] Received RequestConsensusVote() RPC: tablet_id: "e029f255cf96482eb49b53e7dc7ed25d" candidate_uuid: "146eb0cb8a2f4846ae6ef2b8758dd6a6" candidate_term: 1 candidate_status { last_received { term: 0 index: 0 } } ignore_live_leader: false dest_uuid: "32d706e2535f4fa19a09382d4edac677" is_pre_election: true
I20260709 12:20:19.304723  3998 raft_consensus.cc:2468] T e029f255cf96482eb49b53e7dc7ed25d P 32d706e2535f4fa19a09382d4edac677 [term 0 FOLLOWER]: Leader pre-election vote request: Granting yes vote for candidate 146eb0cb8a2f4846ae6ef2b8758dd6a6 in term 0.
I20260709 12:20:19.296104  3909 tablet_service.cc:1511] Processing CreateTablet for tablet d96631b804304cddb7995664610e592d (DEFAULT_TABLE table=test-workload [id=7c0d40c13c414823aaa0a7d0fb408d5c]), partition=RANGE (key) PARTITION 1565115161 <= VALUES < 1601513188
I20260709 12:20:19.306206  3909 data_dirs.cc:400] Could only allocate 1 dirs of requested 3 for tablet d96631b804304cddb7995664610e592d. 1 dirs total, 0 dirs full, 0 dirs failed
I20260709 12:20:19.306945  3986 tablet_service.cc:1511] Processing CreateTablet for tablet 83b1a4f620064a52bb4a2fb284f00276 (DEFAULT_TABLE table=test-workload [id=7c0d40c13c414823aaa0a7d0fb408d5c]), partition=RANGE (key) PARTITION 1455921080 <= VALUES < 1492319107
I20260709 12:20:19.308496  3986 data_dirs.cc:400] Could only allocate 1 dirs of requested 3 for tablet 83b1a4f620064a52bb4a2fb284f00276. 1 dirs total, 0 dirs full, 0 dirs failed
I20260709 12:20:19.290532  4042 ts_tablet_manager.cc:1403] T c9cb9cc431d048dd8cfea736da6af5fa P 146eb0cb8a2f4846ae6ef2b8758dd6a6: Time spent bootstrapping tablet: real 0.138s	user 0.024s	sys 0.048s
I20260709 12:20:19.309280  4068 raft_consensus.cc:515] T e029f255cf96482eb49b53e7dc7ed25d P 146eb0cb8a2f4846ae6ef2b8758dd6a6 [term 1 FOLLOWER]: Starting leader election with config: opid_index: -1 OBSOLETE_local: false peers { permanent_uuid: "bd47d64594f743eba2922d79251c1c5c" member_type: VOTER last_known_addr { host: "127.2.157.65" port: 37307 } } peers { permanent_uuid: "146eb0cb8a2f4846ae6ef2b8758dd6a6" member_type: VOTER last_known_addr { host: "127.2.157.66" port: 38799 } } peers { permanent_uuid: "32d706e2535f4fa19a09382d4edac677" member_type: VOTER last_known_addr { host: "127.2.157.67" port: 35865 } }
I20260709 12:20:19.314489  4047 raft_consensus.cc:515] T 0fc6b8b0d8114762a0c8cec5e5461a82 P bd47d64594f743eba2922d79251c1c5c [term 1 FOLLOWER]: Starting leader election with config: opid_index: -1 OBSOLETE_local: false peers { permanent_uuid: "bd47d64594f743eba2922d79251c1c5c" member_type: VOTER last_known_addr { host: "127.2.157.65" port: 37307 } } peers { permanent_uuid: "146eb0cb8a2f4846ae6ef2b8758dd6a6" member_type: VOTER last_known_addr { host: "127.2.157.66" port: 38799 } } peers { permanent_uuid: "32d706e2535f4fa19a09382d4edac677" member_type: VOTER last_known_addr { host: "127.2.157.67" port: 35865 } }
I20260709 12:20:19.314882  3980 tablet_service.cc:1511] Processing CreateTablet for tablet bbef64c2ac9444d6983c225484fccfda (DEFAULT_TABLE table=test-workload [id=7c0d40c13c414823aaa0a7d0fb408d5c]), partition=RANGE (key) PARTITION 1492319107 <= VALUES < 1528717134
I20260709 12:20:19.316176  3980 data_dirs.cc:400] Could only allocate 1 dirs of requested 3 for tablet bbef64c2ac9444d6983c225484fccfda. 1 dirs total, 0 dirs full, 0 dirs failed
I20260709 12:20:19.317517  3922 tablet_service.cc:1917] Received RequestConsensusVote() RPC: tablet_id: "0fc6b8b0d8114762a0c8cec5e5461a82" candidate_uuid: "bd47d64594f743eba2922d79251c1c5c" candidate_term: 1 candidate_status { last_received { term: 0 index: 0 } } ignore_live_leader: false dest_uuid: "146eb0cb8a2f4846ae6ef2b8758dd6a6"
W20260709 12:20:19.319082  3815 leader_election.cc:343] T 0fc6b8b0d8114762a0c8cec5e5461a82 P bd47d64594f743eba2922d79251c1c5c [CANDIDATE]: Term 1 election: Tablet error from VoteRequest() call to peer 146eb0cb8a2f4846ae6ef2b8758dd6a6 (127.2.157.66:38799): Illegal state: must be running to vote when last-logged opid is not known
I20260709 12:20:19.321015  3983 tablet_service.cc:1511] Processing CreateTablet for tablet 07eb7068067d45559c8b38061e7c8808 (DEFAULT_TABLE table=test-workload [id=7c0d40c13c414823aaa0a7d0fb408d5c]), partition=RANGE (key) PARTITION 1528717134 <= VALUES < 1565115161
I20260709 12:20:19.321596  4039 tablet_bootstrap.cc:654] T 2900e71c0212466e8be300d30595c609 P 32d706e2535f4fa19a09382d4edac677: Neither blocks nor log segments found. Creating new log.
I20260709 12:20:19.322397  3983 data_dirs.cc:400] Could only allocate 1 dirs of requested 3 for tablet 07eb7068067d45559c8b38061e7c8808. 1 dirs total, 0 dirs full, 0 dirs failed
I20260709 12:20:19.322729  4040 tablet_bootstrap.cc:654] T 565a1813fc6b4a21aa0897f0624b5122 P bd47d64594f743eba2922d79251c1c5c: Neither blocks nor log segments found. Creating new log.
I20260709 12:20:19.326203  3984 tablet_service.cc:1511] Processing CreateTablet for tablet 91a268ae9485472a8208827344502203 (DEFAULT_TABLE table=test-workload [id=7c0d40c13c414823aaa0a7d0fb408d5c]), partition=RANGE (key) PARTITION 1383125026 <= VALUES < 1419523053
I20260709 12:20:19.327740  3984 data_dirs.cc:400] Could only allocate 1 dirs of requested 3 for tablet 91a268ae9485472a8208827344502203. 1 dirs total, 0 dirs full, 0 dirs failed
I20260709 12:20:19.328027  4047 leader_election.cc:290] T 0fc6b8b0d8114762a0c8cec5e5461a82 P bd47d64594f743eba2922d79251c1c5c [CANDIDATE]: Term 1 election: Requested vote from peers 146eb0cb8a2f4846ae6ef2b8758dd6a6 (127.2.157.66:38799), 32d706e2535f4fa19a09382d4edac677 (127.2.157.67:35865)
I20260709 12:20:19.329027  3982 tablet_service.cc:1511] Processing CreateTablet for tablet d96631b804304cddb7995664610e592d (DEFAULT_TABLE table=test-workload [id=7c0d40c13c414823aaa0a7d0fb408d5c]), partition=RANGE (key) PARTITION 1565115161 <= VALUES < 1601513188
I20260709 12:20:19.330355  3982 data_dirs.cc:400] Could only allocate 1 dirs of requested 3 for tablet d96631b804304cddb7995664610e592d. 1 dirs total, 0 dirs full, 0 dirs failed
I20260709 12:20:19.332437  3915 tablet_service.cc:1511] Processing CreateTablet for tablet 07eb7068067d45559c8b38061e7c8808 (DEFAULT_TABLE table=test-workload [id=7c0d40c13c414823aaa0a7d0fb408d5c]), partition=RANGE (key) PARTITION 1528717134 <= VALUES < 1565115161
I20260709 12:20:19.333855  3915 data_dirs.cc:400] Could only allocate 1 dirs of requested 3 for tablet 07eb7068067d45559c8b38061e7c8808. 1 dirs total, 0 dirs full, 0 dirs failed
I20260709 12:20:19.336849  4044 consensus_queue.cc:1048] T ce77a1e41f7b43cc965d6fd6976759cd P 32d706e2535f4fa19a09382d4edac677 [LEADER]: Connected to new peer: Peer: permanent_uuid: "bd47d64594f743eba2922d79251c1c5c" member_type: VOTER last_known_addr { host: "127.2.157.65" port: 37307 }, Status: LMP_MISMATCH, Last received: 0.0, Next index: 1, Last known committed idx: 0, Time since last communication: 0.001s
I20260709 12:20:19.341102  3849 tablet_service.cc:1917] Received RequestConsensusVote() RPC: tablet_id: "e029f255cf96482eb49b53e7dc7ed25d" candidate_uuid: "146eb0cb8a2f4846ae6ef2b8758dd6a6" candidate_term: 1 candidate_status { last_received { term: 0 index: 0 } } ignore_live_leader: false dest_uuid: "bd47d64594f743eba2922d79251c1c5c"
I20260709 12:20:19.341363  4068 leader_election.cc:290] T e029f255cf96482eb49b53e7dc7ed25d P 146eb0cb8a2f4846ae6ef2b8758dd6a6 [CANDIDATE]: Term 1 election: Requested vote from peers bd47d64594f743eba2922d79251c1c5c (127.2.157.65:37307), 32d706e2535f4fa19a09382d4edac677 (127.2.157.67:35865)
I20260709 12:20:19.341733  3849 raft_consensus.cc:3060] T e029f255cf96482eb49b53e7dc7ed25d P bd47d64594f743eba2922d79251c1c5c [term 0 FOLLOWER]: Advancing to term 1
I20260709 12:20:19.345965  3998 tablet_service.cc:1917] Received RequestConsensusVote() RPC: tablet_id: "e029f255cf96482eb49b53e7dc7ed25d" candidate_uuid: "146eb0cb8a2f4846ae6ef2b8758dd6a6" candidate_term: 1 candidate_status { last_received { term: 0 index: 0 } } ignore_live_leader: false dest_uuid: "32d706e2535f4fa19a09382d4edac677"
I20260709 12:20:19.346648  3998 raft_consensus.cc:3060] T e029f255cf96482eb49b53e7dc7ed25d P 32d706e2535f4fa19a09382d4edac677 [term 0 FOLLOWER]: Advancing to term 1
I20260709 12:20:19.348918  4042 raft_consensus.cc:359] T c9cb9cc431d048dd8cfea736da6af5fa P 146eb0cb8a2f4846ae6ef2b8758dd6a6 [term 0 FOLLOWER]: Replica starting. Triggering 0 pending ops. Active config: opid_index: -1 OBSOLETE_local: false peers { permanent_uuid: "bd47d64594f743eba2922d79251c1c5c" member_type: VOTER last_known_addr { host: "127.2.157.65" port: 37307 } } peers { permanent_uuid: "146eb0cb8a2f4846ae6ef2b8758dd6a6" member_type: VOTER last_known_addr { host: "127.2.157.66" port: 38799 } } peers { permanent_uuid: "32d706e2535f4fa19a09382d4edac677" member_type: VOTER last_known_addr { host: "127.2.157.67" port: 35865 } }
W20260709 12:20:19.379683  3796 auto_rebalancer.cc:288] Could not retrieve cluster info: Service unavailable: Tablet not running
I20260709 12:20:19.379487  3914 tablet_service.cc:1511] Processing CreateTablet for tablet 125588992e20455d8e0b267fb10d24a7 (DEFAULT_TABLE table=test-workload [id=7c0d40c13c414823aaa0a7d0fb408d5c]), partition=RANGE (key) PARTITION 1601513188 <= VALUES < 1637911215
I20260709 12:20:19.386870  3914 data_dirs.cc:400] Could only allocate 1 dirs of requested 3 for tablet 125588992e20455d8e0b267fb10d24a7. 1 dirs total, 0 dirs full, 0 dirs failed
I20260709 12:20:19.388662  3980 tablet_service.cc:1511] Processing CreateTablet for tablet 125588992e20455d8e0b267fb10d24a7 (DEFAULT_TABLE table=test-workload [id=7c0d40c13c414823aaa0a7d0fb408d5c]), partition=RANGE (key) PARTITION 1601513188 <= VALUES < 1637911215
I20260709 12:20:19.389907  3980 data_dirs.cc:400] Could only allocate 1 dirs of requested 3 for tablet 125588992e20455d8e0b267fb10d24a7. 1 dirs total, 0 dirs full, 0 dirs failed
I20260709 12:20:19.389902  3981 tablet_service.cc:1511] Processing CreateTablet for tablet 63cbbf40cb084518a89acf7f7026e77b (DEFAULT_TABLE table=test-workload [id=7c0d40c13c414823aaa0a7d0fb408d5c]), partition=RANGE (key) PARTITION 1637911215 <= VALUES < 1674309242
I20260709 12:20:19.379762  4042 raft_consensus.cc:385] T c9cb9cc431d048dd8cfea736da6af5fa P 146eb0cb8a2f4846ae6ef2b8758dd6a6 [term 0 FOLLOWER]: Consensus starting up: Expiring failure detector timer to make a prompt election more likely
W20260709 12:20:19.368075  3814 outbound_call.cc:321] RPC callback for RPC call kudu.consensus.ConsensusService.RequestConsensusVote -> {remote=127.2.157.67:35865, user_credentials={real_user=slave}} blocked reactor thread for 103792us
I20260709 12:20:19.392304  3814 leader_election.cc:304] T f3bacd87db564c3ba5256af726514f84 P bd47d64594f743eba2922d79251c1c5c [CANDIDATE]: Term 1 election: Election decided. Result: candidate won. Election summary: received 3 responses out of 3 voters: 2 yes votes; 1 no votes. yes voters: 32d706e2535f4fa19a09382d4edac677, bd47d64594f743eba2922d79251c1c5c; no voters: 146eb0cb8a2f4846ae6ef2b8758dd6a6
I20260709 12:20:19.393117  4047 raft_consensus.cc:2804] T f3bacd87db564c3ba5256af726514f84 P bd47d64594f743eba2922d79251c1c5c [term 1 FOLLOWER]: Leader election won for term 1
I20260709 12:20:19.397377  3836 tablet_service.cc:1511] Processing CreateTablet for tablet 91a268ae9485472a8208827344502203 (DEFAULT_TABLE table=test-workload [id=7c0d40c13c414823aaa0a7d0fb408d5c]), partition=RANGE (key) PARTITION 1383125026 <= VALUES < 1419523053
I20260709 12:20:19.398805  3836 data_dirs.cc:400] Could only allocate 1 dirs of requested 3 for tablet 91a268ae9485472a8208827344502203. 1 dirs total, 0 dirs full, 0 dirs failed
I20260709 12:20:19.398675  3835 tablet_service.cc:1511] Processing CreateTablet for tablet bbef64c2ac9444d6983c225484fccfda (DEFAULT_TABLE table=test-workload [id=7c0d40c13c414823aaa0a7d0fb408d5c]), partition=RANGE (key) PARTITION 1492319107 <= VALUES < 1528717134
I20260709 12:20:19.400285  3835 data_dirs.cc:400] Could only allocate 1 dirs of requested 3 for tablet bbef64c2ac9444d6983c225484fccfda. 1 dirs total, 0 dirs full, 0 dirs failed
I20260709 12:20:19.400516  3838 tablet_service.cc:1511] Processing CreateTablet for tablet e693a63f62764df9a01acfa82fed09e8 (DEFAULT_TABLE table=test-workload [id=7c0d40c13c414823aaa0a7d0fb408d5c]), partition=RANGE (key) PARTITION 1419523053 <= VALUES < 1455921080
I20260709 12:20:19.401782  3838 data_dirs.cc:400] Could only allocate 1 dirs of requested 3 for tablet e693a63f62764df9a01acfa82fed09e8. 1 dirs total, 0 dirs full, 0 dirs failed
I20260709 12:20:19.404682  3831 tablet_service.cc:1511] Processing CreateTablet for tablet 83b1a4f620064a52bb4a2fb284f00276 (DEFAULT_TABLE table=test-workload [id=7c0d40c13c414823aaa0a7d0fb408d5c]), partition=RANGE (key) PARTITION 1455921080 <= VALUES < 1492319107
I20260709 12:20:19.406111  3831 data_dirs.cc:400] Could only allocate 1 dirs of requested 3 for tablet 83b1a4f620064a52bb4a2fb284f00276. 1 dirs total, 0 dirs full, 0 dirs failed
I20260709 12:20:19.409019  3837 tablet_service.cc:1511] Processing CreateTablet for tablet 88805767597d4bf9bed095ba7d4f4a76 (DEFAULT_TABLE table=test-workload [id=7c0d40c13c414823aaa0a7d0fb408d5c]), partition=RANGE (key) PARTITION 1310328972 <= VALUES < 1346726999
I20260709 12:20:19.410319  3837 data_dirs.cc:400] Could only allocate 1 dirs of requested 3 for tablet 88805767597d4bf9bed095ba7d4f4a76. 1 dirs total, 0 dirs full, 0 dirs failed
I20260709 12:20:19.411818  3840 tablet_service.cc:1511] Processing CreateTablet for tablet 07eb7068067d45559c8b38061e7c8808 (DEFAULT_TABLE table=test-workload [id=7c0d40c13c414823aaa0a7d0fb408d5c]), partition=RANGE (key) PARTITION 1528717134 <= VALUES < 1565115161
I20260709 12:20:19.412564  3998 raft_consensus.cc:2468] T e029f255cf96482eb49b53e7dc7ed25d P 32d706e2535f4fa19a09382d4edac677 [term 1 FOLLOWER]: Leader election vote request: Granting yes vote for candidate 146eb0cb8a2f4846ae6ef2b8758dd6a6 in term 1.
I20260709 12:20:19.413116  3840 data_dirs.cc:400] Could only allocate 1 dirs of requested 3 for tablet 07eb7068067d45559c8b38061e7c8808. 1 dirs total, 0 dirs full, 0 dirs failed
I20260709 12:20:19.385447  4040 tablet_bootstrap.cc:492] T 565a1813fc6b4a21aa0897f0624b5122 P bd47d64594f743eba2922d79251c1c5c: No bootstrap required, opened a new log
I20260709 12:20:19.413770  4040 ts_tablet_manager.cc:1403] T 565a1813fc6b4a21aa0897f0624b5122 P bd47d64594f743eba2922d79251c1c5c: Time spent bootstrapping tablet: real 0.315s	user 0.013s	sys 0.000s
I20260709 12:20:19.416271  3889 leader_election.cc:304] T e029f255cf96482eb49b53e7dc7ed25d P 146eb0cb8a2f4846ae6ef2b8758dd6a6 [CANDIDATE]: Term 1 election: Election decided. Result: candidate won. Election summary: received 2 responses out of 3 voters: 2 yes votes; 0 no votes. yes voters: 146eb0cb8a2f4846ae6ef2b8758dd6a6, 32d706e2535f4fa19a09382d4edac677; no voters: 
I20260709 12:20:19.416769  4040 raft_consensus.cc:359] T 565a1813fc6b4a21aa0897f0624b5122 P bd47d64594f743eba2922d79251c1c5c [term 0 FOLLOWER]: Replica starting. Triggering 0 pending ops. Active config: opid_index: -1 OBSOLETE_local: false peers { permanent_uuid: "bd47d64594f743eba2922d79251c1c5c" member_type: VOTER last_known_addr { host: "127.2.157.65" port: 37307 } } peers { permanent_uuid: "146eb0cb8a2f4846ae6ef2b8758dd6a6" member_type: VOTER last_known_addr { host: "127.2.157.66" port: 38799 } } peers { permanent_uuid: "32d706e2535f4fa19a09382d4edac677" member_type: VOTER last_known_addr { host: "127.2.157.67" port: 35865 } }
I20260709 12:20:19.417248  4068 raft_consensus.cc:2804] T e029f255cf96482eb49b53e7dc7ed25d P 146eb0cb8a2f4846ae6ef2b8758dd6a6 [term 1 FOLLOWER]: Leader election won for term 1
I20260709 12:20:19.417517  4040 raft_consensus.cc:385] T 565a1813fc6b4a21aa0897f0624b5122 P bd47d64594f743eba2922d79251c1c5c [term 0 FOLLOWER]: Consensus starting up: Expiring failure detector timer to make a prompt election more likely
I20260709 12:20:19.417752  4068 raft_consensus.cc:697] T e029f255cf96482eb49b53e7dc7ed25d P 146eb0cb8a2f4846ae6ef2b8758dd6a6 [term 1 LEADER]: Becoming Leader. State: Replica: 146eb0cb8a2f4846ae6ef2b8758dd6a6, State: Running, Role: LEADER
I20260709 12:20:19.417838  4040 raft_consensus.cc:740] T 565a1813fc6b4a21aa0897f0624b5122 P bd47d64594f743eba2922d79251c1c5c [term 0 FOLLOWER]: Becoming Follower/Learner. State: Replica: bd47d64594f743eba2922d79251c1c5c, State: Initialized, Role: FOLLOWER
I20260709 12:20:19.419399  3849 raft_consensus.cc:2468] T e029f255cf96482eb49b53e7dc7ed25d P bd47d64594f743eba2922d79251c1c5c [term 1 FOLLOWER]: Leader election vote request: Granting yes vote for candidate 146eb0cb8a2f4846ae6ef2b8758dd6a6 in term 1.
I20260709 12:20:19.420954  3839 tablet_service.cc:1511] Processing CreateTablet for tablet 58188a85c5c940b2a6a6d9e2640f3b18 (DEFAULT_TABLE table=test-workload [id=7c0d40c13c414823aaa0a7d0fb408d5c]), partition=RANGE (key) PARTITION 1346726999 <= VALUES < 1383125026
I20260709 12:20:19.422487  3839 data_dirs.cc:400] Could only allocate 1 dirs of requested 3 for tablet 58188a85c5c940b2a6a6d9e2640f3b18. 1 dirs total, 0 dirs full, 0 dirs failed
I20260709 12:20:19.418710  4068 consensus_queue.cc:237] T e029f255cf96482eb49b53e7dc7ed25d P 146eb0cb8a2f4846ae6ef2b8758dd6a6 [LEADER]: Queue going to LEADER mode. State: All replicated index: 0, Majority replicated index: 0, Committed index: 0, Last appended: 0.0, Last appended by leader: 0, Current term: 1, Majority size: 2, State: 0, Mode: LEADER, active raft config: opid_index: -1 OBSOLETE_local: false peers { permanent_uuid: "bd47d64594f743eba2922d79251c1c5c" member_type: VOTER last_known_addr { host: "127.2.157.65" port: 37307 } } peers { permanent_uuid: "146eb0cb8a2f4846ae6ef2b8758dd6a6" member_type: VOTER last_known_addr { host: "127.2.157.66" port: 38799 } } peers { permanent_uuid: "32d706e2535f4fa19a09382d4edac677" member_type: VOTER last_known_addr { host: "127.2.157.67" port: 35865 } }
I20260709 12:20:19.391331  3981 data_dirs.cc:400] Could only allocate 1 dirs of requested 3 for tablet 63cbbf40cb084518a89acf7f7026e77b. 1 dirs total, 0 dirs full, 0 dirs failed
I20260709 12:20:19.391602  4042 raft_consensus.cc:740] T c9cb9cc431d048dd8cfea736da6af5fa P 146eb0cb8a2f4846ae6ef2b8758dd6a6 [term 0 FOLLOWER]: Becoming Follower/Learner. State: Replica: 146eb0cb8a2f4846ae6ef2b8758dd6a6, State: Initialized, Role: FOLLOWER
I20260709 12:20:19.432273  4042 consensus_queue.cc:260] T c9cb9cc431d048dd8cfea736da6af5fa P 146eb0cb8a2f4846ae6ef2b8758dd6a6 [NON_LEADER]: Queue going to NON_LEADER mode. State: All replicated index: 0, Majority replicated index: 0, Committed index: 0, Last appended: 0.0, Last appended by leader: 0, Current term: 0, Majority size: -1, State: 0, Mode: NON_LEADER, active raft config: opid_index: -1 OBSOLETE_local: false peers { permanent_uuid: "bd47d64594f743eba2922d79251c1c5c" member_type: VOTER last_known_addr { host: "127.2.157.65" port: 37307 } } peers { permanent_uuid: "146eb0cb8a2f4846ae6ef2b8758dd6a6" member_type: VOTER last_known_addr { host: "127.2.157.66" port: 38799 } } peers { permanent_uuid: "32d706e2535f4fa19a09382d4edac677" member_type: VOTER last_known_addr { host: "127.2.157.67" port: 35865 } }
I20260709 12:20:19.438830  4047 raft_consensus.cc:697] T f3bacd87db564c3ba5256af726514f84 P bd47d64594f743eba2922d79251c1c5c [term 1 LEADER]: Becoming Leader. State: Replica: bd47d64594f743eba2922d79251c1c5c, State: Running, Role: LEADER
I20260709 12:20:19.449579  4039 tablet_bootstrap.cc:492] T 2900e71c0212466e8be300d30595c609 P 32d706e2535f4fa19a09382d4edac677: No bootstrap required, opened a new log
I20260709 12:20:19.450277  4039 ts_tablet_manager.cc:1403] T 2900e71c0212466e8be300d30595c609 P 32d706e2535f4fa19a09382d4edac677: Time spent bootstrapping tablet: real 0.288s	user 0.019s	sys 0.010s
I20260709 12:20:19.457695  4042 ts_tablet_manager.cc:1434] T c9cb9cc431d048dd8cfea736da6af5fa P 146eb0cb8a2f4846ae6ef2b8758dd6a6: Time spent starting tablet: real 0.149s	user 0.005s	sys 0.005s
I20260709 12:20:19.460590  4039 raft_consensus.cc:359] T 2900e71c0212466e8be300d30595c609 P 32d706e2535f4fa19a09382d4edac677 [term 0 FOLLOWER]: Replica starting. Triggering 0 pending ops. Active config: opid_index: -1 OBSOLETE_local: false peers { permanent_uuid: "bd47d64594f743eba2922d79251c1c5c" member_type: VOTER last_known_addr { host: "127.2.157.65" port: 37307 } } peers { permanent_uuid: "146eb0cb8a2f4846ae6ef2b8758dd6a6" member_type: VOTER last_known_addr { host: "127.2.157.66" port: 38799 } } peers { permanent_uuid: "32d706e2535f4fa19a09382d4edac677" member_type: VOTER last_known_addr { host: "127.2.157.67" port: 35865 } }
I20260709 12:20:19.468654  3837 tablet_service.cc:1511] Processing CreateTablet for tablet 125588992e20455d8e0b267fb10d24a7 (DEFAULT_TABLE table=test-workload [id=7c0d40c13c414823aaa0a7d0fb408d5c]), partition=RANGE (key) PARTITION 1601513188 <= VALUES < 1637911215
I20260709 12:20:19.469902  3837 data_dirs.cc:400] Could only allocate 1 dirs of requested 3 for tablet 125588992e20455d8e0b267fb10d24a7. 1 dirs total, 0 dirs full, 0 dirs failed
I20260709 12:20:19.468654  3833 tablet_service.cc:1511] Processing CreateTablet for tablet 63cbbf40cb084518a89acf7f7026e77b (DEFAULT_TABLE table=test-workload [id=7c0d40c13c414823aaa0a7d0fb408d5c]), partition=RANGE (key) PARTITION 1637911215 <= VALUES < 1674309242
I20260709 12:20:19.473028  3833 data_dirs.cc:400] Could only allocate 1 dirs of requested 3 for tablet 63cbbf40cb084518a89acf7f7026e77b. 1 dirs total, 0 dirs full, 0 dirs failed
I20260709 12:20:19.473853  3832 tablet_service.cc:1511] Processing CreateTablet for tablet d96631b804304cddb7995664610e592d (DEFAULT_TABLE table=test-workload [id=7c0d40c13c414823aaa0a7d0fb408d5c]), partition=RANGE (key) PARTITION 1565115161 <= VALUES < 1601513188
I20260709 12:20:19.475132  3832 data_dirs.cc:400] Could only allocate 1 dirs of requested 3 for tablet d96631b804304cddb7995664610e592d. 1 dirs total, 0 dirs full, 0 dirs failed
I20260709 12:20:19.476473  3998 tablet_service.cc:1917] Received RequestConsensusVote() RPC: tablet_id: "2ba6f4e278ba4a6daa236e0b38b36cc0" candidate_uuid: "bd47d64594f743eba2922d79251c1c5c" candidate_term: 1 candidate_status { last_received { term: 0 index: 0 } } ignore_live_leader: false dest_uuid: "32d706e2535f4fa19a09382d4edac677" is_pre_election: true
I20260709 12:20:19.477161  3998 raft_consensus.cc:2468] T 2ba6f4e278ba4a6daa236e0b38b36cc0 P 32d706e2535f4fa19a09382d4edac677 [term 0 FOLLOWER]: Leader pre-election vote request: Granting yes vote for candidate bd47d64594f743eba2922d79251c1c5c in term 0.
I20260709 12:20:19.478507  3906 tablet_service.cc:1511] Processing CreateTablet for tablet 63cbbf40cb084518a89acf7f7026e77b (DEFAULT_TABLE table=test-workload [id=7c0d40c13c414823aaa0a7d0fb408d5c]), partition=RANGE (key) PARTITION 1637911215 <= VALUES < 1674309242
I20260709 12:20:19.479921  3906 data_dirs.cc:400] Could only allocate 1 dirs of requested 3 for tablet 63cbbf40cb084518a89acf7f7026e77b. 1 dirs total, 0 dirs full, 0 dirs failed
I20260709 12:20:19.480027  3998 tablet_service.cc:1917] Received RequestConsensusVote() RPC: tablet_id: "0fc6b8b0d8114762a0c8cec5e5461a82" candidate_uuid: "bd47d64594f743eba2922d79251c1c5c" candidate_term: 1 candidate_status { last_received { term: 0 index: 0 } } ignore_live_leader: false dest_uuid: "32d706e2535f4fa19a09382d4edac677"
I20260709 12:20:19.480654  3998 raft_consensus.cc:3060] T 0fc6b8b0d8114762a0c8cec5e5461a82 P 32d706e2535f4fa19a09382d4edac677 [term 0 FOLLOWER]: Advancing to term 1
I20260709 12:20:19.459250  4042 tablet_bootstrap.cc:492] T 56a5b44f8f3e46ae9582b9f86d191610 P 146eb0cb8a2f4846ae6ef2b8758dd6a6: Bootstrap starting.
I20260709 12:20:19.486431  3814 leader_election.cc:304] T 2ba6f4e278ba4a6daa236e0b38b36cc0 P bd47d64594f743eba2922d79251c1c5c [CANDIDATE]: Term 1 pre-election: Election decided. Result: candidate won. Election summary: received 3 responses out of 3 voters: 2 yes votes; 1 no votes. yes voters: 32d706e2535f4fa19a09382d4edac677, bd47d64594f743eba2922d79251c1c5c; no voters: 146eb0cb8a2f4846ae6ef2b8758dd6a6
I20260709 12:20:19.491114  4042 tablet_bootstrap.cc:654] T 56a5b44f8f3e46ae9582b9f86d191610 P 146eb0cb8a2f4846ae6ef2b8758dd6a6: Neither blocks nor log segments found. Creating new log.
I20260709 12:20:19.491928  3998 raft_consensus.cc:2468] T 0fc6b8b0d8114762a0c8cec5e5461a82 P 32d706e2535f4fa19a09382d4edac677 [term 1 FOLLOWER]: Leader election vote request: Granting yes vote for candidate bd47d64594f743eba2922d79251c1c5c in term 1.
I20260709 12:20:19.461155  4039 raft_consensus.cc:385] T 2900e71c0212466e8be300d30595c609 P 32d706e2535f4fa19a09382d4edac677 [term 0 FOLLOWER]: Consensus starting up: Expiring failure detector timer to make a prompt election more likely
I20260709 12:20:19.499840  4081 raft_consensus.cc:2804] T 2ba6f4e278ba4a6daa236e0b38b36cc0 P bd47d64594f743eba2922d79251c1c5c [term 0 FOLLOWER]: Leader pre-election won for term 1
I20260709 12:20:19.510821  4081 raft_consensus.cc:493] T 2ba6f4e278ba4a6daa236e0b38b36cc0 P bd47d64594f743eba2922d79251c1c5c [term 0 FOLLOWER]: Starting leader election (no leader contacted us within the election timeout)
I20260709 12:20:19.511308  4081 raft_consensus.cc:3060] T 2ba6f4e278ba4a6daa236e0b38b36cc0 P bd47d64594f743eba2922d79251c1c5c [term 0 FOLLOWER]: Advancing to term 1
I20260709 12:20:19.511507  3982 tablet_service.cc:1511] Processing CreateTablet for tablet 271f08ec28384c99b6dd3fb41fb92ebf (DEFAULT_TABLE table=test-workload [id=7c0d40c13c414823aaa0a7d0fb408d5c]), partition=RANGE (key) PARTITION 1674309242 <= VALUES < 1710707269
I20260709 12:20:19.513288  3982 data_dirs.cc:400] Could only allocate 1 dirs of requested 3 for tablet 271f08ec28384c99b6dd3fb41fb92ebf. 1 dirs total, 0 dirs full, 0 dirs failed
I20260709 12:20:19.516286  3912 tablet_service.cc:1511] Processing CreateTablet for tablet 271f08ec28384c99b6dd3fb41fb92ebf (DEFAULT_TABLE table=test-workload [id=7c0d40c13c414823aaa0a7d0fb408d5c]), partition=RANGE (key) PARTITION 1674309242 <= VALUES < 1710707269
I20260709 12:20:19.517678  3912 data_dirs.cc:400] Could only allocate 1 dirs of requested 3 for tablet 271f08ec28384c99b6dd3fb41fb92ebf. 1 dirs total, 0 dirs full, 0 dirs failed
I20260709 12:20:19.503576  4039 raft_consensus.cc:740] T 2900e71c0212466e8be300d30595c609 P 32d706e2535f4fa19a09382d4edac677 [term 0 FOLLOWER]: Becoming Follower/Learner. State: Replica: 32d706e2535f4fa19a09382d4edac677, State: Initialized, Role: FOLLOWER
I20260709 12:20:19.533150  4039 consensus_queue.cc:260] T 2900e71c0212466e8be300d30595c609 P 32d706e2535f4fa19a09382d4edac677 [NON_LEADER]: Queue going to NON_LEADER mode. State: All replicated index: 0, Majority replicated index: 0, Committed index: 0, Last appended: 0.0, Last appended by leader: 0, Current term: 0, Majority size: -1, State: 0, Mode: NON_LEADER, active raft config: opid_index: -1 OBSOLETE_local: false peers { permanent_uuid: "bd47d64594f743eba2922d79251c1c5c" member_type: VOTER last_known_addr { host: "127.2.157.65" port: 37307 } } peers { permanent_uuid: "146eb0cb8a2f4846ae6ef2b8758dd6a6" member_type: VOTER last_known_addr { host: "127.2.157.66" port: 38799 } } peers { permanent_uuid: "32d706e2535f4fa19a09382d4edac677" member_type: VOTER last_known_addr { host: "127.2.157.67" port: 35865 } }
I20260709 12:20:19.535375  4039 ts_tablet_manager.cc:1434] T 2900e71c0212466e8be300d30595c609 P 32d706e2535f4fa19a09382d4edac677: Time spent starting tablet: real 0.085s	user 0.009s	sys 0.000s
I20260709 12:20:19.536594  4039 tablet_bootstrap.cc:492] T 610ee9fca78e4559ab9cde25d14edade P 32d706e2535f4fa19a09382d4edac677: Bootstrap starting.
I20260709 12:20:19.542513  4039 tablet_bootstrap.cc:654] T 610ee9fca78e4559ab9cde25d14edade P 32d706e2535f4fa19a09382d4edac677: Neither blocks nor log segments found. Creating new log.
I20260709 12:20:19.532433  4047 consensus_queue.cc:237] T f3bacd87db564c3ba5256af726514f84 P bd47d64594f743eba2922d79251c1c5c [LEADER]: Queue going to LEADER mode. State: All replicated index: 0, Majority replicated index: 0, Committed index: 0, Last appended: 0.0, Last appended by leader: 0, Current term: 1, Majority size: 2, State: 0, Mode: LEADER, active raft config: opid_index: -1 OBSOLETE_local: false peers { permanent_uuid: "bd47d64594f743eba2922d79251c1c5c" member_type: VOTER last_known_addr { host: "127.2.157.65" port: 37307 } } peers { permanent_uuid: "146eb0cb8a2f4846ae6ef2b8758dd6a6" member_type: VOTER last_known_addr { host: "127.2.157.66" port: 38799 } } peers { permanent_uuid: "32d706e2535f4fa19a09382d4edac677" member_type: VOTER last_known_addr { host: "127.2.157.67" port: 35865 } }
I20260709 12:20:19.553325  3913 tablet_service.cc:1511] Processing CreateTablet for tablet 722124affb914f0496100070a9582045 (DEFAULT_TABLE table=test-workload [id=7c0d40c13c414823aaa0a7d0fb408d5c]), partition=RANGE (key) PARTITION 1710707269 <= VALUES < 1747105296
I20260709 12:20:19.454478  4040 consensus_queue.cc:260] T 565a1813fc6b4a21aa0897f0624b5122 P bd47d64594f743eba2922d79251c1c5c [NON_LEADER]: Queue going to NON_LEADER mode. State: All replicated index: 0, Majority replicated index: 0, Committed index: 0, Last appended: 0.0, Last appended by leader: 0, Current term: 0, Majority size: -1, State: 0, Mode: NON_LEADER, active raft config: opid_index: -1 OBSOLETE_local: false peers { permanent_uuid: "bd47d64594f743eba2922d79251c1c5c" member_type: VOTER last_known_addr { host: "127.2.157.65" port: 37307 } } peers { permanent_uuid: "146eb0cb8a2f4846ae6ef2b8758dd6a6" member_type: VOTER last_known_addr { host: "127.2.157.66" port: 38799 } } peers { permanent_uuid: "32d706e2535f4fa19a09382d4edac677" member_type: VOTER last_known_addr { host: "127.2.157.67" port: 35865 } }
I20260709 12:20:19.560578  3839 tablet_service.cc:1511] Processing CreateTablet for tablet 271f08ec28384c99b6dd3fb41fb92ebf (DEFAULT_TABLE table=test-workload [id=7c0d40c13c414823aaa0a7d0fb408d5c]), partition=RANGE (key) PARTITION 1674309242 <= VALUES < 1710707269
