I20260709 12:19:05.655588 28366 raft_consensus.cc:515] T 058bd5e63e2949d6aeba6a109a18e804 P 3a6758f90cbb48f48eecd4a908239252 [term 2 FOLLOWER]: Starting forced leader election with config: opid_index: -1 OBSOLETE_local: false peers { permanent_uuid: "4f03c39415424674b6f100ace3905f9c" member_type: VOTER last_known_addr { host: "127.27.127.65" port: 40593 } } peers { permanent_uuid: "3a6758f90cbb48f48eecd4a908239252" member_type: VOTER last_known_addr { host: "127.27.127.66" port: 38769 } } peers { permanent_uuid: "3761a86e18d347929ee860eafc1f4557" member_type: VOTER last_known_addr { host: "127.27.127.67" port: 46485 } }
I20260709 12:19:05.657179 28366 leader_election.cc:290] T 058bd5e63e2949d6aeba6a109a18e804 P 3a6758f90cbb48f48eecd4a908239252 [CANDIDATE]: Term 2 election: Requested vote from peers 4f03c39415424674b6f100ace3905f9c (127.27.127.65:40593), 3761a86e18d347929ee860eafc1f4557 (127.27.127.67:46485)
I20260709 12:19:05.658107 28292 tablet_service.cc:1917] Received RequestConsensusVote() RPC: tablet_id: "058bd5e63e2949d6aeba6a109a18e804" candidate_uuid: "3a6758f90cbb48f48eecd4a908239252" candidate_term: 2 candidate_status { last_received { term: 1 index: 1 } } ignore_live_leader: true dest_uuid: "4f03c39415424674b6f100ace3905f9c"
I20260709 12:19:05.658371 28441 tablet_service.cc:1917] Received RequestConsensusVote() RPC: tablet_id: "058bd5e63e2949d6aeba6a109a18e804" candidate_uuid: "3a6758f90cbb48f48eecd4a908239252" candidate_term: 2 candidate_status { last_received { term: 1 index: 1 } } ignore_live_leader: true dest_uuid: "3761a86e18d347929ee860eafc1f4557"
I20260709 12:19:05.658744 28292 raft_consensus.cc:3055] T 058bd5e63e2949d6aeba6a109a18e804 P 4f03c39415424674b6f100ace3905f9c [term 1 LEADER]: Stepping down as leader of term 1
I20260709 12:19:05.658912 28441 raft_consensus.cc:3060] T 058bd5e63e2949d6aeba6a109a18e804 P 3761a86e18d347929ee860eafc1f4557 [term 1 FOLLOWER]: Advancing to term 2
I20260709 12:19:05.659109 28292 raft_consensus.cc:740] T 058bd5e63e2949d6aeba6a109a18e804 P 4f03c39415424674b6f100ace3905f9c [term 1 LEADER]: Becoming Follower/Learner. State: Replica: 4f03c39415424674b6f100ace3905f9c, State: Running, Role: LEADER
I20260709 12:19:05.660004 28292 consensus_queue.cc:260] T 058bd5e63e2949d6aeba6a109a18e804 P 4f03c39415424674b6f100ace3905f9c [NON_LEADER]: Queue going to NON_LEADER mode. State: All replicated index: 0, Majority replicated index: 1, Committed index: 1, Last appended: 1.1, Last appended by leader: 1, Current term: 1, Majority size: -1, State: 0, Mode: NON_LEADER, active raft config: opid_index: -1 OBSOLETE_local: false peers { permanent_uuid: "4f03c39415424674b6f100ace3905f9c" member_type: VOTER last_known_addr { host: "127.27.127.65" port: 40593 } } peers { permanent_uuid: "3a6758f90cbb48f48eecd4a908239252" member_type: VOTER last_known_addr { host: "127.27.127.66" port: 38769 } } peers { permanent_uuid: "3761a86e18d347929ee860eafc1f4557" member_type: VOTER last_known_addr { host: "127.27.127.67" port: 46485 } }
I20260709 12:19:05.661367 28292 raft_consensus.cc:3060] T 058bd5e63e2949d6aeba6a109a18e804 P 4f03c39415424674b6f100ace3905f9c [term 1 FOLLOWER]: Advancing to term 2
I20260709 12:19:05.665881 28441 raft_consensus.cc:2468] T 058bd5e63e2949d6aeba6a109a18e804 P 3761a86e18d347929ee860eafc1f4557 [term 2 FOLLOWER]: Leader election vote request: Granting yes vote for candidate 3a6758f90cbb48f48eecd4a908239252 in term 2.
I20260709 12:19:05.667189 28335 leader_election.cc:304] T 058bd5e63e2949d6aeba6a109a18e804 P 3a6758f90cbb48f48eecd4a908239252 [CANDIDATE]: Term 2 election: Election decided. Result: candidate won. Election summary: received 2 responses out of 3 voters: 2 yes votes; 0 no votes. yes voters: 3761a86e18d347929ee860eafc1f4557, 3a6758f90cbb48f48eecd4a908239252; no voters: 
I20260709 12:19:05.667923 28520 raft_consensus.cc:2804] T 058bd5e63e2949d6aeba6a109a18e804 P 3a6758f90cbb48f48eecd4a908239252 [term 2 FOLLOWER]: Leader election won for term 2
I20260709 12:19:05.667889 28292 raft_consensus.cc:2468] T 058bd5e63e2949d6aeba6a109a18e804 P 4f03c39415424674b6f100ace3905f9c [term 2 FOLLOWER]: Leader election vote request: Granting yes vote for candidate 3a6758f90cbb48f48eecd4a908239252 in term 2.
I20260709 12:19:05.668511 28520 raft_consensus.cc:697] T 058bd5e63e2949d6aeba6a109a18e804 P 3a6758f90cbb48f48eecd4a908239252 [term 2 LEADER]: Becoming Leader. State: Replica: 3a6758f90cbb48f48eecd4a908239252, State: Running, Role: LEADER
I20260709 12:19:05.669241 28520 consensus_queue.cc:237] T 058bd5e63e2949d6aeba6a109a18e804 P 3a6758f90cbb48f48eecd4a908239252 [LEADER]: Queue going to LEADER mode. State: All replicated index: 0, Majority replicated index: 1, Committed index: 1, Last appended: 1.1, Last appended by leader: 1, Current term: 2, Majority size: 2, State: 0, Mode: LEADER, active raft config: opid_index: -1 OBSOLETE_local: false peers { permanent_uuid: "4f03c39415424674b6f100ace3905f9c" member_type: VOTER last_known_addr { host: "127.27.127.65" port: 40593 } } peers { permanent_uuid: "3a6758f90cbb48f48eecd4a908239252" member_type: VOTER last_known_addr { host: "127.27.127.66" port: 38769 } } peers { permanent_uuid: "3761a86e18d347929ee860eafc1f4557" member_type: VOTER last_known_addr { host: "127.27.127.67" port: 46485 } }
I20260709 12:19:05.675823 28188 catalog_manager.cc:5697] T 058bd5e63e2949d6aeba6a109a18e804 P 3a6758f90cbb48f48eecd4a908239252 reported cstate change: term changed from 1 to 2, leader changed from 4f03c39415424674b6f100ace3905f9c (127.27.127.65) to 3a6758f90cbb48f48eecd4a908239252 (127.27.127.66). New cstate: current_term: 2 leader_uuid: "3a6758f90cbb48f48eecd4a908239252" committed_config { opid_index: -1 OBSOLETE_local: false peers { permanent_uuid: "4f03c39415424674b6f100ace3905f9c" member_type: VOTER last_known_addr { host: "127.27.127.65" port: 40593 } health_report { overall_health: UNKNOWN } } peers { permanent_uuid: "3a6758f90cbb48f48eecd4a908239252" member_type: VOTER last_known_addr { host: "127.27.127.66" port: 38769 } health_report { overall_health: HEALTHY } } peers { permanent_uuid: "3761a86e18d347929ee860eafc1f4557" member_type: VOTER last_known_addr { host: "127.27.127.67" port: 46485 } health_report { overall_health: UNKNOWN } } }
I20260709 12:19:05.693249 28493 raft_consensus.cc:993] T e800e301163e4abfa67a0f1459889a9e P 3a6758f90cbb48f48eecd4a908239252: : Instructing follower 4f03c39415424674b6f100ace3905f9c to start an election
I20260709 12:19:05.693809 28520 raft_consensus.cc:1081] T e800e301163e4abfa67a0f1459889a9e P 3a6758f90cbb48f48eecd4a908239252 [term 1 LEADER]: Signalling peer 4f03c39415424674b6f100ace3905f9c to start an election
I20260709 12:19:05.695133 28292 tablet_service.cc:2044] Received Run Leader Election RPC: tablet_id: "e800e301163e4abfa67a0f1459889a9e"
dest_uuid: "4f03c39415424674b6f100ace3905f9c"
 from {username='slave'} at 127.0.0.1:57568
I20260709 12:19:05.695559 28292 raft_consensus.cc:493] T e800e301163e4abfa67a0f1459889a9e P 4f03c39415424674b6f100ace3905f9c [term 1 FOLLOWER]: Starting forced leader election (received explicit request)
I20260709 12:19:05.695801 28292 raft_consensus.cc:3060] T e800e301163e4abfa67a0f1459889a9e P 4f03c39415424674b6f100ace3905f9c [term 1 FOLLOWER]: Advancing to term 2
I20260709 12:19:05.700203 28292 raft_consensus.cc:515] T e800e301163e4abfa67a0f1459889a9e P 4f03c39415424674b6f100ace3905f9c [term 2 FOLLOWER]: Starting forced leader election with config: opid_index: -1 OBSOLETE_local: false peers { permanent_uuid: "4f03c39415424674b6f100ace3905f9c" member_type: VOTER last_known_addr { host: "127.27.127.65" port: 40593 } } peers { permanent_uuid: "3a6758f90cbb48f48eecd4a908239252" member_type: VOTER last_known_addr { host: "127.27.127.66" port: 38769 } } peers { permanent_uuid: "3761a86e18d347929ee860eafc1f4557" member_type: VOTER last_known_addr { host: "127.27.127.67" port: 46485 } }
I20260709 12:19:05.701921 28292 leader_election.cc:290] T e800e301163e4abfa67a0f1459889a9e P 4f03c39415424674b6f100ace3905f9c [CANDIDATE]: Term 2 election: Requested vote from peers 3a6758f90cbb48f48eecd4a908239252 (127.27.127.66:38769), 3761a86e18d347929ee860eafc1f4557 (127.27.127.67:46485)
I20260709 12:19:05.702694 28366 tablet_service.cc:1917] Received RequestConsensusVote() RPC: tablet_id: "e800e301163e4abfa67a0f1459889a9e" candidate_uuid: "4f03c39415424674b6f100ace3905f9c" candidate_term: 2 candidate_status { last_received { term: 1 index: 1 } } ignore_live_leader: true dest_uuid: "3a6758f90cbb48f48eecd4a908239252"
I20260709 12:19:05.702972 28441 tablet_service.cc:1917] Received RequestConsensusVote() RPC: tablet_id: "e800e301163e4abfa67a0f1459889a9e" candidate_uuid: "4f03c39415424674b6f100ace3905f9c" candidate_term: 2 candidate_status { last_received { term: 1 index: 1 } } ignore_live_leader: true dest_uuid: "3761a86e18d347929ee860eafc1f4557"
I20260709 12:19:05.703299 28366 raft_consensus.cc:3055] T e800e301163e4abfa67a0f1459889a9e P 3a6758f90cbb48f48eecd4a908239252 [term 1 LEADER]: Stepping down as leader of term 1
I20260709 12:19:05.703528 28441 raft_consensus.cc:3060] T e800e301163e4abfa67a0f1459889a9e P 3761a86e18d347929ee860eafc1f4557 [term 1 FOLLOWER]: Advancing to term 2
I20260709 12:19:05.703644 28366 raft_consensus.cc:740] T e800e301163e4abfa67a0f1459889a9e P 3a6758f90cbb48f48eecd4a908239252 [term 1 LEADER]: Becoming Follower/Learner. State: Replica: 3a6758f90cbb48f48eecd4a908239252, State: Running, Role: LEADER
I20260709 12:19:05.704484 28366 consensus_queue.cc:260] T e800e301163e4abfa67a0f1459889a9e P 3a6758f90cbb48f48eecd4a908239252 [NON_LEADER]: Queue going to NON_LEADER mode. State: All replicated index: 0, Majority replicated index: 1, Committed index: 1, Last appended: 1.1, Last appended by leader: 1, Current term: 1, Majority size: -1, State: 0, Mode: NON_LEADER, active raft config: opid_index: -1 OBSOLETE_local: false peers { permanent_uuid: "4f03c39415424674b6f100ace3905f9c" member_type: VOTER last_known_addr { host: "127.27.127.65" port: 40593 } } peers { permanent_uuid: "3a6758f90cbb48f48eecd4a908239252" member_type: VOTER last_known_addr { host: "127.27.127.66" port: 38769 } } peers { permanent_uuid: "3761a86e18d347929ee860eafc1f4557" member_type: VOTER last_known_addr { host: "127.27.127.67" port: 46485 } }
I20260709 12:19:05.705394 28366 raft_consensus.cc:3060] T e800e301163e4abfa67a0f1459889a9e P 3a6758f90cbb48f48eecd4a908239252 [term 1 FOLLOWER]: Advancing to term 2
I20260709 12:19:05.708207 28441 raft_consensus.cc:2468] T e800e301163e4abfa67a0f1459889a9e P 3761a86e18d347929ee860eafc1f4557 [term 2 FOLLOWER]: Leader election vote request: Granting yes vote for candidate 4f03c39415424674b6f100ace3905f9c in term 2.
I20260709 12:19:05.709303 28259 leader_election.cc:304] T e800e301163e4abfa67a0f1459889a9e P 4f03c39415424674b6f100ace3905f9c [CANDIDATE]: Term 2 election: Election decided. Result: candidate won. Election summary: received 2 responses out of 3 voters: 2 yes votes; 0 no votes. yes voters: 3761a86e18d347929ee860eafc1f4557, 4f03c39415424674b6f100ace3905f9c; no voters: 
I20260709 12:19:05.710119 28494 raft_consensus.cc:2804] T e800e301163e4abfa67a0f1459889a9e P 4f03c39415424674b6f100ace3905f9c [term 2 FOLLOWER]: Leader election won for term 2
I20260709 12:19:05.710475 28494 raft_consensus.cc:697] T e800e301163e4abfa67a0f1459889a9e P 4f03c39415424674b6f100ace3905f9c [term 2 LEADER]: Becoming Leader. State: Replica: 4f03c39415424674b6f100ace3905f9c, State: Running, Role: LEADER
I20260709 12:19:05.710954 28366 raft_consensus.cc:2468] T e800e301163e4abfa67a0f1459889a9e P 3a6758f90cbb48f48eecd4a908239252 [term 2 FOLLOWER]: Leader election vote request: Granting yes vote for candidate 4f03c39415424674b6f100ace3905f9c in term 2.
I20260709 12:19:05.711243 28494 consensus_queue.cc:237] T e800e301163e4abfa67a0f1459889a9e P 4f03c39415424674b6f100ace3905f9c [LEADER]: Queue going to LEADER mode. State: All replicated index: 0, Majority replicated index: 1, Committed index: 1, Last appended: 1.1, Last appended by leader: 1, Current term: 2, Majority size: 2, State: 0, Mode: LEADER, active raft config: opid_index: -1 OBSOLETE_local: false peers { permanent_uuid: "4f03c39415424674b6f100ace3905f9c" member_type: VOTER last_known_addr { host: "127.27.127.65" port: 40593 } } peers { permanent_uuid: "3a6758f90cbb48f48eecd4a908239252" member_type: VOTER last_known_addr { host: "127.27.127.66" port: 38769 } } peers { permanent_uuid: "3761a86e18d347929ee860eafc1f4557" member_type: VOTER last_known_addr { host: "127.27.127.67" port: 46485 } }
I20260709 12:19:05.718160 28188 catalog_manager.cc:5697] T e800e301163e4abfa67a0f1459889a9e P 4f03c39415424674b6f100ace3905f9c reported cstate change: term changed from 1 to 2, leader changed from 3a6758f90cbb48f48eecd4a908239252 (127.27.127.66) to 4f03c39415424674b6f100ace3905f9c (127.27.127.65). New cstate: current_term: 2 leader_uuid: "4f03c39415424674b6f100ace3905f9c" committed_config { opid_index: -1 OBSOLETE_local: false peers { permanent_uuid: "4f03c39415424674b6f100ace3905f9c" member_type: VOTER last_known_addr { host: "127.27.127.65" port: 40593 } health_report { overall_health: HEALTHY } } peers { permanent_uuid: "3a6758f90cbb48f48eecd4a908239252" member_type: VOTER last_known_addr { host: "127.27.127.66" port: 38769 } health_report { overall_health: UNKNOWN } } peers { permanent_uuid: "3761a86e18d347929ee860eafc1f4557" member_type: VOTER last_known_addr { host: "127.27.127.67" port: 46485 } health_report { overall_health: UNKNOWN } } }
I20260709 12:19:05.777197 28585 raft_consensus.cc:993] T 29523f5e9abf4a76a37799d30af8e6a9 P 3761a86e18d347929ee860eafc1f4557: : Instructing follower 4f03c39415424674b6f100ace3905f9c to start an election
I20260709 12:19:05.777840 28571 raft_consensus.cc:1081] T 29523f5e9abf4a76a37799d30af8e6a9 P 3761a86e18d347929ee860eafc1f4557 [term 1 LEADER]: Signalling peer 4f03c39415424674b6f100ace3905f9c to start an election
I20260709 12:19:05.779448 28292 tablet_service.cc:2044] Received Run Leader Election RPC: tablet_id: "29523f5e9abf4a76a37799d30af8e6a9"
dest_uuid: "4f03c39415424674b6f100ace3905f9c"
 from {username='slave'} at 127.0.0.1:57566
I20260709 12:19:05.780030 28292 raft_consensus.cc:493] T 29523f5e9abf4a76a37799d30af8e6a9 P 4f03c39415424674b6f100ace3905f9c [term 1 FOLLOWER]: Starting forced leader election (received explicit request)
I20260709 12:19:05.780329 28292 raft_consensus.cc:3060] T 29523f5e9abf4a76a37799d30af8e6a9 P 4f03c39415424674b6f100ace3905f9c [term 1 FOLLOWER]: Advancing to term 2
I20260709 12:19:05.784760 28292 raft_consensus.cc:515] T 29523f5e9abf4a76a37799d30af8e6a9 P 4f03c39415424674b6f100ace3905f9c [term 2 FOLLOWER]: Starting forced leader election with config: opid_index: -1 OBSOLETE_local: false peers { permanent_uuid: "3761a86e18d347929ee860eafc1f4557" member_type: VOTER last_known_addr { host: "127.27.127.67" port: 46485 } } peers { permanent_uuid: "4f03c39415424674b6f100ace3905f9c" member_type: VOTER last_known_addr { host: "127.27.127.65" port: 40593 } } peers { permanent_uuid: "3a6758f90cbb48f48eecd4a908239252" member_type: VOTER last_known_addr { host: "127.27.127.66" port: 38769 } }
I20260709 12:19:05.786338 28292 leader_election.cc:290] T 29523f5e9abf4a76a37799d30af8e6a9 P 4f03c39415424674b6f100ace3905f9c [CANDIDATE]: Term 2 election: Requested vote from peers 3761a86e18d347929ee860eafc1f4557 (127.27.127.67:46485), 3a6758f90cbb48f48eecd4a908239252 (127.27.127.66:38769)
I20260709 12:19:05.787463 28366 tablet_service.cc:1917] Received RequestConsensusVote() RPC: tablet_id: "29523f5e9abf4a76a37799d30af8e6a9" candidate_uuid: "4f03c39415424674b6f100ace3905f9c" candidate_term: 2 candidate_status { last_received { term: 1 index: 1 } } ignore_live_leader: true dest_uuid: "3a6758f90cbb48f48eecd4a908239252"
I20260709 12:19:05.787453 28441 tablet_service.cc:1917] Received RequestConsensusVote() RPC: tablet_id: "29523f5e9abf4a76a37799d30af8e6a9" candidate_uuid: "4f03c39415424674b6f100ace3905f9c" candidate_term: 2 candidate_status { last_received { term: 1 index: 1 } } ignore_live_leader: true dest_uuid: "3761a86e18d347929ee860eafc1f4557"
I20260709 12:19:05.788053 28366 raft_consensus.cc:3060] T 29523f5e9abf4a76a37799d30af8e6a9 P 3a6758f90cbb48f48eecd4a908239252 [term 1 FOLLOWER]: Advancing to term 2
I20260709 12:19:05.788141 28441 raft_consensus.cc:3055] T 29523f5e9abf4a76a37799d30af8e6a9 P 3761a86e18d347929ee860eafc1f4557 [term 1 LEADER]: Stepping down as leader of term 1
I20260709 12:19:05.788558 28441 raft_consensus.cc:740] T 29523f5e9abf4a76a37799d30af8e6a9 P 3761a86e18d347929ee860eafc1f4557 [term 1 LEADER]: Becoming Follower/Learner. State: Replica: 3761a86e18d347929ee860eafc1f4557, State: Running, Role: LEADER
I20260709 12:19:05.789295 28441 consensus_queue.cc:260] T 29523f5e9abf4a76a37799d30af8e6a9 P 3761a86e18d347929ee860eafc1f4557 [NON_LEADER]: Queue going to NON_LEADER mode. State: All replicated index: 0, Majority replicated index: 1, Committed index: 1, Last appended: 1.1, Last appended by leader: 1, Current term: 1, Majority size: -1, State: 0, Mode: NON_LEADER, active raft config: opid_index: -1 OBSOLETE_local: false peers { permanent_uuid: "3761a86e18d347929ee860eafc1f4557" member_type: VOTER last_known_addr { host: "127.27.127.67" port: 46485 } } peers { permanent_uuid: "4f03c39415424674b6f100ace3905f9c" member_type: VOTER last_known_addr { host: "127.27.127.65" port: 40593 } } peers { permanent_uuid: "3a6758f90cbb48f48eecd4a908239252" member_type: VOTER last_known_addr { host: "127.27.127.66" port: 38769 } }
I20260709 12:19:05.790266 28441 raft_consensus.cc:3060] T 29523f5e9abf4a76a37799d30af8e6a9 P 3761a86e18d347929ee860eafc1f4557 [term 1 FOLLOWER]: Advancing to term 2
I20260709 12:19:05.792961 28366 raft_consensus.cc:2468] T 29523f5e9abf4a76a37799d30af8e6a9 P 3a6758f90cbb48f48eecd4a908239252 [term 2 FOLLOWER]: Leader election vote request: Granting yes vote for candidate 4f03c39415424674b6f100ace3905f9c in term 2.
I20260709 12:19:05.794018 28256 leader_election.cc:304] T 29523f5e9abf4a76a37799d30af8e6a9 P 4f03c39415424674b6f100ace3905f9c [CANDIDATE]: Term 2 election: Election decided. Result: candidate won. Election summary: received 2 responses out of 3 voters: 2 yes votes; 0 no votes. yes voters: 3a6758f90cbb48f48eecd4a908239252, 4f03c39415424674b6f100ace3905f9c; no voters: 
I20260709 12:19:05.794799 28494 raft_consensus.cc:2804] T 29523f5e9abf4a76a37799d30af8e6a9 P 4f03c39415424674b6f100ace3905f9c [term 2 FOLLOWER]: Leader election won for term 2
I20260709 12:19:05.795207 28494 raft_consensus.cc:697] T 29523f5e9abf4a76a37799d30af8e6a9 P 4f03c39415424674b6f100ace3905f9c [term 2 LEADER]: Becoming Leader. State: Replica: 4f03c39415424674b6f100ace3905f9c, State: Running, Role: LEADER
I20260709 12:19:05.795387 28441 raft_consensus.cc:2468] T 29523f5e9abf4a76a37799d30af8e6a9 P 3761a86e18d347929ee860eafc1f4557 [term 2 FOLLOWER]: Leader election vote request: Granting yes vote for candidate 4f03c39415424674b6f100ace3905f9c in term 2.
I20260709 12:19:05.796036 28494 consensus_queue.cc:237] T 29523f5e9abf4a76a37799d30af8e6a9 P 4f03c39415424674b6f100ace3905f9c [LEADER]: Queue going to LEADER mode. State: All replicated index: 0, Majority replicated index: 1, Committed index: 1, Last appended: 1.1, Last appended by leader: 1, Current term: 2, Majority size: 2, State: 0, Mode: LEADER, active raft config: opid_index: -1 OBSOLETE_local: false peers { permanent_uuid: "3761a86e18d347929ee860eafc1f4557" member_type: VOTER last_known_addr { host: "127.27.127.67" port: 46485 } } peers { permanent_uuid: "4f03c39415424674b6f100ace3905f9c" member_type: VOTER last_known_addr { host: "127.27.127.65" port: 40593 } } peers { permanent_uuid: "3a6758f90cbb48f48eecd4a908239252" member_type: VOTER last_known_addr { host: "127.27.127.66" port: 38769 } }
I20260709 12:19:05.804090 28188 catalog_manager.cc:5697] T 29523f5e9abf4a76a37799d30af8e6a9 P 4f03c39415424674b6f100ace3905f9c reported cstate change: term changed from 1 to 2, leader changed from 3761a86e18d347929ee860eafc1f4557 (127.27.127.67) to 4f03c39415424674b6f100ace3905f9c (127.27.127.65). New cstate: current_term: 2 leader_uuid: "4f03c39415424674b6f100ace3905f9c" committed_config { opid_index: -1 OBSOLETE_local: false peers { permanent_uuid: "3761a86e18d347929ee860eafc1f4557" member_type: VOTER last_known_addr { host: "127.27.127.67" port: 46485 } health_report { overall_health: UNKNOWN } } peers { permanent_uuid: "4f03c39415424674b6f100ace3905f9c" member_type: VOTER last_known_addr { host: "127.27.127.65" port: 40593 } health_report { overall_health: HEALTHY } } peers { permanent_uuid: "3a6758f90cbb48f48eecd4a908239252" member_type: VOTER last_known_addr { host: "127.27.127.66" port: 38769 } health_report { overall_health: UNKNOWN } } }
I20260709 12:19:05.815280 28441 raft_consensus.cc:1275] T a0d4a6f712a84e49b8591e307076ca17 P 3761a86e18d347929ee860eafc1f4557 [term 2 FOLLOWER]: Refusing update from remote peer 3a6758f90cbb48f48eecd4a908239252: Log matching property violated. Preceding OpId in replica: term: 0 index: 0. Preceding OpId from leader: term: 2 index: 1. (index mismatch)
I20260709 12:19:05.816476 28520 consensus_queue.cc:1048] T a0d4a6f712a84e49b8591e307076ca17 P 3a6758f90cbb48f48eecd4a908239252 [LEADER]: Connected to new peer: Peer: permanent_uuid: "3761a86e18d347929ee860eafc1f4557" member_type: VOTER last_known_addr { host: "127.27.127.67" port: 46485 }, Status: LMP_MISMATCH, Last received: 0.0, Next index: 1, Last known committed idx: 0, Time since last communication: 0.000s
I20260709 12:19:05.822445 28493 raft_consensus.cc:993] T a0d4a6f712a84e49b8591e307076ca17 P 3a6758f90cbb48f48eecd4a908239252: : Instructing follower 3761a86e18d347929ee860eafc1f4557 to start an election
I20260709 12:19:05.823132 28520 raft_consensus.cc:1081] T a0d4a6f712a84e49b8591e307076ca17 P 3a6758f90cbb48f48eecd4a908239252 [term 2 LEADER]: Signalling peer 3761a86e18d347929ee860eafc1f4557 to start an election
I20260709 12:19:05.825047 28440 tablet_service.cc:2044] Received Run Leader Election RPC: tablet_id: "a0d4a6f712a84e49b8591e307076ca17"
dest_uuid: "3761a86e18d347929ee860eafc1f4557"
 from {username='slave'} at 127.0.0.1:58354
I20260709 12:19:05.827855 28440 raft_consensus.cc:493] T a0d4a6f712a84e49b8591e307076ca17 P 3761a86e18d347929ee860eafc1f4557 [term 2 FOLLOWER]: Starting forced leader election (received explicit request)
I20260709 12:19:05.828428 28440 raft_consensus.cc:3060] T a0d4a6f712a84e49b8591e307076ca17 P 3761a86e18d347929ee860eafc1f4557 [term 2 FOLLOWER]: Advancing to term 3
I20260709 12:19:05.835673 28292 raft_consensus.cc:1275] T a0d4a6f712a84e49b8591e307076ca17 P 4f03c39415424674b6f100ace3905f9c [term 2 FOLLOWER]: Refusing update from remote peer 3a6758f90cbb48f48eecd4a908239252: Log matching property violated. Preceding OpId in replica: term: 0 index: 0. Preceding OpId from leader: term: 2 index: 1. (index mismatch)
I20260709 12:19:05.836150 28440 raft_consensus.cc:515] T a0d4a6f712a84e49b8591e307076ca17 P 3761a86e18d347929ee860eafc1f4557 [term 3 FOLLOWER]: Starting forced leader election with config: opid_index: -1 OBSOLETE_local: false peers { permanent_uuid: "4f03c39415424674b6f100ace3905f9c" member_type: VOTER last_known_addr { host: "127.27.127.65" port: 40593 } } peers { permanent_uuid: "3a6758f90cbb48f48eecd4a908239252" member_type: VOTER last_known_addr { host: "127.27.127.66" port: 38769 } } peers { permanent_uuid: "3761a86e18d347929ee860eafc1f4557" member_type: VOTER last_known_addr { host: "127.27.127.67" port: 46485 } }
I20260709 12:19:05.837067 28588 consensus_queue.cc:1048] T a0d4a6f712a84e49b8591e307076ca17 P 3a6758f90cbb48f48eecd4a908239252 [LEADER]: Connected to new peer: Peer: permanent_uuid: "4f03c39415424674b6f100ace3905f9c" member_type: VOTER last_known_addr { host: "127.27.127.65" port: 40593 }, Status: LMP_MISMATCH, Last received: 0.0, Next index: 1, Last known committed idx: 0, Time since last communication: 0.000s
I20260709 12:19:05.843348 28440 leader_election.cc:290] T a0d4a6f712a84e49b8591e307076ca17 P 3761a86e18d347929ee860eafc1f4557 [CANDIDATE]: Term 3 election: Requested vote from peers 4f03c39415424674b6f100ace3905f9c (127.27.127.65:40593), 3a6758f90cbb48f48eecd4a908239252 (127.27.127.66:38769)
I20260709 12:19:05.843310 28291 tablet_service.cc:1917] Received RequestConsensusVote() RPC: tablet_id: "a0d4a6f712a84e49b8591e307076ca17" candidate_uuid: "3761a86e18d347929ee860eafc1f4557" candidate_term: 3 candidate_status { last_received { term: 2 index: 1 } } ignore_live_leader: true dest_uuid: "4f03c39415424674b6f100ace3905f9c"
I20260709 12:19:05.843911 28366 tablet_service.cc:1917] Received RequestConsensusVote() RPC: tablet_id: "a0d4a6f712a84e49b8591e307076ca17" candidate_uuid: "3761a86e18d347929ee860eafc1f4557" candidate_term: 3 candidate_status { last_received { term: 2 index: 1 } } ignore_live_leader: true dest_uuid: "3a6758f90cbb48f48eecd4a908239252"
I20260709 12:19:05.844480 28366 raft_consensus.cc:3055] T a0d4a6f712a84e49b8591e307076ca17 P 3a6758f90cbb48f48eecd4a908239252 [term 2 LEADER]: Stepping down as leader of term 2
I20260709 12:19:05.844923 28366 raft_consensus.cc:740] T a0d4a6f712a84e49b8591e307076ca17 P 3a6758f90cbb48f48eecd4a908239252 [term 2 LEADER]: Becoming Follower/Learner. State: Replica: 3a6758f90cbb48f48eecd4a908239252, State: Running, Role: LEADER
I20260709 12:19:05.845999 28366 consensus_queue.cc:260] T a0d4a6f712a84e49b8591e307076ca17 P 3a6758f90cbb48f48eecd4a908239252 [NON_LEADER]: Queue going to NON_LEADER mode. State: All replicated index: 0, Majority replicated index: 1, Committed index: 1, Last appended: 2.1, Last appended by leader: 1, Current term: 2, Majority size: -1, State: 0, Mode: NON_LEADER, active raft config: opid_index: -1 OBSOLETE_local: false peers { permanent_uuid: "4f03c39415424674b6f100ace3905f9c" member_type: VOTER last_known_addr { host: "127.27.127.65" port: 40593 } } peers { permanent_uuid: "3a6758f90cbb48f48eecd4a908239252" member_type: VOTER last_known_addr { host: "127.27.127.66" port: 38769 } } peers { permanent_uuid: "3761a86e18d347929ee860eafc1f4557" member_type: VOTER last_known_addr { host: "127.27.127.67" port: 46485 } }
I20260709 12:19:05.847507 28366 raft_consensus.cc:3060] T a0d4a6f712a84e49b8591e307076ca17 P 3a6758f90cbb48f48eecd4a908239252 [term 2 FOLLOWER]: Advancing to term 3
I20260709 12:19:05.853796 28366 raft_consensus.cc:2468] T a0d4a6f712a84e49b8591e307076ca17 P 3a6758f90cbb48f48eecd4a908239252 [term 3 FOLLOWER]: Leader election vote request: Granting yes vote for candidate 3761a86e18d347929ee860eafc1f4557 in term 3.
I20260709 12:19:05.854796 28406 leader_election.cc:304] T a0d4a6f712a84e49b8591e307076ca17 P 3761a86e18d347929ee860eafc1f4557 [CANDIDATE]: Term 3 election: Election decided. Result: candidate won. Election summary: received 3 responses out of 3 voters: 2 yes votes; 1 no votes. yes voters: 3761a86e18d347929ee860eafc1f4557, 3a6758f90cbb48f48eecd4a908239252; no voters: 4f03c39415424674b6f100ace3905f9c
I20260709 12:19:05.855561 28571 raft_consensus.cc:2804] T a0d4a6f712a84e49b8591e307076ca17 P 3761a86e18d347929ee860eafc1f4557 [term 3 FOLLOWER]: Leader election won for term 3
I20260709 12:19:05.856050 28571 raft_consensus.cc:697] T a0d4a6f712a84e49b8591e307076ca17 P 3761a86e18d347929ee860eafc1f4557 [term 3 LEADER]: Becoming Leader. State: Replica: 3761a86e18d347929ee860eafc1f4557, State: Running, Role: LEADER
I20260709 12:19:05.856896 28571 consensus_queue.cc:237] T a0d4a6f712a84e49b8591e307076ca17 P 3761a86e18d347929ee860eafc1f4557 [LEADER]: Queue going to LEADER mode. State: All replicated index: 0, Majority replicated index: 1, Committed index: 1, Last appended: 2.1, Last appended by leader: 1, Current term: 3, Majority size: 2, State: 0, Mode: LEADER, active raft config: opid_index: -1 OBSOLETE_local: false peers { permanent_uuid: "4f03c39415424674b6f100ace3905f9c" member_type: VOTER last_known_addr { host: "127.27.127.65" port: 40593 } } peers { permanent_uuid: "3a6758f90cbb48f48eecd4a908239252" member_type: VOTER last_known_addr { host: "127.27.127.66" port: 38769 } } peers { permanent_uuid: "3761a86e18d347929ee860eafc1f4557" member_type: VOTER last_known_addr { host: "127.27.127.67" port: 46485 } }
I20260709 12:19:05.857402 28366 raft_consensus.cc:1275] T be11bd58dab14429aabc29d38b37cc14 P 3a6758f90cbb48f48eecd4a908239252 [term 2 FOLLOWER]: Refusing update from remote peer 4f03c39415424674b6f100ace3905f9c: Log matching property violated. Preceding OpId in replica: term: 0 index: 0. Preceding OpId from leader: term: 2 index: 1. (index mismatch)
I20260709 12:19:05.858760 28494 consensus_queue.cc:1048] T be11bd58dab14429aabc29d38b37cc14 P 4f03c39415424674b6f100ace3905f9c [LEADER]: Connected to new peer: Peer: permanent_uuid: "3a6758f90cbb48f48eecd4a908239252" member_type: VOTER last_known_addr { host: "127.27.127.66" port: 38769 }, Status: LMP_MISMATCH, Last received: 0.0, Next index: 1, Last known committed idx: 0, Time since last communication: 0.000s
I20260709 12:19:05.865576 28188 catalog_manager.cc:5697] T a0d4a6f712a84e49b8591e307076ca17 P 3761a86e18d347929ee860eafc1f4557 reported cstate change: term changed from 2 to 3, leader changed from 3a6758f90cbb48f48eecd4a908239252 (127.27.127.66) to 3761a86e18d347929ee860eafc1f4557 (127.27.127.67). New cstate: current_term: 3 leader_uuid: "3761a86e18d347929ee860eafc1f4557" committed_config { opid_index: -1 OBSOLETE_local: false peers { permanent_uuid: "4f03c39415424674b6f100ace3905f9c" member_type: VOTER last_known_addr { host: "127.27.127.65" port: 40593 } health_report { overall_health: UNKNOWN } } peers { permanent_uuid: "3a6758f90cbb48f48eecd4a908239252" member_type: VOTER last_known_addr { host: "127.27.127.66" port: 38769 } health_report { overall_health: UNKNOWN } } peers { permanent_uuid: "3761a86e18d347929ee860eafc1f4557" member_type: VOTER last_known_addr { host: "127.27.127.67" port: 46485 } health_report { overall_health: HEALTHY } } }
I20260709 12:19:05.869300 28494 raft_consensus.cc:993] T be11bd58dab14429aabc29d38b37cc14 P 4f03c39415424674b6f100ace3905f9c: : Instructing follower 3a6758f90cbb48f48eecd4a908239252 to start an election
I20260709 12:19:05.869788 28494 raft_consensus.cc:1081] T be11bd58dab14429aabc29d38b37cc14 P 4f03c39415424674b6f100ace3905f9c [term 2 LEADER]: Signalling peer 3a6758f90cbb48f48eecd4a908239252 to start an election
I20260709 12:19:05.871491 28365 tablet_service.cc:2044] Received Run Leader Election RPC: tablet_id: "be11bd58dab14429aabc29d38b37cc14"
dest_uuid: "3a6758f90cbb48f48eecd4a908239252"
 from {username='slave'} at 127.0.0.1:36298
I20260709 12:19:05.872105 28365 raft_consensus.cc:493] T be11bd58dab14429aabc29d38b37cc14 P 3a6758f90cbb48f48eecd4a908239252 [term 2 FOLLOWER]: Starting forced leader election (received explicit request)
I20260709 12:19:05.872573 28365 raft_consensus.cc:3060] T be11bd58dab14429aabc29d38b37cc14 P 3a6758f90cbb48f48eecd4a908239252 [term 2 FOLLOWER]: Advancing to term 3
I20260709 12:19:05.886188 28365 raft_consensus.cc:515] T be11bd58dab14429aabc29d38b37cc14 P 3a6758f90cbb48f48eecd4a908239252 [term 3 FOLLOWER]: Starting forced leader election with config: opid_index: -1 OBSOLETE_local: false peers { permanent_uuid: "4f03c39415424674b6f100ace3905f9c" member_type: VOTER last_known_addr { host: "127.27.127.65" port: 40593 } } peers { permanent_uuid: "3a6758f90cbb48f48eecd4a908239252" member_type: VOTER last_known_addr { host: "127.27.127.66" port: 38769 } } peers { permanent_uuid: "3761a86e18d347929ee860eafc1f4557" member_type: VOTER last_known_addr { host: "127.27.127.67" port: 46485 } }
I20260709 12:19:05.889029 28440 raft_consensus.cc:1275] T be11bd58dab14429aabc29d38b37cc14 P 3761a86e18d347929ee860eafc1f4557 [term 2 FOLLOWER]: Refusing update from remote peer 4f03c39415424674b6f100ace3905f9c: Log matching property violated. Preceding OpId in replica: term: 0 index: 0. Preceding OpId from leader: term: 2 index: 1. (index mismatch)
I20260709 12:19:05.891395 28494 consensus_queue.cc:1048] T be11bd58dab14429aabc29d38b37cc14 P 4f03c39415424674b6f100ace3905f9c [LEADER]: Connected to new peer: Peer: permanent_uuid: "3761a86e18d347929ee860eafc1f4557" member_type: VOTER last_known_addr { host: "127.27.127.67" port: 46485 }, Status: LMP_MISMATCH, Last received: 0.0, Next index: 1, Last known committed idx: 0, Time since last communication: 0.001s
I20260709 12:19:05.893890 28292 tablet_service.cc:1917] Received RequestConsensusVote() RPC: tablet_id: "be11bd58dab14429aabc29d38b37cc14" candidate_uuid: "3a6758f90cbb48f48eecd4a908239252" candidate_term: 3 candidate_status { last_received { term: 2 index: 1 } } ignore_live_leader: true dest_uuid: "4f03c39415424674b6f100ace3905f9c"
I20260709 12:19:05.894695 28292 raft_consensus.cc:3055] T be11bd58dab14429aabc29d38b37cc14 P 4f03c39415424674b6f100ace3905f9c [term 2 LEADER]: Stepping down as leader of term 2
I20260709 12:19:05.894963 28365 leader_election.cc:290] T be11bd58dab14429aabc29d38b37cc14 P 3a6758f90cbb48f48eecd4a908239252 [CANDIDATE]: Term 3 election: Requested vote from peers 4f03c39415424674b6f100ace3905f9c (127.27.127.65:40593), 3761a86e18d347929ee860eafc1f4557 (127.27.127.67:46485)
I20260709 12:19:05.895017 28292 raft_consensus.cc:740] T be11bd58dab14429aabc29d38b37cc14 P 4f03c39415424674b6f100ace3905f9c [term 2 LEADER]: Becoming Follower/Learner. State: Replica: 4f03c39415424674b6f100ace3905f9c, State: Running, Role: LEADER
I20260709 12:19:05.896018 28292 consensus_queue.cc:260] T be11bd58dab14429aabc29d38b37cc14 P 4f03c39415424674b6f100ace3905f9c [NON_LEADER]: Queue going to NON_LEADER mode. State: All replicated index: 0, Majority replicated index: 1, Committed index: 1, Last appended: 2.1, Last appended by leader: 1, Current term: 2, Majority size: -1, State: 0, Mode: NON_LEADER, active raft config: opid_index: -1 OBSOLETE_local: false peers { permanent_uuid: "4f03c39415424674b6f100ace3905f9c" member_type: VOTER last_known_addr { host: "127.27.127.65" port: 40593 } } peers { permanent_uuid: "3a6758f90cbb48f48eecd4a908239252" member_type: VOTER last_known_addr { host: "127.27.127.66" port: 38769 } } peers { permanent_uuid: "3761a86e18d347929ee860eafc1f4557" member_type: VOTER last_known_addr { host: "127.27.127.67" port: 46485 } }
I20260709 12:19:05.896991 28441 tablet_service.cc:1917] Received RequestConsensusVote() RPC: tablet_id: "be11bd58dab14429aabc29d38b37cc14" candidate_uuid: "3a6758f90cbb48f48eecd4a908239252" candidate_term: 3 candidate_status { last_received { term: 2 index: 1 } } ignore_live_leader: true dest_uuid: "3761a86e18d347929ee860eafc1f4557"
I20260709 12:19:05.897339 28292 raft_consensus.cc:3060] T be11bd58dab14429aabc29d38b37cc14 P 4f03c39415424674b6f100ace3905f9c [term 2 FOLLOWER]: Advancing to term 3
I20260709 12:19:05.909466 28292 raft_consensus.cc:2468] T be11bd58dab14429aabc29d38b37cc14 P 4f03c39415424674b6f100ace3905f9c [term 3 FOLLOWER]: Leader election vote request: Granting yes vote for candidate 3a6758f90cbb48f48eecd4a908239252 in term 3.
I20260709 12:19:05.910614 28332 leader_election.cc:304] T be11bd58dab14429aabc29d38b37cc14 P 3a6758f90cbb48f48eecd4a908239252 [CANDIDATE]: Term 3 election: Election decided. Result: candidate won. Election summary: received 3 responses out of 3 voters: 2 yes votes; 1 no votes. yes voters: 3a6758f90cbb48f48eecd4a908239252, 4f03c39415424674b6f100ace3905f9c; no voters: 3761a86e18d347929ee860eafc1f4557
I20260709 12:19:05.911526 28588 raft_consensus.cc:2804] T be11bd58dab14429aabc29d38b37cc14 P 3a6758f90cbb48f48eecd4a908239252 [term 3 FOLLOWER]: Leader election won for term 3
I20260709 12:19:05.911969 28588 raft_consensus.cc:697] T be11bd58dab14429aabc29d38b37cc14 P 3a6758f90cbb48f48eecd4a908239252 [term 3 LEADER]: Becoming Leader. State: Replica: 3a6758f90cbb48f48eecd4a908239252, State: Running, Role: LEADER
I20260709 12:19:05.912794 28588 consensus_queue.cc:237] T be11bd58dab14429aabc29d38b37cc14 P 3a6758f90cbb48f48eecd4a908239252 [LEADER]: Queue going to LEADER mode. State: All replicated index: 0, Majority replicated index: 1, Committed index: 1, Last appended: 2.1, Last appended by leader: 1, Current term: 3, Majority size: 2, State: 0, Mode: LEADER, active raft config: opid_index: -1 OBSOLETE_local: false peers { permanent_uuid: "4f03c39415424674b6f100ace3905f9c" member_type: VOTER last_known_addr { host: "127.27.127.65" port: 40593 } } peers { permanent_uuid: "3a6758f90cbb48f48eecd4a908239252" member_type: VOTER last_known_addr { host: "127.27.127.66" port: 38769 } } peers { permanent_uuid: "3761a86e18d347929ee860eafc1f4557" member_type: VOTER last_known_addr { host: "127.27.127.67" port: 46485 } }
I20260709 12:19:05.919691 28188 catalog_manager.cc:5697] T be11bd58dab14429aabc29d38b37cc14 P 3a6758f90cbb48f48eecd4a908239252 reported cstate change: term changed from 2 to 3, leader changed from 4f03c39415424674b6f100ace3905f9c (127.27.127.65) to 3a6758f90cbb48f48eecd4a908239252 (127.27.127.66). New cstate: current_term: 3 leader_uuid: "3a6758f90cbb48f48eecd4a908239252" committed_config { opid_index: -1 OBSOLETE_local: false peers { permanent_uuid: "4f03c39415424674b6f100ace3905f9c" member_type: VOTER last_known_addr { host: "127.27.127.65" port: 40593 } health_report { overall_health: UNKNOWN } } peers { permanent_uuid: "3a6758f90cbb48f48eecd4a908239252" member_type: VOTER last_known_addr { host: "127.27.127.66" port: 38769 } health_report { overall_health: HEALTHY } } peers { permanent_uuid: "3761a86e18d347929ee860eafc1f4557" member_type: VOTER last_known_addr { host: "127.27.127.67" port: 46485 } health_report { overall_health: UNKNOWN } } }
I20260709 12:19:06.132033 28440 raft_consensus.cc:1275] T e800e301163e4abfa67a0f1459889a9e P 3761a86e18d347929ee860eafc1f4557 [term 2 FOLLOWER]: Refusing update from remote peer 4f03c39415424674b6f100ace3905f9c: Log matching property violated. Preceding OpId in replica: term: 1 index: 1. Preceding OpId from leader: term: 2 index: 2. (index mismatch)
I20260709 12:19:06.133361 28494 consensus_queue.cc:1048] T e800e301163e4abfa67a0f1459889a9e P 4f03c39415424674b6f100ace3905f9c [LEADER]: Connected to new peer: Peer: permanent_uuid: "3761a86e18d347929ee860eafc1f4557" member_type: VOTER last_known_addr { host: "127.27.127.67" port: 46485 }, Status: LMP_MISMATCH, Last received: 0.0, Next index: 2, Last known committed idx: 1, Time since last communication: 0.000s
I20260709 12:19:06.141974 28365 raft_consensus.cc:1275] T e800e301163e4abfa67a0f1459889a9e P 3a6758f90cbb48f48eecd4a908239252 [term 2 FOLLOWER]: Refusing update from remote peer 4f03c39415424674b6f100ace3905f9c: Log matching property violated. Preceding OpId in replica: term: 1 index: 1. Preceding OpId from leader: term: 2 index: 2. (index mismatch)
I20260709 12:19:06.143393 28524 consensus_queue.cc:1048] T e800e301163e4abfa67a0f1459889a9e P 4f03c39415424674b6f100ace3905f9c [LEADER]: Connected to new peer: Peer: permanent_uuid: "3a6758f90cbb48f48eecd4a908239252" member_type: VOTER last_known_addr { host: "127.27.127.66" port: 38769 }, Status: LMP_MISMATCH, Last received: 0.0, Next index: 2, Last known committed idx: 1, Time since last communication: 0.000s
I20260709 12:19:06.220467 28440 raft_consensus.cc:1275] T 058bd5e63e2949d6aeba6a109a18e804 P 3761a86e18d347929ee860eafc1f4557 [term 2 FOLLOWER]: Refusing update from remote peer 3a6758f90cbb48f48eecd4a908239252: Log matching property violated. Preceding OpId in replica: term: 1 index: 1. Preceding OpId from leader: term: 2 index: 2. (index mismatch)
I20260709 12:19:06.221946 28588 consensus_queue.cc:1048] T 058bd5e63e2949d6aeba6a109a18e804 P 3a6758f90cbb48f48eecd4a908239252 [LEADER]: Connected to new peer: Peer: permanent_uuid: "3761a86e18d347929ee860eafc1f4557" member_type: VOTER last_known_addr { host: "127.27.127.67" port: 46485 }, Status: LMP_MISMATCH, Last received: 0.0, Next index: 2, Last known committed idx: 1, Time since last communication: 0.000s
I20260709 12:19:06.230705 28292 raft_consensus.cc:1275] T 058bd5e63e2949d6aeba6a109a18e804 P 4f03c39415424674b6f100ace3905f9c [term 2 FOLLOWER]: Refusing update from remote peer 3a6758f90cbb48f48eecd4a908239252: Log matching property violated. Preceding OpId in replica: term: 1 index: 1. Preceding OpId from leader: term: 2 index: 2. (index mismatch)
I20260709 12:19:06.232409 28588 consensus_queue.cc:1048] T 058bd5e63e2949d6aeba6a109a18e804 P 3a6758f90cbb48f48eecd4a908239252 [LEADER]: Connected to new peer: Peer: permanent_uuid: "4f03c39415424674b6f100ace3905f9c" member_type: VOTER last_known_addr { host: "127.27.127.65" port: 40593 }, Status: LMP_MISMATCH, Last received: 0.0, Next index: 2, Last known committed idx: 1, Time since last communication: 0.000s
I20260709 12:19:06.303639 28365 raft_consensus.cc:1275] T a0d4a6f712a84e49b8591e307076ca17 P 3a6758f90cbb48f48eecd4a908239252 [term 3 FOLLOWER]: Refusing update from remote peer 3761a86e18d347929ee860eafc1f4557: Log matching property violated. Preceding OpId in replica: term: 2 index: 1. Preceding OpId from leader: term: 3 index: 2. (index mismatch)
I20260709 12:19:06.305042 28571 consensus_queue.cc:1048] T a0d4a6f712a84e49b8591e307076ca17 P 3761a86e18d347929ee860eafc1f4557 [LEADER]: Connected to new peer: Peer: permanent_uuid: "3a6758f90cbb48f48eecd4a908239252" member_type: VOTER last_known_addr { host: "127.27.127.66" port: 38769 }, Status: LMP_MISMATCH, Last received: 0.0, Next index: 2, Last known committed idx: 1, Time since last communication: 0.000s
I20260709 12:19:06.312100 28292 raft_consensus.cc:3060] T a0d4a6f712a84e49b8591e307076ca17 P 4f03c39415424674b6f100ace3905f9c [term 2 FOLLOWER]: Advancing to term 3
I20260709 12:19:06.320067 28292 raft_consensus.cc:1275] T a0d4a6f712a84e49b8591e307076ca17 P 4f03c39415424674b6f100ace3905f9c [term 3 FOLLOWER]: Refusing update from remote peer 3761a86e18d347929ee860eafc1f4557: Log matching property violated. Preceding OpId in replica: term: 2 index: 1. Preceding OpId from leader: term: 3 index: 2. (index mismatch)
I20260709 12:19:06.321404 28602 consensus_queue.cc:1048] T a0d4a6f712a84e49b8591e307076ca17 P 3761a86e18d347929ee860eafc1f4557 [LEADER]: Connected to new peer: Peer: permanent_uuid: "4f03c39415424674b6f100ace3905f9c" member_type: VOTER last_known_addr { host: "127.27.127.65" port: 40593 }, Status: LMP_MISMATCH, Last received: 0.0, Next index: 2, Last known committed idx: 1, Time since last communication: 0.000s
I20260709 12:19:06.332105 28365 raft_consensus.cc:1275] T 29523f5e9abf4a76a37799d30af8e6a9 P 3a6758f90cbb48f48eecd4a908239252 [term 2 FOLLOWER]: Refusing update from remote peer 4f03c39415424674b6f100ace3905f9c: Log matching property violated. Preceding OpId in replica: term: 1 index: 1. Preceding OpId from leader: term: 2 index: 2. (index mismatch)
I20260709 12:19:06.333324 28524 consensus_queue.cc:1048] T 29523f5e9abf4a76a37799d30af8e6a9 P 4f03c39415424674b6f100ace3905f9c [LEADER]: Connected to new peer: Peer: permanent_uuid: "3a6758f90cbb48f48eecd4a908239252" member_type: VOTER last_known_addr { host: "127.27.127.66" port: 38769 }, Status: LMP_MISMATCH, Last received: 0.0, Next index: 2, Last known committed idx: 1, Time since last communication: 0.000s
I20260709 12:19:06.342661 28441 raft_consensus.cc:1275] T 29523f5e9abf4a76a37799d30af8e6a9 P 3761a86e18d347929ee860eafc1f4557 [term 2 FOLLOWER]: Refusing update from remote peer 4f03c39415424674b6f100ace3905f9c: Log matching property violated. Preceding OpId in replica: term: 1 index: 1. Preceding OpId from leader: term: 2 index: 2. (index mismatch)
I20260709 12:19:06.344297 28594 consensus_queue.cc:1048] T 29523f5e9abf4a76a37799d30af8e6a9 P 4f03c39415424674b6f100ace3905f9c [LEADER]: Connected to new peer: Peer: permanent_uuid: "3761a86e18d347929ee860eafc1f4557" member_type: VOTER last_known_addr { host: "127.27.127.67" port: 46485 }, Status: LMP_MISMATCH, Last received: 0.0, Next index: 2, Last known committed idx: 1, Time since last communication: 0.000s
I20260709 12:19:06.438021 28292 raft_consensus.cc:1275] T be11bd58dab14429aabc29d38b37cc14 P 4f03c39415424674b6f100ace3905f9c [term 3 FOLLOWER]: Refusing update from remote peer 3a6758f90cbb48f48eecd4a908239252: Log matching property violated. Preceding OpId in replica: term: 2 index: 1. Preceding OpId from leader: term: 3 index: 2. (index mismatch)
I20260709 12:19:06.439303 28588 consensus_queue.cc:1048] T be11bd58dab14429aabc29d38b37cc14 P 3a6758f90cbb48f48eecd4a908239252 [LEADER]: Connected to new peer: Peer: permanent_uuid: "4f03c39415424674b6f100ace3905f9c" member_type: VOTER last_known_addr { host: "127.27.127.65" port: 40593 }, Status: LMP_MISMATCH, Last received: 0.0, Next index: 2, Last known committed idx: 1, Time since last communication: 0.000s
I20260709 12:19:06.446473 28441 raft_consensus.cc:3060] T be11bd58dab14429aabc29d38b37cc14 P 3761a86e18d347929ee860eafc1f4557 [term 2 FOLLOWER]: Advancing to term 3
I20260709 12:19:06.452755 28441 raft_consensus.cc:1275] T be11bd58dab14429aabc29d38b37cc14 P 3761a86e18d347929ee860eafc1f4557 [term 3 FOLLOWER]: Refusing update from remote peer 3a6758f90cbb48f48eecd4a908239252: Log matching property violated. Preceding OpId in replica: term: 2 index: 1. Preceding OpId from leader: term: 3 index: 2. (index mismatch)
I20260709 12:19:06.453967 28600 consensus_queue.cc:1048] T be11bd58dab14429aabc29d38b37cc14 P 3a6758f90cbb48f48eecd4a908239252 [LEADER]: Connected to new peer: Peer: permanent_uuid: "3761a86e18d347929ee860eafc1f4557" member_type: VOTER last_known_addr { host: "127.27.127.67" port: 46485 }, Status: LMP_MISMATCH, Last received: 0.0, Next index: 2, Last known committed idx: 1, Time since last communication: 0.000s
I20260709 12:19:08.584204 28157 auto_leader_rebalancer-test.cc:294] The leader distribution is 
I20260709 12:19:08.584990 28157 auto_leader_rebalancer.cc:141] leader rebalance for table test-workload
I20260709 12:19:08.605122 28291 tablet_service.cc:2072] Received LeaderStepDown RPC: tablet_id: "6026a23727b54b45a96137b51a6bf6ba"
dest_uuid: "4f03c39415424674b6f100ace3905f9c"
mode: GRACEFUL
new_leader_uuid: "3761a86e18d347929ee860eafc1f4557"
 from {username='slave'} at 127.0.0.1:60166
I20260709 12:19:08.605710 28291 raft_consensus.cc:606] T 6026a23727b54b45a96137b51a6bf6ba P 4f03c39415424674b6f100ace3905f9c [term 1 LEADER]: Received request to transfer leadership to TS 3761a86e18d347929ee860eafc1f4557
I20260709 12:19:08.616931 28365 tablet_service.cc:2072] Received LeaderStepDown RPC: tablet_id: "bc8cef9dd6d54f24aa2921cb78e27b9b"
dest_uuid: "3a6758f90cbb48f48eecd4a908239252"
mode: GRACEFUL
new_leader_uuid: "3761a86e18d347929ee860eafc1f4557"
 from {username='slave'} at 127.0.0.1:37052
I20260709 12:19:08.617528 28365 raft_consensus.cc:606] T bc8cef9dd6d54f24aa2921cb78e27b9b P 3a6758f90cbb48f48eecd4a908239252 [term 1 LEADER]: Received request to transfer leadership to TS 3761a86e18d347929ee860eafc1f4557
I20260709 12:19:08.618759 28157 auto_leader_rebalancer.cc:440] table: test-workload, leader rebalance finish, leader transfer count: 2
I20260709 12:19:08.619172 28157 auto_leader_rebalancer.cc:515] All tables' leader rebalancing finished this round
I20260709 12:19:08.687366 28595 raft_consensus.cc:993] T 6026a23727b54b45a96137b51a6bf6ba P 4f03c39415424674b6f100ace3905f9c: : Instructing follower 3761a86e18d347929ee860eafc1f4557 to start an election
I20260709 12:19:08.687824 28610 raft_consensus.cc:1081] T 6026a23727b54b45a96137b51a6bf6ba P 4f03c39415424674b6f100ace3905f9c [term 1 LEADER]: Signalling peer 3761a86e18d347929ee860eafc1f4557 to start an election
I20260709 12:19:08.689252 28441 tablet_service.cc:2044] Received Run Leader Election RPC: tablet_id: "6026a23727b54b45a96137b51a6bf6ba"
dest_uuid: "3761a86e18d347929ee860eafc1f4557"
 from {username='slave'} at 127.0.0.1:58344
I20260709 12:19:08.689721 28441 raft_consensus.cc:493] T 6026a23727b54b45a96137b51a6bf6ba P 3761a86e18d347929ee860eafc1f4557 [term 1 FOLLOWER]: Starting forced leader election (received explicit request)
I20260709 12:19:08.689953 28441 raft_consensus.cc:3060] T 6026a23727b54b45a96137b51a6bf6ba P 3761a86e18d347929ee860eafc1f4557 [term 1 FOLLOWER]: Advancing to term 2
I20260709 12:19:08.693915 28441 raft_consensus.cc:515] T 6026a23727b54b45a96137b51a6bf6ba P 3761a86e18d347929ee860eafc1f4557 [term 2 FOLLOWER]: Starting forced leader election with config: opid_index: -1 OBSOLETE_local: false peers { permanent_uuid: "4f03c39415424674b6f100ace3905f9c" member_type: VOTER last_known_addr { host: "127.27.127.65" port: 40593 } } peers { permanent_uuid: "3a6758f90cbb48f48eecd4a908239252" member_type: VOTER last_known_addr { host: "127.27.127.66" port: 38769 } } peers { permanent_uuid: "3761a86e18d347929ee860eafc1f4557" member_type: VOTER last_known_addr { host: "127.27.127.67" port: 46485 } }
I20260709 12:19:08.695276 28441 leader_election.cc:290] T 6026a23727b54b45a96137b51a6bf6ba P 3761a86e18d347929ee860eafc1f4557 [CANDIDATE]: Term 2 election: Requested vote from peers 4f03c39415424674b6f100ace3905f9c (127.27.127.65:40593), 3a6758f90cbb48f48eecd4a908239252 (127.27.127.66:38769)
I20260709 12:19:08.696197 28291 tablet_service.cc:1917] Received RequestConsensusVote() RPC: tablet_id: "6026a23727b54b45a96137b51a6bf6ba" candidate_uuid: "3761a86e18d347929ee860eafc1f4557" candidate_term: 2 candidate_status { last_received { term: 1 index: 1 } } ignore_live_leader: true dest_uuid: "4f03c39415424674b6f100ace3905f9c"
I20260709 12:19:08.696487 28365 tablet_service.cc:1917] Received RequestConsensusVote() RPC: tablet_id: "6026a23727b54b45a96137b51a6bf6ba" candidate_uuid: "3761a86e18d347929ee860eafc1f4557" candidate_term: 2 candidate_status { last_received { term: 1 index: 1 } } ignore_live_leader: true dest_uuid: "3a6758f90cbb48f48eecd4a908239252"
I20260709 12:19:08.696772 28291 raft_consensus.cc:3055] T 6026a23727b54b45a96137b51a6bf6ba P 4f03c39415424674b6f100ace3905f9c [term 1 LEADER]: Stepping down as leader of term 1
I20260709 12:19:08.697091 28291 raft_consensus.cc:740] T 6026a23727b54b45a96137b51a6bf6ba P 4f03c39415424674b6f100ace3905f9c [term 1 LEADER]: Becoming Follower/Learner. State: Replica: 4f03c39415424674b6f100ace3905f9c, State: Running, Role: LEADER
