I20260709 12:20:03.678508 29357 raft_consensus.cc:2468] T 63cddf9f7f5848188540e9f9e27c8ddb P fe9aef6ee3894a62a91c93e727b917fe [term 1 FOLLOWER]: Leader election vote request: Granting yes vote for candidate e99265ba5dbb444fa0b40140eeffb8a9 in term 1.
I20260709 12:20:03.657974 29492 tablet_service.cc:1511] Processing CreateTablet for tablet d552a7557bee415798af22a7800a33a6 (DEFAULT_TABLE table=test-workload [id=f87b58ac54374c229dd1800e676cfc9f]), partition=RANGE (key) PARTITION 1273930945 <= VALUES < 1310328972
I20260709 12:20:03.659384 29551 tablet_bootstrap.cc:492] T 1ab3a5880e0c4e5f82cc6112d45786d0 P fe9aef6ee3894a62a91c93e727b917fe: No bootstrap required, opened a new log
I20260709 12:20:03.680068 29551 ts_tablet_manager.cc:1403] T 1ab3a5880e0c4e5f82cc6112d45786d0 P fe9aef6ee3894a62a91c93e727b917fe: Time spent bootstrapping tablet: real 0.241s	user 0.019s	sys 0.000s
I20260709 12:20:03.679877 29473 leader_election.cc:304] T 63cddf9f7f5848188540e9f9e27c8ddb P e99265ba5dbb444fa0b40140eeffb8a9 [CANDIDATE]: Term 1 election: Election decided. Result: candidate won. Election summary: received 2 responses out of 3 voters: 2 yes votes; 0 no votes. yes voters: e99265ba5dbb444fa0b40140eeffb8a9, fe9aef6ee3894a62a91c93e727b917fe; no voters: 
I20260709 12:20:03.681043 29582 raft_consensus.cc:2804] T 63cddf9f7f5848188540e9f9e27c8ddb P e99265ba5dbb444fa0b40140eeffb8a9 [term 1 FOLLOWER]: Leader election won for term 1
I20260709 12:20:03.674401 29359 raft_consensus.cc:2468] T 5d75108112954bdf880432604c9d5d31 P fe9aef6ee3894a62a91c93e727b917fe [term 0 FOLLOWER]: Leader pre-election vote request: Granting yes vote for candidate e99265ba5dbb444fa0b40140eeffb8a9 in term 0.
I20260709 12:20:03.671859 29509 raft_consensus.cc:3060] T 9e886bf060114f14b54e8ff3f3cfc23e P e99265ba5dbb444fa0b40140eeffb8a9 [term 0 FOLLOWER]: Advancing to term 1
I20260709 12:20:03.681699 29582 raft_consensus.cc:697] T 63cddf9f7f5848188540e9f9e27c8ddb P e99265ba5dbb444fa0b40140eeffb8a9 [term 1 LEADER]: Becoming Leader. State: Replica: e99265ba5dbb444fa0b40140eeffb8a9, State: Running, Role: LEADER
I20260709 12:20:03.682814 29582 consensus_queue.cc:237] T 63cddf9f7f5848188540e9f9e27c8ddb P e99265ba5dbb444fa0b40140eeffb8a9 [LEADER]: Queue going to LEADER mode. State: All replicated index: 0, Majority replicated index: 0, Committed index: 0, Last appended: 0.0, Last appended by leader: 0, Current term: 1, Majority size: 2, State: 0, Mode: LEADER, active raft config: opid_index: -1 OBSOLETE_local: false peers { permanent_uuid: "fe9aef6ee3894a62a91c93e727b917fe" member_type: VOTER last_known_addr { host: "127.27.127.65" port: 33539 } } peers { permanent_uuid: "2e4bd71bb09a45ceb9990a12816fb939" member_type: VOTER last_known_addr { host: "127.27.127.66" port: 39261 } } peers { permanent_uuid: "e99265ba5dbb444fa0b40140eeffb8a9" member_type: VOTER last_known_addr { host: "127.27.127.67" port: 34997 } }
I20260709 12:20:03.683465 29551 raft_consensus.cc:359] T 1ab3a5880e0c4e5f82cc6112d45786d0 P fe9aef6ee3894a62a91c93e727b917fe [term 0 FOLLOWER]: Replica starting. Triggering 0 pending ops. Active config: opid_index: -1 OBSOLETE_local: false peers { permanent_uuid: "fe9aef6ee3894a62a91c93e727b917fe" member_type: VOTER last_known_addr { host: "127.27.127.65" port: 33539 } } peers { permanent_uuid: "2e4bd71bb09a45ceb9990a12816fb939" member_type: VOTER last_known_addr { host: "127.27.127.66" port: 39261 } } peers { permanent_uuid: "e99265ba5dbb444fa0b40140eeffb8a9" member_type: VOTER last_known_addr { host: "127.27.127.67" port: 34997 } }
I20260709 12:20:03.684129 29551 raft_consensus.cc:385] T 1ab3a5880e0c4e5f82cc6112d45786d0 P fe9aef6ee3894a62a91c93e727b917fe [term 0 FOLLOWER]: Consensus starting up: Expiring failure detector timer to make a prompt election more likely
I20260709 12:20:03.684412 29551 raft_consensus.cc:740] T 1ab3a5880e0c4e5f82cc6112d45786d0 P fe9aef6ee3894a62a91c93e727b917fe [term 0 FOLLOWER]: Becoming Follower/Learner. State: Replica: fe9aef6ee3894a62a91c93e727b917fe, State: Initialized, Role: FOLLOWER
W20260709 12:20:03.676681 29475 leader_election.cc:343] T 5d75108112954bdf880432604c9d5d31 P e99265ba5dbb444fa0b40140eeffb8a9 [CANDIDATE]: Term 1 pre-election: Tablet error from VoteRequest() call to peer 2e4bd71bb09a45ceb9990a12816fb939 (127.27.127.66:39261): Illegal state: must be running to vote when last-logged opid is not known
I20260709 12:20:03.685112 29551 consensus_queue.cc:260] T 1ab3a5880e0c4e5f82cc6112d45786d0 P fe9aef6ee3894a62a91c93e727b917fe [NON_LEADER]: Queue going to NON_LEADER mode. State: All replicated index: 0, Majority replicated index: 0, Committed index: 0, Last appended: 0.0, Last appended by leader: 0, Current term: 0, Majority size: -1, State: 0, Mode: NON_LEADER, active raft config: opid_index: -1 OBSOLETE_local: false peers { permanent_uuid: "fe9aef6ee3894a62a91c93e727b917fe" member_type: VOTER last_known_addr { host: "127.27.127.65" port: 33539 } } peers { permanent_uuid: "2e4bd71bb09a45ceb9990a12816fb939" member_type: VOTER last_known_addr { host: "127.27.127.66" port: 39261 } } peers { permanent_uuid: "e99265ba5dbb444fa0b40140eeffb8a9" member_type: VOTER last_known_addr { host: "127.27.127.67" port: 34997 } }
I20260709 12:20:03.678169 29343 data_dirs.cc:400] Could only allocate 1 dirs of requested 3 for tablet d552a7557bee415798af22a7800a33a6. 1 dirs total, 0 dirs full, 0 dirs failed
I20260709 12:20:03.689262 29325 leader_election.cc:304] T 9e886bf060114f14b54e8ff3f3cfc23e P fe9aef6ee3894a62a91c93e727b917fe [CANDIDATE]: Term 1 election: Election decided. Result: candidate won. Election summary: received 2 responses out of 3 voters: 2 yes votes; 0 no votes. yes voters: 2e4bd71bb09a45ceb9990a12816fb939, fe9aef6ee3894a62a91c93e727b917fe; no voters: 
I20260709 12:20:03.703016 29421 tablet_service.cc:1511] Processing CreateTablet for tablet 75160f1824ee48599413ee449b5bc263 (DEFAULT_TABLE table=test-workload [id=f87b58ac54374c229dd1800e676cfc9f]), partition=RANGE (key) PARTITION 1310328972 <= VALUES < 1346726999
I20260709 12:20:03.703789 29563 raft_consensus.cc:2804] T 9e886bf060114f14b54e8ff3f3cfc23e P fe9aef6ee3894a62a91c93e727b917fe [term 1 FOLLOWER]: Leader election won for term 1
W20260709 12:20:03.703965 29325 leader_election.cc:343] T 63cddf9f7f5848188540e9f9e27c8ddb P fe9aef6ee3894a62a91c93e727b917fe [CANDIDATE]: Term 1 pre-election: Tablet error from VoteRequest() call to peer 2e4bd71bb09a45ceb9990a12816fb939 (127.27.127.66:39261): Illegal state: must be running to vote when last-logged opid is not known
I20260709 12:20:03.704342 29421 data_dirs.cc:400] Could only allocate 1 dirs of requested 3 for tablet 75160f1824ee48599413ee449b5bc263. 1 dirs total, 0 dirs full, 0 dirs failed
I20260709 12:20:03.704504 29325 leader_election.cc:304] T 63cddf9f7f5848188540e9f9e27c8ddb P fe9aef6ee3894a62a91c93e727b917fe [CANDIDATE]: Term 1 pre-election: Election decided. Result: candidate lost. Election summary: received 3 responses out of 3 voters: 1 yes votes; 2 no votes. yes voters: fe9aef6ee3894a62a91c93e727b917fe; no voters: 2e4bd71bb09a45ceb9990a12816fb939, e99265ba5dbb444fa0b40140eeffb8a9
I20260709 12:20:03.704313 29563 raft_consensus.cc:697] T 9e886bf060114f14b54e8ff3f3cfc23e P fe9aef6ee3894a62a91c93e727b917fe [term 1 LEADER]: Becoming Leader. State: Replica: fe9aef6ee3894a62a91c93e727b917fe, State: Running, Role: LEADER
I20260709 12:20:03.694025 29473 leader_election.cc:304] T 5d75108112954bdf880432604c9d5d31 P e99265ba5dbb444fa0b40140eeffb8a9 [CANDIDATE]: Term 1 pre-election: Election decided. Result: candidate won. Election summary: received 3 responses out of 3 voters: 2 yes votes; 1 no votes. yes voters: e99265ba5dbb444fa0b40140eeffb8a9, fe9aef6ee3894a62a91c93e727b917fe; no voters: 2e4bd71bb09a45ceb9990a12816fb939
I20260709 12:20:03.705667 29563 consensus_queue.cc:237] T 9e886bf060114f14b54e8ff3f3cfc23e P fe9aef6ee3894a62a91c93e727b917fe [LEADER]: Queue going to LEADER mode. State: All replicated index: 0, Majority replicated index: 0, Committed index: 0, Last appended: 0.0, Last appended by leader: 0, Current term: 1, Majority size: 2, State: 0, Mode: LEADER, active raft config: opid_index: -1 OBSOLETE_local: false peers { permanent_uuid: "fe9aef6ee3894a62a91c93e727b917fe" member_type: VOTER last_known_addr { host: "127.27.127.65" port: 33539 } } peers { permanent_uuid: "2e4bd71bb09a45ceb9990a12816fb939" member_type: VOTER last_known_addr { host: "127.27.127.66" port: 39261 } } peers { permanent_uuid: "e99265ba5dbb444fa0b40140eeffb8a9" member_type: VOTER last_known_addr { host: "127.27.127.67" port: 34997 } }
I20260709 12:20:03.694788 29552 ts_tablet_manager.cc:1434] T 9e886bf060114f14b54e8ff3f3cfc23e P 2e4bd71bb09a45ceb9990a12816fb939: Time spent starting tablet: real 0.116s	user 0.008s	sys 0.000s
I20260709 12:20:03.693194 29551 ts_tablet_manager.cc:1434] T 1ab3a5880e0c4e5f82cc6112d45786d0 P fe9aef6ee3894a62a91c93e727b917fe: Time spent starting tablet: real 0.013s	user 0.006s	sys 0.000s
I20260709 12:20:03.698258 29554 consensus_queue.cc:1048] T 4995f116ced74df9887a5e1a0473cd89 P e99265ba5dbb444fa0b40140eeffb8a9 [LEADER]: Connected to new peer: Peer: permanent_uuid: "2e4bd71bb09a45ceb9990a12816fb939" member_type: VOTER last_known_addr { host: "127.27.127.66" port: 39261 }, Status: LMP_MISMATCH, Last received: 0.0, Next index: 1, Last known committed idx: 0, Time since last communication: 0.004s
I20260709 12:20:03.702518 29497 tablet_service.cc:1511] Processing CreateTablet for tablet 6c77969139a241e983d32816e547df93 (DEFAULT_TABLE table=test-workload [id=f87b58ac54374c229dd1800e676cfc9f]), partition=RANGE (key) PARTITION 1237532918 <= VALUES < 1273930945
I20260709 12:20:03.680073 29424 tablet_service.cc:1511] Processing CreateTablet for tablet d552a7557bee415798af22a7800a33a6 (DEFAULT_TABLE table=test-workload [id=f87b58ac54374c229dd1800e676cfc9f]), partition=RANGE (key) PARTITION 1273930945 <= VALUES < 1310328972
I20260709 12:20:03.727633 29497 data_dirs.cc:400] Could only allocate 1 dirs of requested 3 for tablet 6c77969139a241e983d32816e547df93. 1 dirs total, 0 dirs full, 0 dirs failed
I20260709 12:20:03.734346 29551 tablet_bootstrap.cc:492] T e61989a27627442ab26c91e4eba0b1cd P fe9aef6ee3894a62a91c93e727b917fe: Bootstrap starting.
I20260709 12:20:03.721213 29594 raft_consensus.cc:2749] T 63cddf9f7f5848188540e9f9e27c8ddb P fe9aef6ee3894a62a91c93e727b917fe [term 1 FOLLOWER]: Leader pre-election lost for term 1. Reason: could not achieve majority
W20260709 12:20:03.741457 29473 outbound_call.cc:321] RPC callback for RPC call kudu.consensus.ConsensusService.RequestConsensusVote -> {remote=127.27.127.65:33539, user_credentials={real_user=slave}} blocked reactor thread for 54435.7us
I20260709 12:20:03.739583 29579 leader_election.cc:290] T 63cddf9f7f5848188540e9f9e27c8ddb P e99265ba5dbb444fa0b40140eeffb8a9 [CANDIDATE]: Term 1 election: Requested vote from peers fe9aef6ee3894a62a91c93e727b917fe (127.27.127.65:33539), 2e4bd71bb09a45ceb9990a12816fb939 (127.27.127.66:39261)
I20260709 12:20:03.753639 29554 raft_consensus.cc:2804] T 5d75108112954bdf880432604c9d5d31 P e99265ba5dbb444fa0b40140eeffb8a9 [term 0 FOLLOWER]: Leader pre-election won for term 1
I20260709 12:20:03.754084 29554 raft_consensus.cc:493] T 5d75108112954bdf880432604c9d5d31 P e99265ba5dbb444fa0b40140eeffb8a9 [term 0 FOLLOWER]: Starting leader election (no leader contacted us within the election timeout)
I20260709 12:20:03.754426 29554 raft_consensus.cc:3060] T 5d75108112954bdf880432604c9d5d31 P e99265ba5dbb444fa0b40140eeffb8a9 [term 0 FOLLOWER]: Advancing to term 1
I20260709 12:20:03.754765 29434 tablet_service.cc:1917] Received RequestConsensusVote() RPC: tablet_id: "63cddf9f7f5848188540e9f9e27c8ddb" candidate_uuid: "e99265ba5dbb444fa0b40140eeffb8a9" candidate_term: 1 candidate_status { last_received { term: 0 index: 0 } } ignore_live_leader: false dest_uuid: "2e4bd71bb09a45ceb9990a12816fb939"
I20260709 12:20:03.757781 29552 tablet_bootstrap.cc:492] T 63cddf9f7f5848188540e9f9e27c8ddb P 2e4bd71bb09a45ceb9990a12816fb939: Bootstrap starting.
I20260709 12:20:03.758553 29492 data_dirs.cc:400] Could only allocate 1 dirs of requested 3 for tablet d552a7557bee415798af22a7800a33a6. 1 dirs total, 0 dirs full, 0 dirs failed
I20260709 12:20:03.758217 29341 tablet_service.cc:1511] Processing CreateTablet for tablet 75160f1824ee48599413ee449b5bc263 (DEFAULT_TABLE table=test-workload [id=f87b58ac54374c229dd1800e676cfc9f]), partition=RANGE (key) PARTITION 1310328972 <= VALUES < 1346726999
I20260709 12:20:03.759662 29341 data_dirs.cc:400] Could only allocate 1 dirs of requested 3 for tablet 75160f1824ee48599413ee449b5bc263. 1 dirs total, 0 dirs full, 0 dirs failed
I20260709 12:20:03.761687 29424 data_dirs.cc:400] Could only allocate 1 dirs of requested 3 for tablet d552a7557bee415798af22a7800a33a6. 1 dirs total, 0 dirs full, 0 dirs failed
I20260709 12:20:03.763927 29423 tablet_service.cc:1511] Processing CreateTablet for tablet d6c8eebd6b3a436886830addeeb2d96d (DEFAULT_TABLE table=test-workload [id=f87b58ac54374c229dd1800e676cfc9f]), partition=RANGE (key) PARTITION 1346726999 <= VALUES < 1383125026
I20260709 12:20:03.772065 29499 tablet_service.cc:1511] Processing CreateTablet for tablet 75160f1824ee48599413ee449b5bc263 (DEFAULT_TABLE table=test-workload [id=f87b58ac54374c229dd1800e676cfc9f]), partition=RANGE (key) PARTITION 1310328972 <= VALUES < 1346726999
W20260709 12:20:03.772862 29475 leader_election.cc:343] T 63cddf9f7f5848188540e9f9e27c8ddb P e99265ba5dbb444fa0b40140eeffb8a9 [CANDIDATE]: Term 1 election: Tablet error from VoteRequest() call to peer 2e4bd71bb09a45ceb9990a12816fb939 (127.27.127.66:39261): Illegal state: must be running to vote when last-logged opid is not known
I20260709 12:20:03.773540 29499 data_dirs.cc:400] Could only allocate 1 dirs of requested 3 for tablet 75160f1824ee48599413ee449b5bc263. 1 dirs total, 0 dirs full, 0 dirs failed
I20260709 12:20:03.796936 29549 tablet_bootstrap.cc:492] T 03f7c5f12af946cc88f49b7036c1fd57 P e99265ba5dbb444fa0b40140eeffb8a9: No bootstrap required, opened a new log
I20260709 12:20:03.797541 29549 ts_tablet_manager.cc:1403] T 03f7c5f12af946cc88f49b7036c1fd57 P e99265ba5dbb444fa0b40140eeffb8a9: Time spent bootstrapping tablet: real 0.227s	user 0.013s	sys 0.020s
I20260709 12:20:03.800009 29347 tablet_service.cc:1511] Processing CreateTablet for tablet 11e2bd14fd4f4e68aaededda5c026fa2 (DEFAULT_TABLE table=test-workload [id=f87b58ac54374c229dd1800e676cfc9f]), partition=RANGE (key) PARTITION 1383125026 <= VALUES < 1419523053
I20260709 12:20:03.801383 29347 data_dirs.cc:400] Could only allocate 1 dirs of requested 3 for tablet 11e2bd14fd4f4e68aaededda5c026fa2. 1 dirs total, 0 dirs full, 0 dirs failed
I20260709 12:20:03.802175 29551 tablet_bootstrap.cc:654] T e61989a27627442ab26c91e4eba0b1cd P fe9aef6ee3894a62a91c93e727b917fe: Neither blocks nor log segments found. Creating new log.
I20260709 12:20:03.813050 29495 tablet_service.cc:1511] Processing CreateTablet for tablet 11e2bd14fd4f4e68aaededda5c026fa2 (DEFAULT_TABLE table=test-workload [id=f87b58ac54374c229dd1800e676cfc9f]), partition=RANGE (key) PARTITION 1383125026 <= VALUES < 1419523053
I20260709 12:20:03.814442 29495 data_dirs.cc:400] Could only allocate 1 dirs of requested 3 for tablet 11e2bd14fd4f4e68aaededda5c026fa2. 1 dirs total, 0 dirs full, 0 dirs failed
I20260709 12:20:03.824852 29549 raft_consensus.cc:359] T 03f7c5f12af946cc88f49b7036c1fd57 P e99265ba5dbb444fa0b40140eeffb8a9 [term 0 FOLLOWER]: Replica starting. Triggering 0 pending ops. Active config: opid_index: -1 OBSOLETE_local: false peers { permanent_uuid: "fe9aef6ee3894a62a91c93e727b917fe" member_type: VOTER last_known_addr { host: "127.27.127.65" port: 33539 } } peers { permanent_uuid: "2e4bd71bb09a45ceb9990a12816fb939" member_type: VOTER last_known_addr { host: "127.27.127.66" port: 39261 } } peers { permanent_uuid: "e99265ba5dbb444fa0b40140eeffb8a9" member_type: VOTER last_known_addr { host: "127.27.127.67" port: 34997 } }
I20260709 12:20:03.825929 29549 raft_consensus.cc:385] T 03f7c5f12af946cc88f49b7036c1fd57 P e99265ba5dbb444fa0b40140eeffb8a9 [term 0 FOLLOWER]: Consensus starting up: Expiring failure detector timer to make a prompt election more likely
I20260709 12:20:03.826342 29549 raft_consensus.cc:740] T 03f7c5f12af946cc88f49b7036c1fd57 P e99265ba5dbb444fa0b40140eeffb8a9 [term 0 FOLLOWER]: Becoming Follower/Learner. State: Replica: e99265ba5dbb444fa0b40140eeffb8a9, State: Initialized, Role: FOLLOWER
I20260709 12:20:03.841562 29509 raft_consensus.cc:2468] T 9e886bf060114f14b54e8ff3f3cfc23e P e99265ba5dbb444fa0b40140eeffb8a9 [term 1 FOLLOWER]: Leader election vote request: Granting yes vote for candidate fe9aef6ee3894a62a91c93e727b917fe in term 1.
I20260709 12:20:03.843837 29349 tablet_service.cc:1511] Processing CreateTablet for tablet dc92649adb514baeb9bf0c90d5acdbaf (DEFAULT_TABLE table=test-workload [id=f87b58ac54374c229dd1800e676cfc9f]), partition=RANGE (key) PARTITION 1419523053 <= VALUES < 1455921080
I20260709 12:20:03.846195 29549 consensus_queue.cc:260] T 03f7c5f12af946cc88f49b7036c1fd57 P e99265ba5dbb444fa0b40140eeffb8a9 [NON_LEADER]: Queue going to NON_LEADER mode. State: All replicated index: 0, Majority replicated index: 0, Committed index: 0, Last appended: 0.0, Last appended by leader: 0, Current term: 0, Majority size: -1, State: 0, Mode: NON_LEADER, active raft config: opid_index: -1 OBSOLETE_local: false peers { permanent_uuid: "fe9aef6ee3894a62a91c93e727b917fe" member_type: VOTER last_known_addr { host: "127.27.127.65" port: 33539 } } peers { permanent_uuid: "2e4bd71bb09a45ceb9990a12816fb939" member_type: VOTER last_known_addr { host: "127.27.127.66" port: 39261 } } peers { permanent_uuid: "e99265ba5dbb444fa0b40140eeffb8a9" member_type: VOTER last_known_addr { host: "127.27.127.67" port: 34997 } }
I20260709 12:20:03.847462 29418 tablet_service.cc:1511] Processing CreateTablet for tablet 11e2bd14fd4f4e68aaededda5c026fa2 (DEFAULT_TABLE table=test-workload [id=f87b58ac54374c229dd1800e676cfc9f]), partition=RANGE (key) PARTITION 1383125026 <= VALUES < 1419523053
I20260709 12:20:03.851580 29582 raft_consensus.cc:493] T 03f7c5f12af946cc88f49b7036c1fd57 P e99265ba5dbb444fa0b40140eeffb8a9 [term 0 FOLLOWER]: Starting pre-election (no leader contacted us within the election timeout)
I20260709 12:20:03.853786 29349 data_dirs.cc:400] Could only allocate 1 dirs of requested 3 for tablet dc92649adb514baeb9bf0c90d5acdbaf. 1 dirs total, 0 dirs full, 0 dirs failed
I20260709 12:20:03.854161 29582 raft_consensus.cc:515] T 03f7c5f12af946cc88f49b7036c1fd57 P e99265ba5dbb444fa0b40140eeffb8a9 [term 0 FOLLOWER]: Starting pre-election with config: opid_index: -1 OBSOLETE_local: false peers { permanent_uuid: "fe9aef6ee3894a62a91c93e727b917fe" member_type: VOTER last_known_addr { host: "127.27.127.65" port: 33539 } } peers { permanent_uuid: "2e4bd71bb09a45ceb9990a12816fb939" member_type: VOTER last_known_addr { host: "127.27.127.66" port: 39261 } } peers { permanent_uuid: "e99265ba5dbb444fa0b40140eeffb8a9" member_type: VOTER last_known_addr { host: "127.27.127.67" port: 34997 } }
I20260709 12:20:03.849949 29348 tablet_service.cc:1511] Processing CreateTablet for tablet d6c8eebd6b3a436886830addeeb2d96d (DEFAULT_TABLE table=test-workload [id=f87b58ac54374c229dd1800e676cfc9f]), partition=RANGE (key) PARTITION 1346726999 <= VALUES < 1383125026
I20260709 12:20:03.854947 29422 tablet_service.cc:1511] Processing CreateTablet for tablet dc92649adb514baeb9bf0c90d5acdbaf (DEFAULT_TABLE table=test-workload [id=f87b58ac54374c229dd1800e676cfc9f]), partition=RANGE (key) PARTITION 1419523053 <= VALUES < 1455921080
I20260709 12:20:03.855849 29348 data_dirs.cc:400] Could only allocate 1 dirs of requested 3 for tablet d6c8eebd6b3a436886830addeeb2d96d. 1 dirs total, 0 dirs full, 0 dirs failed
I20260709 12:20:03.850817 29423 data_dirs.cc:400] Could only allocate 1 dirs of requested 3 for tablet d6c8eebd6b3a436886830addeeb2d96d. 1 dirs total, 0 dirs full, 0 dirs failed
I20260709 12:20:03.859797 29554 raft_consensus.cc:515] T 5d75108112954bdf880432604c9d5d31 P e99265ba5dbb444fa0b40140eeffb8a9 [term 1 FOLLOWER]: Starting leader election with config: opid_index: -1 OBSOLETE_local: false peers { permanent_uuid: "e99265ba5dbb444fa0b40140eeffb8a9" member_type: VOTER last_known_addr { host: "127.27.127.67" port: 34997 } } peers { permanent_uuid: "fe9aef6ee3894a62a91c93e727b917fe" member_type: VOTER last_known_addr { host: "127.27.127.65" port: 33539 } } peers { permanent_uuid: "2e4bd71bb09a45ceb9990a12816fb939" member_type: VOTER last_known_addr { host: "127.27.127.66" port: 39261 } }
I20260709 12:20:03.883574 29579 consensus_queue.cc:1048] T 4995f116ced74df9887a5e1a0473cd89 P e99265ba5dbb444fa0b40140eeffb8a9 [LEADER]: Connected to new peer: Peer: permanent_uuid: "fe9aef6ee3894a62a91c93e727b917fe" member_type: VOTER last_known_addr { host: "127.27.127.65" port: 33539 }, Status: LMP_MISMATCH, Last received: 0.0, Next index: 1, Last known committed idx: 0, Time since last communication: 0.000s
I20260709 12:20:03.885763 29552 tablet_bootstrap.cc:654] T 63cddf9f7f5848188540e9f9e27c8ddb P 2e4bd71bb09a45ceb9990a12816fb939: Neither blocks nor log segments found. Creating new log.
I20260709 12:20:03.887156 29551 tablet_bootstrap.cc:492] T e61989a27627442ab26c91e4eba0b1cd P fe9aef6ee3894a62a91c93e727b917fe: No bootstrap required, opened a new log
I20260709 12:20:03.887061 29359 tablet_service.cc:1917] Received RequestConsensusVote() RPC: tablet_id: "5d75108112954bdf880432604c9d5d31" candidate_uuid: "e99265ba5dbb444fa0b40140eeffb8a9" candidate_term: 1 candidate_status { last_received { term: 0 index: 0 } } ignore_live_leader: false dest_uuid: "fe9aef6ee3894a62a91c93e727b917fe"
I20260709 12:20:03.887666 29551 ts_tablet_manager.cc:1403] T e61989a27627442ab26c91e4eba0b1cd P fe9aef6ee3894a62a91c93e727b917fe: Time spent bootstrapping tablet: real 0.160s	user 0.013s	sys 0.001s
I20260709 12:20:03.887707 29359 raft_consensus.cc:3060] T 5d75108112954bdf880432604c9d5d31 P fe9aef6ee3894a62a91c93e727b917fe [term 0 FOLLOWER]: Advancing to term 1
I20260709 12:20:03.890309 29418 data_dirs.cc:400] Could only allocate 1 dirs of requested 3 for tablet 11e2bd14fd4f4e68aaededda5c026fa2. 1 dirs total, 0 dirs full, 0 dirs failed
I20260709 12:20:03.896837 29419 tablet_service.cc:1511] Processing CreateTablet for tablet 8011e9ed94c14c86836c3fc1e39544db (DEFAULT_TABLE table=test-workload [id=f87b58ac54374c229dd1800e676cfc9f]), partition=RANGE (key) PARTITION 1492319107 <= VALUES < 1528717134
I20260709 12:20:03.897771 29493 tablet_service.cc:1511] Processing CreateTablet for tablet d6c8eebd6b3a436886830addeeb2d96d (DEFAULT_TABLE table=test-workload [id=f87b58ac54374c229dd1800e676cfc9f]), partition=RANGE (key) PARTITION 1346726999 <= VALUES < 1383125026
I20260709 12:20:03.898353 29420 tablet_service.cc:1511] Processing CreateTablet for tablet 696efb9135914de19fc1370d53b5ff4a (DEFAULT_TABLE table=test-workload [id=f87b58ac54374c229dd1800e676cfc9f]), partition=RANGE (key) PARTITION 1455921080 <= VALUES < 1492319107
I20260709 12:20:03.899097 29493 data_dirs.cc:400] Could only allocate 1 dirs of requested 3 for tablet d6c8eebd6b3a436886830addeeb2d96d. 1 dirs total, 0 dirs full, 0 dirs failed
I20260709 12:20:03.935014 29255 catalog_manager.cc:5697] T 8a4e6b9d4aba46d58c5bb9436433a476 P 2e4bd71bb09a45ceb9990a12816fb939 reported cstate change: term changed from 0 to 1, leader changed from <none> to 2e4bd71bb09a45ceb9990a12816fb939 (127.27.127.66). New cstate: current_term: 1 leader_uuid: "2e4bd71bb09a45ceb9990a12816fb939" committed_config { opid_index: -1 OBSOLETE_local: false peers { permanent_uuid: "fe9aef6ee3894a62a91c93e727b917fe" member_type: VOTER last_known_addr { host: "127.27.127.65" port: 33539 } health_report { overall_health: UNKNOWN } } peers { permanent_uuid: "2e4bd71bb09a45ceb9990a12816fb939" member_type: VOTER last_known_addr { host: "127.27.127.66" port: 39261 } health_report { overall_health: HEALTHY } } peers { permanent_uuid: "e99265ba5dbb444fa0b40140eeffb8a9" member_type: VOTER last_known_addr { host: "127.27.127.67" port: 34997 } health_report { overall_health: UNKNOWN } } }
I20260709 12:20:03.936791 29497 tablet_service.cc:1511] Processing CreateTablet for tablet dc92649adb514baeb9bf0c90d5acdbaf (DEFAULT_TABLE table=test-workload [id=f87b58ac54374c229dd1800e676cfc9f]), partition=RANGE (key) PARTITION 1419523053 <= VALUES < 1455921080
I20260709 12:20:03.937526 29549 ts_tablet_manager.cc:1434] T 03f7c5f12af946cc88f49b7036c1fd57 P e99265ba5dbb444fa0b40140eeffb8a9: Time spent starting tablet: real 0.140s	user 0.009s	sys 0.001s
I20260709 12:20:03.892586 29554 leader_election.cc:290] T 5d75108112954bdf880432604c9d5d31 P e99265ba5dbb444fa0b40140eeffb8a9 [CANDIDATE]: Term 1 election: Requested vote from peers fe9aef6ee3894a62a91c93e727b917fe (127.27.127.65:33539), 2e4bd71bb09a45ceb9990a12816fb939 (127.27.127.66:39261)
I20260709 12:20:03.953109 29422 data_dirs.cc:400] Could only allocate 1 dirs of requested 3 for tablet dc92649adb514baeb9bf0c90d5acdbaf. 1 dirs total, 0 dirs full, 0 dirs failed
I20260709 12:20:03.972185 29549 tablet_bootstrap.cc:492] T 1ab3a5880e0c4e5f82cc6112d45786d0 P e99265ba5dbb444fa0b40140eeffb8a9: Bootstrap starting.
I20260709 12:20:03.982015 29420 data_dirs.cc:400] Could only allocate 1 dirs of requested 3 for tablet 696efb9135914de19fc1370d53b5ff4a. 1 dirs total, 0 dirs full, 0 dirs failed
I20260709 12:20:03.982772 29494 tablet_service.cc:1511] Processing CreateTablet for tablet 696efb9135914de19fc1370d53b5ff4a (DEFAULT_TABLE table=test-workload [id=f87b58ac54374c229dd1800e676cfc9f]), partition=RANGE (key) PARTITION 1455921080 <= VALUES < 1492319107
I20260709 12:20:03.985606 29509 raft_consensus.cc:1240] T 8a4e6b9d4aba46d58c5bb9436433a476 P e99265ba5dbb444fa0b40140eeffb8a9 [term 2 FOLLOWER]: Rejecting Update request from peer 2e4bd71bb09a45ceb9990a12816fb939 for earlier term 1. Current term is 2. Ops: []
I20260709 12:20:03.989393 29582 leader_election.cc:290] T 03f7c5f12af946cc88f49b7036c1fd57 P e99265ba5dbb444fa0b40140eeffb8a9 [CANDIDATE]: Term 1 pre-election: Requested pre-vote from peers fe9aef6ee3894a62a91c93e727b917fe (127.27.127.65:33539), 2e4bd71bb09a45ceb9990a12816fb939 (127.27.127.66:39261)
I20260709 12:20:03.990777 29430 tablet_service.cc:1917] Received RequestConsensusVote() RPC: tablet_id: "03f7c5f12af946cc88f49b7036c1fd57" candidate_uuid: "e99265ba5dbb444fa0b40140eeffb8a9" candidate_term: 1 candidate_status { last_received { term: 0 index: 0 } } ignore_live_leader: false dest_uuid: "2e4bd71bb09a45ceb9990a12816fb939" is_pre_election: true
I20260709 12:20:03.991166 29433 tablet_service.cc:1917] Received RequestConsensusVote() RPC: tablet_id: "5d75108112954bdf880432604c9d5d31" candidate_uuid: "e99265ba5dbb444fa0b40140eeffb8a9" candidate_term: 1 candidate_status { last_received { term: 0 index: 0 } } ignore_live_leader: false dest_uuid: "2e4bd71bb09a45ceb9990a12816fb939"
I20260709 12:20:03.991596 29430 raft_consensus.cc:2393] T 03f7c5f12af946cc88f49b7036c1fd57 P 2e4bd71bb09a45ceb9990a12816fb939 [term 1 FOLLOWER]: Leader pre-election vote request: Denying vote to candidate e99265ba5dbb444fa0b40140eeffb8a9 in current term 1: Already voted for candidate fe9aef6ee3894a62a91c93e727b917fe in this term.
I20260709 12:20:03.993569 29355 tablet_service.cc:1917] Received RequestConsensusVote() RPC: tablet_id: "03f7c5f12af946cc88f49b7036c1fd57" candidate_uuid: "e99265ba5dbb444fa0b40140eeffb8a9" candidate_term: 1 candidate_status { last_received { term: 0 index: 0 } } ignore_live_leader: false dest_uuid: "fe9aef6ee3894a62a91c93e727b917fe" is_pre_election: true
I20260709 12:20:03.993803 29356 raft_consensus.cc:1240] T 8a4e6b9d4aba46d58c5bb9436433a476 P fe9aef6ee3894a62a91c93e727b917fe [term 2 LEADER]: Rejecting Update request from peer 2e4bd71bb09a45ceb9990a12816fb939 for earlier term 1. Current term is 2. Ops: []
W20260709 12:20:03.994956 29475 leader_election.cc:343] T 5d75108112954bdf880432604c9d5d31 P e99265ba5dbb444fa0b40140eeffb8a9 [CANDIDATE]: Term 1 election: Tablet error from VoteRequest() call to peer 2e4bd71bb09a45ceb9990a12816fb939 (127.27.127.66:39261): Illegal state: must be running to vote when last-logged opid is not known
I20260709 12:20:03.993589 29557 raft_consensus.cc:493] T 1ab3a5880e0c4e5f82cc6112d45786d0 P fe9aef6ee3894a62a91c93e727b917fe [term 0 FOLLOWER]: Starting pre-election (no leader contacted us within the election timeout)
I20260709 12:20:03.996567 29557 raft_consensus.cc:515] T 1ab3a5880e0c4e5f82cc6112d45786d0 P fe9aef6ee3894a62a91c93e727b917fe [term 0 FOLLOWER]: Starting pre-election with config: opid_index: -1 OBSOLETE_local: false peers { permanent_uuid: "fe9aef6ee3894a62a91c93e727b917fe" member_type: VOTER last_known_addr { host: "127.27.127.65" port: 33539 } } peers { permanent_uuid: "2e4bd71bb09a45ceb9990a12816fb939" member_type: VOTER last_known_addr { host: "127.27.127.66" port: 39261 } } peers { permanent_uuid: "e99265ba5dbb444fa0b40140eeffb8a9" member_type: VOTER last_known_addr { host: "127.27.127.67" port: 34997 } }
I20260709 12:20:03.998250 29473 leader_election.cc:304] T 03f7c5f12af946cc88f49b7036c1fd57 P e99265ba5dbb444fa0b40140eeffb8a9 [CANDIDATE]: Term 1 pre-election: Election decided. Result: candidate lost. Election summary: received 3 responses out of 3 voters: 1 yes votes; 2 no votes. yes voters: e99265ba5dbb444fa0b40140eeffb8a9; no voters: 2e4bd71bb09a45ceb9990a12816fb939, fe9aef6ee3894a62a91c93e727b917fe
I20260709 12:20:04.000865 29359 raft_consensus.cc:2468] T 5d75108112954bdf880432604c9d5d31 P fe9aef6ee3894a62a91c93e727b917fe [term 1 FOLLOWER]: Leader election vote request: Granting yes vote for candidate e99265ba5dbb444fa0b40140eeffb8a9 in term 1.
I20260709 12:20:04.001796 29419 data_dirs.cc:400] Could only allocate 1 dirs of requested 3 for tablet 8011e9ed94c14c86836c3fc1e39544db. 1 dirs total, 0 dirs full, 0 dirs failed
I20260709 12:20:04.003171 29579 raft_consensus.cc:3060] T 03f7c5f12af946cc88f49b7036c1fd57 P e99265ba5dbb444fa0b40140eeffb8a9 [term 0 FOLLOWER]: Advancing to term 1
I20260709 12:20:03.990594 29556 consensus_queue.cc:1059] T 8a4e6b9d4aba46d58c5bb9436433a476 P 2e4bd71bb09a45ceb9990a12816fb939 [LEADER]: Peer responded invalid term: Peer: permanent_uuid: "e99265ba5dbb444fa0b40140eeffb8a9" member_type: VOTER last_known_addr { host: "127.27.127.67" port: 34997 }, Status: INVALID_TERM, Last received: 0.0, Next index: 1, Last known committed idx: 0, Time since last communication: 0.014s
W20260709 12:20:04.005553 29530 debug-util.cc:398] Leaking SignalData structure 0x7b08001e0a60 after lost signal to thread 28161
W20260709 12:20:04.006485 29530 debug-util.cc:398] Leaking SignalData structure 0x7b08001b1340 after lost signal to thread 29290
W20260709 12:20:04.008303 29530 debug-util.cc:398] Leaking SignalData structure 0x7b08000c7e80 after lost signal to thread 29459
I20260709 12:20:03.980216 29551 raft_consensus.cc:359] T e61989a27627442ab26c91e4eba0b1cd P fe9aef6ee3894a62a91c93e727b917fe [term 0 FOLLOWER]: Replica starting. Triggering 0 pending ops. Active config: opid_index: -1 OBSOLETE_local: false peers { permanent_uuid: "fe9aef6ee3894a62a91c93e727b917fe" member_type: VOTER last_known_addr { host: "127.27.127.65" port: 33539 } } peers { permanent_uuid: "2e4bd71bb09a45ceb9990a12816fb939" member_type: VOTER last_known_addr { host: "127.27.127.66" port: 39261 } } peers { permanent_uuid: "e99265ba5dbb444fa0b40140eeffb8a9" member_type: VOTER last_known_addr { host: "127.27.127.67" port: 34997 } }
I20260709 12:20:04.010614 29551 raft_consensus.cc:385] T e61989a27627442ab26c91e4eba0b1cd P fe9aef6ee3894a62a91c93e727b917fe [term 0 FOLLOWER]: Consensus starting up: Expiring failure detector timer to make a prompt election more likely
I20260709 12:20:04.010931 29551 raft_consensus.cc:740] T e61989a27627442ab26c91e4eba0b1cd P fe9aef6ee3894a62a91c93e727b917fe [term 0 FOLLOWER]: Becoming Follower/Learner. State: Replica: fe9aef6ee3894a62a91c93e727b917fe, State: Initialized, Role: FOLLOWER
I20260709 12:20:04.018610 29345 tablet_service.cc:1511] Processing CreateTablet for tablet 8011e9ed94c14c86836c3fc1e39544db (DEFAULT_TABLE table=test-workload [id=f87b58ac54374c229dd1800e676cfc9f]), partition=RANGE (key) PARTITION 1492319107 <= VALUES < 1528717134
I20260709 12:20:04.020068 29345 data_dirs.cc:400] Could only allocate 1 dirs of requested 3 for tablet 8011e9ed94c14c86836c3fc1e39544db. 1 dirs total, 0 dirs full, 0 dirs failed
I20260709 12:20:04.025563 29342 tablet_service.cc:1511] Processing CreateTablet for tablet 696efb9135914de19fc1370d53b5ff4a (DEFAULT_TABLE table=test-workload [id=f87b58ac54374c229dd1800e676cfc9f]), partition=RANGE (key) PARTITION 1455921080 <= VALUES < 1492319107
I20260709 12:20:04.027019 29342 data_dirs.cc:400] Could only allocate 1 dirs of requested 3 for tablet 696efb9135914de19fc1370d53b5ff4a. 1 dirs total, 0 dirs full, 0 dirs failed
I20260709 12:20:04.021224 29551 consensus_queue.cc:260] T e61989a27627442ab26c91e4eba0b1cd P fe9aef6ee3894a62a91c93e727b917fe [NON_LEADER]: Queue going to NON_LEADER mode. State: All replicated index: 0, Majority replicated index: 0, Committed index: 0, Last appended: 0.0, Last appended by leader: 0, Current term: 0, Majority size: -1, State: 0, Mode: NON_LEADER, active raft config: opid_index: -1 OBSOLETE_local: false peers { permanent_uuid: "fe9aef6ee3894a62a91c93e727b917fe" member_type: VOTER last_known_addr { host: "127.27.127.65" port: 33539 } } peers { permanent_uuid: "2e4bd71bb09a45ceb9990a12816fb939" member_type: VOTER last_known_addr { host: "127.27.127.66" port: 39261 } } peers { permanent_uuid: "e99265ba5dbb444fa0b40140eeffb8a9" member_type: VOTER last_known_addr { host: "127.27.127.67" port: 34997 } }
I20260709 12:20:04.025619 29344 tablet_service.cc:1511] Processing CreateTablet for tablet b13256e973e745b5af3f45c7752aa7cd (DEFAULT_TABLE table=test-workload [id=f87b58ac54374c229dd1800e676cfc9f]), partition=RANGE (key) PARTITION 1528717134 <= VALUES < 1565115161
I20260709 12:20:04.030889 29344 data_dirs.cc:400] Could only allocate 1 dirs of requested 3 for tablet b13256e973e745b5af3f45c7752aa7cd. 1 dirs total, 0 dirs full, 0 dirs failed
I20260709 12:20:04.033028 29551 ts_tablet_manager.cc:1434] T e61989a27627442ab26c91e4eba0b1cd P fe9aef6ee3894a62a91c93e727b917fe: Time spent starting tablet: real 0.141s	user 0.015s	sys 0.005s
I20260709 12:20:04.034029 29551 tablet_bootstrap.cc:492] T ba41222776684c6d91f1d8030a8b3c9f P fe9aef6ee3894a62a91c93e727b917fe: Bootstrap starting.
I20260709 12:20:04.028431 29256 catalog_manager.cc:5697] T 63cddf9f7f5848188540e9f9e27c8ddb P e99265ba5dbb444fa0b40140eeffb8a9 reported cstate change: term changed from 0 to 1, leader changed from <none> to e99265ba5dbb444fa0b40140eeffb8a9 (127.27.127.67). New cstate: current_term: 1 leader_uuid: "e99265ba5dbb444fa0b40140eeffb8a9" committed_config { opid_index: -1 OBSOLETE_local: false peers { permanent_uuid: "fe9aef6ee3894a62a91c93e727b917fe" member_type: VOTER last_known_addr { host: "127.27.127.65" port: 33539 } health_report { overall_health: UNKNOWN } } peers { permanent_uuid: "2e4bd71bb09a45ceb9990a12816fb939" member_type: VOTER last_known_addr { host: "127.27.127.66" port: 39261 } health_report { overall_health: UNKNOWN } } peers { permanent_uuid: "e99265ba5dbb444fa0b40140eeffb8a9" member_type: VOTER last_known_addr { host: "127.27.127.67" port: 34997 } health_report { overall_health: HEALTHY } } }
I20260709 12:20:04.037772 29497 data_dirs.cc:400] Could only allocate 1 dirs of requested 3 for tablet dc92649adb514baeb9bf0c90d5acdbaf. 1 dirs total, 0 dirs full, 0 dirs failed
I20260709 12:20:04.044659 29416 tablet_service.cc:1511] Processing CreateTablet for tablet b13256e973e745b5af3f45c7752aa7cd (DEFAULT_TABLE table=test-workload [id=f87b58ac54374c229dd1800e676cfc9f]), partition=RANGE (key) PARTITION 1528717134 <= VALUES < 1565115161
I20260709 12:20:04.046070 29416 data_dirs.cc:400] Could only allocate 1 dirs of requested 3 for tablet b13256e973e745b5af3f45c7752aa7cd. 1 dirs total, 0 dirs full, 0 dirs failed
I20260709 12:20:04.047495 29494 data_dirs.cc:400] Could only allocate 1 dirs of requested 3 for tablet 696efb9135914de19fc1370d53b5ff4a. 1 dirs total, 0 dirs full, 0 dirs failed
I20260709 12:20:04.053632 29508 tablet_service.cc:1917] Received RequestConsensusVote() RPC: tablet_id: "1ab3a5880e0c4e5f82cc6112d45786d0" candidate_uuid: "fe9aef6ee3894a62a91c93e727b917fe" candidate_term: 1 candidate_status { last_received { term: 0 index: 0 } } ignore_live_leader: false dest_uuid: "e99265ba5dbb444fa0b40140eeffb8a9" is_pre_election: true
I20260709 12:20:04.055239 29563 consensus_queue.cc:1048] T fb23fb6d721e4e89b078fde7b00a32a9 P fe9aef6ee3894a62a91c93e727b917fe [LEADER]: Connected to new peer: Peer: permanent_uuid: "e99265ba5dbb444fa0b40140eeffb8a9" member_type: VOTER last_known_addr { host: "127.27.127.67" port: 34997 }, Status: LMP_MISMATCH, Last received: 0.0, Next index: 1, Last known committed idx: 0, Time since last communication: 0.000s
I20260709 12:20:04.065851 29579 raft_consensus.cc:2749] T 03f7c5f12af946cc88f49b7036c1fd57 P e99265ba5dbb444fa0b40140eeffb8a9 [term 1 FOLLOWER]: Leader pre-election lost for term 1. Reason: could not achieve majority
I20260709 12:20:04.066864 29473 leader_election.cc:304] T 5d75108112954bdf880432604c9d5d31 P e99265ba5dbb444fa0b40140eeffb8a9 [CANDIDATE]: Term 1 election: Election decided. Result: candidate won. Election summary: received 3 responses out of 3 voters: 2 yes votes; 1 no votes. yes voters: e99265ba5dbb444fa0b40140eeffb8a9, fe9aef6ee3894a62a91c93e727b917fe; no voters: 2e4bd71bb09a45ceb9990a12816fb939
W20260709 12:20:04.068585 29321 leader_election.cc:343] T 1ab3a5880e0c4e5f82cc6112d45786d0 P fe9aef6ee3894a62a91c93e727b917fe [CANDIDATE]: Term 1 pre-election: Tablet error from VoteRequest() call to peer e99265ba5dbb444fa0b40140eeffb8a9 (127.27.127.67:34997): Illegal state: must be running to vote when last-logged opid is not known
I20260709 12:20:04.071123 29496 tablet_service.cc:1511] Processing CreateTablet for tablet 8011e9ed94c14c86836c3fc1e39544db (DEFAULT_TABLE table=test-workload [id=f87b58ac54374c229dd1800e676cfc9f]), partition=RANGE (key) PARTITION 1492319107 <= VALUES < 1528717134
I20260709 12:20:04.072475 29496 data_dirs.cc:400] Could only allocate 1 dirs of requested 3 for tablet 8011e9ed94c14c86836c3fc1e39544db. 1 dirs total, 0 dirs full, 0 dirs failed
I20260709 12:20:04.086993 29552 tablet_bootstrap.cc:492] T 63cddf9f7f5848188540e9f9e27c8ddb P 2e4bd71bb09a45ceb9990a12816fb939: No bootstrap required, opened a new log
I20260709 12:20:04.087572 29552 ts_tablet_manager.cc:1403] T 63cddf9f7f5848188540e9f9e27c8ddb P 2e4bd71bb09a45ceb9990a12816fb939: Time spent bootstrapping tablet: real 0.330s	user 0.016s	sys 0.017s
I20260709 12:20:04.090058 29556 consensus_queue.cc:1059] T 8a4e6b9d4aba46d58c5bb9436433a476 P 2e4bd71bb09a45ceb9990a12816fb939 [LEADER]: Peer responded invalid term: Peer: permanent_uuid: "fe9aef6ee3894a62a91c93e727b917fe" member_type: VOTER last_known_addr { host: "127.27.127.65" port: 33539 }, Status: INVALID_TERM, Last received: 0.0, Next index: 1, Last known committed idx: 0, Time since last communication: 0.000s
I20260709 12:20:04.085409 29551 tablet_bootstrap.cc:654] T ba41222776684c6d91f1d8030a8b3c9f P fe9aef6ee3894a62a91c93e727b917fe: Neither blocks nor log segments found. Creating new log.
I20260709 12:20:04.094702 29549 tablet_bootstrap.cc:654] T 1ab3a5880e0c4e5f82cc6112d45786d0 P e99265ba5dbb444fa0b40140eeffb8a9: Neither blocks nor log segments found. Creating new log.
I20260709 12:20:04.078816 29579 raft_consensus.cc:2804] T 5d75108112954bdf880432604c9d5d31 P e99265ba5dbb444fa0b40140eeffb8a9 [term 1 FOLLOWER]: Leader election won for term 1
I20260709 12:20:04.125821 29579 raft_consensus.cc:697] T 5d75108112954bdf880432604c9d5d31 P e99265ba5dbb444fa0b40140eeffb8a9 [term 1 LEADER]: Becoming Leader. State: Replica: e99265ba5dbb444fa0b40140eeffb8a9, State: Running, Role: LEADER
I20260709 12:20:04.127307 29579 consensus_queue.cc:237] T 5d75108112954bdf880432604c9d5d31 P e99265ba5dbb444fa0b40140eeffb8a9 [LEADER]: Queue going to LEADER mode. State: All replicated index: 0, Majority replicated index: 0, Committed index: 0, Last appended: 0.0, Last appended by leader: 0, Current term: 1, Majority size: 2, State: 0, Mode: LEADER, active raft config: opid_index: -1 OBSOLETE_local: false peers { permanent_uuid: "e99265ba5dbb444fa0b40140eeffb8a9" member_type: VOTER last_known_addr { host: "127.27.127.67" port: 34997 } } peers { permanent_uuid: "fe9aef6ee3894a62a91c93e727b917fe" member_type: VOTER last_known_addr { host: "127.27.127.65" port: 33539 } } peers { permanent_uuid: "2e4bd71bb09a45ceb9990a12816fb939" member_type: VOTER last_known_addr { host: "127.27.127.66" port: 39261 } }
I20260709 12:20:04.134003 29434 tablet_service.cc:1917] Received RequestConsensusVote() RPC: tablet_id: "1ab3a5880e0c4e5f82cc6112d45786d0" candidate_uuid: "fe9aef6ee3894a62a91c93e727b917fe" candidate_term: 1 candidate_status { last_received { term: 0 index: 0 } } ignore_live_leader: false dest_uuid: "2e4bd71bb09a45ceb9990a12816fb939" is_pre_election: true
I20260709 12:20:04.134995 29434 raft_consensus.cc:2468] T 1ab3a5880e0c4e5f82cc6112d45786d0 P 2e4bd71bb09a45ceb9990a12816fb939 [term 0 FOLLOWER]: Leader pre-election vote request: Granting yes vote for candidate fe9aef6ee3894a62a91c93e727b917fe in term 0.
I20260709 12:20:04.138355 29609 consensus_queue.cc:1048] T 63cddf9f7f5848188540e9f9e27c8ddb P e99265ba5dbb444fa0b40140eeffb8a9 [LEADER]: Connected to new peer: Peer: permanent_uuid: "fe9aef6ee3894a62a91c93e727b917fe" member_type: VOTER last_known_addr { host: "127.27.127.65" port: 33539 }, Status: LMP_MISMATCH, Last received: 0.0, Next index: 1, Last known committed idx: 0, Time since last communication: 0.000s
I20260709 12:20:04.090291 29552 raft_consensus.cc:359] T 63cddf9f7f5848188540e9f9e27c8ddb P 2e4bd71bb09a45ceb9990a12816fb939 [term 0 FOLLOWER]: Replica starting. Triggering 0 pending ops. Active config: opid_index: -1 OBSOLETE_local: false peers { permanent_uuid: "fe9aef6ee3894a62a91c93e727b917fe" member_type: VOTER last_known_addr { host: "127.27.127.65" port: 33539 } } peers { permanent_uuid: "2e4bd71bb09a45ceb9990a12816fb939" member_type: VOTER last_known_addr { host: "127.27.127.66" port: 39261 } } peers { permanent_uuid: "e99265ba5dbb444fa0b40140eeffb8a9" member_type: VOTER last_known_addr { host: "127.27.127.67" port: 34997 } }
I20260709 12:20:04.141640 29552 raft_consensus.cc:385] T 63cddf9f7f5848188540e9f9e27c8ddb P 2e4bd71bb09a45ceb9990a12816fb939 [term 0 FOLLOWER]: Consensus starting up: Expiring failure detector timer to make a prompt election more likely
I20260709 12:20:04.141999 29552 raft_consensus.cc:740] T 63cddf9f7f5848188540e9f9e27c8ddb P 2e4bd71bb09a45ceb9990a12816fb939 [term 0 FOLLOWER]: Becoming Follower/Learner. State: Replica: 2e4bd71bb09a45ceb9990a12816fb939, State: Initialized, Role: FOLLOWER
I20260709 12:20:04.115434 29557 leader_election.cc:290] T 1ab3a5880e0c4e5f82cc6112d45786d0 P fe9aef6ee3894a62a91c93e727b917fe [CANDIDATE]: Term 1 pre-election: Requested pre-vote from peers 2e4bd71bb09a45ceb9990a12816fb939 (127.27.127.66:39261), e99265ba5dbb444fa0b40140eeffb8a9 (127.27.127.67:34997)
I20260709 12:20:04.124293 29495 tablet_service.cc:1511] Processing CreateTablet for tablet b13256e973e745b5af3f45c7752aa7cd (DEFAULT_TABLE table=test-workload [id=f87b58ac54374c229dd1800e676cfc9f]), partition=RANGE (key) PARTITION 1528717134 <= VALUES < 1565115161
W20260709 12:20:04.152796 29325 consensus_peers.cc:597] T fb23fb6d721e4e89b078fde7b00a32a9 P fe9aef6ee3894a62a91c93e727b917fe -> Peer 2e4bd71bb09a45ceb9990a12816fb939 (127.27.127.66:39261): Couldn't send request to peer 2e4bd71bb09a45ceb9990a12816fb939. Error code: TABLET_NOT_RUNNING (12). Status: Illegal state: Tablet not RUNNING: INITIALIZED. This is attempt 1: this message will repeat every 5th retry.
I20260709 12:20:04.153128 29495 data_dirs.cc:400] Could only allocate 1 dirs of requested 3 for tablet b13256e973e745b5af3f45c7752aa7cd. 1 dirs total, 0 dirs full, 0 dirs failed
I20260709 12:20:04.164502 29498 tablet_service.cc:1511] Processing CreateTablet for tablet f93331b6c71a44d683390e02949e0f92 (DEFAULT_TABLE table=test-workload [id=f87b58ac54374c229dd1800e676cfc9f]), partition=RANGE (key) PARTITION 1565115161 <= VALUES < 1601513188
I20260709 12:20:04.166054 29325 leader_election.cc:304] T 1ab3a5880e0c4e5f82cc6112d45786d0 P fe9aef6ee3894a62a91c93e727b917fe [CANDIDATE]: Term 1 pre-election: Election decided. Result: candidate won. Election summary: received 3 responses out of 3 voters: 2 yes votes; 1 no votes. yes voters: 2e4bd71bb09a45ceb9990a12816fb939, fe9aef6ee3894a62a91c93e727b917fe; no voters: e99265ba5dbb444fa0b40140eeffb8a9
I20260709 12:20:04.167187 29563 raft_consensus.cc:2804] T 1ab3a5880e0c4e5f82cc6112d45786d0 P fe9aef6ee3894a62a91c93e727b917fe [term 0 FOLLOWER]: Leader pre-election won for term 1
I20260709 12:20:04.167562 29563 raft_consensus.cc:493] T 1ab3a5880e0c4e5f82cc6112d45786d0 P fe9aef6ee3894a62a91c93e727b917fe [term 0 FOLLOWER]: Starting leader election (no leader contacted us within the election timeout)
I20260709 12:20:04.167913 29563 raft_consensus.cc:3060] T 1ab3a5880e0c4e5f82cc6112d45786d0 P fe9aef6ee3894a62a91c93e727b917fe [term 0 FOLLOWER]: Advancing to term 1
I20260709 12:20:04.169186 29349 tablet_service.cc:1511] Processing CreateTablet for tablet 467a8e1c728d479080a7db25d8e68447 (DEFAULT_TABLE table=test-workload [id=f87b58ac54374c229dd1800e676cfc9f]), partition=RANGE (key) PARTITION 1601513188 <= VALUES < 1637911215
I20260709 12:20:04.169919 29424 tablet_service.cc:1511] Processing CreateTablet for tablet f93331b6c71a44d683390e02949e0f92 (DEFAULT_TABLE table=test-workload [id=f87b58ac54374c229dd1800e676cfc9f]), partition=RANGE (key) PARTITION 1565115161 <= VALUES < 1601513188
I20260709 12:20:04.170542 29349 data_dirs.cc:400] Could only allocate 1 dirs of requested 3 for tablet 467a8e1c728d479080a7db25d8e68447. 1 dirs total, 0 dirs full, 0 dirs failed
I20260709 12:20:04.171180 29424 data_dirs.cc:400] Could only allocate 1 dirs of requested 3 for tablet f93331b6c71a44d683390e02949e0f92. 1 dirs total, 0 dirs full, 0 dirs failed
I20260709 12:20:04.160292 29557 consensus_queue.cc:1048] T 03f7c5f12af946cc88f49b7036c1fd57 P fe9aef6ee3894a62a91c93e727b917fe [LEADER]: Connected to new peer: Peer: permanent_uuid: "e99265ba5dbb444fa0b40140eeffb8a9" member_type: VOTER last_known_addr { host: "127.27.127.67" port: 34997 }, Status: LMP_MISMATCH, Last received: 0.0, Next index: 1, Last known committed idx: 0, Time since last communication: 0.015s
I20260709 12:20:04.172860 29594 consensus_queue.cc:1048] T 03f7c5f12af946cc88f49b7036c1fd57 P fe9aef6ee3894a62a91c93e727b917fe [LEADER]: Connected to new peer: Peer: permanent_uuid: "2e4bd71bb09a45ceb9990a12816fb939" member_type: VOTER last_known_addr { host: "127.27.127.66" port: 39261 }, Status: LMP_MISMATCH, Last received: 0.0, Next index: 1, Last known committed idx: 0, Time since last communication: 0.000s
I20260709 12:20:04.166412 29498 data_dirs.cc:400] Could only allocate 1 dirs of requested 3 for tablet f93331b6c71a44d683390e02949e0f92. 1 dirs total, 0 dirs full, 0 dirs failed
I20260709 12:20:04.179596 29347 tablet_service.cc:1511] Processing CreateTablet for tablet f93331b6c71a44d683390e02949e0f92 (DEFAULT_TABLE table=test-workload [id=f87b58ac54374c229dd1800e676cfc9f]), partition=RANGE (key) PARTITION 1565115161 <= VALUES < 1601513188
I20260709 12:20:04.153254 29552 consensus_queue.cc:260] T 63cddf9f7f5848188540e9f9e27c8ddb P 2e4bd71bb09a45ceb9990a12816fb939 [NON_LEADER]: Queue going to NON_LEADER mode. State: All replicated index: 0, Majority replicated index: 0, Committed index: 0, Last appended: 0.0, Last appended by leader: 0, Current term: 0, Majority size: -1, State: 0, Mode: NON_LEADER, active raft config: opid_index: -1 OBSOLETE_local: false peers { permanent_uuid: "fe9aef6ee3894a62a91c93e727b917fe" member_type: VOTER last_known_addr { host: "127.27.127.65" port: 33539 } } peers { permanent_uuid: "2e4bd71bb09a45ceb9990a12816fb939" member_type: VOTER last_known_addr { host: "127.27.127.66" port: 39261 } } peers { permanent_uuid: "e99265ba5dbb444fa0b40140eeffb8a9" member_type: VOTER last_known_addr { host: "127.27.127.67" port: 34997 } }
I20260709 12:20:04.203122 29552 ts_tablet_manager.cc:1434] T 63cddf9f7f5848188540e9f9e27c8ddb P 2e4bd71bb09a45ceb9990a12816fb939: Time spent starting tablet: real 0.115s	user 0.003s	sys 0.003s
I20260709 12:20:04.204133 29552 tablet_bootstrap.cc:492] T fb23fb6d721e4e89b078fde7b00a32a9 P 2e4bd71bb09a45ceb9990a12816fb939: Bootstrap starting.
I20260709 12:20:04.204150 29423 tablet_service.cc:1511] Processing CreateTablet for tablet 467a8e1c728d479080a7db25d8e68447 (DEFAULT_TABLE table=test-workload [id=f87b58ac54374c229dd1800e676cfc9f]), partition=RANGE (key) PARTITION 1601513188 <= VALUES < 1637911215
I20260709 12:20:04.181360 29347 data_dirs.cc:400] Could only allocate 1 dirs of requested 3 for tablet f93331b6c71a44d683390e02949e0f92. 1 dirs total, 0 dirs full, 0 dirs failed
I20260709 12:20:04.206226 29563 raft_consensus.cc:515] T 1ab3a5880e0c4e5f82cc6112d45786d0 P fe9aef6ee3894a62a91c93e727b917fe [term 1 FOLLOWER]: Starting leader election with config: opid_index: -1 OBSOLETE_local: false peers { permanent_uuid: "fe9aef6ee3894a62a91c93e727b917fe" member_type: VOTER last_known_addr { host: "127.27.127.65" port: 33539 } } peers { permanent_uuid: "2e4bd71bb09a45ceb9990a12816fb939" member_type: VOTER last_known_addr { host: "127.27.127.66" port: 39261 } } peers { permanent_uuid: "e99265ba5dbb444fa0b40140eeffb8a9" member_type: VOTER last_known_addr { host: "127.27.127.67" port: 34997 } }
I20260709 12:20:04.210336 29563 leader_election.cc:290] T 1ab3a5880e0c4e5f82cc6112d45786d0 P fe9aef6ee3894a62a91c93e727b917fe [CANDIDATE]: Term 1 election: Requested vote from peers 2e4bd71bb09a45ceb9990a12816fb939 (127.27.127.66:39261), e99265ba5dbb444fa0b40140eeffb8a9 (127.27.127.67:34997)
