I20260709 12:19:06.748764 21035 raft_consensus.cc:606] T 6c90cea3b95c4ebf91c13c53b07c6c9d P 7ebe1777298049bbb744b14d5c6aa8ff [term 2 LEADER]: Received request to transfer leadership to TS ab557d74c37a4dbd8e724284b20c36c0
I20260709 12:19:06.760929 20960 tablet_service.cc:2072] Received LeaderStepDown RPC: tablet_id: "d0987f4db06443a3ae22907760d01c35"
dest_uuid: "b1c06c275102482ea33adda8f528d8d4"
mode: GRACEFUL
new_leader_uuid: "ab557d74c37a4dbd8e724284b20c36c0"
 from {username='slave'} at 127.0.0.1:59916
I20260709 12:19:06.761472 20960 raft_consensus.cc:606] T d0987f4db06443a3ae22907760d01c35 P b1c06c275102482ea33adda8f528d8d4 [term 1 LEADER]: Received request to transfer leadership to TS ab557d74c37a4dbd8e724284b20c36c0
I20260709 12:19:06.762534 20825 auto_leader_rebalancer.cc:440] table: test-workload, leader rebalance finish, leader transfer count: 2
I20260709 12:19:06.763005 20825 auto_leader_rebalancer.cc:515] All tables' leader rebalancing finished this round
I20260709 12:19:07.032891 21174 raft_consensus.cc:993] T d0987f4db06443a3ae22907760d01c35 P b1c06c275102482ea33adda8f528d8d4: : Instructing follower ab557d74c37a4dbd8e724284b20c36c0 to start an election
I20260709 12:19:07.033339 21174 raft_consensus.cc:1081] T d0987f4db06443a3ae22907760d01c35 P b1c06c275102482ea33adda8f528d8d4 [term 1 LEADER]: Signalling peer ab557d74c37a4dbd8e724284b20c36c0 to start an election
I20260709 12:19:07.034744 21109 tablet_service.cc:2044] Received Run Leader Election RPC: tablet_id: "d0987f4db06443a3ae22907760d01c35"
dest_uuid: "ab557d74c37a4dbd8e724284b20c36c0"
 from {username='slave'} at 127.0.0.1:42998
I20260709 12:19:07.035331 21109 raft_consensus.cc:493] T d0987f4db06443a3ae22907760d01c35 P ab557d74c37a4dbd8e724284b20c36c0 [term 1 FOLLOWER]: Starting forced leader election (received explicit request)
I20260709 12:19:07.035712 21109 raft_consensus.cc:3060] T d0987f4db06443a3ae22907760d01c35 P ab557d74c37a4dbd8e724284b20c36c0 [term 1 FOLLOWER]: Advancing to term 2
I20260709 12:19:07.039791 21109 raft_consensus.cc:515] T d0987f4db06443a3ae22907760d01c35 P ab557d74c37a4dbd8e724284b20c36c0 [term 2 FOLLOWER]: Starting forced leader election with config: opid_index: -1 OBSOLETE_local: false peers { permanent_uuid: "b1c06c275102482ea33adda8f528d8d4" member_type: VOTER last_known_addr { host: "127.20.86.65" port: 38569 } } peers { permanent_uuid: "ab557d74c37a4dbd8e724284b20c36c0" member_type: VOTER last_known_addr { host: "127.20.86.67" port: 44201 } } peers { permanent_uuid: "7ebe1777298049bbb744b14d5c6aa8ff" member_type: VOTER last_known_addr { host: "127.20.86.66" port: 41191 } }
I20260709 12:19:07.041273 21109 leader_election.cc:290] T d0987f4db06443a3ae22907760d01c35 P ab557d74c37a4dbd8e724284b20c36c0 [CANDIDATE]: Term 2 election: Requested vote from peers b1c06c275102482ea33adda8f528d8d4 (127.20.86.65:38569), 7ebe1777298049bbb744b14d5c6aa8ff (127.20.86.66:41191)
I20260709 12:19:07.042124 20960 tablet_service.cc:1917] Received RequestConsensusVote() RPC: tablet_id: "d0987f4db06443a3ae22907760d01c35" candidate_uuid: "ab557d74c37a4dbd8e724284b20c36c0" candidate_term: 2 candidate_status { last_received { term: 1 index: 1 } } ignore_live_leader: true dest_uuid: "b1c06c275102482ea33adda8f528d8d4"
I20260709 12:19:07.042400 21035 tablet_service.cc:1917] Received RequestConsensusVote() RPC: tablet_id: "d0987f4db06443a3ae22907760d01c35" candidate_uuid: "ab557d74c37a4dbd8e724284b20c36c0" candidate_term: 2 candidate_status { last_received { term: 1 index: 1 } } ignore_live_leader: true dest_uuid: "7ebe1777298049bbb744b14d5c6aa8ff"
I20260709 12:19:07.042645 20960 raft_consensus.cc:3055] T d0987f4db06443a3ae22907760d01c35 P b1c06c275102482ea33adda8f528d8d4 [term 1 LEADER]: Stepping down as leader of term 1
I20260709 12:19:07.042915 21035 raft_consensus.cc:3060] T d0987f4db06443a3ae22907760d01c35 P 7ebe1777298049bbb744b14d5c6aa8ff [term 1 FOLLOWER]: Advancing to term 2
I20260709 12:19:07.042999 20960 raft_consensus.cc:740] T d0987f4db06443a3ae22907760d01c35 P b1c06c275102482ea33adda8f528d8d4 [term 1 LEADER]: Becoming Follower/Learner. State: Replica: b1c06c275102482ea33adda8f528d8d4, State: Running, Role: LEADER
I20260709 12:19:07.044001 20960 consensus_queue.cc:260] T d0987f4db06443a3ae22907760d01c35 P b1c06c275102482ea33adda8f528d8d4 [NON_LEADER]: Queue going to NON_LEADER mode. State: All replicated index: 0, Majority replicated index: 1, Committed index: 1, Last appended: 1.1, Last appended by leader: 1, Current term: 1, Majority size: -1, State: 0, Mode: NON_LEADER, active raft config: opid_index: -1 OBSOLETE_local: false peers { permanent_uuid: "b1c06c275102482ea33adda8f528d8d4" member_type: VOTER last_known_addr { host: "127.20.86.65" port: 38569 } } peers { permanent_uuid: "ab557d74c37a4dbd8e724284b20c36c0" member_type: VOTER last_known_addr { host: "127.20.86.67" port: 44201 } } peers { permanent_uuid: "7ebe1777298049bbb744b14d5c6aa8ff" member_type: VOTER last_known_addr { host: "127.20.86.66" port: 41191 } }
I20260709 12:19:07.044957 20960 raft_consensus.cc:3060] T d0987f4db06443a3ae22907760d01c35 P b1c06c275102482ea33adda8f528d8d4 [term 1 FOLLOWER]: Advancing to term 2
I20260709 12:19:07.047969 21035 raft_consensus.cc:2468] T d0987f4db06443a3ae22907760d01c35 P 7ebe1777298049bbb744b14d5c6aa8ff [term 2 FOLLOWER]: Leader election vote request: Granting yes vote for candidate ab557d74c37a4dbd8e724284b20c36c0 in term 2.
I20260709 12:19:07.049144 21074 leader_election.cc:304] T d0987f4db06443a3ae22907760d01c35 P ab557d74c37a4dbd8e724284b20c36c0 [CANDIDATE]: Term 2 election: Election decided. Result: candidate won. Election summary: received 2 responses out of 3 voters: 2 yes votes; 0 no votes. yes voters: 7ebe1777298049bbb744b14d5c6aa8ff, ab557d74c37a4dbd8e724284b20c36c0; no voters: 
I20260709 12:19:07.049867 21242 raft_consensus.cc:2804] T d0987f4db06443a3ae22907760d01c35 P ab557d74c37a4dbd8e724284b20c36c0 [term 2 FOLLOWER]: Leader election won for term 2
I20260709 12:19:07.050264 20960 raft_consensus.cc:2468] T d0987f4db06443a3ae22907760d01c35 P b1c06c275102482ea33adda8f528d8d4 [term 2 FOLLOWER]: Leader election vote request: Granting yes vote for candidate ab557d74c37a4dbd8e724284b20c36c0 in term 2.
I20260709 12:19:07.051154 21242 raft_consensus.cc:697] T d0987f4db06443a3ae22907760d01c35 P ab557d74c37a4dbd8e724284b20c36c0 [term 2 LEADER]: Becoming Leader. State: Replica: ab557d74c37a4dbd8e724284b20c36c0, State: Running, Role: LEADER
I20260709 12:19:07.052151 21242 consensus_queue.cc:237] T d0987f4db06443a3ae22907760d01c35 P ab557d74c37a4dbd8e724284b20c36c0 [LEADER]: Queue going to LEADER mode. State: All replicated index: 0, Majority replicated index: 1, Committed index: 1, Last appended: 1.1, Last appended by leader: 1, Current term: 2, Majority size: 2, State: 0, Mode: LEADER, active raft config: opid_index: -1 OBSOLETE_local: false peers { permanent_uuid: "b1c06c275102482ea33adda8f528d8d4" member_type: VOTER last_known_addr { host: "127.20.86.65" port: 38569 } } peers { permanent_uuid: "ab557d74c37a4dbd8e724284b20c36c0" member_type: VOTER last_known_addr { host: "127.20.86.67" port: 44201 } } peers { permanent_uuid: "7ebe1777298049bbb744b14d5c6aa8ff" member_type: VOTER last_known_addr { host: "127.20.86.66" port: 41191 } }
I20260709 12:19:07.061305 20855 catalog_manager.cc:5697] T d0987f4db06443a3ae22907760d01c35 P ab557d74c37a4dbd8e724284b20c36c0 reported cstate change: term changed from 1 to 2, leader changed from b1c06c275102482ea33adda8f528d8d4 (127.20.86.65) to ab557d74c37a4dbd8e724284b20c36c0 (127.20.86.67). New cstate: current_term: 2 leader_uuid: "ab557d74c37a4dbd8e724284b20c36c0" committed_config { opid_index: -1 OBSOLETE_local: false peers { permanent_uuid: "b1c06c275102482ea33adda8f528d8d4" member_type: VOTER last_known_addr { host: "127.20.86.65" port: 38569 } health_report { overall_health: UNKNOWN } } peers { permanent_uuid: "ab557d74c37a4dbd8e724284b20c36c0" member_type: VOTER last_known_addr { host: "127.20.86.67" port: 44201 } health_report { overall_health: HEALTHY } } peers { permanent_uuid: "7ebe1777298049bbb744b14d5c6aa8ff" member_type: VOTER last_known_addr { host: "127.20.86.66" port: 41191 } health_report { overall_health: UNKNOWN } } }
I20260709 12:19:07.222117 21239 raft_consensus.cc:993] T 6c90cea3b95c4ebf91c13c53b07c6c9d P 7ebe1777298049bbb744b14d5c6aa8ff: : Instructing follower ab557d74c37a4dbd8e724284b20c36c0 to start an election
I20260709 12:19:07.222584 21239 raft_consensus.cc:1081] T 6c90cea3b95c4ebf91c13c53b07c6c9d P 7ebe1777298049bbb744b14d5c6aa8ff [term 2 LEADER]: Signalling peer ab557d74c37a4dbd8e724284b20c36c0 to start an election
I20260709 12:19:07.224242 21109 tablet_service.cc:2044] Received Run Leader Election RPC: tablet_id: "6c90cea3b95c4ebf91c13c53b07c6c9d"
dest_uuid: "ab557d74c37a4dbd8e724284b20c36c0"
 from {username='slave'} at 127.0.0.1:43000
I20260709 12:19:07.224758 21109 raft_consensus.cc:493] T 6c90cea3b95c4ebf91c13c53b07c6c9d P ab557d74c37a4dbd8e724284b20c36c0 [term 2 FOLLOWER]: Starting forced leader election (received explicit request)
I20260709 12:19:07.225033 21109 raft_consensus.cc:3060] T 6c90cea3b95c4ebf91c13c53b07c6c9d P ab557d74c37a4dbd8e724284b20c36c0 [term 2 FOLLOWER]: Advancing to term 3
I20260709 12:19:07.228991 21109 raft_consensus.cc:515] T 6c90cea3b95c4ebf91c13c53b07c6c9d P ab557d74c37a4dbd8e724284b20c36c0 [term 3 FOLLOWER]: Starting forced leader election with config: opid_index: -1 OBSOLETE_local: false peers { permanent_uuid: "b1c06c275102482ea33adda8f528d8d4" member_type: VOTER last_known_addr { host: "127.20.86.65" port: 38569 } } peers { permanent_uuid: "7ebe1777298049bbb744b14d5c6aa8ff" member_type: VOTER last_known_addr { host: "127.20.86.66" port: 41191 } } peers { permanent_uuid: "ab557d74c37a4dbd8e724284b20c36c0" member_type: VOTER last_known_addr { host: "127.20.86.67" port: 44201 } }
I20260709 12:19:07.230561 21109 leader_election.cc:290] T 6c90cea3b95c4ebf91c13c53b07c6c9d P ab557d74c37a4dbd8e724284b20c36c0 [CANDIDATE]: Term 3 election: Requested vote from peers b1c06c275102482ea33adda8f528d8d4 (127.20.86.65:38569), 7ebe1777298049bbb744b14d5c6aa8ff (127.20.86.66:41191)
I20260709 12:19:07.231715 20960 tablet_service.cc:1917] Received RequestConsensusVote() RPC: tablet_id: "6c90cea3b95c4ebf91c13c53b07c6c9d" candidate_uuid: "ab557d74c37a4dbd8e724284b20c36c0" candidate_term: 3 candidate_status { last_received { term: 2 index: 2 } } ignore_live_leader: true dest_uuid: "b1c06c275102482ea33adda8f528d8d4"
I20260709 12:19:07.231990 21035 tablet_service.cc:1917] Received RequestConsensusVote() RPC: tablet_id: "6c90cea3b95c4ebf91c13c53b07c6c9d" candidate_uuid: "ab557d74c37a4dbd8e724284b20c36c0" candidate_term: 3 candidate_status { last_received { term: 2 index: 2 } } ignore_live_leader: true dest_uuid: "7ebe1777298049bbb744b14d5c6aa8ff"
I20260709 12:19:07.232488 20960 raft_consensus.cc:3060] T 6c90cea3b95c4ebf91c13c53b07c6c9d P b1c06c275102482ea33adda8f528d8d4 [term 2 FOLLOWER]: Advancing to term 3
I20260709 12:19:07.232618 21035 raft_consensus.cc:3055] T 6c90cea3b95c4ebf91c13c53b07c6c9d P 7ebe1777298049bbb744b14d5c6aa8ff [term 2 LEADER]: Stepping down as leader of term 2
I20260709 12:19:07.232959 21035 raft_consensus.cc:740] T 6c90cea3b95c4ebf91c13c53b07c6c9d P 7ebe1777298049bbb744b14d5c6aa8ff [term 2 LEADER]: Becoming Follower/Learner. State: Replica: 7ebe1777298049bbb744b14d5c6aa8ff, State: Running, Role: LEADER
I20260709 12:19:07.233915 21035 consensus_queue.cc:260] T 6c90cea3b95c4ebf91c13c53b07c6c9d P 7ebe1777298049bbb744b14d5c6aa8ff [NON_LEADER]: Queue going to NON_LEADER mode. State: All replicated index: 0, Majority replicated index: 2, Committed index: 2, Last appended: 2.2, Last appended by leader: 2, Current term: 2, Majority size: -1, State: 0, Mode: NON_LEADER, active raft config: opid_index: -1 OBSOLETE_local: false peers { permanent_uuid: "b1c06c275102482ea33adda8f528d8d4" member_type: VOTER last_known_addr { host: "127.20.86.65" port: 38569 } } peers { permanent_uuid: "7ebe1777298049bbb744b14d5c6aa8ff" member_type: VOTER last_known_addr { host: "127.20.86.66" port: 41191 } } peers { permanent_uuid: "ab557d74c37a4dbd8e724284b20c36c0" member_type: VOTER last_known_addr { host: "127.20.86.67" port: 44201 } }
I20260709 12:19:07.235431 21035 raft_consensus.cc:3060] T 6c90cea3b95c4ebf91c13c53b07c6c9d P 7ebe1777298049bbb744b14d5c6aa8ff [term 2 FOLLOWER]: Advancing to term 3
I20260709 12:19:07.239847 20960 raft_consensus.cc:2468] T 6c90cea3b95c4ebf91c13c53b07c6c9d P b1c06c275102482ea33adda8f528d8d4 [term 3 FOLLOWER]: Leader election vote request: Granting yes vote for candidate ab557d74c37a4dbd8e724284b20c36c0 in term 3.
I20260709 12:19:07.241119 21075 leader_election.cc:304] T 6c90cea3b95c4ebf91c13c53b07c6c9d P ab557d74c37a4dbd8e724284b20c36c0 [CANDIDATE]: Term 3 election: Election decided. Result: candidate won. Election summary: received 2 responses out of 3 voters: 2 yes votes; 0 no votes. yes voters: ab557d74c37a4dbd8e724284b20c36c0, b1c06c275102482ea33adda8f528d8d4; no voters: 
I20260709 12:19:07.241824 21242 raft_consensus.cc:2804] T 6c90cea3b95c4ebf91c13c53b07c6c9d P ab557d74c37a4dbd8e724284b20c36c0 [term 3 FOLLOWER]: Leader election won for term 3
I20260709 12:19:07.241847 21035 raft_consensus.cc:2468] T 6c90cea3b95c4ebf91c13c53b07c6c9d P 7ebe1777298049bbb744b14d5c6aa8ff [term 3 FOLLOWER]: Leader election vote request: Granting yes vote for candidate ab557d74c37a4dbd8e724284b20c36c0 in term 3.
I20260709 12:19:07.242475 21242 raft_consensus.cc:697] T 6c90cea3b95c4ebf91c13c53b07c6c9d P ab557d74c37a4dbd8e724284b20c36c0 [term 3 LEADER]: Becoming Leader. State: Replica: ab557d74c37a4dbd8e724284b20c36c0, State: Running, Role: LEADER
I20260709 12:19:07.243348 21242 consensus_queue.cc:237] T 6c90cea3b95c4ebf91c13c53b07c6c9d P ab557d74c37a4dbd8e724284b20c36c0 [LEADER]: Queue going to LEADER mode. State: All replicated index: 0, Majority replicated index: 2, Committed index: 2, Last appended: 2.2, Last appended by leader: 2, Current term: 3, Majority size: 2, State: 0, Mode: LEADER, active raft config: opid_index: -1 OBSOLETE_local: false peers { permanent_uuid: "b1c06c275102482ea33adda8f528d8d4" member_type: VOTER last_known_addr { host: "127.20.86.65" port: 38569 } } peers { permanent_uuid: "7ebe1777298049bbb744b14d5c6aa8ff" member_type: VOTER last_known_addr { host: "127.20.86.66" port: 41191 } } peers { permanent_uuid: "ab557d74c37a4dbd8e724284b20c36c0" member_type: VOTER last_known_addr { host: "127.20.86.67" port: 44201 } }
I20260709 12:19:07.250886 20855 catalog_manager.cc:5697] T 6c90cea3b95c4ebf91c13c53b07c6c9d P ab557d74c37a4dbd8e724284b20c36c0 reported cstate change: term changed from 2 to 3, leader changed from 7ebe1777298049bbb744b14d5c6aa8ff (127.20.86.66) to ab557d74c37a4dbd8e724284b20c36c0 (127.20.86.67). New cstate: current_term: 3 leader_uuid: "ab557d74c37a4dbd8e724284b20c36c0" committed_config { opid_index: -1 OBSOLETE_local: false peers { permanent_uuid: "b1c06c275102482ea33adda8f528d8d4" member_type: VOTER last_known_addr { host: "127.20.86.65" port: 38569 } health_report { overall_health: UNKNOWN } } peers { permanent_uuid: "7ebe1777298049bbb744b14d5c6aa8ff" member_type: VOTER last_known_addr { host: "127.20.86.66" port: 41191 } health_report { overall_health: UNKNOWN } } peers { permanent_uuid: "ab557d74c37a4dbd8e724284b20c36c0" member_type: VOTER last_known_addr { host: "127.20.86.67" port: 44201 } health_report { overall_health: HEALTHY } } }
I20260709 12:19:07.470155 21035 raft_consensus.cc:1275] T d0987f4db06443a3ae22907760d01c35 P 7ebe1777298049bbb744b14d5c6aa8ff [term 2 FOLLOWER]: Refusing update from remote peer ab557d74c37a4dbd8e724284b20c36c0: Log matching property violated. Preceding OpId in replica: term: 1 index: 1. Preceding OpId from leader: term: 2 index: 2. (index mismatch)
I20260709 12:19:07.472411 21247 consensus_queue.cc:1048] T d0987f4db06443a3ae22907760d01c35 P ab557d74c37a4dbd8e724284b20c36c0 [LEADER]: Connected to new peer: Peer: permanent_uuid: "7ebe1777298049bbb744b14d5c6aa8ff" member_type: VOTER last_known_addr { host: "127.20.86.66" port: 41191 }, Status: LMP_MISMATCH, Last received: 0.0, Next index: 2, Last known committed idx: 1, Time since last communication: 0.001s
I20260709 12:19:07.475092 20959 raft_consensus.cc:1275] T d0987f4db06443a3ae22907760d01c35 P b1c06c275102482ea33adda8f528d8d4 [term 2 FOLLOWER]: Refusing update from remote peer ab557d74c37a4dbd8e724284b20c36c0: Log matching property violated. Preceding OpId in replica: term: 1 index: 1. Preceding OpId from leader: term: 2 index: 2. (index mismatch)
I20260709 12:19:07.476416 21247 consensus_queue.cc:1048] T d0987f4db06443a3ae22907760d01c35 P ab557d74c37a4dbd8e724284b20c36c0 [LEADER]: Connected to new peer: Peer: permanent_uuid: "b1c06c275102482ea33adda8f528d8d4" member_type: VOTER last_known_addr { host: "127.20.86.65" port: 38569 }, Status: LMP_MISMATCH, Last received: 0.0, Next index: 2, Last known committed idx: 1, Time since last communication: 0.000s
I20260709 12:19:07.650067 20959 raft_consensus.cc:1275] T 6c90cea3b95c4ebf91c13c53b07c6c9d P b1c06c275102482ea33adda8f528d8d4 [term 3 FOLLOWER]: Refusing update from remote peer ab557d74c37a4dbd8e724284b20c36c0: Log matching property violated. Preceding OpId in replica: term: 2 index: 2. Preceding OpId from leader: term: 3 index: 3. (index mismatch)
I20260709 12:19:07.651453 21247 consensus_queue.cc:1048] T 6c90cea3b95c4ebf91c13c53b07c6c9d P ab557d74c37a4dbd8e724284b20c36c0 [LEADER]: Connected to new peer: Peer: permanent_uuid: "b1c06c275102482ea33adda8f528d8d4" member_type: VOTER last_known_addr { host: "127.20.86.65" port: 38569 }, Status: LMP_MISMATCH, Last received: 0.0, Next index: 3, Last known committed idx: 2, Time since last communication: 0.000s
I20260709 12:19:07.663481 21034 raft_consensus.cc:1275] T 6c90cea3b95c4ebf91c13c53b07c6c9d P 7ebe1777298049bbb744b14d5c6aa8ff [term 3 FOLLOWER]: Refusing update from remote peer ab557d74c37a4dbd8e724284b20c36c0: Log matching property violated. Preceding OpId in replica: term: 2 index: 2. Preceding OpId from leader: term: 3 index: 3. (index mismatch)
I20260709 12:19:07.665341 21255 consensus_queue.cc:1048] T 6c90cea3b95c4ebf91c13c53b07c6c9d P ab557d74c37a4dbd8e724284b20c36c0 [LEADER]: Connected to new peer: Peer: permanent_uuid: "7ebe1777298049bbb744b14d5c6aa8ff" member_type: VOTER last_known_addr { host: "127.20.86.66" port: 41191 }, Status: LMP_MISMATCH, Last received: 0.0, Next index: 3, Last known committed idx: 2, Time since last communication: 0.000s
I20260709 12:19:07.764318 20825 auto_leader_rebalancer.cc:141] leader rebalance for table test-workload
I20260709 12:19:07.770007 20825 auto_leader_rebalancer.cc:440] table: test-workload, leader rebalance finish, leader transfer count: 0
I20260709 12:19:07.770478 20825 auto_leader_rebalancer.cc:515] All tables' leader rebalancing finished this round
I20260709 12:19:08.771471 20825 auto_leader_rebalancer.cc:141] leader rebalance for table test-workload
I20260709 12:19:08.776611 20825 auto_leader_rebalancer.cc:440] table: test-workload, leader rebalance finish, leader transfer count: 0
I20260709 12:19:08.777108 20825 auto_leader_rebalancer.cc:515] All tables' leader rebalancing finished this round
I20260709 12:19:09.778717 20825 auto_leader_rebalancer.cc:141] leader rebalance for table test-workload
I20260709 12:19:09.784943 20825 auto_leader_rebalancer.cc:440] table: test-workload, leader rebalance finish, leader transfer count: 0
I20260709 12:19:09.785326 20825 auto_leader_rebalancer.cc:515] All tables' leader rebalancing finished this round
I20260709 12:19:10.786266 20825 auto_leader_rebalancer.cc:141] leader rebalance for table test-workload
I20260709 12:19:10.791533 20825 auto_leader_rebalancer.cc:440] table: test-workload, leader rebalance finish, leader transfer count: 0
I20260709 12:19:10.791919 20825 auto_leader_rebalancer.cc:515] All tables' leader rebalancing finished this round
I20260709 12:19:11.792798 20825 auto_leader_rebalancer.cc:141] leader rebalance for table test-workload
I20260709 12:19:11.797533 20825 auto_leader_rebalancer.cc:440] table: test-workload, leader rebalance finish, leader transfer count: 0
I20260709 12:19:11.797883 20825 auto_leader_rebalancer.cc:515] All tables' leader rebalancing finished this round
I20260709 12:19:12.798825 20825 auto_leader_rebalancer.cc:141] leader rebalance for table test-workload
I20260709 12:19:12.803503 20825 auto_leader_rebalancer.cc:440] table: test-workload, leader rebalance finish, leader transfer count: 0
I20260709 12:19:12.803979 20825 auto_leader_rebalancer.cc:515] All tables' leader rebalancing finished this round
I20260709 12:19:13.804936 20825 auto_leader_rebalancer.cc:141] leader rebalance for table test-workload
I20260709 12:19:13.809861 20825 auto_leader_rebalancer.cc:440] table: test-workload, leader rebalance finish, leader transfer count: 0
I20260709 12:19:13.810293 20825 auto_leader_rebalancer.cc:515] All tables' leader rebalancing finished this round
I20260709 12:19:14.811583 20825 auto_leader_rebalancer.cc:141] leader rebalance for table test-workload
I20260709 12:19:14.817008 20825 auto_leader_rebalancer.cc:440] table: test-workload, leader rebalance finish, leader transfer count: 0
I20260709 12:19:14.817502 20825 auto_leader_rebalancer.cc:515] All tables' leader rebalancing finished this round
I20260709 12:19:15.818604 20825 auto_leader_rebalancer.cc:141] leader rebalance for table test-workload
I20260709 12:19:15.824117 20825 auto_leader_rebalancer.cc:440] table: test-workload, leader rebalance finish, leader transfer count: 0
I20260709 12:19:15.824612 20825 auto_leader_rebalancer.cc:515] All tables' leader rebalancing finished this round
I20260709 12:19:16.858956 20825 auto_leader_rebalancer-test.cc:313] The leader distribution is 
I20260709 12:19:16.864283 21108 tablet_service.cc:2072] Received LeaderStepDown RPC: tablet_id: "d0987f4db06443a3ae22907760d01c35"
dest_uuid: "ab557d74c37a4dbd8e724284b20c36c0"
mode: GRACEFUL
new_leader_uuid: "7ebe1777298049bbb744b14d5c6aa8ff"
 from {username='slave'} at 127.0.0.1:43002
I20260709 12:19:16.865053 21108 raft_consensus.cc:606] T d0987f4db06443a3ae22907760d01c35 P ab557d74c37a4dbd8e724284b20c36c0 [term 2 LEADER]: Received request to transfer leadership to TS 7ebe1777298049bbb744b14d5c6aa8ff
I20260709 12:19:16.872181 20959 tablet_service.cc:2072] Received LeaderStepDown RPC: tablet_id: "e2d2868df9d647e4bbb3734f95820c1a"
dest_uuid: "b1c06c275102482ea33adda8f528d8d4"
mode: GRACEFUL
new_leader_uuid: "7ebe1777298049bbb744b14d5c6aa8ff"
 from {username='slave'} at 127.0.0.1:59908
I20260709 12:19:16.872763 20959 raft_consensus.cc:606] T e2d2868df9d647e4bbb3734f95820c1a P b1c06c275102482ea33adda8f528d8d4 [term 1 LEADER]: Received request to transfer leadership to TS 7ebe1777298049bbb744b14d5c6aa8ff
I20260709 12:19:16.874387 21269 raft_consensus.cc:993] T d0987f4db06443a3ae22907760d01c35 P ab557d74c37a4dbd8e724284b20c36c0: : Instructing follower 7ebe1777298049bbb744b14d5c6aa8ff to start an election
I20260709 12:19:16.874922 21269 raft_consensus.cc:1081] T d0987f4db06443a3ae22907760d01c35 P ab557d74c37a4dbd8e724284b20c36c0 [term 2 LEADER]: Signalling peer 7ebe1777298049bbb744b14d5c6aa8ff to start an election
I20260709 12:19:16.877147 21035 tablet_service.cc:2044] Received Run Leader Election RPC: tablet_id: "d0987f4db06443a3ae22907760d01c35"
dest_uuid: "7ebe1777298049bbb744b14d5c6aa8ff"
 from {username='slave'} at 127.0.0.1:52940
I20260709 12:19:16.877781 21035 raft_consensus.cc:493] T d0987f4db06443a3ae22907760d01c35 P 7ebe1777298049bbb744b14d5c6aa8ff [term 2 FOLLOWER]: Starting forced leader election (received explicit request)
I20260709 12:19:16.878239 21035 raft_consensus.cc:3060] T d0987f4db06443a3ae22907760d01c35 P 7ebe1777298049bbb744b14d5c6aa8ff [term 2 FOLLOWER]: Advancing to term 3
I20260709 12:19:16.879696 20959 tablet_service.cc:2072] Received LeaderStepDown RPC: tablet_id: "ac2e16825e474d5b8dbd9036dff6d25a"
dest_uuid: "b1c06c275102482ea33adda8f528d8d4"
mode: GRACEFUL
new_leader_uuid: "7ebe1777298049bbb744b14d5c6aa8ff"
 from {username='slave'} at 127.0.0.1:59908
I20260709 12:19:16.880484 20959 raft_consensus.cc:606] T ac2e16825e474d5b8dbd9036dff6d25a P b1c06c275102482ea33adda8f528d8d4 [term 1 LEADER]: Received request to transfer leadership to TS 7ebe1777298049bbb744b14d5c6aa8ff
I20260709 12:19:16.886435 20959 tablet_service.cc:2072] Received LeaderStepDown RPC: tablet_id: "b50aa827ec6b40f19f8cf0fa6c8f7d8a"
dest_uuid: "b1c06c275102482ea33adda8f528d8d4"
mode: GRACEFUL
new_leader_uuid: "7ebe1777298049bbb744b14d5c6aa8ff"
 from {username='slave'} at 127.0.0.1:59908
I20260709 12:19:16.886919 20959 raft_consensus.cc:606] T b50aa827ec6b40f19f8cf0fa6c8f7d8a P b1c06c275102482ea33adda8f528d8d4 [term 2 LEADER]: Received request to transfer leadership to TS 7ebe1777298049bbb744b14d5c6aa8ff
I20260709 12:19:16.886798 21035 raft_consensus.cc:515] T d0987f4db06443a3ae22907760d01c35 P 7ebe1777298049bbb744b14d5c6aa8ff [term 3 FOLLOWER]: Starting forced leader election with config: opid_index: -1 OBSOLETE_local: false peers { permanent_uuid: "b1c06c275102482ea33adda8f528d8d4" member_type: VOTER last_known_addr { host: "127.20.86.65" port: 38569 } } peers { permanent_uuid: "ab557d74c37a4dbd8e724284b20c36c0" member_type: VOTER last_known_addr { host: "127.20.86.67" port: 44201 } } peers { permanent_uuid: "7ebe1777298049bbb744b14d5c6aa8ff" member_type: VOTER last_known_addr { host: "127.20.86.66" port: 41191 } }
I20260709 12:19:16.889317 21035 leader_election.cc:290] T d0987f4db06443a3ae22907760d01c35 P 7ebe1777298049bbb744b14d5c6aa8ff [CANDIDATE]: Term 3 election: Requested vote from peers b1c06c275102482ea33adda8f528d8d4 (127.20.86.65:38569), ab557d74c37a4dbd8e724284b20c36c0 (127.20.86.67:44201)
I20260709 12:19:16.890825 21108 tablet_service.cc:1917] Received RequestConsensusVote() RPC: tablet_id: "d0987f4db06443a3ae22907760d01c35" candidate_uuid: "7ebe1777298049bbb744b14d5c6aa8ff" candidate_term: 3 candidate_status { last_received { term: 2 index: 2 } } ignore_live_leader: true dest_uuid: "ab557d74c37a4dbd8e724284b20c36c0"
I20260709 12:19:16.890946 20959 tablet_service.cc:1917] Received RequestConsensusVote() RPC: tablet_id: "d0987f4db06443a3ae22907760d01c35" candidate_uuid: "7ebe1777298049bbb744b14d5c6aa8ff" candidate_term: 3 candidate_status { last_received { term: 2 index: 2 } } ignore_live_leader: true dest_uuid: "b1c06c275102482ea33adda8f528d8d4"
I20260709 12:19:16.891812 21108 raft_consensus.cc:3055] T d0987f4db06443a3ae22907760d01c35 P ab557d74c37a4dbd8e724284b20c36c0 [term 2 LEADER]: Stepping down as leader of term 2
I20260709 12:19:16.892006 20959 raft_consensus.cc:3060] T d0987f4db06443a3ae22907760d01c35 P b1c06c275102482ea33adda8f528d8d4 [term 2 FOLLOWER]: Advancing to term 3
I20260709 12:19:16.892244 21108 raft_consensus.cc:740] T d0987f4db06443a3ae22907760d01c35 P ab557d74c37a4dbd8e724284b20c36c0 [term 2 LEADER]: Becoming Follower/Learner. State: Replica: ab557d74c37a4dbd8e724284b20c36c0, State: Running, Role: LEADER
I20260709 12:19:16.893286 21108 consensus_queue.cc:260] T d0987f4db06443a3ae22907760d01c35 P ab557d74c37a4dbd8e724284b20c36c0 [NON_LEADER]: Queue going to NON_LEADER mode. State: All replicated index: 0, Majority replicated index: 2, Committed index: 2, Last appended: 2.2, Last appended by leader: 2, Current term: 2, Majority size: -1, State: 0, Mode: NON_LEADER, active raft config: opid_index: -1 OBSOLETE_local: false peers { permanent_uuid: "b1c06c275102482ea33adda8f528d8d4" member_type: VOTER last_known_addr { host: "127.20.86.65" port: 38569 } } peers { permanent_uuid: "ab557d74c37a4dbd8e724284b20c36c0" member_type: VOTER last_known_addr { host: "127.20.86.67" port: 44201 } } peers { permanent_uuid: "7ebe1777298049bbb744b14d5c6aa8ff" member_type: VOTER last_known_addr { host: "127.20.86.66" port: 41191 } }
I20260709 12:19:16.894712 21108 raft_consensus.cc:3060] T d0987f4db06443a3ae22907760d01c35 P ab557d74c37a4dbd8e724284b20c36c0 [term 2 FOLLOWER]: Advancing to term 3
I20260709 12:19:16.898672 20959 raft_consensus.cc:2468] T d0987f4db06443a3ae22907760d01c35 P b1c06c275102482ea33adda8f528d8d4 [term 3 FOLLOWER]: Leader election vote request: Granting yes vote for candidate 7ebe1777298049bbb744b14d5c6aa8ff in term 3.
I20260709 12:19:16.900177 21001 leader_election.cc:304] T d0987f4db06443a3ae22907760d01c35 P 7ebe1777298049bbb744b14d5c6aa8ff [CANDIDATE]: Term 3 election: Election decided. Result: candidate won. Election summary: received 2 responses out of 3 voters: 2 yes votes; 0 no votes. yes voters: 7ebe1777298049bbb744b14d5c6aa8ff, b1c06c275102482ea33adda8f528d8d4; no voters: 
I20260709 12:19:16.901335 21239 raft_consensus.cc:2804] T d0987f4db06443a3ae22907760d01c35 P 7ebe1777298049bbb744b14d5c6aa8ff [term 3 FOLLOWER]: Leader election won for term 3
I20260709 12:19:16.902065 21108 raft_consensus.cc:2468] T d0987f4db06443a3ae22907760d01c35 P ab557d74c37a4dbd8e724284b20c36c0 [term 3 FOLLOWER]: Leader election vote request: Granting yes vote for candidate 7ebe1777298049bbb744b14d5c6aa8ff in term 3.
I20260709 12:19:16.902691 21239 raft_consensus.cc:697] T d0987f4db06443a3ae22907760d01c35 P 7ebe1777298049bbb744b14d5c6aa8ff [term 3 LEADER]: Becoming Leader. State: Replica: 7ebe1777298049bbb744b14d5c6aa8ff, State: Running, Role: LEADER
I20260709 12:19:16.903538 21239 consensus_queue.cc:237] T d0987f4db06443a3ae22907760d01c35 P 7ebe1777298049bbb744b14d5c6aa8ff [LEADER]: Queue going to LEADER mode. State: All replicated index: 0, Majority replicated index: 2, Committed index: 2, Last appended: 2.2, Last appended by leader: 2, Current term: 3, Majority size: 2, State: 0, Mode: LEADER, active raft config: opid_index: -1 OBSOLETE_local: false peers { permanent_uuid: "b1c06c275102482ea33adda8f528d8d4" member_type: VOTER last_known_addr { host: "127.20.86.65" port: 38569 } } peers { permanent_uuid: "ab557d74c37a4dbd8e724284b20c36c0" member_type: VOTER last_known_addr { host: "127.20.86.67" port: 44201 } } peers { permanent_uuid: "7ebe1777298049bbb744b14d5c6aa8ff" member_type: VOTER last_known_addr { host: "127.20.86.66" port: 41191 } }
I20260709 12:19:16.905531 21108 tablet_service.cc:2072] Received LeaderStepDown RPC: tablet_id: "6c90cea3b95c4ebf91c13c53b07c6c9d"
dest_uuid: "ab557d74c37a4dbd8e724284b20c36c0"
mode: GRACEFUL
new_leader_uuid: "7ebe1777298049bbb744b14d5c6aa8ff"
 from {username='slave'} at 127.0.0.1:43002
I20260709 12:19:16.906170 21108 raft_consensus.cc:606] T 6c90cea3b95c4ebf91c13c53b07c6c9d P ab557d74c37a4dbd8e724284b20c36c0 [term 3 LEADER]: Received request to transfer leadership to TS 7ebe1777298049bbb744b14d5c6aa8ff
I20260709 12:19:16.912328 20857 catalog_manager.cc:5697] T d0987f4db06443a3ae22907760d01c35 P 7ebe1777298049bbb744b14d5c6aa8ff reported cstate change: term changed from 2 to 3, leader changed from ab557d74c37a4dbd8e724284b20c36c0 (127.20.86.67) to 7ebe1777298049bbb744b14d5c6aa8ff (127.20.86.66). New cstate: current_term: 3 leader_uuid: "7ebe1777298049bbb744b14d5c6aa8ff" committed_config { opid_index: -1 OBSOLETE_local: false peers { permanent_uuid: "b1c06c275102482ea33adda8f528d8d4" member_type: VOTER last_known_addr { host: "127.20.86.65" port: 38569 } health_report { overall_health: UNKNOWN } } peers { permanent_uuid: "ab557d74c37a4dbd8e724284b20c36c0" member_type: VOTER last_known_addr { host: "127.20.86.67" port: 44201 } health_report { overall_health: UNKNOWN } } peers { permanent_uuid: "7ebe1777298049bbb744b14d5c6aa8ff" member_type: VOTER last_known_addr { host: "127.20.86.66" port: 41191 } health_report { overall_health: HEALTHY } } }
I20260709 12:19:16.997939 21268 raft_consensus.cc:993] T ac2e16825e474d5b8dbd9036dff6d25a P b1c06c275102482ea33adda8f528d8d4: : Instructing follower 7ebe1777298049bbb744b14d5c6aa8ff to start an election
I20260709 12:19:16.998378 21268 raft_consensus.cc:1081] T ac2e16825e474d5b8dbd9036dff6d25a P b1c06c275102482ea33adda8f528d8d4 [term 1 LEADER]: Signalling peer 7ebe1777298049bbb744b14d5c6aa8ff to start an election
I20260709 12:19:17.000362 21035 tablet_service.cc:2044] Received Run Leader Election RPC: tablet_id: "ac2e16825e474d5b8dbd9036dff6d25a"
dest_uuid: "7ebe1777298049bbb744b14d5c6aa8ff"
 from {username='slave'} at 127.0.0.1:52926
I20260709 12:19:17.000856 21035 raft_consensus.cc:493] T ac2e16825e474d5b8dbd9036dff6d25a P 7ebe1777298049bbb744b14d5c6aa8ff [term 1 FOLLOWER]: Starting forced leader election (received explicit request)
I20260709 12:19:17.001109 21035 raft_consensus.cc:3060] T ac2e16825e474d5b8dbd9036dff6d25a P 7ebe1777298049bbb744b14d5c6aa8ff [term 1 FOLLOWER]: Advancing to term 2
I20260709 12:19:17.005757 21035 raft_consensus.cc:515] T ac2e16825e474d5b8dbd9036dff6d25a P 7ebe1777298049bbb744b14d5c6aa8ff [term 2 FOLLOWER]: Starting forced leader election with config: opid_index: -1 OBSOLETE_local: false peers { permanent_uuid: "b1c06c275102482ea33adda8f528d8d4" member_type: VOTER last_known_addr { host: "127.20.86.65" port: 38569 } } peers { permanent_uuid: "7ebe1777298049bbb744b14d5c6aa8ff" member_type: VOTER last_known_addr { host: "127.20.86.66" port: 41191 } } peers { permanent_uuid: "ab557d74c37a4dbd8e724284b20c36c0" member_type: VOTER last_known_addr { host: "127.20.86.67" port: 44201 } }
I20260709 12:19:17.007184 21035 leader_election.cc:290] T ac2e16825e474d5b8dbd9036dff6d25a P 7ebe1777298049bbb744b14d5c6aa8ff [CANDIDATE]: Term 2 election: Requested vote from peers b1c06c275102482ea33adda8f528d8d4 (127.20.86.65:38569), ab557d74c37a4dbd8e724284b20c36c0 (127.20.86.67:44201)
I20260709 12:19:17.008257 20959 tablet_service.cc:1917] Received RequestConsensusVote() RPC: tablet_id: "ac2e16825e474d5b8dbd9036dff6d25a" candidate_uuid: "7ebe1777298049bbb744b14d5c6aa8ff" candidate_term: 2 candidate_status { last_received { term: 1 index: 1 } } ignore_live_leader: true dest_uuid: "b1c06c275102482ea33adda8f528d8d4"
I20260709 12:19:17.008574 21108 tablet_service.cc:1917] Received RequestConsensusVote() RPC: tablet_id: "ac2e16825e474d5b8dbd9036dff6d25a" candidate_uuid: "7ebe1777298049bbb744b14d5c6aa8ff" candidate_term: 2 candidate_status { last_received { term: 1 index: 1 } } ignore_live_leader: true dest_uuid: "ab557d74c37a4dbd8e724284b20c36c0"
I20260709 12:19:17.008831 20959 raft_consensus.cc:3055] T ac2e16825e474d5b8dbd9036dff6d25a P b1c06c275102482ea33adda8f528d8d4 [term 1 LEADER]: Stepping down as leader of term 1
I20260709 12:19:17.009167 20959 raft_consensus.cc:740] T ac2e16825e474d5b8dbd9036dff6d25a P b1c06c275102482ea33adda8f528d8d4 [term 1 LEADER]: Becoming Follower/Learner. State: Replica: b1c06c275102482ea33adda8f528d8d4, State: Running, Role: LEADER
I20260709 12:19:17.009148 21108 raft_consensus.cc:3060] T ac2e16825e474d5b8dbd9036dff6d25a P ab557d74c37a4dbd8e724284b20c36c0 [term 1 FOLLOWER]: Advancing to term 2
I20260709 12:19:17.010143 20959 consensus_queue.cc:260] T ac2e16825e474d5b8dbd9036dff6d25a P b1c06c275102482ea33adda8f528d8d4 [NON_LEADER]: Queue going to NON_LEADER mode. State: All replicated index: 0, Majority replicated index: 1, Committed index: 1, Last appended: 1.1, Last appended by leader: 1, Current term: 1, Majority size: -1, State: 0, Mode: NON_LEADER, active raft config: opid_index: -1 OBSOLETE_local: false peers { permanent_uuid: "b1c06c275102482ea33adda8f528d8d4" member_type: VOTER last_known_addr { host: "127.20.86.65" port: 38569 } } peers { permanent_uuid: "7ebe1777298049bbb744b14d5c6aa8ff" member_type: VOTER last_known_addr { host: "127.20.86.66" port: 41191 } } peers { permanent_uuid: "ab557d74c37a4dbd8e724284b20c36c0" member_type: VOTER last_known_addr { host: "127.20.86.67" port: 44201 } }
I20260709 12:19:17.011142 20959 raft_consensus.cc:3060] T ac2e16825e474d5b8dbd9036dff6d25a P b1c06c275102482ea33adda8f528d8d4 [term 1 FOLLOWER]: Advancing to term 2
I20260709 12:19:17.014714 21108 raft_consensus.cc:2468] T ac2e16825e474d5b8dbd9036dff6d25a P ab557d74c37a4dbd8e724284b20c36c0 [term 2 FOLLOWER]: Leader election vote request: Granting yes vote for candidate 7ebe1777298049bbb744b14d5c6aa8ff in term 2.
I20260709 12:19:17.015244 20959 raft_consensus.cc:2468] T ac2e16825e474d5b8dbd9036dff6d25a P b1c06c275102482ea33adda8f528d8d4 [term 2 FOLLOWER]: Leader election vote request: Granting yes vote for candidate 7ebe1777298049bbb744b14d5c6aa8ff in term 2.
I20260709 12:19:17.016237 20999 leader_election.cc:304] T ac2e16825e474d5b8dbd9036dff6d25a P 7ebe1777298049bbb744b14d5c6aa8ff [CANDIDATE]: Term 2 election: Election decided. Result: candidate won. Election summary: received 2 responses out of 3 voters: 2 yes votes; 0 no votes. yes voters: 7ebe1777298049bbb744b14d5c6aa8ff, ab557d74c37a4dbd8e724284b20c36c0; no voters: 
I20260709 12:19:17.017225 21239 raft_consensus.cc:2804] T ac2e16825e474d5b8dbd9036dff6d25a P 7ebe1777298049bbb744b14d5c6aa8ff [term 2 FOLLOWER]: Leader election won for term 2
I20260709 12:19:17.017786 21239 raft_consensus.cc:697] T ac2e16825e474d5b8dbd9036dff6d25a P 7ebe1777298049bbb744b14d5c6aa8ff [term 2 LEADER]: Becoming Leader. State: Replica: 7ebe1777298049bbb744b14d5c6aa8ff, State: Running, Role: LEADER
I20260709 12:19:17.018846 21239 consensus_queue.cc:237] T ac2e16825e474d5b8dbd9036dff6d25a P 7ebe1777298049bbb744b14d5c6aa8ff [LEADER]: Queue going to LEADER mode. State: All replicated index: 0, Majority replicated index: 1, Committed index: 1, Last appended: 1.1, Last appended by leader: 1, Current term: 2, Majority size: 2, State: 0, Mode: LEADER, active raft config: opid_index: -1 OBSOLETE_local: false peers { permanent_uuid: "b1c06c275102482ea33adda8f528d8d4" member_type: VOTER last_known_addr { host: "127.20.86.65" port: 38569 } } peers { permanent_uuid: "7ebe1777298049bbb744b14d5c6aa8ff" member_type: VOTER last_known_addr { host: "127.20.86.66" port: 41191 } } peers { permanent_uuid: "ab557d74c37a4dbd8e724284b20c36c0" member_type: VOTER last_known_addr { host: "127.20.86.67" port: 44201 } }
I20260709 12:19:17.026474 20857 catalog_manager.cc:5697] T ac2e16825e474d5b8dbd9036dff6d25a P 7ebe1777298049bbb744b14d5c6aa8ff reported cstate change: term changed from 1 to 2, leader changed from b1c06c275102482ea33adda8f528d8d4 (127.20.86.65) to 7ebe1777298049bbb744b14d5c6aa8ff (127.20.86.66). New cstate: current_term: 2 leader_uuid: "7ebe1777298049bbb744b14d5c6aa8ff" committed_config { opid_index: -1 OBSOLETE_local: false peers { permanent_uuid: "b1c06c275102482ea33adda8f528d8d4" member_type: VOTER last_known_addr { host: "127.20.86.65" port: 38569 } health_report { overall_health: UNKNOWN } } peers { permanent_uuid: "7ebe1777298049bbb744b14d5c6aa8ff" member_type: VOTER last_known_addr { host: "127.20.86.66" port: 41191 } health_report { overall_health: HEALTHY } } peers { permanent_uuid: "ab557d74c37a4dbd8e724284b20c36c0" member_type: VOTER last_known_addr { host: "127.20.86.67" port: 44201 } health_report { overall_health: UNKNOWN } } }
I20260709 12:19:17.115098 21270 raft_consensus.cc:993] T 6c90cea3b95c4ebf91c13c53b07c6c9d P ab557d74c37a4dbd8e724284b20c36c0: : Instructing follower 7ebe1777298049bbb744b14d5c6aa8ff to start an election
I20260709 12:19:17.115566 21269 raft_consensus.cc:1081] T 6c90cea3b95c4ebf91c13c53b07c6c9d P ab557d74c37a4dbd8e724284b20c36c0 [term 3 LEADER]: Signalling peer 7ebe1777298049bbb744b14d5c6aa8ff to start an election
I20260709 12:19:17.117183 21035 tablet_service.cc:2044] Received Run Leader Election RPC: tablet_id: "6c90cea3b95c4ebf91c13c53b07c6c9d"
dest_uuid: "7ebe1777298049bbb744b14d5c6aa8ff"
 from {username='slave'} at 127.0.0.1:52940
I20260709 12:19:17.117957 21035 raft_consensus.cc:493] T 6c90cea3b95c4ebf91c13c53b07c6c9d P 7ebe1777298049bbb744b14d5c6aa8ff [term 3 FOLLOWER]: Starting forced leader election (received explicit request)
I20260709 12:19:17.118219 21035 raft_consensus.cc:3060] T 6c90cea3b95c4ebf91c13c53b07c6c9d P 7ebe1777298049bbb744b14d5c6aa8ff [term 3 FOLLOWER]: Advancing to term 4
I20260709 12:19:17.122283 21035 raft_consensus.cc:515] T 6c90cea3b95c4ebf91c13c53b07c6c9d P 7ebe1777298049bbb744b14d5c6aa8ff [term 4 FOLLOWER]: Starting forced leader election with config: opid_index: -1 OBSOLETE_local: false peers { permanent_uuid: "b1c06c275102482ea33adda8f528d8d4" member_type: VOTER last_known_addr { host: "127.20.86.65" port: 38569 } } peers { permanent_uuid: "7ebe1777298049bbb744b14d5c6aa8ff" member_type: VOTER last_known_addr { host: "127.20.86.66" port: 41191 } } peers { permanent_uuid: "ab557d74c37a4dbd8e724284b20c36c0" member_type: VOTER last_known_addr { host: "127.20.86.67" port: 44201 } }
I20260709 12:19:17.124078 21035 leader_election.cc:290] T 6c90cea3b95c4ebf91c13c53b07c6c9d P 7ebe1777298049bbb744b14d5c6aa8ff [CANDIDATE]: Term 4 election: Requested vote from peers b1c06c275102482ea33adda8f528d8d4 (127.20.86.65:38569), ab557d74c37a4dbd8e724284b20c36c0 (127.20.86.67:44201)
I20260709 12:19:17.125222 20959 tablet_service.cc:1917] Received RequestConsensusVote() RPC: tablet_id: "6c90cea3b95c4ebf91c13c53b07c6c9d" candidate_uuid: "7ebe1777298049bbb744b14d5c6aa8ff" candidate_term: 4 candidate_status { last_received { term: 3 index: 3 } } ignore_live_leader: true dest_uuid: "b1c06c275102482ea33adda8f528d8d4"
I20260709 12:19:17.125244 21108 tablet_service.cc:1917] Received RequestConsensusVote() RPC: tablet_id: "6c90cea3b95c4ebf91c13c53b07c6c9d" candidate_uuid: "7ebe1777298049bbb744b14d5c6aa8ff" candidate_term: 4 candidate_status { last_received { term: 3 index: 3 } } ignore_live_leader: true dest_uuid: "ab557d74c37a4dbd8e724284b20c36c0"
I20260709 12:19:17.125860 20959 raft_consensus.cc:3060] T 6c90cea3b95c4ebf91c13c53b07c6c9d P b1c06c275102482ea33adda8f528d8d4 [term 3 FOLLOWER]: Advancing to term 4
I20260709 12:19:17.125986 21108 raft_consensus.cc:3055] T 6c90cea3b95c4ebf91c13c53b07c6c9d P ab557d74c37a4dbd8e724284b20c36c0 [term 3 LEADER]: Stepping down as leader of term 3
I20260709 12:19:17.126439 21108 raft_consensus.cc:740] T 6c90cea3b95c4ebf91c13c53b07c6c9d P ab557d74c37a4dbd8e724284b20c36c0 [term 3 LEADER]: Becoming Follower/Learner. State: Replica: ab557d74c37a4dbd8e724284b20c36c0, State: Running, Role: LEADER
I20260709 12:19:17.127223 21268 raft_consensus.cc:993] T b50aa827ec6b40f19f8cf0fa6c8f7d8a P b1c06c275102482ea33adda8f528d8d4: : Instructing follower 7ebe1777298049bbb744b14d5c6aa8ff to start an election
I20260709 12:19:17.127242 21108 consensus_queue.cc:260] T 6c90cea3b95c4ebf91c13c53b07c6c9d P ab557d74c37a4dbd8e724284b20c36c0 [NON_LEADER]: Queue going to NON_LEADER mode. State: All replicated index: 0, Majority replicated index: 3, Committed index: 3, Last appended: 3.3, Last appended by leader: 3, Current term: 3, Majority size: -1, State: 0, Mode: NON_LEADER, active raft config: opid_index: -1 OBSOLETE_local: false peers { permanent_uuid: "b1c06c275102482ea33adda8f528d8d4" member_type: VOTER last_known_addr { host: "127.20.86.65" port: 38569 } } peers { permanent_uuid: "7ebe1777298049bbb744b14d5c6aa8ff" member_type: VOTER last_known_addr { host: "127.20.86.66" port: 41191 } } peers { permanent_uuid: "ab557d74c37a4dbd8e724284b20c36c0" member_type: VOTER last_known_addr { host: "127.20.86.67" port: 44201 } }
I20260709 12:19:17.127954 21277 raft_consensus.cc:1081] T b50aa827ec6b40f19f8cf0fa6c8f7d8a P b1c06c275102482ea33adda8f528d8d4 [term 2 LEADER]: Signalling peer 7ebe1777298049bbb744b14d5c6aa8ff to start an election
I20260709 12:19:17.128772 21108 raft_consensus.cc:3060] T 6c90cea3b95c4ebf91c13c53b07c6c9d P ab557d74c37a4dbd8e724284b20c36c0 [term 3 FOLLOWER]: Advancing to term 4
I20260709 12:19:17.129725 21035 tablet_service.cc:2044] Received Run Leader Election RPC: tablet_id: "b50aa827ec6b40f19f8cf0fa6c8f7d8a"
dest_uuid: "7ebe1777298049bbb744b14d5c6aa8ff"
 from {username='slave'} at 127.0.0.1:52926
I20260709 12:19:17.130204 21035 raft_consensus.cc:493] T b50aa827ec6b40f19f8cf0fa6c8f7d8a P 7ebe1777298049bbb744b14d5c6aa8ff [term 2 FOLLOWER]: Starting forced leader election (received explicit request)
I20260709 12:19:17.130532 21035 raft_consensus.cc:3060] T b50aa827ec6b40f19f8cf0fa6c8f7d8a P 7ebe1777298049bbb744b14d5c6aa8ff [term 2 FOLLOWER]: Advancing to term 3
I20260709 12:19:17.131775 20959 raft_consensus.cc:2468] T 6c90cea3b95c4ebf91c13c53b07c6c9d P b1c06c275102482ea33adda8f528d8d4 [term 4 FOLLOWER]: Leader election vote request: Granting yes vote for candidate 7ebe1777298049bbb744b14d5c6aa8ff in term 4.
I20260709 12:19:17.132932 21001 leader_election.cc:304] T 6c90cea3b95c4ebf91c13c53b07c6c9d P 7ebe1777298049bbb744b14d5c6aa8ff [CANDIDATE]: Term 4 election: Election decided. Result: candidate won. Election summary: received 2 responses out of 3 voters: 2 yes votes; 0 no votes. yes voters: 7ebe1777298049bbb744b14d5c6aa8ff, b1c06c275102482ea33adda8f528d8d4; no voters: 
I20260709 12:19:17.133708 21239 raft_consensus.cc:2804] T 6c90cea3b95c4ebf91c13c53b07c6c9d P 7ebe1777298049bbb744b14d5c6aa8ff [term 4 FOLLOWER]: Leader election won for term 4
I20260709 12:19:17.134402 21239 raft_consensus.cc:697] T 6c90cea3b95c4ebf91c13c53b07c6c9d P 7ebe1777298049bbb744b14d5c6aa8ff [term 4 LEADER]: Becoming Leader. State: Replica: 7ebe1777298049bbb744b14d5c6aa8ff, State: Running, Role: LEADER
I20260709 12:19:17.134703 21108 raft_consensus.cc:2468] T 6c90cea3b95c4ebf91c13c53b07c6c9d P ab557d74c37a4dbd8e724284b20c36c0 [term 4 FOLLOWER]: Leader election vote request: Granting yes vote for candidate 7ebe1777298049bbb744b14d5c6aa8ff in term 4.
I20260709 12:19:17.135170 21239 consensus_queue.cc:237] T 6c90cea3b95c4ebf91c13c53b07c6c9d P 7ebe1777298049bbb744b14d5c6aa8ff [LEADER]: Queue going to LEADER mode. State: All replicated index: 0, Majority replicated index: 3, Committed index: 3, Last appended: 3.3, Last appended by leader: 3, Current term: 4, Majority size: 2, State: 0, Mode: LEADER, active raft config: opid_index: -1 OBSOLETE_local: false peers { permanent_uuid: "b1c06c275102482ea33adda8f528d8d4" member_type: VOTER last_known_addr { host: "127.20.86.65" port: 38569 } } peers { permanent_uuid: "7ebe1777298049bbb744b14d5c6aa8ff" member_type: VOTER last_known_addr { host: "127.20.86.66" port: 41191 } } peers { permanent_uuid: "ab557d74c37a4dbd8e724284b20c36c0" member_type: VOTER last_known_addr { host: "127.20.86.67" port: 44201 } }
I20260709 12:19:17.136852 21035 raft_consensus.cc:515] T b50aa827ec6b40f19f8cf0fa6c8f7d8a P 7ebe1777298049bbb744b14d5c6aa8ff [term 3 FOLLOWER]: Starting forced leader election with config: opid_index: -1 OBSOLETE_local: false peers { permanent_uuid: "b1c06c275102482ea33adda8f528d8d4" member_type: VOTER last_known_addr { host: "127.20.86.65" port: 38569 } } peers { permanent_uuid: "7ebe1777298049bbb744b14d5c6aa8ff" member_type: VOTER last_known_addr { host: "127.20.86.66" port: 41191 } } peers { permanent_uuid: "ab557d74c37a4dbd8e724284b20c36c0" member_type: VOTER last_known_addr { host: "127.20.86.67" port: 44201 } }
I20260709 12:19:17.140188 21108 tablet_service.cc:1917] Received RequestConsensusVote() RPC: tablet_id: "b50aa827ec6b40f19f8cf0fa6c8f7d8a" candidate_uuid: "7ebe1777298049bbb744b14d5c6aa8ff" candidate_term: 3 candidate_status { last_received { term: 2 index: 2 } } ignore_live_leader: true dest_uuid: "ab557d74c37a4dbd8e724284b20c36c0"
I20260709 12:19:17.140431 21035 leader_election.cc:290] T b50aa827ec6b40f19f8cf0fa6c8f7d8a P 7ebe1777298049bbb744b14d5c6aa8ff [CANDIDATE]: Term 3 election: Requested vote from peers b1c06c275102482ea33adda8f528d8d4 (127.20.86.65:38569), ab557d74c37a4dbd8e724284b20c36c0 (127.20.86.67:44201)
I20260709 12:19:17.140847 21108 raft_consensus.cc:3060] T b50aa827ec6b40f19f8cf0fa6c8f7d8a P ab557d74c37a4dbd8e724284b20c36c0 [term 2 FOLLOWER]: Advancing to term 3
I20260709 12:19:17.141335 20959 tablet_service.cc:1917] Received RequestConsensusVote() RPC: tablet_id: "b50aa827ec6b40f19f8cf0fa6c8f7d8a" candidate_uuid: "7ebe1777298049bbb744b14d5c6aa8ff" candidate_term: 3 candidate_status { last_received { term: 2 index: 2 } } ignore_live_leader: true dest_uuid: "b1c06c275102482ea33adda8f528d8d4"
I20260709 12:19:17.141842 20959 raft_consensus.cc:3055] T b50aa827ec6b40f19f8cf0fa6c8f7d8a P b1c06c275102482ea33adda8f528d8d4 [term 2 LEADER]: Stepping down as leader of term 2
I20260709 12:19:17.142112 20959 raft_consensus.cc:740] T b50aa827ec6b40f19f8cf0fa6c8f7d8a P b1c06c275102482ea33adda8f528d8d4 [term 2 LEADER]: Becoming Follower/Learner. State: Replica: b1c06c275102482ea33adda8f528d8d4, State: Running, Role: LEADER
I20260709 12:19:17.142800 20959 consensus_queue.cc:260] T b50aa827ec6b40f19f8cf0fa6c8f7d8a P b1c06c275102482ea33adda8f528d8d4 [NON_LEADER]: Queue going to NON_LEADER mode. State: All replicated index: 0, Majority replicated index: 2, Committed index: 2, Last appended: 2.2, Last appended by leader: 2, Current term: 2, Majority size: -1, State: 0, Mode: NON_LEADER, active raft config: opid_index: -1 OBSOLETE_local: false peers { permanent_uuid: "b1c06c275102482ea33adda8f528d8d4" member_type: VOTER last_known_addr { host: "127.20.86.65" port: 38569 } } peers { permanent_uuid: "7ebe1777298049bbb744b14d5c6aa8ff" member_type: VOTER last_known_addr { host: "127.20.86.66" port: 41191 } } peers { permanent_uuid: "ab557d74c37a4dbd8e724284b20c36c0" member_type: VOTER last_known_addr { host: "127.20.86.67" port: 44201 } }
I20260709 12:19:17.143920 20959 raft_consensus.cc:3060] T b50aa827ec6b40f19f8cf0fa6c8f7d8a P b1c06c275102482ea33adda8f528d8d4 [term 2 FOLLOWER]: Advancing to term 3
I20260709 12:19:17.147457 21108 raft_consensus.cc:2468] T b50aa827ec6b40f19f8cf0fa6c8f7d8a P ab557d74c37a4dbd8e724284b20c36c0 [term 3 FOLLOWER]: Leader election vote request: Granting yes vote for candidate 7ebe1777298049bbb744b14d5c6aa8ff in term 3.
