I20260709 12:19:01.209029 10886 consensus_queue.cc:260] T fbbedef22b6f46da87ce24668cd7db62 P beeb210f5aee49869c840c79e29983c2 [NON_LEADER]: Queue going to NON_LEADER mode. State: All replicated index: 0, Majority replicated index: 0, Committed index: 0, Last appended: 0.0, Last appended by leader: 0, Current term: 0, Majority size: -1, State: 0, Mode: NON_LEADER, active raft config: opid_index: -1 OBSOLETE_local: false peers { permanent_uuid: "d15ca7d962054ec6b004f67dbbc5c078" member_type: VOTER last_known_addr { host: "127.10.79.193" port: 41687 } } peers { permanent_uuid: "beeb210f5aee49869c840c79e29983c2" member_type: VOTER last_known_addr { host: "127.10.79.194" port: 45387 } } peers { permanent_uuid: "5bd6bcc0ac8d476092c3d4236cbfd775" member_type: VOTER last_known_addr { host: "127.10.79.195" port: 45805 } }
I20260709 12:19:01.213490 10657 leader_election.cc:304] T fbba9ef2fa0946bbb88dc3d37d708812 P d15ca7d962054ec6b004f67dbbc5c078 [CANDIDATE]: Term 1 election: Election decided. Result: candidate won. Election summary: received 3 responses out of 3 voters: 2 yes votes; 1 no votes. yes voters: beeb210f5aee49869c840c79e29983c2, d15ca7d962054ec6b004f67dbbc5c078; no voters: 5bd6bcc0ac8d476092c3d4236cbfd775
I20260709 12:19:01.214041 10769 tablet_service.cc:1917] Received RequestConsensusVote() RPC: tablet_id: "7e48a4b21fd34959845586ab23079af5" candidate_uuid: "d15ca7d962054ec6b004f67dbbc5c078" candidate_term: 1 candidate_status { last_received { term: 0 index: 0 } } ignore_live_leader: false dest_uuid: "beeb210f5aee49869c840c79e29983c2"
I20260709 12:19:01.214408 10886 ts_tablet_manager.cc:1434] T fbbedef22b6f46da87ce24668cd7db62 P beeb210f5aee49869c840c79e29983c2: Time spent starting tablet: real 0.033s	user 0.005s	sys 0.003s
W20260709 12:19:01.215466 10657 leader_election.cc:343] T 7e48a4b21fd34959845586ab23079af5 P d15ca7d962054ec6b004f67dbbc5c078 [CANDIDATE]: Term 1 election: Tablet error from VoteRequest() call to peer beeb210f5aee49869c840c79e29983c2 (127.10.79.194:45387): Illegal state: must be running to vote when last-logged opid is not known
I20260709 12:19:01.215473 10886 tablet_bootstrap.cc:492] T 74a345072ac54f089cb546dabbb1bd6a P beeb210f5aee49869c840c79e29983c2: Bootstrap starting.
I20260709 12:19:01.216610 10885 raft_consensus.cc:359] T c9f89a7096ec4851a7897b28856e1142 P d15ca7d962054ec6b004f67dbbc5c078 [term 0 FOLLOWER]: Replica starting. Triggering 0 pending ops. Active config: opid_index: -1 OBSOLETE_local: false peers { permanent_uuid: "beeb210f5aee49869c840c79e29983c2" member_type: VOTER last_known_addr { host: "127.10.79.194" port: 45387 } } peers { permanent_uuid: "d15ca7d962054ec6b004f67dbbc5c078" member_type: VOTER last_known_addr { host: "127.10.79.193" port: 41687 } } peers { permanent_uuid: "5bd6bcc0ac8d476092c3d4236cbfd775" member_type: VOTER last_known_addr { host: "127.10.79.195" port: 45805 } }
I20260709 12:19:01.217329 10885 raft_consensus.cc:385] T c9f89a7096ec4851a7897b28856e1142 P d15ca7d962054ec6b004f67dbbc5c078 [term 0 FOLLOWER]: Consensus starting up: Expiring failure detector timer to make a prompt election more likely
I20260709 12:19:01.217623 10885 raft_consensus.cc:740] T c9f89a7096ec4851a7897b28856e1142 P d15ca7d962054ec6b004f67dbbc5c078 [term 0 FOLLOWER]: Becoming Follower/Learner. State: Replica: d15ca7d962054ec6b004f67dbbc5c078, State: Initialized, Role: FOLLOWER
I20260709 12:19:01.217742 10841 tablet_service.cc:1917] Received RequestConsensusVote() RPC: tablet_id: "7e48a4b21fd34959845586ab23079af5" candidate_uuid: "d15ca7d962054ec6b004f67dbbc5c078" candidate_term: 1 candidate_status { last_received { term: 0 index: 0 } } ignore_live_leader: false dest_uuid: "5bd6bcc0ac8d476092c3d4236cbfd775"
I20260709 12:19:01.218343 10841 raft_consensus.cc:3060] T 7e48a4b21fd34959845586ab23079af5 P 5bd6bcc0ac8d476092c3d4236cbfd775 [term 0 FOLLOWER]: Advancing to term 1
I20260709 12:19:01.218390 10885 consensus_queue.cc:260] T c9f89a7096ec4851a7897b28856e1142 P d15ca7d962054ec6b004f67dbbc5c078 [NON_LEADER]: Queue going to NON_LEADER mode. State: All replicated index: 0, Majority replicated index: 0, Committed index: 0, Last appended: 0.0, Last appended by leader: 0, Current term: 0, Majority size: -1, State: 0, Mode: NON_LEADER, active raft config: opid_index: -1 OBSOLETE_local: false peers { permanent_uuid: "beeb210f5aee49869c840c79e29983c2" member_type: VOTER last_known_addr { host: "127.10.79.194" port: 45387 } } peers { permanent_uuid: "d15ca7d962054ec6b004f67dbbc5c078" member_type: VOTER last_known_addr { host: "127.10.79.193" port: 41687 } } peers { permanent_uuid: "5bd6bcc0ac8d476092c3d4236cbfd775" member_type: VOTER last_known_addr { host: "127.10.79.195" port: 45805 } }
I20260709 12:19:01.219801 10923 raft_consensus.cc:2804] T fbba9ef2fa0946bbb88dc3d37d708812 P d15ca7d962054ec6b004f67dbbc5c078 [term 1 FOLLOWER]: Leader election won for term 1
I20260709 12:19:01.221814 10885 ts_tablet_manager.cc:1434] T c9f89a7096ec4851a7897b28856e1142 P d15ca7d962054ec6b004f67dbbc5c078: Time spent starting tablet: real 0.034s	user 0.005s	sys 0.001s
I20260709 12:19:01.222332 10887 tablet_bootstrap.cc:492] T fbbedef22b6f46da87ce24668cd7db62 P 5bd6bcc0ac8d476092c3d4236cbfd775: No bootstrap required, opened a new log
I20260709 12:19:01.222651 10694 raft_consensus.cc:2468] T 7c9fbef7a1b14c95885f421e9a024aac P d15ca7d962054ec6b004f67dbbc5c078 [term 1 FOLLOWER]: Leader election vote request: Granting yes vote for candidate beeb210f5aee49869c840c79e29983c2 in term 1.
I20260709 12:19:01.223838 10887 ts_tablet_manager.cc:1403] T fbbedef22b6f46da87ce24668cd7db62 P 5bd6bcc0ac8d476092c3d4236cbfd775: Time spent bootstrapping tablet: real 0.053s	user 0.011s	sys 0.016s
I20260709 12:19:01.224483 10732 leader_election.cc:304] T 7c9fbef7a1b14c95885f421e9a024aac P beeb210f5aee49869c840c79e29983c2 [CANDIDATE]: Term 1 election: Election decided. Result: candidate won. Election summary: received 3 responses out of 3 voters: 2 yes votes; 1 no votes. yes voters: beeb210f5aee49869c840c79e29983c2, d15ca7d962054ec6b004f67dbbc5c078; no voters: 5bd6bcc0ac8d476092c3d4236cbfd775
I20260709 12:19:01.227133 10911 raft_consensus.cc:2804] T 7c9fbef7a1b14c95885f421e9a024aac P beeb210f5aee49869c840c79e29983c2 [term 1 FOLLOWER]: Leader election won for term 1
I20260709 12:19:01.227582 10911 raft_consensus.cc:697] T 7c9fbef7a1b14c95885f421e9a024aac P beeb210f5aee49869c840c79e29983c2 [term 1 LEADER]: Becoming Leader. State: Replica: beeb210f5aee49869c840c79e29983c2, State: Running, Role: LEADER
I20260709 12:19:01.228428 10911 consensus_queue.cc:237] T 7c9fbef7a1b14c95885f421e9a024aac P beeb210f5aee49869c840c79e29983c2 [LEADER]: Queue going to LEADER mode. State: All replicated index: 0, Majority replicated index: 0, Committed index: 0, Last appended: 0.0, Last appended by leader: 0, Current term: 1, Majority size: 2, State: 0, Mode: LEADER, active raft config: opid_index: -1 OBSOLETE_local: false peers { permanent_uuid: "d15ca7d962054ec6b004f67dbbc5c078" member_type: VOTER last_known_addr { host: "127.10.79.193" port: 41687 } } peers { permanent_uuid: "beeb210f5aee49869c840c79e29983c2" member_type: VOTER last_known_addr { host: "127.10.79.194" port: 45387 } } peers { permanent_uuid: "5bd6bcc0ac8d476092c3d4236cbfd775" member_type: VOTER last_known_addr { host: "127.10.79.195" port: 45805 } }
I20260709 12:19:01.231065 10841 raft_consensus.cc:2468] T 7e48a4b21fd34959845586ab23079af5 P 5bd6bcc0ac8d476092c3d4236cbfd775 [term 1 FOLLOWER]: Leader election vote request: Granting yes vote for candidate d15ca7d962054ec6b004f67dbbc5c078 in term 1.
I20260709 12:19:01.232347 10885 tablet_bootstrap.cc:492] T 6e1d4b529bca4be0a0aa90d7c9521bb4 P d15ca7d962054ec6b004f67dbbc5c078: Bootstrap starting.
I20260709 12:19:01.232255 10657 leader_election.cc:304] T 7e48a4b21fd34959845586ab23079af5 P d15ca7d962054ec6b004f67dbbc5c078 [CANDIDATE]: Term 1 election: Election decided. Result: candidate won. Election summary: received 3 responses out of 3 voters: 2 yes votes; 1 no votes. yes voters: 5bd6bcc0ac8d476092c3d4236cbfd775, d15ca7d962054ec6b004f67dbbc5c078; no voters: beeb210f5aee49869c840c79e29983c2
I20260709 12:19:01.234515 10887 raft_consensus.cc:359] T fbbedef22b6f46da87ce24668cd7db62 P 5bd6bcc0ac8d476092c3d4236cbfd775 [term 0 FOLLOWER]: Replica starting. Triggering 0 pending ops. Active config: opid_index: -1 OBSOLETE_local: false peers { permanent_uuid: "d15ca7d962054ec6b004f67dbbc5c078" member_type: VOTER last_known_addr { host: "127.10.79.193" port: 41687 } } peers { permanent_uuid: "beeb210f5aee49869c840c79e29983c2" member_type: VOTER last_known_addr { host: "127.10.79.194" port: 45387 } } peers { permanent_uuid: "5bd6bcc0ac8d476092c3d4236cbfd775" member_type: VOTER last_known_addr { host: "127.10.79.195" port: 45805 } }
I20260709 12:19:01.235706 10891 raft_consensus.cc:2804] T 7e48a4b21fd34959845586ab23079af5 P d15ca7d962054ec6b004f67dbbc5c078 [term 1 FOLLOWER]: Leader election won for term 1
I20260709 12:19:01.235592 10887 raft_consensus.cc:385] T fbbedef22b6f46da87ce24668cd7db62 P 5bd6bcc0ac8d476092c3d4236cbfd775 [term 0 FOLLOWER]: Consensus starting up: Expiring failure detector timer to make a prompt election more likely
I20260709 12:19:01.236321 10887 raft_consensus.cc:740] T fbbedef22b6f46da87ce24668cd7db62 P 5bd6bcc0ac8d476092c3d4236cbfd775 [term 0 FOLLOWER]: Becoming Follower/Learner. State: Replica: 5bd6bcc0ac8d476092c3d4236cbfd775, State: Initialized, Role: FOLLOWER
I20260709 12:19:01.236290 10891 raft_consensus.cc:697] T 7e48a4b21fd34959845586ab23079af5 P d15ca7d962054ec6b004f67dbbc5c078 [term 1 LEADER]: Becoming Leader. State: Replica: d15ca7d962054ec6b004f67dbbc5c078, State: Running, Role: LEADER
I20260709 12:19:01.236685 10907 raft_consensus.cc:493] T fbbedef22b6f46da87ce24668cd7db62 P beeb210f5aee49869c840c79e29983c2 [term 0 FOLLOWER]: Starting pre-election (no leader contacted us within the election timeout)
I20260709 12:19:01.237135 10887 consensus_queue.cc:260] T fbbedef22b6f46da87ce24668cd7db62 P 5bd6bcc0ac8d476092c3d4236cbfd775 [NON_LEADER]: Queue going to NON_LEADER mode. State: All replicated index: 0, Majority replicated index: 0, Committed index: 0, Last appended: 0.0, Last appended by leader: 0, Current term: 0, Majority size: -1, State: 0, Mode: NON_LEADER, active raft config: opid_index: -1 OBSOLETE_local: false peers { permanent_uuid: "d15ca7d962054ec6b004f67dbbc5c078" member_type: VOTER last_known_addr { host: "127.10.79.193" port: 41687 } } peers { permanent_uuid: "beeb210f5aee49869c840c79e29983c2" member_type: VOTER last_known_addr { host: "127.10.79.194" port: 45387 } } peers { permanent_uuid: "5bd6bcc0ac8d476092c3d4236cbfd775" member_type: VOTER last_known_addr { host: "127.10.79.195" port: 45805 } }
I20260709 12:19:01.237156 10907 raft_consensus.cc:515] T fbbedef22b6f46da87ce24668cd7db62 P beeb210f5aee49869c840c79e29983c2 [term 0 FOLLOWER]: Starting pre-election with config: opid_index: -1 OBSOLETE_local: false peers { permanent_uuid: "d15ca7d962054ec6b004f67dbbc5c078" member_type: VOTER last_known_addr { host: "127.10.79.193" port: 41687 } } peers { permanent_uuid: "beeb210f5aee49869c840c79e29983c2" member_type: VOTER last_known_addr { host: "127.10.79.194" port: 45387 } } peers { permanent_uuid: "5bd6bcc0ac8d476092c3d4236cbfd775" member_type: VOTER last_known_addr { host: "127.10.79.195" port: 45805 } }
I20260709 12:19:01.237437 10891 consensus_queue.cc:237] T 7e48a4b21fd34959845586ab23079af5 P d15ca7d962054ec6b004f67dbbc5c078 [LEADER]: Queue going to LEADER mode. State: All replicated index: 0, Majority replicated index: 0, Committed index: 0, Last appended: 0.0, Last appended by leader: 0, Current term: 1, Majority size: 2, State: 0, Mode: LEADER, active raft config: opid_index: -1 OBSOLETE_local: false peers { permanent_uuid: "d15ca7d962054ec6b004f67dbbc5c078" member_type: VOTER last_known_addr { host: "127.10.79.193" port: 41687 } } peers { permanent_uuid: "beeb210f5aee49869c840c79e29983c2" member_type: VOTER last_known_addr { host: "127.10.79.194" port: 45387 } } peers { permanent_uuid: "5bd6bcc0ac8d476092c3d4236cbfd775" member_type: VOTER last_known_addr { host: "127.10.79.195" port: 45805 } }
I20260709 12:19:01.238283 10886 tablet_bootstrap.cc:654] T 74a345072ac54f089cb546dabbb1bd6a P beeb210f5aee49869c840c79e29983c2: Neither blocks nor log segments found. Creating new log.
I20260709 12:19:01.242606 10907 leader_election.cc:290] T fbbedef22b6f46da87ce24668cd7db62 P beeb210f5aee49869c840c79e29983c2 [CANDIDATE]: Term 1 pre-election: Requested pre-vote from peers d15ca7d962054ec6b004f67dbbc5c078 (127.10.79.193:41687), 5bd6bcc0ac8d476092c3d4236cbfd775 (127.10.79.195:45805)
I20260709 12:19:01.239064 10923 raft_consensus.cc:697] T fbba9ef2fa0946bbb88dc3d37d708812 P d15ca7d962054ec6b004f67dbbc5c078 [term 1 LEADER]: Becoming Leader. State: Replica: d15ca7d962054ec6b004f67dbbc5c078, State: Running, Role: LEADER
I20260709 12:19:01.243527 10694 tablet_service.cc:1917] Received RequestConsensusVote() RPC: tablet_id: "fbbedef22b6f46da87ce24668cd7db62" candidate_uuid: "beeb210f5aee49869c840c79e29983c2" candidate_term: 1 candidate_status { last_received { term: 0 index: 0 } } ignore_live_leader: false dest_uuid: "d15ca7d962054ec6b004f67dbbc5c078" is_pre_election: true
I20260709 12:19:01.250831 10887 ts_tablet_manager.cc:1434] T fbbedef22b6f46da87ce24668cd7db62 P 5bd6bcc0ac8d476092c3d4236cbfd775: Time spent starting tablet: real 0.026s	user 0.004s	sys 0.004s
I20260709 12:19:01.252189 10841 tablet_service.cc:1917] Received RequestConsensusVote() RPC: tablet_id: "fbbedef22b6f46da87ce24668cd7db62" candidate_uuid: "beeb210f5aee49869c840c79e29983c2" candidate_term: 1 candidate_status { last_received { term: 0 index: 0 } } ignore_live_leader: false dest_uuid: "5bd6bcc0ac8d476092c3d4236cbfd775" is_pre_election: true
I20260709 12:19:01.252521 10887 tablet_bootstrap.cc:492] T 7c9fbef7a1b14c95885f421e9a024aac P 5bd6bcc0ac8d476092c3d4236cbfd775: Bootstrap starting.
I20260709 12:19:01.252955 10841 raft_consensus.cc:2468] T fbbedef22b6f46da87ce24668cd7db62 P 5bd6bcc0ac8d476092c3d4236cbfd775 [term 0 FOLLOWER]: Leader pre-election vote request: Granting yes vote for candidate beeb210f5aee49869c840c79e29983c2 in term 0.
I20260709 12:19:01.251112 10694 raft_consensus.cc:2468] T fbbedef22b6f46da87ce24668cd7db62 P d15ca7d962054ec6b004f67dbbc5c078 [term 0 FOLLOWER]: Leader pre-election vote request: Granting yes vote for candidate beeb210f5aee49869c840c79e29983c2 in term 0.
I20260709 12:19:01.257961 10732 leader_election.cc:304] T fbbedef22b6f46da87ce24668cd7db62 P beeb210f5aee49869c840c79e29983c2 [CANDIDATE]: Term 1 pre-election: Election decided. Result: candidate won. Election summary: received 2 responses out of 3 voters: 2 yes votes; 0 no votes. yes voters: 5bd6bcc0ac8d476092c3d4236cbfd775, beeb210f5aee49869c840c79e29983c2; no voters: 
I20260709 12:19:01.263399 10885 tablet_bootstrap.cc:654] T 6e1d4b529bca4be0a0aa90d7c9521bb4 P d15ca7d962054ec6b004f67dbbc5c078: Neither blocks nor log segments found. Creating new log.
I20260709 12:19:01.263724 10911 raft_consensus.cc:2804] T fbbedef22b6f46da87ce24668cd7db62 P beeb210f5aee49869c840c79e29983c2 [term 0 FOLLOWER]: Leader pre-election won for term 1
I20260709 12:19:01.265148 10923 consensus_queue.cc:237] T fbba9ef2fa0946bbb88dc3d37d708812 P d15ca7d962054ec6b004f67dbbc5c078 [LEADER]: Queue going to LEADER mode. State: All replicated index: 0, Majority replicated index: 0, Committed index: 0, Last appended: 0.0, Last appended by leader: 0, Current term: 1, Majority size: 2, State: 0, Mode: LEADER, active raft config: opid_index: -1 OBSOLETE_local: false peers { permanent_uuid: "d15ca7d962054ec6b004f67dbbc5c078" member_type: VOTER last_known_addr { host: "127.10.79.193" port: 41687 } } peers { permanent_uuid: "beeb210f5aee49869c840c79e29983c2" member_type: VOTER last_known_addr { host: "127.10.79.194" port: 45387 } } peers { permanent_uuid: "5bd6bcc0ac8d476092c3d4236cbfd775" member_type: VOTER last_known_addr { host: "127.10.79.195" port: 45805 } }
I20260709 12:19:01.265537 10590 catalog_manager.cc:5697] T 03c3111ed8af41fe82b2bcc113b12736 P 5bd6bcc0ac8d476092c3d4236cbfd775 reported cstate change: term changed from 0 to 1, leader changed from <none> to 5bd6bcc0ac8d476092c3d4236cbfd775 (127.10.79.195). New cstate: current_term: 1 leader_uuid: "5bd6bcc0ac8d476092c3d4236cbfd775" committed_config { opid_index: -1 OBSOLETE_local: false peers { permanent_uuid: "d15ca7d962054ec6b004f67dbbc5c078" member_type: VOTER last_known_addr { host: "127.10.79.193" port: 41687 } health_report { overall_health: UNKNOWN } } peers { permanent_uuid: "beeb210f5aee49869c840c79e29983c2" member_type: VOTER last_known_addr { host: "127.10.79.194" port: 45387 } health_report { overall_health: UNKNOWN } } peers { permanent_uuid: "5bd6bcc0ac8d476092c3d4236cbfd775" member_type: VOTER last_known_addr { host: "127.10.79.195" port: 45805 } health_report { overall_health: HEALTHY } } }
I20260709 12:19:01.264097 10911 raft_consensus.cc:493] T fbbedef22b6f46da87ce24668cd7db62 P beeb210f5aee49869c840c79e29983c2 [term 0 FOLLOWER]: Starting leader election (no leader contacted us within the election timeout)
I20260709 12:19:01.267518 10911 raft_consensus.cc:3060] T fbbedef22b6f46da87ce24668cd7db62 P beeb210f5aee49869c840c79e29983c2 [term 0 FOLLOWER]: Advancing to term 1
I20260709 12:19:01.274600 10589 catalog_manager.cc:5697] T 7c9fbef7a1b14c95885f421e9a024aac P beeb210f5aee49869c840c79e29983c2 reported cstate change: term changed from 0 to 1, leader changed from <none> to beeb210f5aee49869c840c79e29983c2 (127.10.79.194). New cstate: current_term: 1 leader_uuid: "beeb210f5aee49869c840c79e29983c2" committed_config { opid_index: -1 OBSOLETE_local: false peers { permanent_uuid: "d15ca7d962054ec6b004f67dbbc5c078" member_type: VOTER last_known_addr { host: "127.10.79.193" port: 41687 } health_report { overall_health: UNKNOWN } } peers { permanent_uuid: "beeb210f5aee49869c840c79e29983c2" member_type: VOTER last_known_addr { host: "127.10.79.194" port: 45387 } health_report { overall_health: HEALTHY } } peers { permanent_uuid: "5bd6bcc0ac8d476092c3d4236cbfd775" member_type: VOTER last_known_addr { host: "127.10.79.195" port: 45805 } health_report { overall_health: UNKNOWN } } }
I20260709 12:19:01.292076 10886 tablet_bootstrap.cc:492] T 74a345072ac54f089cb546dabbb1bd6a P beeb210f5aee49869c840c79e29983c2: No bootstrap required, opened a new log
I20260709 12:19:01.292718 10886 ts_tablet_manager.cc:1403] T 74a345072ac54f089cb546dabbb1bd6a P beeb210f5aee49869c840c79e29983c2: Time spent bootstrapping tablet: real 0.077s	user 0.012s	sys 0.006s
I20260709 12:19:01.297238 10911 raft_consensus.cc:515] T fbbedef22b6f46da87ce24668cd7db62 P beeb210f5aee49869c840c79e29983c2 [term 1 FOLLOWER]: Starting leader election with config: opid_index: -1 OBSOLETE_local: false peers { permanent_uuid: "d15ca7d962054ec6b004f67dbbc5c078" member_type: VOTER last_known_addr { host: "127.10.79.193" port: 41687 } } peers { permanent_uuid: "beeb210f5aee49869c840c79e29983c2" member_type: VOTER last_known_addr { host: "127.10.79.194" port: 45387 } } peers { permanent_uuid: "5bd6bcc0ac8d476092c3d4236cbfd775" member_type: VOTER last_known_addr { host: "127.10.79.195" port: 45805 } }
I20260709 12:19:01.299434 10911 leader_election.cc:290] T fbbedef22b6f46da87ce24668cd7db62 P beeb210f5aee49869c840c79e29983c2 [CANDIDATE]: Term 1 election: Requested vote from peers d15ca7d962054ec6b004f67dbbc5c078 (127.10.79.193:41687), 5bd6bcc0ac8d476092c3d4236cbfd775 (127.10.79.195:45805)
I20260709 12:19:01.301513 10843 tablet_service.cc:1917] Received RequestConsensusVote() RPC: tablet_id: "fbbedef22b6f46da87ce24668cd7db62" candidate_uuid: "beeb210f5aee49869c840c79e29983c2" candidate_term: 1 candidate_status { last_received { term: 0 index: 0 } } ignore_live_leader: false dest_uuid: "5bd6bcc0ac8d476092c3d4236cbfd775"
I20260709 12:19:01.301455 10694 tablet_service.cc:1917] Received RequestConsensusVote() RPC: tablet_id: "fbbedef22b6f46da87ce24668cd7db62" candidate_uuid: "beeb210f5aee49869c840c79e29983c2" candidate_term: 1 candidate_status { last_received { term: 0 index: 0 } } ignore_live_leader: false dest_uuid: "d15ca7d962054ec6b004f67dbbc5c078"
I20260709 12:19:01.302151 10843 raft_consensus.cc:3060] T fbbedef22b6f46da87ce24668cd7db62 P 5bd6bcc0ac8d476092c3d4236cbfd775 [term 0 FOLLOWER]: Advancing to term 1
I20260709 12:19:01.302193 10694 raft_consensus.cc:3060] T fbbedef22b6f46da87ce24668cd7db62 P d15ca7d962054ec6b004f67dbbc5c078 [term 0 FOLLOWER]: Advancing to term 1
I20260709 12:19:01.303761 10887 tablet_bootstrap.cc:654] T 7c9fbef7a1b14c95885f421e9a024aac P 5bd6bcc0ac8d476092c3d4236cbfd775: Neither blocks nor log segments found. Creating new log.
I20260709 12:19:01.306334 10911 consensus_queue.cc:1048] T c9f89a7096ec4851a7897b28856e1142 P beeb210f5aee49869c840c79e29983c2 [LEADER]: Connected to new peer: Peer: permanent_uuid: "5bd6bcc0ac8d476092c3d4236cbfd775" member_type: VOTER last_known_addr { host: "127.10.79.195" port: 45805 }, Status: LMP_MISMATCH, Last received: 0.0, Next index: 1, Last known committed idx: 0, Time since last communication: 0.000s
I20260709 12:19:01.310302 10887 tablet_bootstrap.cc:492] T 7c9fbef7a1b14c95885f421e9a024aac P 5bd6bcc0ac8d476092c3d4236cbfd775: No bootstrap required, opened a new log
I20260709 12:19:01.310725 10887 ts_tablet_manager.cc:1403] T 7c9fbef7a1b14c95885f421e9a024aac P 5bd6bcc0ac8d476092c3d4236cbfd775: Time spent bootstrapping tablet: real 0.058s	user 0.013s	sys 0.015s
I20260709 12:19:01.310413 10886 raft_consensus.cc:359] T 74a345072ac54f089cb546dabbb1bd6a P beeb210f5aee49869c840c79e29983c2 [term 0 FOLLOWER]: Replica starting. Triggering 0 pending ops. Active config: opid_index: -1 OBSOLETE_local: false peers { permanent_uuid: "d15ca7d962054ec6b004f67dbbc5c078" member_type: VOTER last_known_addr { host: "127.10.79.193" port: 41687 } } peers { permanent_uuid: "beeb210f5aee49869c840c79e29983c2" member_type: VOTER last_known_addr { host: "127.10.79.194" port: 45387 } } peers { permanent_uuid: "5bd6bcc0ac8d476092c3d4236cbfd775" member_type: VOTER last_known_addr { host: "127.10.79.195" port: 45805 } }
I20260709 12:19:01.311110 10886 raft_consensus.cc:385] T 74a345072ac54f089cb546dabbb1bd6a P beeb210f5aee49869c840c79e29983c2 [term 0 FOLLOWER]: Consensus starting up: Expiring failure detector timer to make a prompt election more likely
I20260709 12:19:01.311383 10886 raft_consensus.cc:740] T 74a345072ac54f089cb546dabbb1bd6a P beeb210f5aee49869c840c79e29983c2 [term 0 FOLLOWER]: Becoming Follower/Learner. State: Replica: beeb210f5aee49869c840c79e29983c2, State: Initialized, Role: FOLLOWER
I20260709 12:19:01.312048 10886 consensus_queue.cc:260] T 74a345072ac54f089cb546dabbb1bd6a P beeb210f5aee49869c840c79e29983c2 [NON_LEADER]: Queue going to NON_LEADER mode. State: All replicated index: 0, Majority replicated index: 0, Committed index: 0, Last appended: 0.0, Last appended by leader: 0, Current term: 0, Majority size: -1, State: 0, Mode: NON_LEADER, active raft config: opid_index: -1 OBSOLETE_local: false peers { permanent_uuid: "d15ca7d962054ec6b004f67dbbc5c078" member_type: VOTER last_known_addr { host: "127.10.79.193" port: 41687 } } peers { permanent_uuid: "beeb210f5aee49869c840c79e29983c2" member_type: VOTER last_known_addr { host: "127.10.79.194" port: 45387 } } peers { permanent_uuid: "5bd6bcc0ac8d476092c3d4236cbfd775" member_type: VOTER last_known_addr { host: "127.10.79.195" port: 45805 } }
I20260709 12:19:01.313477 10887 raft_consensus.cc:359] T 7c9fbef7a1b14c95885f421e9a024aac P 5bd6bcc0ac8d476092c3d4236cbfd775 [term 0 FOLLOWER]: Replica starting. Triggering 0 pending ops. Active config: opid_index: -1 OBSOLETE_local: false peers { permanent_uuid: "d15ca7d962054ec6b004f67dbbc5c078" member_type: VOTER last_known_addr { host: "127.10.79.193" port: 41687 } } peers { permanent_uuid: "beeb210f5aee49869c840c79e29983c2" member_type: VOTER last_known_addr { host: "127.10.79.194" port: 45387 } } peers { permanent_uuid: "5bd6bcc0ac8d476092c3d4236cbfd775" member_type: VOTER last_known_addr { host: "127.10.79.195" port: 45805 } }
I20260709 12:19:01.314036 10886 ts_tablet_manager.cc:1434] T 74a345072ac54f089cb546dabbb1bd6a P beeb210f5aee49869c840c79e29983c2: Time spent starting tablet: real 0.021s	user 0.004s	sys 0.000s
I20260709 12:19:01.314163 10887 raft_consensus.cc:385] T 7c9fbef7a1b14c95885f421e9a024aac P 5bd6bcc0ac8d476092c3d4236cbfd775 [term 0 FOLLOWER]: Consensus starting up: Expiring failure detector timer to make a prompt election more likely
I20260709 12:19:01.317128 10843 raft_consensus.cc:2468] T fbbedef22b6f46da87ce24668cd7db62 P 5bd6bcc0ac8d476092c3d4236cbfd775 [term 1 FOLLOWER]: Leader election vote request: Granting yes vote for candidate beeb210f5aee49869c840c79e29983c2 in term 1.
I20260709 12:19:01.321506 10694 raft_consensus.cc:2468] T fbbedef22b6f46da87ce24668cd7db62 P d15ca7d962054ec6b004f67dbbc5c078 [term 1 FOLLOWER]: Leader election vote request: Granting yes vote for candidate beeb210f5aee49869c840c79e29983c2 in term 1.
I20260709 12:19:01.332329 10887 raft_consensus.cc:740] T 7c9fbef7a1b14c95885f421e9a024aac P 5bd6bcc0ac8d476092c3d4236cbfd775 [term 0 FOLLOWER]: Becoming Follower/Learner. State: Replica: 5bd6bcc0ac8d476092c3d4236cbfd775, State: Initialized, Role: FOLLOWER
I20260709 12:19:01.333190 10732 leader_election.cc:304] T fbbedef22b6f46da87ce24668cd7db62 P beeb210f5aee49869c840c79e29983c2 [CANDIDATE]: Term 1 election: Election decided. Result: candidate won. Election summary: received 2 responses out of 3 voters: 2 yes votes; 0 no votes. yes voters: beeb210f5aee49869c840c79e29983c2, d15ca7d962054ec6b004f67dbbc5c078; no voters: 
I20260709 12:19:01.333092 10887 consensus_queue.cc:260] T 7c9fbef7a1b14c95885f421e9a024aac P 5bd6bcc0ac8d476092c3d4236cbfd775 [NON_LEADER]: Queue going to NON_LEADER mode. State: All replicated index: 0, Majority replicated index: 0, Committed index: 0, Last appended: 0.0, Last appended by leader: 0, Current term: 0, Majority size: -1, State: 0, Mode: NON_LEADER, active raft config: opid_index: -1 OBSOLETE_local: false peers { permanent_uuid: "d15ca7d962054ec6b004f67dbbc5c078" member_type: VOTER last_known_addr { host: "127.10.79.193" port: 41687 } } peers { permanent_uuid: "beeb210f5aee49869c840c79e29983c2" member_type: VOTER last_known_addr { host: "127.10.79.194" port: 45387 } } peers { permanent_uuid: "5bd6bcc0ac8d476092c3d4236cbfd775" member_type: VOTER last_known_addr { host: "127.10.79.195" port: 45805 } }
I20260709 12:19:01.334048 10911 raft_consensus.cc:2804] T fbbedef22b6f46da87ce24668cd7db62 P beeb210f5aee49869c840c79e29983c2 [term 1 FOLLOWER]: Leader election won for term 1
I20260709 12:19:01.334561 10911 raft_consensus.cc:697] T fbbedef22b6f46da87ce24668cd7db62 P beeb210f5aee49869c840c79e29983c2 [term 1 LEADER]: Becoming Leader. State: Replica: beeb210f5aee49869c840c79e29983c2, State: Running, Role: LEADER
I20260709 12:19:01.335732 10911 consensus_queue.cc:237] T fbbedef22b6f46da87ce24668cd7db62 P beeb210f5aee49869c840c79e29983c2 [LEADER]: Queue going to LEADER mode. State: All replicated index: 0, Majority replicated index: 0, Committed index: 0, Last appended: 0.0, Last appended by leader: 0, Current term: 1, Majority size: 2, State: 0, Mode: LEADER, active raft config: opid_index: -1 OBSOLETE_local: false peers { permanent_uuid: "d15ca7d962054ec6b004f67dbbc5c078" member_type: VOTER last_known_addr { host: "127.10.79.193" port: 41687 } } peers { permanent_uuid: "beeb210f5aee49869c840c79e29983c2" member_type: VOTER last_known_addr { host: "127.10.79.194" port: 45387 } } peers { permanent_uuid: "5bd6bcc0ac8d476092c3d4236cbfd775" member_type: VOTER last_known_addr { host: "127.10.79.195" port: 45805 } }
I20260709 12:19:01.344897 10887 ts_tablet_manager.cc:1434] T 7c9fbef7a1b14c95885f421e9a024aac P 5bd6bcc0ac8d476092c3d4236cbfd775: Time spent starting tablet: real 0.034s	user 0.016s	sys 0.008s
I20260709 12:19:01.345782 10887 tablet_bootstrap.cc:492] T fbba9ef2fa0946bbb88dc3d37d708812 P 5bd6bcc0ac8d476092c3d4236cbfd775: Bootstrap starting.
I20260709 12:19:01.346143 10886 tablet_bootstrap.cc:492] T 7e48a4b21fd34959845586ab23079af5 P beeb210f5aee49869c840c79e29983c2: Bootstrap starting.
I20260709 12:19:01.353061 10885 tablet_bootstrap.cc:492] T 6e1d4b529bca4be0a0aa90d7c9521bb4 P d15ca7d962054ec6b004f67dbbc5c078: No bootstrap required, opened a new log
I20260709 12:19:01.353413 10887 tablet_bootstrap.cc:654] T fbba9ef2fa0946bbb88dc3d37d708812 P 5bd6bcc0ac8d476092c3d4236cbfd775: Neither blocks nor log segments found. Creating new log.
I20260709 12:19:01.353443 10590 catalog_manager.cc:5697] T fbba9ef2fa0946bbb88dc3d37d708812 P d15ca7d962054ec6b004f67dbbc5c078 reported cstate change: term changed from 0 to 1, leader changed from <none> to d15ca7d962054ec6b004f67dbbc5c078 (127.10.79.193). New cstate: current_term: 1 leader_uuid: "d15ca7d962054ec6b004f67dbbc5c078" committed_config { opid_index: -1 OBSOLETE_local: false peers { permanent_uuid: "d15ca7d962054ec6b004f67dbbc5c078" member_type: VOTER last_known_addr { host: "127.10.79.193" port: 41687 } health_report { overall_health: HEALTHY } } peers { permanent_uuid: "beeb210f5aee49869c840c79e29983c2" member_type: VOTER last_known_addr { host: "127.10.79.194" port: 45387 } health_report { overall_health: UNKNOWN } } peers { permanent_uuid: "5bd6bcc0ac8d476092c3d4236cbfd775" member_type: VOTER last_known_addr { host: "127.10.79.195" port: 45805 } health_report { overall_health: UNKNOWN } } }
I20260709 12:19:01.353533 10885 ts_tablet_manager.cc:1403] T 6e1d4b529bca4be0a0aa90d7c9521bb4 P d15ca7d962054ec6b004f67dbbc5c078: Time spent bootstrapping tablet: real 0.121s	user 0.014s	sys 0.006s
I20260709 12:19:01.355413 10590 catalog_manager.cc:5697] T 7e48a4b21fd34959845586ab23079af5 P d15ca7d962054ec6b004f67dbbc5c078 reported cstate change: term changed from 0 to 1, leader changed from <none> to d15ca7d962054ec6b004f67dbbc5c078 (127.10.79.193). New cstate: current_term: 1 leader_uuid: "d15ca7d962054ec6b004f67dbbc5c078" committed_config { opid_index: -1 OBSOLETE_local: false peers { permanent_uuid: "d15ca7d962054ec6b004f67dbbc5c078" member_type: VOTER last_known_addr { host: "127.10.79.193" port: 41687 } health_report { overall_health: HEALTHY } } peers { permanent_uuid: "beeb210f5aee49869c840c79e29983c2" member_type: VOTER last_known_addr { host: "127.10.79.194" port: 45387 } health_report { overall_health: UNKNOWN } } peers { permanent_uuid: "5bd6bcc0ac8d476092c3d4236cbfd775" member_type: VOTER last_known_addr { host: "127.10.79.195" port: 45805 } health_report { overall_health: UNKNOWN } } }
I20260709 12:19:01.357939 10694 raft_consensus.cc:3060] T c9f89a7096ec4851a7897b28856e1142 P d15ca7d962054ec6b004f67dbbc5c078 [term 0 FOLLOWER]: Advancing to term 1
I20260709 12:19:01.359280 10885 raft_consensus.cc:359] T 6e1d4b529bca4be0a0aa90d7c9521bb4 P d15ca7d962054ec6b004f67dbbc5c078 [term 0 FOLLOWER]: Replica starting. Triggering 0 pending ops. Active config: opid_index: -1 OBSOLETE_local: false peers { permanent_uuid: "d15ca7d962054ec6b004f67dbbc5c078" member_type: VOTER last_known_addr { host: "127.10.79.193" port: 41687 } } peers { permanent_uuid: "beeb210f5aee49869c840c79e29983c2" member_type: VOTER last_known_addr { host: "127.10.79.194" port: 45387 } } peers { permanent_uuid: "5bd6bcc0ac8d476092c3d4236cbfd775" member_type: VOTER last_known_addr { host: "127.10.79.195" port: 45805 } }
I20260709 12:19:01.359984 10885 raft_consensus.cc:385] T 6e1d4b529bca4be0a0aa90d7c9521bb4 P d15ca7d962054ec6b004f67dbbc5c078 [term 0 FOLLOWER]: Consensus starting up: Expiring failure detector timer to make a prompt election more likely
I20260709 12:19:01.360352 10885 raft_consensus.cc:740] T 6e1d4b529bca4be0a0aa90d7c9521bb4 P d15ca7d962054ec6b004f67dbbc5c078 [term 0 FOLLOWER]: Becoming Follower/Learner. State: Replica: d15ca7d962054ec6b004f67dbbc5c078, State: Initialized, Role: FOLLOWER
I20260709 12:19:01.360026 10589 catalog_manager.cc:5697] T fbbedef22b6f46da87ce24668cd7db62 P beeb210f5aee49869c840c79e29983c2 reported cstate change: term changed from 0 to 1, leader changed from <none> to beeb210f5aee49869c840c79e29983c2 (127.10.79.194). New cstate: current_term: 1 leader_uuid: "beeb210f5aee49869c840c79e29983c2" committed_config { opid_index: -1 OBSOLETE_local: false peers { permanent_uuid: "d15ca7d962054ec6b004f67dbbc5c078" member_type: VOTER last_known_addr { host: "127.10.79.193" port: 41687 } health_report { overall_health: UNKNOWN } } peers { permanent_uuid: "beeb210f5aee49869c840c79e29983c2" member_type: VOTER last_known_addr { host: "127.10.79.194" port: 45387 } health_report { overall_health: HEALTHY } } peers { permanent_uuid: "5bd6bcc0ac8d476092c3d4236cbfd775" member_type: VOTER last_known_addr { host: "127.10.79.195" port: 45805 } health_report { overall_health: UNKNOWN } } }
I20260709 12:19:01.361044 10885 consensus_queue.cc:260] T 6e1d4b529bca4be0a0aa90d7c9521bb4 P d15ca7d962054ec6b004f67dbbc5c078 [NON_LEADER]: Queue going to NON_LEADER mode. State: All replicated index: 0, Majority replicated index: 0, Committed index: 0, Last appended: 0.0, Last appended by leader: 0, Current term: 0, Majority size: -1, State: 0, Mode: NON_LEADER, active raft config: opid_index: -1 OBSOLETE_local: false peers { permanent_uuid: "d15ca7d962054ec6b004f67dbbc5c078" member_type: VOTER last_known_addr { host: "127.10.79.193" port: 41687 } } peers { permanent_uuid: "beeb210f5aee49869c840c79e29983c2" member_type: VOTER last_known_addr { host: "127.10.79.194" port: 45387 } } peers { permanent_uuid: "5bd6bcc0ac8d476092c3d4236cbfd775" member_type: VOTER last_known_addr { host: "127.10.79.195" port: 45805 } }
I20260709 12:19:01.363353 10885 ts_tablet_manager.cc:1434] T 6e1d4b529bca4be0a0aa90d7c9521bb4 P d15ca7d962054ec6b004f67dbbc5c078: Time spent starting tablet: real 0.007s	user 0.006s	sys 0.000s
I20260709 12:19:01.369190 10886 tablet_bootstrap.cc:654] T 7e48a4b21fd34959845586ab23079af5 P beeb210f5aee49869c840c79e29983c2: Neither blocks nor log segments found. Creating new log.
I20260709 12:19:01.376631 10885 tablet_bootstrap.cc:492] T b433134c60d3426b81a5ba6f1493e5a6 P d15ca7d962054ec6b004f67dbbc5c078: Bootstrap starting.
I20260709 12:19:01.398378 10895 raft_consensus.cc:493] T 7c9fbef7a1b14c95885f421e9a024aac P 5bd6bcc0ac8d476092c3d4236cbfd775 [term 0 FOLLOWER]: Starting pre-election (no leader contacted us within the election timeout)
I20260709 12:19:01.399076 10895 raft_consensus.cc:515] T 7c9fbef7a1b14c95885f421e9a024aac P 5bd6bcc0ac8d476092c3d4236cbfd775 [term 0 FOLLOWER]: Starting pre-election with config: opid_index: -1 OBSOLETE_local: false peers { permanent_uuid: "d15ca7d962054ec6b004f67dbbc5c078" member_type: VOTER last_known_addr { host: "127.10.79.193" port: 41687 } } peers { permanent_uuid: "beeb210f5aee49869c840c79e29983c2" member_type: VOTER last_known_addr { host: "127.10.79.194" port: 45387 } } peers { permanent_uuid: "5bd6bcc0ac8d476092c3d4236cbfd775" member_type: VOTER last_known_addr { host: "127.10.79.195" port: 45805 } }
I20260709 12:19:01.401780 10895 leader_election.cc:290] T 7c9fbef7a1b14c95885f421e9a024aac P 5bd6bcc0ac8d476092c3d4236cbfd775 [CANDIDATE]: Term 1 pre-election: Requested pre-vote from peers d15ca7d962054ec6b004f67dbbc5c078 (127.10.79.193:41687), beeb210f5aee49869c840c79e29983c2 (127.10.79.194:45387)
I20260709 12:19:01.402873 10923 raft_consensus.cc:493] T 6e1d4b529bca4be0a0aa90d7c9521bb4 P d15ca7d962054ec6b004f67dbbc5c078 [term 0 FOLLOWER]: Starting pre-election (no leader contacted us within the election timeout)
I20260709 12:19:01.407742 10693 tablet_service.cc:1917] Received RequestConsensusVote() RPC: tablet_id: "7c9fbef7a1b14c95885f421e9a024aac" candidate_uuid: "5bd6bcc0ac8d476092c3d4236cbfd775" candidate_term: 1 candidate_status { last_received { term: 0 index: 0 } } ignore_live_leader: false dest_uuid: "d15ca7d962054ec6b004f67dbbc5c078" is_pre_election: true
I20260709 12:19:01.409053 10693 raft_consensus.cc:2393] T 7c9fbef7a1b14c95885f421e9a024aac P d15ca7d962054ec6b004f67dbbc5c078 [term 1 FOLLOWER]: Leader pre-election vote request: Denying vote to candidate 5bd6bcc0ac8d476092c3d4236cbfd775 in current term 1: Already voted for candidate beeb210f5aee49869c840c79e29983c2 in this term.
I20260709 12:19:01.408553 10923 raft_consensus.cc:515] T 6e1d4b529bca4be0a0aa90d7c9521bb4 P d15ca7d962054ec6b004f67dbbc5c078 [term 0 FOLLOWER]: Starting pre-election with config: opid_index: -1 OBSOLETE_local: false peers { permanent_uuid: "d15ca7d962054ec6b004f67dbbc5c078" member_type: VOTER last_known_addr { host: "127.10.79.193" port: 41687 } } peers { permanent_uuid: "beeb210f5aee49869c840c79e29983c2" member_type: VOTER last_known_addr { host: "127.10.79.194" port: 45387 } } peers { permanent_uuid: "5bd6bcc0ac8d476092c3d4236cbfd775" member_type: VOTER last_known_addr { host: "127.10.79.195" port: 45805 } }
I20260709 12:19:01.411206 10923 leader_election.cc:290] T 6e1d4b529bca4be0a0aa90d7c9521bb4 P d15ca7d962054ec6b004f67dbbc5c078 [CANDIDATE]: Term 1 pre-election: Requested pre-vote from peers beeb210f5aee49869c840c79e29983c2 (127.10.79.194:45387), 5bd6bcc0ac8d476092c3d4236cbfd775 (127.10.79.195:45805)
I20260709 12:19:01.407851 10769 tablet_service.cc:1917] Received RequestConsensusVote() RPC: tablet_id: "7c9fbef7a1b14c95885f421e9a024aac" candidate_uuid: "5bd6bcc0ac8d476092c3d4236cbfd775" candidate_term: 1 candidate_status { last_received { term: 0 index: 0 } } ignore_live_leader: false dest_uuid: "beeb210f5aee49869c840c79e29983c2" is_pre_election: true
I20260709 12:19:01.414330 10841 tablet_service.cc:1917] Received RequestConsensusVote() RPC: tablet_id: "6e1d4b529bca4be0a0aa90d7c9521bb4" candidate_uuid: "d15ca7d962054ec6b004f67dbbc5c078" candidate_term: 1 candidate_status { last_received { term: 0 index: 0 } } ignore_live_leader: false dest_uuid: "5bd6bcc0ac8d476092c3d4236cbfd775" is_pre_election: true
I20260709 12:19:01.415376 10841 raft_consensus.cc:2393] T 6e1d4b529bca4be0a0aa90d7c9521bb4 P 5bd6bcc0ac8d476092c3d4236cbfd775 [term 1 FOLLOWER]: Leader pre-election vote request: Denying vote to candidate d15ca7d962054ec6b004f67dbbc5c078 in current term 1: Already voted for candidate beeb210f5aee49869c840c79e29983c2 in this term.
I20260709 12:19:01.419816 10806 leader_election.cc:304] T 7c9fbef7a1b14c95885f421e9a024aac P 5bd6bcc0ac8d476092c3d4236cbfd775 [CANDIDATE]: Term 1 pre-election: Election decided. Result: candidate lost. Election summary: received 3 responses out of 3 voters: 1 yes votes; 2 no votes. yes voters: 5bd6bcc0ac8d476092c3d4236cbfd775; no voters: beeb210f5aee49869c840c79e29983c2, d15ca7d962054ec6b004f67dbbc5c078
I20260709 12:19:01.420883 10769 tablet_service.cc:1917] Received RequestConsensusVote() RPC: tablet_id: "6e1d4b529bca4be0a0aa90d7c9521bb4" candidate_uuid: "d15ca7d962054ec6b004f67dbbc5c078" candidate_term: 1 candidate_status { last_received { term: 0 index: 0 } } ignore_live_leader: false dest_uuid: "beeb210f5aee49869c840c79e29983c2" is_pre_election: true
I20260709 12:19:01.421602 10895 raft_consensus.cc:3060] T 7c9fbef7a1b14c95885f421e9a024aac P 5bd6bcc0ac8d476092c3d4236cbfd775 [term 0 FOLLOWER]: Advancing to term 1
I20260709 12:19:01.422981 10657 leader_election.cc:304] T 6e1d4b529bca4be0a0aa90d7c9521bb4 P d15ca7d962054ec6b004f67dbbc5c078 [CANDIDATE]: Term 1 pre-election: Election decided. Result: candidate lost. Election summary: received 3 responses out of 3 voters: 1 yes votes; 2 no votes. yes voters: d15ca7d962054ec6b004f67dbbc5c078; no voters: 5bd6bcc0ac8d476092c3d4236cbfd775, beeb210f5aee49869c840c79e29983c2
I20260709 12:19:01.424793 10923 raft_consensus.cc:3060] T 6e1d4b529bca4be0a0aa90d7c9521bb4 P d15ca7d962054ec6b004f67dbbc5c078 [term 0 FOLLOWER]: Advancing to term 1
I20260709 12:19:01.438122 10907 consensus_queue.cc:1048] T c9f89a7096ec4851a7897b28856e1142 P beeb210f5aee49869c840c79e29983c2 [LEADER]: Connected to new peer: Peer: permanent_uuid: "d15ca7d962054ec6b004f67dbbc5c078" member_type: VOTER last_known_addr { host: "127.10.79.193" port: 41687 }, Status: LMP_MISMATCH, Last received: 0.0, Next index: 1, Last known committed idx: 0, Time since last communication: 0.001s
I20260709 12:19:01.445901 10887 tablet_bootstrap.cc:492] T fbba9ef2fa0946bbb88dc3d37d708812 P 5bd6bcc0ac8d476092c3d4236cbfd775: No bootstrap required, opened a new log
I20260709 12:19:01.446594 10887 ts_tablet_manager.cc:1403] T fbba9ef2fa0946bbb88dc3d37d708812 P 5bd6bcc0ac8d476092c3d4236cbfd775: Time spent bootstrapping tablet: real 0.101s	user 0.023s	sys 0.013s
I20260709 12:19:01.451316 10886 tablet_bootstrap.cc:492] T 7e48a4b21fd34959845586ab23079af5 P beeb210f5aee49869c840c79e29983c2: No bootstrap required, opened a new log
I20260709 12:19:01.451833 10886 ts_tablet_manager.cc:1403] T 7e48a4b21fd34959845586ab23079af5 P beeb210f5aee49869c840c79e29983c2: Time spent bootstrapping tablet: real 0.106s	user 0.032s	sys 0.032s
I20260709 12:19:01.451504 10887 raft_consensus.cc:359] T fbba9ef2fa0946bbb88dc3d37d708812 P 5bd6bcc0ac8d476092c3d4236cbfd775 [term 0 FOLLOWER]: Replica starting. Triggering 0 pending ops. Active config: opid_index: -1 OBSOLETE_local: false peers { permanent_uuid: "d15ca7d962054ec6b004f67dbbc5c078" member_type: VOTER last_known_addr { host: "127.10.79.193" port: 41687 } } peers { permanent_uuid: "beeb210f5aee49869c840c79e29983c2" member_type: VOTER last_known_addr { host: "127.10.79.194" port: 45387 } } peers { permanent_uuid: "5bd6bcc0ac8d476092c3d4236cbfd775" member_type: VOTER last_known_addr { host: "127.10.79.195" port: 45805 } }
I20260709 12:19:01.452196 10887 raft_consensus.cc:385] T fbba9ef2fa0946bbb88dc3d37d708812 P 5bd6bcc0ac8d476092c3d4236cbfd775 [term 0 FOLLOWER]: Consensus starting up: Expiring failure detector timer to make a prompt election more likely
I20260709 12:19:01.452474 10887 raft_consensus.cc:740] T fbba9ef2fa0946bbb88dc3d37d708812 P 5bd6bcc0ac8d476092c3d4236cbfd775 [term 0 FOLLOWER]: Becoming Follower/Learner. State: Replica: 5bd6bcc0ac8d476092c3d4236cbfd775, State: Initialized, Role: FOLLOWER
I20260709 12:19:01.453231 10887 consensus_queue.cc:260] T fbba9ef2fa0946bbb88dc3d37d708812 P 5bd6bcc0ac8d476092c3d4236cbfd775 [NON_LEADER]: Queue going to NON_LEADER mode. State: All replicated index: 0, Majority replicated index: 0, Committed index: 0, Last appended: 0.0, Last appended by leader: 0, Current term: 0, Majority size: -1, State: 0, Mode: NON_LEADER, active raft config: opid_index: -1 OBSOLETE_local: false peers { permanent_uuid: "d15ca7d962054ec6b004f67dbbc5c078" member_type: VOTER last_known_addr { host: "127.10.79.193" port: 41687 } } peers { permanent_uuid: "beeb210f5aee49869c840c79e29983c2" member_type: VOTER last_known_addr { host: "127.10.79.194" port: 45387 } } peers { permanent_uuid: "5bd6bcc0ac8d476092c3d4236cbfd775" member_type: VOTER last_known_addr { host: "127.10.79.195" port: 45805 } }
I20260709 12:19:01.455408 10887 ts_tablet_manager.cc:1434] T fbba9ef2fa0946bbb88dc3d37d708812 P 5bd6bcc0ac8d476092c3d4236cbfd775: Time spent starting tablet: real 0.008s	user 0.006s	sys 0.000s
I20260709 12:19:01.456368 10886 raft_consensus.cc:359] T 7e48a4b21fd34959845586ab23079af5 P beeb210f5aee49869c840c79e29983c2 [term 0 FOLLOWER]: Replica starting. Triggering 0 pending ops. Active config: opid_index: -1 OBSOLETE_local: false peers { permanent_uuid: "d15ca7d962054ec6b004f67dbbc5c078" member_type: VOTER last_known_addr { host: "127.10.79.193" port: 41687 } } peers { permanent_uuid: "beeb210f5aee49869c840c79e29983c2" member_type: VOTER last_known_addr { host: "127.10.79.194" port: 45387 } } peers { permanent_uuid: "5bd6bcc0ac8d476092c3d4236cbfd775" member_type: VOTER last_known_addr { host: "127.10.79.195" port: 45805 } }
I20260709 12:19:01.456995 10886 raft_consensus.cc:385] T 7e48a4b21fd34959845586ab23079af5 P beeb210f5aee49869c840c79e29983c2 [term 0 FOLLOWER]: Consensus starting up: Expiring failure detector timer to make a prompt election more likely
I20260709 12:19:01.457273 10886 raft_consensus.cc:740] T 7e48a4b21fd34959845586ab23079af5 P beeb210f5aee49869c840c79e29983c2 [term 0 FOLLOWER]: Becoming Follower/Learner. State: Replica: beeb210f5aee49869c840c79e29983c2, State: Initialized, Role: FOLLOWER
I20260709 12:19:01.457973 10923 raft_consensus.cc:2749] T 6e1d4b529bca4be0a0aa90d7c9521bb4 P d15ca7d962054ec6b004f67dbbc5c078 [term 1 FOLLOWER]: Leader pre-election lost for term 1. Reason: could not achieve majority
I20260709 12:19:01.457896 10886 consensus_queue.cc:260] T 7e48a4b21fd34959845586ab23079af5 P beeb210f5aee49869c840c79e29983c2 [NON_LEADER]: Queue going to NON_LEADER mode. State: All replicated index: 0, Majority replicated index: 0, Committed index: 0, Last appended: 0.0, Last appended by leader: 0, Current term: 0, Majority size: -1, State: 0, Mode: NON_LEADER, active raft config: opid_index: -1 OBSOLETE_local: false peers { permanent_uuid: "d15ca7d962054ec6b004f67dbbc5c078" member_type: VOTER last_known_addr { host: "127.10.79.193" port: 41687 } } peers { permanent_uuid: "beeb210f5aee49869c840c79e29983c2" member_type: VOTER last_known_addr { host: "127.10.79.194" port: 45387 } } peers { permanent_uuid: "5bd6bcc0ac8d476092c3d4236cbfd775" member_type: VOTER last_known_addr { host: "127.10.79.195" port: 45805 } }
I20260709 12:19:01.459908 10886 ts_tablet_manager.cc:1434] T 7e48a4b21fd34959845586ab23079af5 P beeb210f5aee49869c840c79e29983c2: Time spent starting tablet: real 0.008s	user 0.006s	sys 0.000s
I20260709 12:19:01.470800 10928 raft_consensus.cc:493] T b433134c60d3426b81a5ba6f1493e5a6 P 5bd6bcc0ac8d476092c3d4236cbfd775 [term 0 FOLLOWER]: Starting pre-election (no leader contacted us within the election timeout)
I20260709 12:19:01.471324 10928 raft_consensus.cc:515] T b433134c60d3426b81a5ba6f1493e5a6 P 5bd6bcc0ac8d476092c3d4236cbfd775 [term 0 FOLLOWER]: Starting pre-election with config: opid_index: -1 OBSOLETE_local: false peers { permanent_uuid: "d15ca7d962054ec6b004f67dbbc5c078" member_type: VOTER last_known_addr { host: "127.10.79.193" port: 41687 } } peers { permanent_uuid: "beeb210f5aee49869c840c79e29983c2" member_type: VOTER last_known_addr { host: "127.10.79.194" port: 45387 } } peers { permanent_uuid: "5bd6bcc0ac8d476092c3d4236cbfd775" member_type: VOTER last_known_addr { host: "127.10.79.195" port: 45805 } }
I20260709 12:19:01.473533 10885 tablet_bootstrap.cc:654] T b433134c60d3426b81a5ba6f1493e5a6 P d15ca7d962054ec6b004f67dbbc5c078: Neither blocks nor log segments found. Creating new log.
I20260709 12:19:01.480540 10694 tablet_service.cc:1917] Received RequestConsensusVote() RPC: tablet_id: "b433134c60d3426b81a5ba6f1493e5a6" candidate_uuid: "5bd6bcc0ac8d476092c3d4236cbfd775" candidate_term: 1 candidate_status { last_received { term: 0 index: 0 } } ignore_live_leader: false dest_uuid: "d15ca7d962054ec6b004f67dbbc5c078" is_pre_election: true
I20260709 12:19:01.481278 10769 tablet_service.cc:1917] Received RequestConsensusVote() RPC: tablet_id: "b433134c60d3426b81a5ba6f1493e5a6" candidate_uuid: "5bd6bcc0ac8d476092c3d4236cbfd775" candidate_term: 1 candidate_status { last_received { term: 0 index: 0 } } ignore_live_leader: false dest_uuid: "beeb210f5aee49869c840c79e29983c2" is_pre_election: true
I20260709 12:19:01.481902 10769 raft_consensus.cc:2468] T b433134c60d3426b81a5ba6f1493e5a6 P beeb210f5aee49869c840c79e29983c2 [term 0 FOLLOWER]: Leader pre-election vote request: Granting yes vote for candidate 5bd6bcc0ac8d476092c3d4236cbfd775 in term 0.
I20260709 12:19:01.482530 10895 raft_consensus.cc:2749] T 7c9fbef7a1b14c95885f421e9a024aac P 5bd6bcc0ac8d476092c3d4236cbfd775 [term 1 FOLLOWER]: Leader pre-election lost for term 1. Reason: could not achieve majority
W20260709 12:19:01.481930 10806 leader_election.cc:343] T b433134c60d3426b81a5ba6f1493e5a6 P 5bd6bcc0ac8d476092c3d4236cbfd775 [CANDIDATE]: Term 1 pre-election: Tablet error from VoteRequest() call to peer d15ca7d962054ec6b004f67dbbc5c078 (127.10.79.193:41687): Illegal state: must be running to vote when last-logged opid is not known
I20260709 12:19:01.480017 10928 leader_election.cc:290] T b433134c60d3426b81a5ba6f1493e5a6 P 5bd6bcc0ac8d476092c3d4236cbfd775 [CANDIDATE]: Term 1 pre-election: Requested pre-vote from peers d15ca7d962054ec6b004f67dbbc5c078 (127.10.79.193:41687), beeb210f5aee49869c840c79e29983c2 (127.10.79.194:45387)
I20260709 12:19:01.483868 10806 leader_election.cc:304] T b433134c60d3426b81a5ba6f1493e5a6 P 5bd6bcc0ac8d476092c3d4236cbfd775 [CANDIDATE]: Term 1 pre-election: Election decided. Result: candidate won. Election summary: received 3 responses out of 3 voters: 2 yes votes; 1 no votes. yes voters: 5bd6bcc0ac8d476092c3d4236cbfd775, beeb210f5aee49869c840c79e29983c2; no voters: d15ca7d962054ec6b004f67dbbc5c078
W20260709 12:19:01.484344 10639 auto_rebalancer.cc:288] Could not retrieve cluster info: Service unavailable: Tablet not running
I20260709 12:19:01.484632 10928 raft_consensus.cc:2804] T b433134c60d3426b81a5ba6f1493e5a6 P 5bd6bcc0ac8d476092c3d4236cbfd775 [term 0 FOLLOWER]: Leader pre-election won for term 1
I20260709 12:19:01.484958 10928 raft_consensus.cc:493] T b433134c60d3426b81a5ba6f1493e5a6 P 5bd6bcc0ac8d476092c3d4236cbfd775 [term 0 FOLLOWER]: Starting leader election (no leader contacted us within the election timeout)
I20260709 12:19:01.485239 10928 raft_consensus.cc:3060] T b433134c60d3426b81a5ba6f1493e5a6 P 5bd6bcc0ac8d476092c3d4236cbfd775 [term 0 FOLLOWER]: Advancing to term 1
I20260709 12:19:01.490902 10928 raft_consensus.cc:515] T b433134c60d3426b81a5ba6f1493e5a6 P 5bd6bcc0ac8d476092c3d4236cbfd775 [term 1 FOLLOWER]: Starting leader election with config: opid_index: -1 OBSOLETE_local: false peers { permanent_uuid: "d15ca7d962054ec6b004f67dbbc5c078" member_type: VOTER last_known_addr { host: "127.10.79.193" port: 41687 } } peers { permanent_uuid: "beeb210f5aee49869c840c79e29983c2" member_type: VOTER last_known_addr { host: "127.10.79.194" port: 45387 } } peers { permanent_uuid: "5bd6bcc0ac8d476092c3d4236cbfd775" member_type: VOTER last_known_addr { host: "127.10.79.195" port: 45805 } }
