I20260709 12:20:02.626807  8890 raft_consensus.cc:515] T 4a928aff55714cc5a5936e0b534fc7a3 P 8e6a604601a84744bcc17725af0d549c [term 0 FOLLOWER]: Starting pre-election with config: opid_index: -1 OBSOLETE_local: false peers { permanent_uuid: "8e6a604601a84744bcc17725af0d549c" member_type: VOTER last_known_addr { host: "127.7.85.1" port: 38373 } } peers { permanent_uuid: "4a705d61309b44749f8b90bf4adb73c8" member_type: VOTER last_known_addr { host: "127.7.85.2" port: 33571 } } peers { permanent_uuid: "a7ab3a44490540959e38ee364458f622" member_type: VOTER last_known_addr { host: "127.7.85.3" port: 41657 } }
I20260709 12:20:02.630324  8817 tablet_service.cc:1917] Received RequestConsensusVote() RPC: tablet_id: "4a928aff55714cc5a5936e0b534fc7a3" candidate_uuid: "8e6a604601a84744bcc17725af0d549c" candidate_term: 1 candidate_status { last_received { term: 0 index: 0 } } ignore_live_leader: false dest_uuid: "a7ab3a44490540959e38ee364458f622" is_pre_election: true
I20260709 12:20:02.631721  8715 leader_election.cc:304] T d968d87f766a440eaf48b46e91b994d9 P 4a705d61309b44749f8b90bf4adb73c8 [CANDIDATE]: Term 1 pre-election: Election decided. Result: candidate won. Election summary: received 3 responses out of 3 voters: 2 yes votes; 1 no votes. yes voters: 4a705d61309b44749f8b90bf4adb73c8, a7ab3a44490540959e38ee364458f622; no voters: 8e6a604601a84744bcc17725af0d549c
I20260709 12:20:02.637164  8864 tablet_bootstrap.cc:492] T 34b72cdaa9ed4cb3b3a96f956829af2b P a7ab3a44490540959e38ee364458f622: No bootstrap required, opened a new log
I20260709 12:20:02.637707  8864 ts_tablet_manager.cc:1403] T 34b72cdaa9ed4cb3b3a96f956829af2b P a7ab3a44490540959e38ee364458f622: Time spent bootstrapping tablet: real 0.262s	user 0.007s	sys 0.021s
I20260709 12:20:02.634990  9108 raft_consensus.cc:2804] T d968d87f766a440eaf48b46e91b994d9 P 4a705d61309b44749f8b90bf4adb73c8 [term 0 FOLLOWER]: Leader pre-election won for term 1
I20260709 12:20:02.640344  9108 raft_consensus.cc:493] T d968d87f766a440eaf48b46e91b994d9 P 4a705d61309b44749f8b90bf4adb73c8 [term 0 FOLLOWER]: Starting leader election (no leader contacted us within the election timeout)
I20260709 12:20:02.640722  9108 raft_consensus.cc:3060] T d968d87f766a440eaf48b46e91b994d9 P 4a705d61309b44749f8b90bf4adb73c8 [term 0 FOLLOWER]: Advancing to term 1
W20260709 12:20:02.643774  8639 leader_election.cc:343] T 4a928aff55714cc5a5936e0b534fc7a3 P 8e6a604601a84744bcc17725af0d549c [CANDIDATE]: Term 1 pre-election: Tablet error from VoteRequest() call to peer a7ab3a44490540959e38ee364458f622 (127.7.85.3:41657): Illegal state: must be running to vote when last-logged opid is not known
I20260709 12:20:02.644734  8863 tablet_bootstrap.cc:492] T 618b8f5f29c2451587f410894cebda61 P 8e6a604601a84744bcc17725af0d549c: No bootstrap required, opened a new log
I20260709 12:20:02.639030  8749 tablet_service.cc:1917] Received RequestConsensusVote() RPC: tablet_id: "4a928aff55714cc5a5936e0b534fc7a3" candidate_uuid: "8e6a604601a84744bcc17725af0d549c" candidate_term: 1 candidate_status { last_received { term: 0 index: 0 } } ignore_live_leader: false dest_uuid: "4a705d61309b44749f8b90bf4adb73c8" is_pre_election: true
I20260709 12:20:02.645208  8863 ts_tablet_manager.cc:1403] T 618b8f5f29c2451587f410894cebda61 P 8e6a604601a84744bcc17725af0d549c: Time spent bootstrapping tablet: real 0.141s	user 0.011s	sys 0.008s
I20260709 12:20:02.631920  8890 leader_election.cc:290] T 4a928aff55714cc5a5936e0b534fc7a3 P 8e6a604601a84744bcc17725af0d549c [CANDIDATE]: Term 1 pre-election: Requested pre-vote from peers 4a705d61309b44749f8b90bf4adb73c8 (127.7.85.2:33571), a7ab3a44490540959e38ee364458f622 (127.7.85.3:41657)
I20260709 12:20:02.648392  8748 tablet_service.cc:1917] Received RequestConsensusVote() RPC: tablet_id: "d219c2c25a99413aaf7ef3daffd8c625" candidate_uuid: "8e6a604601a84744bcc17725af0d549c" candidate_term: 1 candidate_status { last_received { term: 0 index: 0 } } ignore_live_leader: false dest_uuid: "4a705d61309b44749f8b90bf4adb73c8"
I20260709 12:20:02.648634  8864 raft_consensus.cc:359] T 34b72cdaa9ed4cb3b3a96f956829af2b P a7ab3a44490540959e38ee364458f622 [term 0 FOLLOWER]: Replica starting. Triggering 0 pending ops. Active config: opid_index: -1 OBSOLETE_local: false peers { permanent_uuid: "8e6a604601a84744bcc17725af0d549c" member_type: VOTER last_known_addr { host: "127.7.85.1" port: 38373 } } peers { permanent_uuid: "4a705d61309b44749f8b90bf4adb73c8" member_type: VOTER last_known_addr { host: "127.7.85.2" port: 33571 } } peers { permanent_uuid: "a7ab3a44490540959e38ee364458f622" member_type: VOTER last_known_addr { host: "127.7.85.3" port: 41657 } }
I20260709 12:20:02.649046  8748 raft_consensus.cc:3060] T d219c2c25a99413aaf7ef3daffd8c625 P 4a705d61309b44749f8b90bf4adb73c8 [term 0 FOLLOWER]: Advancing to term 1
I20260709 12:20:02.649276  8864 raft_consensus.cc:385] T 34b72cdaa9ed4cb3b3a96f956829af2b P a7ab3a44490540959e38ee364458f622 [term 0 FOLLOWER]: Consensus starting up: Expiring failure detector timer to make a prompt election more likely
I20260709 12:20:02.649577  8864 raft_consensus.cc:740] T 34b72cdaa9ed4cb3b3a96f956829af2b P a7ab3a44490540959e38ee364458f622 [term 0 FOLLOWER]: Becoming Follower/Learner. State: Replica: a7ab3a44490540959e38ee364458f622, State: Initialized, Role: FOLLOWER
I20260709 12:20:02.650219  8864 consensus_queue.cc:260] T 34b72cdaa9ed4cb3b3a96f956829af2b P a7ab3a44490540959e38ee364458f622 [NON_LEADER]: Queue going to NON_LEADER mode. State: All replicated index: 0, Majority replicated index: 0, Committed index: 0, Last appended: 0.0, Last appended by leader: 0, Current term: 0, Majority size: -1, State: 0, Mode: NON_LEADER, active raft config: opid_index: -1 OBSOLETE_local: false peers { permanent_uuid: "8e6a604601a84744bcc17725af0d549c" member_type: VOTER last_known_addr { host: "127.7.85.1" port: 38373 } } peers { permanent_uuid: "4a705d61309b44749f8b90bf4adb73c8" member_type: VOTER last_known_addr { host: "127.7.85.2" port: 33571 } } peers { permanent_uuid: "a7ab3a44490540959e38ee364458f622" member_type: VOTER last_known_addr { host: "127.7.85.3" port: 41657 } }
I20260709 12:20:02.652760  8864 ts_tablet_manager.cc:1434] T 34b72cdaa9ed4cb3b3a96f956829af2b P a7ab3a44490540959e38ee364458f622: Time spent starting tablet: real 0.015s	user 0.008s	sys 0.000s
I20260709 12:20:02.656236  8748 raft_consensus.cc:2468] T d219c2c25a99413aaf7ef3daffd8c625 P 4a705d61309b44749f8b90bf4adb73c8 [term 1 FOLLOWER]: Leader election vote request: Granting yes vote for candidate 8e6a604601a84744bcc17725af0d549c in term 1.
W20260709 12:20:02.657184  8638 leader_election.cc:343] T 4a928aff55714cc5a5936e0b534fc7a3 P 8e6a604601a84744bcc17725af0d549c [CANDIDATE]: Term 1 pre-election: Tablet error from VoteRequest() call to peer 4a705d61309b44749f8b90bf4adb73c8 (127.7.85.2:33571): Illegal state: must be running to vote when last-logged opid is not known
I20260709 12:20:02.657650  8638 leader_election.cc:304] T 4a928aff55714cc5a5936e0b534fc7a3 P 8e6a604601a84744bcc17725af0d549c [CANDIDATE]: Term 1 pre-election: Election decided. Result: candidate lost. Election summary: received 3 responses out of 3 voters: 1 yes votes; 2 no votes. yes voters: 8e6a604601a84744bcc17725af0d549c; no voters: 4a705d61309b44749f8b90bf4adb73c8, a7ab3a44490540959e38ee364458f622
I20260709 12:20:02.658066  8864 tablet_bootstrap.cc:492] T ea604b06e7784419943f1cf566a32ad2 P a7ab3a44490540959e38ee364458f622: Bootstrap starting.
I20260709 12:20:02.658663  8869 raft_consensus.cc:2749] T 4a928aff55714cc5a5936e0b534fc7a3 P 8e6a604601a84744bcc17725af0d549c [term 0 FOLLOWER]: Leader pre-election lost for term 1. Reason: could not achieve majority
I20260709 12:20:02.634944  9115 raft_consensus.cc:515] T d968d87f766a440eaf48b46e91b994d9 P a7ab3a44490540959e38ee364458f622 [term 1 FOLLOWER]: Starting leader election with config: opid_index: -1 OBSOLETE_local: false peers { permanent_uuid: "8e6a604601a84744bcc17725af0d549c" member_type: VOTER last_known_addr { host: "127.7.85.1" port: 38373 } } peers { permanent_uuid: "4a705d61309b44749f8b90bf4adb73c8" member_type: VOTER last_known_addr { host: "127.7.85.2" port: 33571 } } peers { permanent_uuid: "a7ab3a44490540959e38ee364458f622" member_type: VOTER last_known_addr { host: "127.7.85.3" port: 41657 } }
I20260709 12:20:02.668111  8638 leader_election.cc:304] T d219c2c25a99413aaf7ef3daffd8c625 P 8e6a604601a84744bcc17725af0d549c [CANDIDATE]: Term 1 election: Election decided. Result: candidate won. Election summary: received 2 responses out of 3 voters: 2 yes votes; 0 no votes. yes voters: 4a705d61309b44749f8b90bf4adb73c8, 8e6a604601a84744bcc17725af0d549c; no voters: 
I20260709 12:20:02.668999  8890 raft_consensus.cc:2804] T d219c2c25a99413aaf7ef3daffd8c625 P 8e6a604601a84744bcc17725af0d549c [term 1 FOLLOWER]: Leader election won for term 1
I20260709 12:20:02.669613  8890 raft_consensus.cc:697] T d219c2c25a99413aaf7ef3daffd8c625 P 8e6a604601a84744bcc17725af0d549c [term 1 LEADER]: Becoming Leader. State: Replica: 8e6a604601a84744bcc17725af0d549c, State: Running, Role: LEADER
I20260709 12:20:02.670420  8890 consensus_queue.cc:237] T d219c2c25a99413aaf7ef3daffd8c625 P 8e6a604601a84744bcc17725af0d549c [LEADER]: Queue going to LEADER mode. State: All replicated index: 0, Majority replicated index: 0, Committed index: 0, Last appended: 0.0, Last appended by leader: 0, Current term: 1, Majority size: 2, State: 0, Mode: LEADER, active raft config: opid_index: -1 OBSOLETE_local: false peers { permanent_uuid: "8e6a604601a84744bcc17725af0d549c" member_type: VOTER last_known_addr { host: "127.7.85.1" port: 38373 } } peers { permanent_uuid: "4a705d61309b44749f8b90bf4adb73c8" member_type: VOTER last_known_addr { host: "127.7.85.2" port: 33571 } } peers { permanent_uuid: "a7ab3a44490540959e38ee364458f622" member_type: VOTER last_known_addr { host: "127.7.85.3" port: 41657 } }
I20260709 12:20:02.671865  8863 raft_consensus.cc:359] T 618b8f5f29c2451587f410894cebda61 P 8e6a604601a84744bcc17725af0d549c [term 0 FOLLOWER]: Replica starting. Triggering 0 pending ops. Active config: opid_index: -1 OBSOLETE_local: false peers { permanent_uuid: "8e6a604601a84744bcc17725af0d549c" member_type: VOTER last_known_addr { host: "127.7.85.1" port: 38373 } } peers { permanent_uuid: "4a705d61309b44749f8b90bf4adb73c8" member_type: VOTER last_known_addr { host: "127.7.85.2" port: 33571 } } peers { permanent_uuid: "a7ab3a44490540959e38ee364458f622" member_type: VOTER last_known_addr { host: "127.7.85.3" port: 41657 } }
I20260709 12:20:02.673059  8863 raft_consensus.cc:385] T 618b8f5f29c2451587f410894cebda61 P 8e6a604601a84744bcc17725af0d549c [term 0 FOLLOWER]: Consensus starting up: Expiring failure detector timer to make a prompt election more likely
I20260709 12:20:02.673364  8863 raft_consensus.cc:740] T 618b8f5f29c2451587f410894cebda61 P 8e6a604601a84744bcc17725af0d549c [term 0 FOLLOWER]: Becoming Follower/Learner. State: Replica: 8e6a604601a84744bcc17725af0d549c, State: Initialized, Role: FOLLOWER
I20260709 12:20:02.650539  9108 raft_consensus.cc:515] T d968d87f766a440eaf48b46e91b994d9 P 4a705d61309b44749f8b90bf4adb73c8 [term 1 FOLLOWER]: Starting leader election with config: opid_index: -1 OBSOLETE_local: false peers { permanent_uuid: "8e6a604601a84744bcc17725af0d549c" member_type: VOTER last_known_addr { host: "127.7.85.1" port: 38373 } } peers { permanent_uuid: "4a705d61309b44749f8b90bf4adb73c8" member_type: VOTER last_known_addr { host: "127.7.85.2" port: 33571 } } peers { permanent_uuid: "a7ab3a44490540959e38ee364458f622" member_type: VOTER last_known_addr { host: "127.7.85.3" port: 41657 } }
I20260709 12:20:02.675169  8817 tablet_service.cc:1917] Received RequestConsensusVote() RPC: tablet_id: "d219c2c25a99413aaf7ef3daffd8c625" candidate_uuid: "8e6a604601a84744bcc17725af0d549c" candidate_term: 1 candidate_status { last_received { term: 0 index: 0 } } ignore_live_leader: false dest_uuid: "a7ab3a44490540959e38ee364458f622"
I20260709 12:20:02.678702  8817 raft_consensus.cc:3060] T d219c2c25a99413aaf7ef3daffd8c625 P a7ab3a44490540959e38ee364458f622 [term 0 FOLLOWER]: Advancing to term 1
I20260709 12:20:02.677639  8865 raft_consensus.cc:359] T 0be4a0b1355645c292f72f40770b29ec P 4a705d61309b44749f8b90bf4adb73c8 [term 0 FOLLOWER]: Replica starting. Triggering 0 pending ops. Active config: opid_index: -1 OBSOLETE_local: false peers { permanent_uuid: "8e6a604601a84744bcc17725af0d549c" member_type: VOTER last_known_addr { host: "127.7.85.1" port: 38373 } } peers { permanent_uuid: "4a705d61309b44749f8b90bf4adb73c8" member_type: VOTER last_known_addr { host: "127.7.85.2" port: 33571 } } peers { permanent_uuid: "a7ab3a44490540959e38ee364458f622" member_type: VOTER last_known_addr { host: "127.7.85.3" port: 41657 } }
I20260709 12:20:02.682489  8865 raft_consensus.cc:385] T 0be4a0b1355645c292f72f40770b29ec P 4a705d61309b44749f8b90bf4adb73c8 [term 0 FOLLOWER]: Consensus starting up: Expiring failure detector timer to make a prompt election more likely
I20260709 12:20:02.682930  8865 raft_consensus.cc:740] T 0be4a0b1355645c292f72f40770b29ec P 4a705d61309b44749f8b90bf4adb73c8 [term 0 FOLLOWER]: Becoming Follower/Learner. State: Replica: 4a705d61309b44749f8b90bf4adb73c8, State: Initialized, Role: FOLLOWER
I20260709 12:20:02.686122  8865 consensus_queue.cc:260] T 0be4a0b1355645c292f72f40770b29ec P 4a705d61309b44749f8b90bf4adb73c8 [NON_LEADER]: Queue going to NON_LEADER mode. State: All replicated index: 0, Majority replicated index: 0, Committed index: 0, Last appended: 0.0, Last appended by leader: 0, Current term: 0, Majority size: -1, State: 0, Mode: NON_LEADER, active raft config: opid_index: -1 OBSOLETE_local: false peers { permanent_uuid: "8e6a604601a84744bcc17725af0d549c" member_type: VOTER last_known_addr { host: "127.7.85.1" port: 38373 } } peers { permanent_uuid: "4a705d61309b44749f8b90bf4adb73c8" member_type: VOTER last_known_addr { host: "127.7.85.2" port: 33571 } } peers { permanent_uuid: "a7ab3a44490540959e38ee364458f622" member_type: VOTER last_known_addr { host: "127.7.85.3" port: 41657 } }
I20260709 12:20:02.687862  8674 tablet_service.cc:1917] Received RequestConsensusVote() RPC: tablet_id: "d968d87f766a440eaf48b46e91b994d9" candidate_uuid: "a7ab3a44490540959e38ee364458f622" candidate_term: 1 candidate_status { last_received { term: 0 index: 0 } } ignore_live_leader: false dest_uuid: "8e6a604601a84744bcc17725af0d549c"
I20260709 12:20:02.688719  8869 raft_consensus.cc:493] T 3e9ec9e1189d4d598665caf810a43dbb P 8e6a604601a84744bcc17725af0d549c [term 0 FOLLOWER]: Starting pre-election (no leader contacted us within the election timeout)
I20260709 12:20:02.687204  8863 consensus_queue.cc:260] T 618b8f5f29c2451587f410894cebda61 P 8e6a604601a84744bcc17725af0d549c [NON_LEADER]: Queue going to NON_LEADER mode. State: All replicated index: 0, Majority replicated index: 0, Committed index: 0, Last appended: 0.0, Last appended by leader: 0, Current term: 0, Majority size: -1, State: 0, Mode: NON_LEADER, active raft config: opid_index: -1 OBSOLETE_local: false peers { permanent_uuid: "8e6a604601a84744bcc17725af0d549c" member_type: VOTER last_known_addr { host: "127.7.85.1" port: 38373 } } peers { permanent_uuid: "4a705d61309b44749f8b90bf4adb73c8" member_type: VOTER last_known_addr { host: "127.7.85.2" port: 33571 } } peers { permanent_uuid: "a7ab3a44490540959e38ee364458f622" member_type: VOTER last_known_addr { host: "127.7.85.3" port: 41657 } }
I20260709 12:20:02.689170  8869 raft_consensus.cc:515] T 3e9ec9e1189d4d598665caf810a43dbb P 8e6a604601a84744bcc17725af0d549c [term 0 FOLLOWER]: Starting pre-election with config: opid_index: -1 OBSOLETE_local: false peers { permanent_uuid: "8e6a604601a84744bcc17725af0d549c" member_type: VOTER last_known_addr { host: "127.7.85.1" port: 38373 } } peers { permanent_uuid: "4a705d61309b44749f8b90bf4adb73c8" member_type: VOTER last_known_addr { host: "127.7.85.2" port: 33571 } } peers { permanent_uuid: "a7ab3a44490540959e38ee364458f622" member_type: VOTER last_known_addr { host: "127.7.85.3" port: 41657 } }
I20260709 12:20:02.693590  8863 ts_tablet_manager.cc:1434] T 618b8f5f29c2451587f410894cebda61 P 8e6a604601a84744bcc17725af0d549c: Time spent starting tablet: real 0.048s	user 0.004s	sys 0.003s
I20260709 12:20:02.695281  8863 tablet_bootstrap.cc:492] T b396b3c989144a6b9c29251784daedd1 P 8e6a604601a84744bcc17725af0d549c: Bootstrap starting.
W20260709 12:20:02.695467  8788 leader_election.cc:343] T d968d87f766a440eaf48b46e91b994d9 P a7ab3a44490540959e38ee364458f622 [CANDIDATE]: Term 1 election: Tablet error from VoteRequest() call to peer 8e6a604601a84744bcc17725af0d549c (127.7.85.1:38373): Illegal state: must be running to vote when last-logged opid is not known
I20260709 12:20:02.696341  8865 ts_tablet_manager.cc:1434] T 0be4a0b1355645c292f72f40770b29ec P 4a705d61309b44749f8b90bf4adb73c8: Time spent starting tablet: real 0.089s	user 0.003s	sys 0.003s
I20260709 12:20:02.697372  8865 tablet_bootstrap.cc:492] T 4a928aff55714cc5a5936e0b534fc7a3 P 4a705d61309b44749f8b90bf4adb73c8: Bootstrap starting.
I20260709 12:20:02.686025  9115 leader_election.cc:290] T d968d87f766a440eaf48b46e91b994d9 P a7ab3a44490540959e38ee364458f622 [CANDIDATE]: Term 1 election: Requested vote from peers 8e6a604601a84744bcc17725af0d549c (127.7.85.1:38373), 4a705d61309b44749f8b90bf4adb73c8 (127.7.85.2:33571)
I20260709 12:20:02.683959  9072 leader_election.cc:290] T d219c2c25a99413aaf7ef3daffd8c625 P 8e6a604601a84744bcc17725af0d549c [CANDIDATE]: Term 1 election: Requested vote from peers 4a705d61309b44749f8b90bf4adb73c8 (127.7.85.2:33571), a7ab3a44490540959e38ee364458f622 (127.7.85.3:41657)
I20260709 12:20:02.704312  8748 tablet_service.cc:1917] Received RequestConsensusVote() RPC: tablet_id: "d968d87f766a440eaf48b46e91b994d9" candidate_uuid: "a7ab3a44490540959e38ee364458f622" candidate_term: 1 candidate_status { last_received { term: 0 index: 0 } } ignore_live_leader: false dest_uuid: "4a705d61309b44749f8b90bf4adb73c8"
I20260709 12:20:02.693809  8745 tablet_service.cc:1917] Received RequestConsensusVote() RPC: tablet_id: "3e9ec9e1189d4d598665caf810a43dbb" candidate_uuid: "8e6a604601a84744bcc17725af0d549c" candidate_term: 1 candidate_status { last_received { term: 0 index: 0 } } ignore_live_leader: false dest_uuid: "4a705d61309b44749f8b90bf4adb73c8" is_pre_election: true
I20260709 12:20:02.705377  8824 tablet_service.cc:1917] Received RequestConsensusVote() RPC: tablet_id: "3e9ec9e1189d4d598665caf810a43dbb" candidate_uuid: "8e6a604601a84744bcc17725af0d549c" candidate_term: 1 candidate_status { last_received { term: 0 index: 0 } } ignore_live_leader: false dest_uuid: "a7ab3a44490540959e38ee364458f622" is_pre_election: true
I20260709 12:20:02.709766  8869 leader_election.cc:290] T 3e9ec9e1189d4d598665caf810a43dbb P 8e6a604601a84744bcc17725af0d549c [CANDIDATE]: Term 1 pre-election: Requested pre-vote from peers 4a705d61309b44749f8b90bf4adb73c8 (127.7.85.2:33571), a7ab3a44490540959e38ee364458f622 (127.7.85.3:41657)
I20260709 12:20:02.712376  9112 raft_consensus.cc:493] T b396b3c989144a6b9c29251784daedd1 P a7ab3a44490540959e38ee364458f622 [term 0 FOLLOWER]: Starting pre-election (no leader contacted us within the election timeout)
I20260709 12:20:02.719285  9112 raft_consensus.cc:515] T b396b3c989144a6b9c29251784daedd1 P a7ab3a44490540959e38ee364458f622 [term 0 FOLLOWER]: Starting pre-election with config: opid_index: -1 OBSOLETE_local: false peers { permanent_uuid: "8e6a604601a84744bcc17725af0d549c" member_type: VOTER last_known_addr { host: "127.7.85.1" port: 38373 } } peers { permanent_uuid: "4a705d61309b44749f8b90bf4adb73c8" member_type: VOTER last_known_addr { host: "127.7.85.2" port: 33571 } } peers { permanent_uuid: "a7ab3a44490540959e38ee364458f622" member_type: VOTER last_known_addr { host: "127.7.85.3" port: 41657 } }
I20260709 12:20:02.719656  8674 tablet_service.cc:1917] Received RequestConsensusVote() RPC: tablet_id: "d968d87f766a440eaf48b46e91b994d9" candidate_uuid: "4a705d61309b44749f8b90bf4adb73c8" candidate_term: 1 candidate_status { last_received { term: 0 index: 0 } } ignore_live_leader: false dest_uuid: "8e6a604601a84744bcc17725af0d549c"
I20260709 12:20:02.722860  8819 tablet_service.cc:1917] Received RequestConsensusVote() RPC: tablet_id: "d968d87f766a440eaf48b46e91b994d9" candidate_uuid: "4a705d61309b44749f8b90bf4adb73c8" candidate_term: 1 candidate_status { last_received { term: 0 index: 0 } } ignore_live_leader: false dest_uuid: "a7ab3a44490540959e38ee364458f622"
W20260709 12:20:02.723322  8714 leader_election.cc:343] T d968d87f766a440eaf48b46e91b994d9 P 4a705d61309b44749f8b90bf4adb73c8 [CANDIDATE]: Term 1 election: Tablet error from VoteRequest() call to peer 8e6a604601a84744bcc17725af0d549c (127.7.85.1:38373): Illegal state: must be running to vote when last-logged opid is not known
I20260709 12:20:02.723693  8819 raft_consensus.cc:2393] T d968d87f766a440eaf48b46e91b994d9 P a7ab3a44490540959e38ee364458f622 [term 1 FOLLOWER]: Leader election vote request: Denying vote to candidate 4a705d61309b44749f8b90bf4adb73c8 in current term 1: Already voted for candidate a7ab3a44490540959e38ee364458f622 in this term.
I20260709 12:20:02.723789  9112 leader_election.cc:290] T b396b3c989144a6b9c29251784daedd1 P a7ab3a44490540959e38ee364458f622 [CANDIDATE]: Term 1 pre-election: Requested pre-vote from peers 8e6a604601a84744bcc17725af0d549c (127.7.85.1:38373), 4a705d61309b44749f8b90bf4adb73c8 (127.7.85.2:33571)
I20260709 12:20:02.719291  9108 leader_election.cc:290] T d968d87f766a440eaf48b46e91b994d9 P 4a705d61309b44749f8b90bf4adb73c8 [CANDIDATE]: Term 1 election: Requested vote from peers 8e6a604601a84744bcc17725af0d549c (127.7.85.1:38373), a7ab3a44490540959e38ee364458f622 (127.7.85.3:41657)
I20260709 12:20:02.728019  8745 raft_consensus.cc:2393] T 3e9ec9e1189d4d598665caf810a43dbb P 4a705d61309b44749f8b90bf4adb73c8 [term 1 FOLLOWER]: Leader pre-election vote request: Denying vote to candidate 8e6a604601a84744bcc17725af0d549c in current term 1: Already voted for candidate a7ab3a44490540959e38ee364458f622 in this term.
I20260709 12:20:02.728097  8749 tablet_service.cc:1917] Received RequestConsensusVote() RPC: tablet_id: "b396b3c989144a6b9c29251784daedd1" candidate_uuid: "a7ab3a44490540959e38ee364458f622" candidate_term: 1 candidate_status { last_received { term: 0 index: 0 } } ignore_live_leader: false dest_uuid: "4a705d61309b44749f8b90bf4adb73c8" is_pre_election: true
I20260709 12:20:02.728791  8749 raft_consensus.cc:2468] T b396b3c989144a6b9c29251784daedd1 P 4a705d61309b44749f8b90bf4adb73c8 [term 0 FOLLOWER]: Leader pre-election vote request: Granting yes vote for candidate a7ab3a44490540959e38ee364458f622 in term 0.
I20260709 12:20:02.729723  8674 tablet_service.cc:1917] Received RequestConsensusVote() RPC: tablet_id: "b396b3c989144a6b9c29251784daedd1" candidate_uuid: "a7ab3a44490540959e38ee364458f622" candidate_term: 1 candidate_status { last_received { term: 0 index: 0 } } ignore_live_leader: false dest_uuid: "8e6a604601a84744bcc17725af0d549c" is_pre_election: true
I20260709 12:20:02.729984  8788 leader_election.cc:304] T b396b3c989144a6b9c29251784daedd1 P a7ab3a44490540959e38ee364458f622 [CANDIDATE]: Term 1 pre-election: Election decided. Result: candidate won. Election summary: received 2 responses out of 3 voters: 2 yes votes; 0 no votes. yes voters: 4a705d61309b44749f8b90bf4adb73c8, a7ab3a44490540959e38ee364458f622; no voters: 
I20260709 12:20:02.731317  8715 leader_election.cc:304] T d968d87f766a440eaf48b46e91b994d9 P 4a705d61309b44749f8b90bf4adb73c8 [CANDIDATE]: Term 1 election: Election decided. Result: candidate lost. Election summary: received 3 responses out of 3 voters: 1 yes votes; 2 no votes. yes voters: 4a705d61309b44749f8b90bf4adb73c8; no voters: 8e6a604601a84744bcc17725af0d549c, a7ab3a44490540959e38ee364458f622
I20260709 12:20:02.727609  8748 raft_consensus.cc:2393] T d968d87f766a440eaf48b46e91b994d9 P 4a705d61309b44749f8b90bf4adb73c8 [term 1 FOLLOWER]: Leader election vote request: Denying vote to candidate a7ab3a44490540959e38ee364458f622 in current term 1: Already voted for candidate 4a705d61309b44749f8b90bf4adb73c8 in this term.
I20260709 12:20:02.733956  9115 raft_consensus.cc:2804] T b396b3c989144a6b9c29251784daedd1 P a7ab3a44490540959e38ee364458f622 [term 0 FOLLOWER]: Leader pre-election won for term 1
I20260709 12:20:02.734346  9115 raft_consensus.cc:493] T b396b3c989144a6b9c29251784daedd1 P a7ab3a44490540959e38ee364458f622 [term 0 FOLLOWER]: Starting leader election (no leader contacted us within the election timeout)
I20260709 12:20:02.734664  9115 raft_consensus.cc:3060] T b396b3c989144a6b9c29251784daedd1 P a7ab3a44490540959e38ee364458f622 [term 0 FOLLOWER]: Advancing to term 1
I20260709 12:20:02.735057  8639 leader_election.cc:304] T 3e9ec9e1189d4d598665caf810a43dbb P 8e6a604601a84744bcc17725af0d549c [CANDIDATE]: Term 1 pre-election: Election decided. Result: candidate lost. Election summary: received 3 responses out of 3 voters: 1 yes votes; 2 no votes. yes voters: 8e6a604601a84744bcc17725af0d549c; no voters: 4a705d61309b44749f8b90bf4adb73c8, a7ab3a44490540959e38ee364458f622
W20260709 12:20:02.735980  8788 leader_election.cc:343] T b396b3c989144a6b9c29251784daedd1 P a7ab3a44490540959e38ee364458f622 [CANDIDATE]: Term 1 pre-election: Tablet error from VoteRequest() call to peer 8e6a604601a84744bcc17725af0d549c (127.7.85.1:38373): Illegal state: must be running to vote when last-logged opid is not known
I20260709 12:20:02.736426  8869 raft_consensus.cc:3060] T 3e9ec9e1189d4d598665caf810a43dbb P 8e6a604601a84744bcc17725af0d549c [term 0 FOLLOWER]: Advancing to term 1
I20260709 12:20:02.736941  8824 raft_consensus.cc:3060] T 34b72cdaa9ed4cb3b3a96f956829af2b P a7ab3a44490540959e38ee364458f622 [term 0 FOLLOWER]: Advancing to term 1
I20260709 12:20:02.737080  8864 tablet_bootstrap.cc:654] T ea604b06e7784419943f1cf566a32ad2 P a7ab3a44490540959e38ee364458f622: Neither blocks nor log segments found. Creating new log.
I20260709 12:20:02.737357  9108 raft_consensus.cc:2749] T d968d87f766a440eaf48b46e91b994d9 P 4a705d61309b44749f8b90bf4adb73c8 [term 1 FOLLOWER]: Leader election lost for term 1. Reason: could not achieve majority
I20260709 12:20:02.739070  8788 leader_election.cc:304] T d968d87f766a440eaf48b46e91b994d9 P a7ab3a44490540959e38ee364458f622 [CANDIDATE]: Term 1 election: Election decided. Result: candidate lost. Election summary: received 3 responses out of 3 voters: 1 yes votes; 2 no votes. yes voters: a7ab3a44490540959e38ee364458f622; no voters: 4a705d61309b44749f8b90bf4adb73c8, 8e6a604601a84744bcc17725af0d549c
I20260709 12:20:02.739815  9112 raft_consensus.cc:2749] T d968d87f766a440eaf48b46e91b994d9 P a7ab3a44490540959e38ee364458f622 [term 1 FOLLOWER]: Leader election lost for term 1. Reason: could not achieve majority
I20260709 12:20:02.732106  8817 raft_consensus.cc:2468] T d219c2c25a99413aaf7ef3daffd8c625 P a7ab3a44490540959e38ee364458f622 [term 1 FOLLOWER]: Leader election vote request: Granting yes vote for candidate 8e6a604601a84744bcc17725af0d549c in term 1.
I20260709 12:20:02.742388  8572 catalog_manager.cc:5697] T d219c2c25a99413aaf7ef3daffd8c625 P 8e6a604601a84744bcc17725af0d549c reported cstate change: term changed from 0 to 1, leader changed from <none> to 8e6a604601a84744bcc17725af0d549c (127.7.85.1). New cstate: current_term: 1 leader_uuid: "8e6a604601a84744bcc17725af0d549c" committed_config { opid_index: -1 OBSOLETE_local: false peers { permanent_uuid: "8e6a604601a84744bcc17725af0d549c" member_type: VOTER last_known_addr { host: "127.7.85.1" port: 38373 } health_report { overall_health: HEALTHY } } peers { permanent_uuid: "4a705d61309b44749f8b90bf4adb73c8" member_type: VOTER last_known_addr { host: "127.7.85.2" port: 33571 } health_report { overall_health: UNKNOWN } } peers { permanent_uuid: "a7ab3a44490540959e38ee364458f622" member_type: VOTER last_known_addr { host: "127.7.85.3" port: 41657 } health_report { overall_health: UNKNOWN } } }
I20260709 12:20:02.749068  8869 raft_consensus.cc:2749] T 3e9ec9e1189d4d598665caf810a43dbb P 8e6a604601a84744bcc17725af0d549c [term 1 FOLLOWER]: Leader pre-election lost for term 1. Reason: could not achieve majority
I20260709 12:20:02.751890  8865 tablet_bootstrap.cc:654] T 4a928aff55714cc5a5936e0b534fc7a3 P 4a705d61309b44749f8b90bf4adb73c8: Neither blocks nor log segments found. Creating new log.
I20260709 12:20:02.756186  9112 consensus_queue.cc:1048] T 3e9ec9e1189d4d598665caf810a43dbb P a7ab3a44490540959e38ee364458f622 [LEADER]: Connected to new peer: Peer: permanent_uuid: "8e6a604601a84744bcc17725af0d549c" member_type: VOTER last_known_addr { host: "127.7.85.1" port: 38373 }, Status: LMP_MISMATCH, Last received: 0.0, Next index: 1, Last known committed idx: 0, Time since last communication: 0.001s
I20260709 12:20:02.760922  8863 tablet_bootstrap.cc:654] T b396b3c989144a6b9c29251784daedd1 P 8e6a604601a84744bcc17725af0d549c: Neither blocks nor log segments found. Creating new log.
I20260709 12:20:02.773079  9115 raft_consensus.cc:515] T b396b3c989144a6b9c29251784daedd1 P a7ab3a44490540959e38ee364458f622 [term 1 FOLLOWER]: Starting leader election with config: opid_index: -1 OBSOLETE_local: false peers { permanent_uuid: "8e6a604601a84744bcc17725af0d549c" member_type: VOTER last_known_addr { host: "127.7.85.1" port: 38373 } } peers { permanent_uuid: "4a705d61309b44749f8b90bf4adb73c8" member_type: VOTER last_known_addr { host: "127.7.85.2" port: 33571 } } peers { permanent_uuid: "a7ab3a44490540959e38ee364458f622" member_type: VOTER last_known_addr { host: "127.7.85.3" port: 41657 } }
I20260709 12:20:02.773720  8865 tablet_bootstrap.cc:492] T 4a928aff55714cc5a5936e0b534fc7a3 P 4a705d61309b44749f8b90bf4adb73c8: No bootstrap required, opened a new log
I20260709 12:20:02.774246  8865 ts_tablet_manager.cc:1403] T 4a928aff55714cc5a5936e0b534fc7a3 P 4a705d61309b44749f8b90bf4adb73c8: Time spent bootstrapping tablet: real 0.077s	user 0.008s	sys 0.004s
I20260709 12:20:02.778862  8572 catalog_manager.cc:5697] T 3e9ec9e1189d4d598665caf810a43dbb P 8e6a604601a84744bcc17725af0d549c reported cstate change: term changed from 0 to 1, leader changed from <none> to a7ab3a44490540959e38ee364458f622 (127.7.85.3). New cstate: current_term: 1 leader_uuid: "a7ab3a44490540959e38ee364458f622" committed_config { opid_index: -1 OBSOLETE_local: false peers { permanent_uuid: "8e6a604601a84744bcc17725af0d549c" member_type: VOTER last_known_addr { host: "127.7.85.1" port: 38373 } } peers { permanent_uuid: "4a705d61309b44749f8b90bf4adb73c8" member_type: VOTER last_known_addr { host: "127.7.85.2" port: 33571 } } peers { permanent_uuid: "a7ab3a44490540959e38ee364458f622" member_type: VOTER last_known_addr { host: "127.7.85.3" port: 41657 } } }
I20260709 12:20:02.784224  9115 leader_election.cc:290] T b396b3c989144a6b9c29251784daedd1 P a7ab3a44490540959e38ee364458f622 [CANDIDATE]: Term 1 election: Requested vote from peers 8e6a604601a84744bcc17725af0d549c (127.7.85.1:38373), 4a705d61309b44749f8b90bf4adb73c8 (127.7.85.2:33571)
I20260709 12:20:02.784960  8864 tablet_bootstrap.cc:492] T ea604b06e7784419943f1cf566a32ad2 P a7ab3a44490540959e38ee364458f622: No bootstrap required, opened a new log
I20260709 12:20:02.785434  8864 ts_tablet_manager.cc:1403] T ea604b06e7784419943f1cf566a32ad2 P a7ab3a44490540959e38ee364458f622: Time spent bootstrapping tablet: real 0.128s	user 0.011s	sys 0.002s
I20260709 12:20:02.788167  8864 raft_consensus.cc:359] T ea604b06e7784419943f1cf566a32ad2 P a7ab3a44490540959e38ee364458f622 [term 0 FOLLOWER]: Replica starting. Triggering 0 pending ops. Active config: opid_index: -1 OBSOLETE_local: false peers { permanent_uuid: "8e6a604601a84744bcc17725af0d549c" member_type: VOTER last_known_addr { host: "127.7.85.1" port: 38373 } } peers { permanent_uuid: "4a705d61309b44749f8b90bf4adb73c8" member_type: VOTER last_known_addr { host: "127.7.85.2" port: 33571 } } peers { permanent_uuid: "a7ab3a44490540959e38ee364458f622" member_type: VOTER last_known_addr { host: "127.7.85.3" port: 41657 } }
I20260709 12:20:02.788872  8864 raft_consensus.cc:385] T ea604b06e7784419943f1cf566a32ad2 P a7ab3a44490540959e38ee364458f622 [term 0 FOLLOWER]: Consensus starting up: Expiring failure detector timer to make a prompt election more likely
I20260709 12:20:02.789131  8864 raft_consensus.cc:740] T ea604b06e7784419943f1cf566a32ad2 P a7ab3a44490540959e38ee364458f622 [term 0 FOLLOWER]: Becoming Follower/Learner. State: Replica: a7ab3a44490540959e38ee364458f622, State: Initialized, Role: FOLLOWER
I20260709 12:20:02.789657  8864 consensus_queue.cc:260] T ea604b06e7784419943f1cf566a32ad2 P a7ab3a44490540959e38ee364458f622 [NON_LEADER]: Queue going to NON_LEADER mode. State: All replicated index: 0, Majority replicated index: 0, Committed index: 0, Last appended: 0.0, Last appended by leader: 0, Current term: 0, Majority size: -1, State: 0, Mode: NON_LEADER, active raft config: opid_index: -1 OBSOLETE_local: false peers { permanent_uuid: "8e6a604601a84744bcc17725af0d549c" member_type: VOTER last_known_addr { host: "127.7.85.1" port: 38373 } } peers { permanent_uuid: "4a705d61309b44749f8b90bf4adb73c8" member_type: VOTER last_known_addr { host: "127.7.85.2" port: 33571 } } peers { permanent_uuid: "a7ab3a44490540959e38ee364458f622" member_type: VOTER last_known_addr { host: "127.7.85.3" port: 41657 } }
I20260709 12:20:02.792755  8863 tablet_bootstrap.cc:492] T b396b3c989144a6b9c29251784daedd1 P 8e6a604601a84744bcc17725af0d549c: No bootstrap required, opened a new log
I20260709 12:20:02.793236  8863 ts_tablet_manager.cc:1403] T b396b3c989144a6b9c29251784daedd1 P 8e6a604601a84744bcc17725af0d549c: Time spent bootstrapping tablet: real 0.098s	user 0.013s	sys 0.005s
I20260709 12:20:02.793715  9109 consensus_queue.cc:1048] T 3e9ec9e1189d4d598665caf810a43dbb P a7ab3a44490540959e38ee364458f622 [LEADER]: Connected to new peer: Peer: permanent_uuid: "4a705d61309b44749f8b90bf4adb73c8" member_type: VOTER last_known_addr { host: "127.7.85.2" port: 33571 }, Status: LMP_MISMATCH, Last received: 0.0, Next index: 1, Last known committed idx: 0, Time since last communication: 0.000s
I20260709 12:20:02.795403  8865 raft_consensus.cc:359] T 4a928aff55714cc5a5936e0b534fc7a3 P 4a705d61309b44749f8b90bf4adb73c8 [term 0 FOLLOWER]: Replica starting. Triggering 0 pending ops. Active config: opid_index: -1 OBSOLETE_local: false peers { permanent_uuid: "8e6a604601a84744bcc17725af0d549c" member_type: VOTER last_known_addr { host: "127.7.85.1" port: 38373 } } peers { permanent_uuid: "4a705d61309b44749f8b90bf4adb73c8" member_type: VOTER last_known_addr { host: "127.7.85.2" port: 33571 } } peers { permanent_uuid: "a7ab3a44490540959e38ee364458f622" member_type: VOTER last_known_addr { host: "127.7.85.3" port: 41657 } }
I20260709 12:20:02.795747  8863 raft_consensus.cc:359] T b396b3c989144a6b9c29251784daedd1 P 8e6a604601a84744bcc17725af0d549c [term 0 FOLLOWER]: Replica starting. Triggering 0 pending ops. Active config: opid_index: -1 OBSOLETE_local: false peers { permanent_uuid: "8e6a604601a84744bcc17725af0d549c" member_type: VOTER last_known_addr { host: "127.7.85.1" port: 38373 } } peers { permanent_uuid: "4a705d61309b44749f8b90bf4adb73c8" member_type: VOTER last_known_addr { host: "127.7.85.2" port: 33571 } } peers { permanent_uuid: "a7ab3a44490540959e38ee364458f622" member_type: VOTER last_known_addr { host: "127.7.85.3" port: 41657 } }
I20260709 12:20:02.796442  8863 raft_consensus.cc:385] T b396b3c989144a6b9c29251784daedd1 P 8e6a604601a84744bcc17725af0d549c [term 0 FOLLOWER]: Consensus starting up: Expiring failure detector timer to make a prompt election more likely
I20260709 12:20:02.796198  8865 raft_consensus.cc:385] T 4a928aff55714cc5a5936e0b534fc7a3 P 4a705d61309b44749f8b90bf4adb73c8 [term 0 FOLLOWER]: Consensus starting up: Expiring failure detector timer to make a prompt election more likely
I20260709 12:20:02.796718  8863 raft_consensus.cc:740] T b396b3c989144a6b9c29251784daedd1 P 8e6a604601a84744bcc17725af0d549c [term 0 FOLLOWER]: Becoming Follower/Learner. State: Replica: 8e6a604601a84744bcc17725af0d549c, State: Initialized, Role: FOLLOWER
I20260709 12:20:02.798096  8865 raft_consensus.cc:740] T 4a928aff55714cc5a5936e0b534fc7a3 P 4a705d61309b44749f8b90bf4adb73c8 [term 0 FOLLOWER]: Becoming Follower/Learner. State: Replica: 4a705d61309b44749f8b90bf4adb73c8, State: Initialized, Role: FOLLOWER
I20260709 12:20:02.798590  8863 consensus_queue.cc:260] T b396b3c989144a6b9c29251784daedd1 P 8e6a604601a84744bcc17725af0d549c [NON_LEADER]: Queue going to NON_LEADER mode. State: All replicated index: 0, Majority replicated index: 0, Committed index: 0, Last appended: 0.0, Last appended by leader: 0, Current term: 0, Majority size: -1, State: 0, Mode: NON_LEADER, active raft config: opid_index: -1 OBSOLETE_local: false peers { permanent_uuid: "8e6a604601a84744bcc17725af0d549c" member_type: VOTER last_known_addr { host: "127.7.85.1" port: 38373 } } peers { permanent_uuid: "4a705d61309b44749f8b90bf4adb73c8" member_type: VOTER last_known_addr { host: "127.7.85.2" port: 33571 } } peers { permanent_uuid: "a7ab3a44490540959e38ee364458f622" member_type: VOTER last_known_addr { host: "127.7.85.3" port: 41657 } }
I20260709 12:20:02.798790  8865 consensus_queue.cc:260] T 4a928aff55714cc5a5936e0b534fc7a3 P 4a705d61309b44749f8b90bf4adb73c8 [NON_LEADER]: Queue going to NON_LEADER mode. State: All replicated index: 0, Majority replicated index: 0, Committed index: 0, Last appended: 0.0, Last appended by leader: 0, Current term: 0, Majority size: -1, State: 0, Mode: NON_LEADER, active raft config: opid_index: -1 OBSOLETE_local: false peers { permanent_uuid: "8e6a604601a84744bcc17725af0d549c" member_type: VOTER last_known_addr { host: "127.7.85.1" port: 38373 } } peers { permanent_uuid: "4a705d61309b44749f8b90bf4adb73c8" member_type: VOTER last_known_addr { host: "127.7.85.2" port: 33571 } } peers { permanent_uuid: "a7ab3a44490540959e38ee364458f622" member_type: VOTER last_known_addr { host: "127.7.85.3" port: 41657 } }
I20260709 12:20:02.797837  8864 ts_tablet_manager.cc:1434] T ea604b06e7784419943f1cf566a32ad2 P a7ab3a44490540959e38ee364458f622: Time spent starting tablet: real 0.012s	user 0.006s	sys 0.001s
I20260709 12:20:02.801055  8864 tablet_bootstrap.cc:492] T d5be02d1e79e4947a7a51e000cdc3eac P a7ab3a44490540959e38ee364458f622: Bootstrap starting.
I20260709 12:20:02.802697  8749 tablet_service.cc:1917] Received RequestConsensusVote() RPC: tablet_id: "b396b3c989144a6b9c29251784daedd1" candidate_uuid: "a7ab3a44490540959e38ee364458f622" candidate_term: 1 candidate_status { last_received { term: 0 index: 0 } } ignore_live_leader: false dest_uuid: "4a705d61309b44749f8b90bf4adb73c8"
I20260709 12:20:02.803320  8749 raft_consensus.cc:3060] T b396b3c989144a6b9c29251784daedd1 P 4a705d61309b44749f8b90bf4adb73c8 [term 0 FOLLOWER]: Advancing to term 1
I20260709 12:20:02.804473  8674 tablet_service.cc:1917] Received RequestConsensusVote() RPC: tablet_id: "b396b3c989144a6b9c29251784daedd1" candidate_uuid: "a7ab3a44490540959e38ee364458f622" candidate_term: 1 candidate_status { last_received { term: 0 index: 0 } } ignore_live_leader: false dest_uuid: "8e6a604601a84744bcc17725af0d549c"
I20260709 12:20:02.814713  9072 consensus_queue.cc:1048] T 145d335138d8437682744b7a6f533c9b P 8e6a604601a84744bcc17725af0d549c [LEADER]: Connected to new peer: Peer: permanent_uuid: "4a705d61309b44749f8b90bf4adb73c8" member_type: VOTER last_known_addr { host: "127.7.85.2" port: 33571 }, Status: LMP_MISMATCH, Last received: 0.0, Next index: 1, Last known committed idx: 0, Time since last communication: 0.001s
I20260709 12:20:02.819808  8863 ts_tablet_manager.cc:1434] T b396b3c989144a6b9c29251784daedd1 P 8e6a604601a84744bcc17725af0d549c: Time spent starting tablet: real 0.026s	user 0.008s	sys 0.000s
I20260709 12:20:02.820633  8863 tablet_bootstrap.cc:492] T d5be02d1e79e4947a7a51e000cdc3eac P 8e6a604601a84744bcc17725af0d549c: Bootstrap starting.
I20260709 12:20:02.807143  8674 raft_consensus.cc:3060] T b396b3c989144a6b9c29251784daedd1 P 8e6a604601a84744bcc17725af0d549c [term 0 FOLLOWER]: Advancing to term 1
I20260709 12:20:02.830257  8864 tablet_bootstrap.cc:654] T d5be02d1e79e4947a7a51e000cdc3eac P a7ab3a44490540959e38ee364458f622: Neither blocks nor log segments found. Creating new log.
I20260709 12:20:02.830561  8865 ts_tablet_manager.cc:1434] T 4a928aff55714cc5a5936e0b534fc7a3 P 4a705d61309b44749f8b90bf4adb73c8: Time spent starting tablet: real 0.056s	user 0.008s	sys 0.000s
I20260709 12:20:02.831398  8865 tablet_bootstrap.cc:492] T 0626e72e608e45239ebcfb134403884c P 4a705d61309b44749f8b90bf4adb73c8: Bootstrap starting.
I20260709 12:20:02.839619  8749 raft_consensus.cc:2468] T b396b3c989144a6b9c29251784daedd1 P 4a705d61309b44749f8b90bf4adb73c8 [term 1 FOLLOWER]: Leader election vote request: Granting yes vote for candidate a7ab3a44490540959e38ee364458f622 in term 1.
I20260709 12:20:02.841727  8788 leader_election.cc:304] T b396b3c989144a6b9c29251784daedd1 P a7ab3a44490540959e38ee364458f622 [CANDIDATE]: Term 1 election: Election decided. Result: candidate won. Election summary: received 2 responses out of 3 voters: 2 yes votes; 0 no votes. yes voters: 4a705d61309b44749f8b90bf4adb73c8, a7ab3a44490540959e38ee364458f622; no voters: 
I20260709 12:20:02.842557  9109 raft_consensus.cc:2804] T b396b3c989144a6b9c29251784daedd1 P a7ab3a44490540959e38ee364458f622 [term 1 FOLLOWER]: Leader election won for term 1
I20260709 12:20:02.843132  9109 raft_consensus.cc:697] T b396b3c989144a6b9c29251784daedd1 P a7ab3a44490540959e38ee364458f622 [term 1 LEADER]: Becoming Leader. State: Replica: a7ab3a44490540959e38ee364458f622, State: Running, Role: LEADER
I20260709 12:20:02.843991  9109 consensus_queue.cc:237] T b396b3c989144a6b9c29251784daedd1 P a7ab3a44490540959e38ee364458f622 [LEADER]: Queue going to LEADER mode. State: All replicated index: 0, Majority replicated index: 0, Committed index: 0, Last appended: 0.0, Last appended by leader: 0, Current term: 1, Majority size: 2, State: 0, Mode: LEADER, active raft config: opid_index: -1 OBSOLETE_local: false peers { permanent_uuid: "8e6a604601a84744bcc17725af0d549c" member_type: VOTER last_known_addr { host: "127.7.85.1" port: 38373 } } peers { permanent_uuid: "4a705d61309b44749f8b90bf4adb73c8" member_type: VOTER last_known_addr { host: "127.7.85.2" port: 33571 } } peers { permanent_uuid: "a7ab3a44490540959e38ee364458f622" member_type: VOTER last_known_addr { host: "127.7.85.3" port: 41657 } }
I20260709 12:20:02.852977  8674 raft_consensus.cc:2468] T b396b3c989144a6b9c29251784daedd1 P 8e6a604601a84744bcc17725af0d549c [term 1 FOLLOWER]: Leader election vote request: Granting yes vote for candidate a7ab3a44490540959e38ee364458f622 in term 1.
I20260709 12:20:02.860731  9072 consensus_queue.cc:1048] T 145d335138d8437682744b7a6f533c9b P 8e6a604601a84744bcc17725af0d549c [LEADER]: Connected to new peer: Peer: permanent_uuid: "a7ab3a44490540959e38ee364458f622" member_type: VOTER last_known_addr { host: "127.7.85.3" port: 41657 }, Status: LMP_MISMATCH, Last received: 0.0, Next index: 1, Last known committed idx: 0, Time since last communication: 0.000s
I20260709 12:20:02.861789  8863 tablet_bootstrap.cc:654] T d5be02d1e79e4947a7a51e000cdc3eac P 8e6a604601a84744bcc17725af0d549c: Neither blocks nor log segments found. Creating new log.
I20260709 12:20:02.865074  9108 consensus_queue.cc:1048] T 97c13109faee469db1fc81af78da8032 P 4a705d61309b44749f8b90bf4adb73c8 [LEADER]: Connected to new peer: Peer: permanent_uuid: "8e6a604601a84744bcc17725af0d549c" member_type: VOTER last_known_addr { host: "127.7.85.1" port: 38373 }, Status: LMP_MISMATCH, Last received: 0.0, Next index: 1, Last known committed idx: 0, Time since last communication: 0.000s
I20260709 12:20:02.868599  8865 tablet_bootstrap.cc:654] T 0626e72e608e45239ebcfb134403884c P 4a705d61309b44749f8b90bf4adb73c8: Neither blocks nor log segments found. Creating new log.
I20260709 12:20:02.874287  8570 catalog_manager.cc:5697] T b396b3c989144a6b9c29251784daedd1 P a7ab3a44490540959e38ee364458f622 reported cstate change: term changed from 0 to 1, leader changed from <none> to a7ab3a44490540959e38ee364458f622 (127.7.85.3). New cstate: current_term: 1 leader_uuid: "a7ab3a44490540959e38ee364458f622" committed_config { opid_index: -1 OBSOLETE_local: false peers { permanent_uuid: "8e6a604601a84744bcc17725af0d549c" member_type: VOTER last_known_addr { host: "127.7.85.1" port: 38373 } health_report { overall_health: UNKNOWN } } peers { permanent_uuid: "4a705d61309b44749f8b90bf4adb73c8" member_type: VOTER last_known_addr { host: "127.7.85.2" port: 33571 } health_report { overall_health: UNKNOWN } } peers { permanent_uuid: "a7ab3a44490540959e38ee364458f622" member_type: VOTER last_known_addr { host: "127.7.85.3" port: 41657 } health_report { overall_health: HEALTHY } } }
I20260709 12:20:02.877856  8864 tablet_bootstrap.cc:492] T d5be02d1e79e4947a7a51e000cdc3eac P a7ab3a44490540959e38ee364458f622: No bootstrap required, opened a new log
I20260709 12:20:02.878420  8864 ts_tablet_manager.cc:1403] T d5be02d1e79e4947a7a51e000cdc3eac P a7ab3a44490540959e38ee364458f622: Time spent bootstrapping tablet: real 0.077s	user 0.008s	sys 0.008s
I20260709 12:20:02.881026  8864 raft_consensus.cc:359] T d5be02d1e79e4947a7a51e000cdc3eac P a7ab3a44490540959e38ee364458f622 [term 0 FOLLOWER]: Replica starting. Triggering 0 pending ops. Active config: opid_index: -1 OBSOLETE_local: false peers { permanent_uuid: "8e6a604601a84744bcc17725af0d549c" member_type: VOTER last_known_addr { host: "127.7.85.1" port: 38373 } } peers { permanent_uuid: "4a705d61309b44749f8b90bf4adb73c8" member_type: VOTER last_known_addr { host: "127.7.85.2" port: 33571 } } peers { permanent_uuid: "a7ab3a44490540959e38ee364458f622" member_type: VOTER last_known_addr { host: "127.7.85.3" port: 41657 } }
I20260709 12:20:02.881675  8864 raft_consensus.cc:385] T d5be02d1e79e4947a7a51e000cdc3eac P a7ab3a44490540959e38ee364458f622 [term 0 FOLLOWER]: Consensus starting up: Expiring failure detector timer to make a prompt election more likely
I20260709 12:20:02.881950  8864 raft_consensus.cc:740] T d5be02d1e79e4947a7a51e000cdc3eac P a7ab3a44490540959e38ee364458f622 [term 0 FOLLOWER]: Becoming Follower/Learner. State: Replica: a7ab3a44490540959e38ee364458f622, State: Initialized, Role: FOLLOWER
I20260709 12:20:02.882573  8864 consensus_queue.cc:260] T d5be02d1e79e4947a7a51e000cdc3eac P a7ab3a44490540959e38ee364458f622 [NON_LEADER]: Queue going to NON_LEADER mode. State: All replicated index: 0, Majority replicated index: 0, Committed index: 0, Last appended: 0.0, Last appended by leader: 0, Current term: 0, Majority size: -1, State: 0, Mode: NON_LEADER, active raft config: opid_index: -1 OBSOLETE_local: false peers { permanent_uuid: "8e6a604601a84744bcc17725af0d549c" member_type: VOTER last_known_addr { host: "127.7.85.1" port: 38373 } } peers { permanent_uuid: "4a705d61309b44749f8b90bf4adb73c8" member_type: VOTER last_known_addr { host: "127.7.85.2" port: 33571 } } peers { permanent_uuid: "a7ab3a44490540959e38ee364458f622" member_type: VOTER last_known_addr { host: "127.7.85.3" port: 41657 } }
I20260709 12:20:02.886690  8864 ts_tablet_manager.cc:1434] T d5be02d1e79e4947a7a51e000cdc3eac P a7ab3a44490540959e38ee364458f622: Time spent starting tablet: real 0.008s	user 0.005s	sys 0.002s
I20260709 12:20:02.888891  9108 consensus_queue.cc:1048] T 97c13109faee469db1fc81af78da8032 P 4a705d61309b44749f8b90bf4adb73c8 [LEADER]: Connected to new peer: Peer: permanent_uuid: "a7ab3a44490540959e38ee364458f622" member_type: VOTER last_known_addr { host: "127.7.85.3" port: 41657 }, Status: LMP_MISMATCH, Last received: 0.0, Next index: 1, Last known committed idx: 0, Time since last communication: 0.000s
I20260709 12:20:02.889340  8864 tablet_bootstrap.cc:492] T 4a928aff55714cc5a5936e0b534fc7a3 P a7ab3a44490540959e38ee364458f622: Bootstrap starting.
I20260709 12:20:02.896854  8865 tablet_bootstrap.cc:492] T 0626e72e608e45239ebcfb134403884c P 4a705d61309b44749f8b90bf4adb73c8: No bootstrap required, opened a new log
I20260709 12:20:02.897492  8865 ts_tablet_manager.cc:1403] T 0626e72e608e45239ebcfb134403884c P 4a705d61309b44749f8b90bf4adb73c8: Time spent bootstrapping tablet: real 0.066s	user 0.010s	sys 0.004s
I20260709 12:20:02.898659  8864 tablet_bootstrap.cc:654] T 4a928aff55714cc5a5936e0b534fc7a3 P a7ab3a44490540959e38ee364458f622: Neither blocks nor log segments found. Creating new log.
I20260709 12:20:02.900585  8865 raft_consensus.cc:359] T 0626e72e608e45239ebcfb134403884c P 4a705d61309b44749f8b90bf4adb73c8 [term 0 FOLLOWER]: Replica starting. Triggering 0 pending ops. Active config: opid_index: -1 OBSOLETE_local: false peers { permanent_uuid: "8e6a604601a84744bcc17725af0d549c" member_type: VOTER last_known_addr { host: "127.7.85.1" port: 38373 } } peers { permanent_uuid: "4a705d61309b44749f8b90bf4adb73c8" member_type: VOTER last_known_addr { host: "127.7.85.2" port: 33571 } } peers { permanent_uuid: "a7ab3a44490540959e38ee364458f622" member_type: VOTER last_known_addr { host: "127.7.85.3" port: 41657 } }
I20260709 12:20:02.901389  8865 raft_consensus.cc:385] T 0626e72e608e45239ebcfb134403884c P 4a705d61309b44749f8b90bf4adb73c8 [term 0 FOLLOWER]: Consensus starting up: Expiring failure detector timer to make a prompt election more likely
I20260709 12:20:02.901731  8865 raft_consensus.cc:740] T 0626e72e608e45239ebcfb134403884c P 4a705d61309b44749f8b90bf4adb73c8 [term 0 FOLLOWER]: Becoming Follower/Learner. State: Replica: 4a705d61309b44749f8b90bf4adb73c8, State: Initialized, Role: FOLLOWER
