I20260709 12:20:06.979398  3073 raft_consensus.cc:515] T eac7f34a1a714a2e887021960be25f77 P 0329e6be6f1947288a79009e5dcd2af8 [term 0 FOLLOWER]: Starting pre-election with config: opid_index: -1 OBSOLETE_local: false peers { permanent_uuid: "0329e6be6f1947288a79009e5dcd2af8" member_type: VOTER last_known_addr { host: "127.1.136.1" port: 43969 } } peers { permanent_uuid: "f844f8bbe84443d3a8be54105d80bc01" member_type: VOTER last_known_addr { host: "127.1.136.2" port: 42107 } } peers { permanent_uuid: "9e862de7212c468bbd092295c3ef142c" member_type: VOTER last_known_addr { host: "127.1.136.3" port: 41853 } }
I20260709 12:20:06.982638  3073 leader_election.cc:290] T eac7f34a1a714a2e887021960be25f77 P 0329e6be6f1947288a79009e5dcd2af8 [CANDIDATE]: Term 1 pre-election: Requested pre-vote from peers f844f8bbe84443d3a8be54105d80bc01 (127.1.136.2:42107), 9e862de7212c468bbd092295c3ef142c (127.1.136.3:41853)
I20260709 12:20:06.984457  2751 tablet_service.cc:1917] Received RequestConsensusVote() RPC: tablet_id: "eac7f34a1a714a2e887021960be25f77" candidate_uuid: "f844f8bbe84443d3a8be54105d80bc01" candidate_term: 1 candidate_status { last_received { term: 0 index: 0 } } ignore_live_leader: false dest_uuid: "0329e6be6f1947288a79009e5dcd2af8" is_pre_election: true
I20260709 12:20:06.985179  2751 raft_consensus.cc:2468] T eac7f34a1a714a2e887021960be25f77 P 0329e6be6f1947288a79009e5dcd2af8 [term 0 FOLLOWER]: Leader pre-election vote request: Granting yes vote for candidate f844f8bbe84443d3a8be54105d80bc01 in term 0.
I20260709 12:20:06.986399  2752 tablet_service.cc:1917] Received RequestConsensusVote() RPC: tablet_id: "50dc9b625650409da6fe18322e5f2f48" candidate_uuid: "f844f8bbe84443d3a8be54105d80bc01" candidate_term: 1 candidate_status { last_received { term: 0 index: 0 } } ignore_live_leader: false dest_uuid: "0329e6be6f1947288a79009e5dcd2af8" is_pre_election: true
I20260709 12:20:06.989959  2895 tablet_service.cc:1917] Received RequestConsensusVote() RPC: tablet_id: "9322ab7f56864b579de211ff0f8b0722" candidate_uuid: "0329e6be6f1947288a79009e5dcd2af8" candidate_term: 1 candidate_status { last_received { term: 0 index: 0 } } ignore_live_leader: false dest_uuid: "9e862de7212c468bbd092295c3ef142c" is_pre_election: true
I20260709 12:20:06.990340  2904 tablet_service.cc:1917] Received RequestConsensusVote() RPC: tablet_id: "eac7f34a1a714a2e887021960be25f77" candidate_uuid: "0329e6be6f1947288a79009e5dcd2af8" candidate_term: 1 candidate_status { last_received { term: 0 index: 0 } } ignore_live_leader: false dest_uuid: "9e862de7212c468bbd092295c3ef142c" is_pre_election: true
I20260709 12:20:06.986136  3088 raft_consensus.cc:515] T eac7f34a1a714a2e887021960be25f77 P f844f8bbe84443d3a8be54105d80bc01 [term 1 FOLLOWER]: Starting leader election with config: opid_index: -1 OBSOLETE_local: false peers { permanent_uuid: "0329e6be6f1947288a79009e5dcd2af8" member_type: VOTER last_known_addr { host: "127.1.136.1" port: 43969 } } peers { permanent_uuid: "f844f8bbe84443d3a8be54105d80bc01" member_type: VOTER last_known_addr { host: "127.1.136.2" port: 42107 } } peers { permanent_uuid: "9e862de7212c468bbd092295c3ef142c" member_type: VOTER last_known_addr { host: "127.1.136.3" port: 41853 } }
I20260709 12:20:06.990695  2895 raft_consensus.cc:2468] T 9322ab7f56864b579de211ff0f8b0722 P 9e862de7212c468bbd092295c3ef142c [term 0 FOLLOWER]: Leader pre-election vote request: Granting yes vote for candidate 0329e6be6f1947288a79009e5dcd2af8 in term 0.
I20260709 12:20:06.991055  2904 raft_consensus.cc:2468] T eac7f34a1a714a2e887021960be25f77 P 9e862de7212c468bbd092295c3ef142c [term 0 FOLLOWER]: Leader pre-election vote request: Granting yes vote for candidate 0329e6be6f1947288a79009e5dcd2af8 in term 0.
I20260709 12:20:06.992959  2947 tablet_bootstrap.cc:492] T 6751edfe98e740ee85748aa412f0d9c1 P 9e862de7212c468bbd092295c3ef142c: No bootstrap required, opened a new log
I20260709 12:20:06.993772  2947 ts_tablet_manager.cc:1403] T 6751edfe98e740ee85748aa412f0d9c1 P 9e862de7212c468bbd092295c3ef142c: Time spent bootstrapping tablet: real 0.117s	user 0.026s	sys 0.005s
I20260709 12:20:06.994303  2829 tablet_service.cc:1917] Received RequestConsensusVote() RPC: tablet_id: "9322ab7f56864b579de211ff0f8b0722" candidate_uuid: "0329e6be6f1947288a79009e5dcd2af8" candidate_term: 1 candidate_status { last_received { term: 0 index: 0 } } ignore_live_leader: false dest_uuid: "f844f8bbe84443d3a8be54105d80bc01" is_pre_election: true
I20260709 12:20:06.996155  3088 leader_election.cc:290] T eac7f34a1a714a2e887021960be25f77 P f844f8bbe84443d3a8be54105d80bc01 [CANDIDATE]: Term 1 election: Requested vote from peers 0329e6be6f1947288a79009e5dcd2af8 (127.1.136.1:43969), 9e862de7212c468bbd092295c3ef142c (127.1.136.3:41853)
I20260709 12:20:06.997117  2750 tablet_service.cc:1917] Received RequestConsensusVote() RPC: tablet_id: "eac7f34a1a714a2e887021960be25f77" candidate_uuid: "f844f8bbe84443d3a8be54105d80bc01" candidate_term: 1 candidate_status { last_received { term: 0 index: 0 } } ignore_live_leader: false dest_uuid: "0329e6be6f1947288a79009e5dcd2af8"
I20260709 12:20:06.999477  2829 raft_consensus.cc:2468] T 9322ab7f56864b579de211ff0f8b0722 P f844f8bbe84443d3a8be54105d80bc01 [term 0 FOLLOWER]: Leader pre-election vote request: Granting yes vote for candidate 0329e6be6f1947288a79009e5dcd2af8 in term 0.
I20260709 12:20:07.001135  2793 leader_election.cc:304] T 50dc9b625650409da6fe18322e5f2f48 P f844f8bbe84443d3a8be54105d80bc01 [CANDIDATE]: Term 1 pre-election: Election decided. Result: candidate lost. Election summary: received 3 responses out of 3 voters: 1 yes votes; 2 no votes. yes voters: f844f8bbe84443d3a8be54105d80bc01; no voters: 0329e6be6f1947288a79009e5dcd2af8, 9e862de7212c468bbd092295c3ef142c
I20260709 12:20:07.006851  2825 tablet_service.cc:1917] Received RequestConsensusVote() RPC: tablet_id: "eac7f34a1a714a2e887021960be25f77" candidate_uuid: "0329e6be6f1947288a79009e5dcd2af8" candidate_term: 1 candidate_status { last_received { term: 0 index: 0 } } ignore_live_leader: false dest_uuid: "f844f8bbe84443d3a8be54105d80bc01" is_pre_election: true
I20260709 12:20:07.009238  2825 raft_consensus.cc:2393] T eac7f34a1a714a2e887021960be25f77 P f844f8bbe84443d3a8be54105d80bc01 [term 1 FOLLOWER]: Leader pre-election vote request: Denying vote to candidate 0329e6be6f1947288a79009e5dcd2af8 in current term 1: Already voted for candidate f844f8bbe84443d3a8be54105d80bc01 in this term.
I20260709 12:20:07.000829  2750 raft_consensus.cc:3060] T eac7f34a1a714a2e887021960be25f77 P 0329e6be6f1947288a79009e5dcd2af8 [term 0 FOLLOWER]: Advancing to term 1
I20260709 12:20:07.030258  2718 leader_election.cc:304] T 9322ab7f56864b579de211ff0f8b0722 P 0329e6be6f1947288a79009e5dcd2af8 [CANDIDATE]: Term 1 pre-election: Election decided. Result: candidate won. Election summary: received 2 responses out of 3 voters: 2 yes votes; 0 no votes. yes voters: 0329e6be6f1947288a79009e5dcd2af8, 9e862de7212c468bbd092295c3ef142c; no voters: 
I20260709 12:20:07.031240  2902 tablet_service.cc:1917] Received RequestConsensusVote() RPC: tablet_id: "eac7f34a1a714a2e887021960be25f77" candidate_uuid: "f844f8bbe84443d3a8be54105d80bc01" candidate_term: 1 candidate_status { last_received { term: 0 index: 0 } } ignore_live_leader: false dest_uuid: "9e862de7212c468bbd092295c3ef142c"
I20260709 12:20:07.032047  2902 raft_consensus.cc:3060] T eac7f34a1a714a2e887021960be25f77 P 9e862de7212c468bbd092295c3ef142c [term 0 FOLLOWER]: Advancing to term 1
I20260709 12:20:07.033403  3077 raft_consensus.cc:493] T fdfa867cef9d46a6887a485533181425 P 9e862de7212c468bbd092295c3ef142c [term 0 FOLLOWER]: Starting pre-election (no leader contacted us within the election timeout)
I20260709 12:20:07.034188  3077 raft_consensus.cc:515] T fdfa867cef9d46a6887a485533181425 P 9e862de7212c468bbd092295c3ef142c [term 0 FOLLOWER]: Starting pre-election with config: opid_index: -1 OBSOLETE_local: false peers { permanent_uuid: "0329e6be6f1947288a79009e5dcd2af8" member_type: VOTER last_known_addr { host: "127.1.136.1" port: 43969 } } peers { permanent_uuid: "f844f8bbe84443d3a8be54105d80bc01" member_type: VOTER last_known_addr { host: "127.1.136.2" port: 42107 } } peers { permanent_uuid: "9e862de7212c468bbd092295c3ef142c" member_type: VOTER last_known_addr { host: "127.1.136.3" port: 41853 } }
I20260709 12:20:07.031296  2718 leader_election.cc:304] T eac7f34a1a714a2e887021960be25f77 P 0329e6be6f1947288a79009e5dcd2af8 [CANDIDATE]: Term 1 pre-election: Election decided. Result: candidate won. Election summary: received 2 responses out of 3 voters: 2 yes votes; 0 no votes. yes voters: 0329e6be6f1947288a79009e5dcd2af8, 9e862de7212c468bbd092295c3ef142c; no voters: 
I20260709 12:20:07.035720  3232 raft_consensus.cc:2804] T 9322ab7f56864b579de211ff0f8b0722 P 0329e6be6f1947288a79009e5dcd2af8 [term 0 FOLLOWER]: Leader pre-election won for term 1
I20260709 12:20:07.036135  3232 raft_consensus.cc:493] T 9322ab7f56864b579de211ff0f8b0722 P 0329e6be6f1947288a79009e5dcd2af8 [term 0 FOLLOWER]: Starting leader election (no leader contacted us within the election timeout)
I20260709 12:20:07.036473  3232 raft_consensus.cc:3060] T 9322ab7f56864b579de211ff0f8b0722 P 0329e6be6f1947288a79009e5dcd2af8 [term 0 FOLLOWER]: Advancing to term 1
I20260709 12:20:07.037273  3077 leader_election.cc:290] T fdfa867cef9d46a6887a485533181425 P 9e862de7212c468bbd092295c3ef142c [CANDIDATE]: Term 1 pre-election: Requested pre-vote from peers 0329e6be6f1947288a79009e5dcd2af8 (127.1.136.1:43969), f844f8bbe84443d3a8be54105d80bc01 (127.1.136.2:42107)
I20260709 12:20:07.037712  2950 tablet_bootstrap.cc:492] T a67f972753f84ddf8d54afbd18dc7633 P f844f8bbe84443d3a8be54105d80bc01: No bootstrap required, opened a new log
I20260709 12:20:07.038455  2950 ts_tablet_manager.cc:1403] T a67f972753f84ddf8d54afbd18dc7633 P f844f8bbe84443d3a8be54105d80bc01: Time spent bootstrapping tablet: real 0.185s	user 0.017s	sys 0.000s
I20260709 12:20:07.041266  2827 tablet_service.cc:1917] Received RequestConsensusVote() RPC: tablet_id: "fdfa867cef9d46a6887a485533181425" candidate_uuid: "9e862de7212c468bbd092295c3ef142c" candidate_term: 1 candidate_status { last_received { term: 0 index: 0 } } ignore_live_leader: false dest_uuid: "f844f8bbe84443d3a8be54105d80bc01" is_pre_election: true
W20260709 12:20:07.043772  2869 leader_election.cc:343] T fdfa867cef9d46a6887a485533181425 P 9e862de7212c468bbd092295c3ef142c [CANDIDATE]: Term 1 pre-election: Tablet error from VoteRequest() call to peer f844f8bbe84443d3a8be54105d80bc01 (127.1.136.2:42107): Illegal state: must be running to vote when last-logged opid is not known
I20260709 12:20:07.043632  3234 consensus_queue.cc:1048] T 2c050ccc44a649d396b1d3b174822f0e P 0329e6be6f1947288a79009e5dcd2af8 [LEADER]: Connected to new peer: Peer: permanent_uuid: "9e862de7212c468bbd092295c3ef142c" member_type: VOTER last_known_addr { host: "127.1.136.3" port: 41853 }, Status: LMP_MISMATCH, Last received: 0.0, Next index: 1, Last known committed idx: 0, Time since last communication: 0.001s
I20260709 12:20:07.052475  3159 leader_election.cc:290] T 9322ab7f56864b579de211ff0f8b0722 P 9e862de7212c468bbd092295c3ef142c [CANDIDATE]: Term 1 pre-election: Requested pre-vote from peers 0329e6be6f1947288a79009e5dcd2af8 (127.1.136.1:43969), f844f8bbe84443d3a8be54105d80bc01 (127.1.136.2:42107)
I20260709 12:20:07.054970  2751 tablet_service.cc:1917] Received RequestConsensusVote() RPC: tablet_id: "9322ab7f56864b579de211ff0f8b0722" candidate_uuid: "9e862de7212c468bbd092295c3ef142c" candidate_term: 1 candidate_status { last_received { term: 0 index: 0 } } ignore_live_leader: false dest_uuid: "0329e6be6f1947288a79009e5dcd2af8" is_pre_election: true
I20260709 12:20:07.059619  2752 tablet_service.cc:1917] Received RequestConsensusVote() RPC: tablet_id: "fdfa867cef9d46a6887a485533181425" candidate_uuid: "9e862de7212c468bbd092295c3ef142c" candidate_term: 1 candidate_status { last_received { term: 0 index: 0 } } ignore_live_leader: false dest_uuid: "0329e6be6f1947288a79009e5dcd2af8" is_pre_election: true
I20260709 12:20:07.060567  2752 raft_consensus.cc:2468] T fdfa867cef9d46a6887a485533181425 P 0329e6be6f1947288a79009e5dcd2af8 [term 0 FOLLOWER]: Leader pre-election vote request: Granting yes vote for candidate 9e862de7212c468bbd092295c3ef142c in term 0.
I20260709 12:20:07.061502  3083 raft_consensus.cc:2749] T 50dc9b625650409da6fe18322e5f2f48 P f844f8bbe84443d3a8be54105d80bc01 [term 1 FOLLOWER]: Leader pre-election lost for term 1. Reason: could not achieve majority
I20260709 12:20:07.067149  2827 tablet_service.cc:1917] Received RequestConsensusVote() RPC: tablet_id: "9322ab7f56864b579de211ff0f8b0722" candidate_uuid: "9e862de7212c468bbd092295c3ef142c" candidate_term: 1 candidate_status { last_received { term: 0 index: 0 } } ignore_live_leader: false dest_uuid: "f844f8bbe84443d3a8be54105d80bc01" is_pre_election: true
I20260709 12:20:07.068064  2948 tablet_bootstrap.cc:492] T a67f972753f84ddf8d54afbd18dc7633 P 0329e6be6f1947288a79009e5dcd2af8: No bootstrap required, opened a new log
I20260709 12:20:07.067981  2827 raft_consensus.cc:2468] T 9322ab7f56864b579de211ff0f8b0722 P f844f8bbe84443d3a8be54105d80bc01 [term 0 FOLLOWER]: Leader pre-election vote request: Granting yes vote for candidate 9e862de7212c468bbd092295c3ef142c in term 0.
I20260709 12:20:07.068785  2948 ts_tablet_manager.cc:1403] T a67f972753f84ddf8d54afbd18dc7633 P 0329e6be6f1947288a79009e5dcd2af8: Time spent bootstrapping tablet: real 0.191s	user 0.007s	sys 0.009s
I20260709 12:20:07.070397  2869 leader_election.cc:304] T 9322ab7f56864b579de211ff0f8b0722 P 9e862de7212c468bbd092295c3ef142c [CANDIDATE]: Term 1 pre-election: Election decided. Result: candidate won. Election summary: received 2 responses out of 3 voters: 2 yes votes; 0 no votes. yes voters: 9e862de7212c468bbd092295c3ef142c, f844f8bbe84443d3a8be54105d80bc01; no voters: 
I20260709 12:20:07.076246  3014 raft_consensus.cc:2804] T 9322ab7f56864b579de211ff0f8b0722 P 9e862de7212c468bbd092295c3ef142c [term 0 FOLLOWER]: Leader pre-election won for term 1
I20260709 12:20:07.076637  3014 raft_consensus.cc:493] T 9322ab7f56864b579de211ff0f8b0722 P 9e862de7212c468bbd092295c3ef142c [term 0 FOLLOWER]: Starting leader election (no leader contacted us within the election timeout)
I20260709 12:20:07.076993  3014 raft_consensus.cc:3060] T 9322ab7f56864b579de211ff0f8b0722 P 9e862de7212c468bbd092295c3ef142c [term 0 FOLLOWER]: Advancing to term 1
I20260709 12:20:07.074101  2750 raft_consensus.cc:2468] T eac7f34a1a714a2e887021960be25f77 P 0329e6be6f1947288a79009e5dcd2af8 [term 1 FOLLOWER]: Leader election vote request: Granting yes vote for candidate f844f8bbe84443d3a8be54105d80bc01 in term 1.
I20260709 12:20:07.079010  2948 raft_consensus.cc:359] T a67f972753f84ddf8d54afbd18dc7633 P 0329e6be6f1947288a79009e5dcd2af8 [term 0 FOLLOWER]: Replica starting. Triggering 0 pending ops. Active config: opid_index: -1 OBSOLETE_local: false peers { permanent_uuid: "0329e6be6f1947288a79009e5dcd2af8" member_type: VOTER last_known_addr { host: "127.1.136.1" port: 43969 } } peers { permanent_uuid: "f844f8bbe84443d3a8be54105d80bc01" member_type: VOTER last_known_addr { host: "127.1.136.2" port: 42107 } } peers { permanent_uuid: "9e862de7212c468bbd092295c3ef142c" member_type: VOTER last_known_addr { host: "127.1.136.3" port: 41853 } }
I20260709 12:20:07.079860  2948 raft_consensus.cc:385] T a67f972753f84ddf8d54afbd18dc7633 P 0329e6be6f1947288a79009e5dcd2af8 [term 0 FOLLOWER]: Consensus starting up: Expiring failure detector timer to make a prompt election more likely
I20260709 12:20:07.080212  2948 raft_consensus.cc:740] T a67f972753f84ddf8d54afbd18dc7633 P 0329e6be6f1947288a79009e5dcd2af8 [term 0 FOLLOWER]: Becoming Follower/Learner. State: Replica: 0329e6be6f1947288a79009e5dcd2af8, State: Initialized, Role: FOLLOWER
I20260709 12:20:07.065641  2947 raft_consensus.cc:359] T 6751edfe98e740ee85748aa412f0d9c1 P 9e862de7212c468bbd092295c3ef142c [term 0 FOLLOWER]: Replica starting. Triggering 0 pending ops. Active config: opid_index: -1 OBSOLETE_local: false peers { permanent_uuid: "0329e6be6f1947288a79009e5dcd2af8" member_type: VOTER last_known_addr { host: "127.1.136.1" port: 43969 } } peers { permanent_uuid: "f844f8bbe84443d3a8be54105d80bc01" member_type: VOTER last_known_addr { host: "127.1.136.2" port: 42107 } } peers { permanent_uuid: "9e862de7212c468bbd092295c3ef142c" member_type: VOTER last_known_addr { host: "127.1.136.3" port: 41853 } }
I20260709 12:20:07.082108  3231 raft_consensus.cc:2764] T eac7f34a1a714a2e887021960be25f77 P 0329e6be6f1947288a79009e5dcd2af8 [term 1 FOLLOWER]: Leader pre-election decision vote started in defunct term 0: won
I20260709 12:20:07.084740  3073 raft_consensus.cc:493] T 361a4ba60f8449bc8bf189ae339008a6 P 0329e6be6f1947288a79009e5dcd2af8 [term 0 FOLLOWER]: Starting pre-election (no leader contacted us within the election timeout)
I20260709 12:20:07.085345  3073 raft_consensus.cc:515] T 361a4ba60f8449bc8bf189ae339008a6 P 0329e6be6f1947288a79009e5dcd2af8 [term 0 FOLLOWER]: Starting pre-election with config: opid_index: -1 OBSOLETE_local: false peers { permanent_uuid: "0329e6be6f1947288a79009e5dcd2af8" member_type: VOTER last_known_addr { host: "127.1.136.1" port: 43969 } } peers { permanent_uuid: "f844f8bbe84443d3a8be54105d80bc01" member_type: VOTER last_known_addr { host: "127.1.136.2" port: 42107 } } peers { permanent_uuid: "9e862de7212c468bbd092295c3ef142c" member_type: VOTER last_known_addr { host: "127.1.136.3" port: 41853 } }
I20260709 12:20:07.088639  3073 leader_election.cc:290] T 361a4ba60f8449bc8bf189ae339008a6 P 0329e6be6f1947288a79009e5dcd2af8 [CANDIDATE]: Term 1 pre-election: Requested pre-vote from peers f844f8bbe84443d3a8be54105d80bc01 (127.1.136.2:42107), 9e862de7212c468bbd092295c3ef142c (127.1.136.3:41853)
I20260709 12:20:07.074326  3232 raft_consensus.cc:515] T 9322ab7f56864b579de211ff0f8b0722 P 0329e6be6f1947288a79009e5dcd2af8 [term 1 FOLLOWER]: Starting leader election with config: opid_index: -1 OBSOLETE_local: false peers { permanent_uuid: "0329e6be6f1947288a79009e5dcd2af8" member_type: VOTER last_known_addr { host: "127.1.136.1" port: 43969 } } peers { permanent_uuid: "f844f8bbe84443d3a8be54105d80bc01" member_type: VOTER last_known_addr { host: "127.1.136.2" port: 42107 } } peers { permanent_uuid: "9e862de7212c468bbd092295c3ef142c" member_type: VOTER last_known_addr { host: "127.1.136.3" port: 41853 } }
I20260709 12:20:07.089854  2751 raft_consensus.cc:2393] T 9322ab7f56864b579de211ff0f8b0722 P 0329e6be6f1947288a79009e5dcd2af8 [term 1 FOLLOWER]: Leader pre-election vote request: Denying vote to candidate 9e862de7212c468bbd092295c3ef142c in current term 1: Already voted for candidate 0329e6be6f1947288a79009e5dcd2af8 in this term.
I20260709 12:20:07.090888  2950 raft_consensus.cc:359] T a67f972753f84ddf8d54afbd18dc7633 P f844f8bbe84443d3a8be54105d80bc01 [term 0 FOLLOWER]: Replica starting. Triggering 0 pending ops. Active config: opid_index: -1 OBSOLETE_local: false peers { permanent_uuid: "0329e6be6f1947288a79009e5dcd2af8" member_type: VOTER last_known_addr { host: "127.1.136.1" port: 43969 } } peers { permanent_uuid: "f844f8bbe84443d3a8be54105d80bc01" member_type: VOTER last_known_addr { host: "127.1.136.2" port: 42107 } } peers { permanent_uuid: "9e862de7212c468bbd092295c3ef142c" member_type: VOTER last_known_addr { host: "127.1.136.3" port: 41853 } }
I20260709 12:20:07.091660  2950 raft_consensus.cc:385] T a67f972753f84ddf8d54afbd18dc7633 P f844f8bbe84443d3a8be54105d80bc01 [term 0 FOLLOWER]: Consensus starting up: Expiring failure detector timer to make a prompt election more likely
I20260709 12:20:07.091917  2950 raft_consensus.cc:740] T a67f972753f84ddf8d54afbd18dc7633 P f844f8bbe84443d3a8be54105d80bc01 [term 0 FOLLOWER]: Becoming Follower/Learner. State: Replica: f844f8bbe84443d3a8be54105d80bc01, State: Initialized, Role: FOLLOWER
I20260709 12:20:07.092608  2950 consensus_queue.cc:260] T a67f972753f84ddf8d54afbd18dc7633 P f844f8bbe84443d3a8be54105d80bc01 [NON_LEADER]: Queue going to NON_LEADER mode. State: All replicated index: 0, Majority replicated index: 0, Committed index: 0, Last appended: 0.0, Last appended by leader: 0, Current term: 0, Majority size: -1, State: 0, Mode: NON_LEADER, active raft config: opid_index: -1 OBSOLETE_local: false peers { permanent_uuid: "0329e6be6f1947288a79009e5dcd2af8" member_type: VOTER last_known_addr { host: "127.1.136.1" port: 43969 } } peers { permanent_uuid: "f844f8bbe84443d3a8be54105d80bc01" member_type: VOTER last_known_addr { host: "127.1.136.2" port: 42107 } } peers { permanent_uuid: "9e862de7212c468bbd092295c3ef142c" member_type: VOTER last_known_addr { host: "127.1.136.3" port: 41853 } }
I20260709 12:20:07.094383  2950 ts_tablet_manager.cc:1434] T a67f972753f84ddf8d54afbd18dc7633 P f844f8bbe84443d3a8be54105d80bc01: Time spent starting tablet: real 0.056s	user 0.005s	sys 0.000s
I20260709 12:20:07.082010  2947 raft_consensus.cc:385] T 6751edfe98e740ee85748aa412f0d9c1 P 9e862de7212c468bbd092295c3ef142c [term 0 FOLLOWER]: Consensus starting up: Expiring failure detector timer to make a prompt election more likely
I20260709 12:20:07.097503  2904 tablet_service.cc:1917] Received RequestConsensusVote() RPC: tablet_id: "361a4ba60f8449bc8bf189ae339008a6" candidate_uuid: "0329e6be6f1947288a79009e5dcd2af8" candidate_term: 1 candidate_status { last_received { term: 0 index: 0 } } ignore_live_leader: false dest_uuid: "9e862de7212c468bbd092295c3ef142c" is_pre_election: true
I20260709 12:20:07.097537  2895 tablet_service.cc:1917] Received RequestConsensusVote() RPC: tablet_id: "9322ab7f56864b579de211ff0f8b0722" candidate_uuid: "0329e6be6f1947288a79009e5dcd2af8" candidate_term: 1 candidate_status { last_received { term: 0 index: 0 } } ignore_live_leader: false dest_uuid: "9e862de7212c468bbd092295c3ef142c"
I20260709 12:20:07.098392  2904 raft_consensus.cc:2468] T 361a4ba60f8449bc8bf189ae339008a6 P 9e862de7212c468bbd092295c3ef142c [term 0 FOLLOWER]: Leader pre-election vote request: Granting yes vote for candidate 0329e6be6f1947288a79009e5dcd2af8 in term 0.
I20260709 12:20:07.100903  2794 leader_election.cc:304] T eac7f34a1a714a2e887021960be25f77 P f844f8bbe84443d3a8be54105d80bc01 [CANDIDATE]: Term 1 election: Election decided. Result: candidate won. Election summary: received 2 responses out of 3 voters: 2 yes votes; 0 no votes. yes voters: 0329e6be6f1947288a79009e5dcd2af8, f844f8bbe84443d3a8be54105d80bc01; no voters: 
I20260709 12:20:07.101863  3083 raft_consensus.cc:2804] T eac7f34a1a714a2e887021960be25f77 P f844f8bbe84443d3a8be54105d80bc01 [term 1 FOLLOWER]: Leader election won for term 1
I20260709 12:20:07.102598  3083 raft_consensus.cc:697] T eac7f34a1a714a2e887021960be25f77 P f844f8bbe84443d3a8be54105d80bc01 [term 1 LEADER]: Becoming Leader. State: Replica: f844f8bbe84443d3a8be54105d80bc01, State: Running, Role: LEADER
I20260709 12:20:07.103605  3083 consensus_queue.cc:237] T eac7f34a1a714a2e887021960be25f77 P f844f8bbe84443d3a8be54105d80bc01 [LEADER]: Queue going to LEADER mode. State: All replicated index: 0, Majority replicated index: 0, Committed index: 0, Last appended: 0.0, Last appended by leader: 0, Current term: 1, Majority size: 2, State: 0, Mode: LEADER, active raft config: opid_index: -1 OBSOLETE_local: false peers { permanent_uuid: "0329e6be6f1947288a79009e5dcd2af8" member_type: VOTER last_known_addr { host: "127.1.136.1" port: 43969 } } peers { permanent_uuid: "f844f8bbe84443d3a8be54105d80bc01" member_type: VOTER last_known_addr { host: "127.1.136.2" port: 42107 } } peers { permanent_uuid: "9e862de7212c468bbd092295c3ef142c" member_type: VOTER last_known_addr { host: "127.1.136.3" port: 41853 } }
I20260709 12:20:07.080955  2948 consensus_queue.cc:260] T a67f972753f84ddf8d54afbd18dc7633 P 0329e6be6f1947288a79009e5dcd2af8 [NON_LEADER]: Queue going to NON_LEADER mode. State: All replicated index: 0, Majority replicated index: 0, Committed index: 0, Last appended: 0.0, Last appended by leader: 0, Current term: 0, Majority size: -1, State: 0, Mode: NON_LEADER, active raft config: opid_index: -1 OBSOLETE_local: false peers { permanent_uuid: "0329e6be6f1947288a79009e5dcd2af8" member_type: VOTER last_known_addr { host: "127.1.136.1" port: 43969 } } peers { permanent_uuid: "f844f8bbe84443d3a8be54105d80bc01" member_type: VOTER last_known_addr { host: "127.1.136.2" port: 42107 } } peers { permanent_uuid: "9e862de7212c468bbd092295c3ef142c" member_type: VOTER last_known_addr { host: "127.1.136.3" port: 41853 } }
I20260709 12:20:07.096329  2947 raft_consensus.cc:740] T 6751edfe98e740ee85748aa412f0d9c1 P 9e862de7212c468bbd092295c3ef142c [term 0 FOLLOWER]: Becoming Follower/Learner. State: Replica: 9e862de7212c468bbd092295c3ef142c, State: Initialized, Role: FOLLOWER
I20260709 12:20:07.090662  3232 leader_election.cc:290] T 9322ab7f56864b579de211ff0f8b0722 P 0329e6be6f1947288a79009e5dcd2af8 [CANDIDATE]: Term 1 election: Requested vote from peers f844f8bbe84443d3a8be54105d80bc01 (127.1.136.2:42107), 9e862de7212c468bbd092295c3ef142c (127.1.136.3:41853)
I20260709 12:20:07.111922  2827 tablet_service.cc:1917] Received RequestConsensusVote() RPC: tablet_id: "361a4ba60f8449bc8bf189ae339008a6" candidate_uuid: "0329e6be6f1947288a79009e5dcd2af8" candidate_term: 1 candidate_status { last_received { term: 0 index: 0 } } ignore_live_leader: false dest_uuid: "f844f8bbe84443d3a8be54105d80bc01" is_pre_election: true
I20260709 12:20:07.113161  2825 tablet_service.cc:1917] Received RequestConsensusVote() RPC: tablet_id: "9322ab7f56864b579de211ff0f8b0722" candidate_uuid: "0329e6be6f1947288a79009e5dcd2af8" candidate_term: 1 candidate_status { last_received { term: 0 index: 0 } } ignore_live_leader: false dest_uuid: "f844f8bbe84443d3a8be54105d80bc01"
I20260709 12:20:07.113811  2825 raft_consensus.cc:3060] T 9322ab7f56864b579de211ff0f8b0722 P f844f8bbe84443d3a8be54105d80bc01 [term 0 FOLLOWER]: Advancing to term 1
I20260709 12:20:07.119112  2947 consensus_queue.cc:260] T 6751edfe98e740ee85748aa412f0d9c1 P 9e862de7212c468bbd092295c3ef142c [NON_LEADER]: Queue going to NON_LEADER mode. State: All replicated index: 0, Majority replicated index: 0, Committed index: 0, Last appended: 0.0, Last appended by leader: 0, Current term: 0, Majority size: -1, State: 0, Mode: NON_LEADER, active raft config: opid_index: -1 OBSOLETE_local: false peers { permanent_uuid: "0329e6be6f1947288a79009e5dcd2af8" member_type: VOTER last_known_addr { host: "127.1.136.1" port: 43969 } } peers { permanent_uuid: "f844f8bbe84443d3a8be54105d80bc01" member_type: VOTER last_known_addr { host: "127.1.136.2" port: 42107 } } peers { permanent_uuid: "9e862de7212c468bbd092295c3ef142c" member_type: VOTER last_known_addr { host: "127.1.136.3" port: 41853 } }
I20260709 12:20:07.121011  2947 ts_tablet_manager.cc:1434] T 6751edfe98e740ee85748aa412f0d9c1 P 9e862de7212c468bbd092295c3ef142c: Time spent starting tablet: real 0.127s	user 0.008s	sys 0.002s
I20260709 12:20:07.122400  2947 tablet_bootstrap.cc:492] T 2be33b7b1ba44d3a935bcb7b562f842b P 9e862de7212c468bbd092295c3ef142c: Bootstrap starting.
I20260709 12:20:07.122246  2825 raft_consensus.cc:2468] T 9322ab7f56864b579de211ff0f8b0722 P f844f8bbe84443d3a8be54105d80bc01 [term 1 FOLLOWER]: Leader election vote request: Granting yes vote for candidate 0329e6be6f1947288a79009e5dcd2af8 in term 1.
I20260709 12:20:07.124406  2827 raft_consensus.cc:3060] T c9c78247579f47aa9a1594d3a8eed16a P f844f8bbe84443d3a8be54105d80bc01 [term 0 FOLLOWER]: Advancing to term 1
I20260709 12:20:07.125803  2950 tablet_bootstrap.cc:492] T fdfa867cef9d46a6887a485533181425 P f844f8bbe84443d3a8be54105d80bc01: Bootstrap starting.
I20260709 12:20:07.134830  3014 raft_consensus.cc:515] T 9322ab7f56864b579de211ff0f8b0722 P 9e862de7212c468bbd092295c3ef142c [term 1 FOLLOWER]: Starting leader election with config: opid_index: -1 OBSOLETE_local: false peers { permanent_uuid: "0329e6be6f1947288a79009e5dcd2af8" member_type: VOTER last_known_addr { host: "127.1.136.1" port: 43969 } } peers { permanent_uuid: "f844f8bbe84443d3a8be54105d80bc01" member_type: VOTER last_known_addr { host: "127.1.136.2" port: 42107 } } peers { permanent_uuid: "9e862de7212c468bbd092295c3ef142c" member_type: VOTER last_known_addr { host: "127.1.136.3" port: 41853 } }
I20260709 12:20:07.136054  2895 raft_consensus.cc:2393] T 9322ab7f56864b579de211ff0f8b0722 P 9e862de7212c468bbd092295c3ef142c [term 1 FOLLOWER]: Leader election vote request: Denying vote to candidate 0329e6be6f1947288a79009e5dcd2af8 in current term 1: Already voted for candidate 9e862de7212c468bbd092295c3ef142c in this term.
I20260709 12:20:07.140167  2902 raft_consensus.cc:2468] T eac7f34a1a714a2e887021960be25f77 P 9e862de7212c468bbd092295c3ef142c [term 1 FOLLOWER]: Leader election vote request: Granting yes vote for candidate f844f8bbe84443d3a8be54105d80bc01 in term 1.
I20260709 12:20:07.143534  2718 leader_election.cc:304] T 361a4ba60f8449bc8bf189ae339008a6 P 0329e6be6f1947288a79009e5dcd2af8 [CANDIDATE]: Term 1 pre-election: Election decided. Result: candidate won. Election summary: received 2 responses out of 3 voters: 2 yes votes; 0 no votes. yes voters: 0329e6be6f1947288a79009e5dcd2af8, 9e862de7212c468bbd092295c3ef142c; no voters: 
I20260709 12:20:07.144340  2948 ts_tablet_manager.cc:1434] T a67f972753f84ddf8d54afbd18dc7633 P 0329e6be6f1947288a79009e5dcd2af8: Time spent starting tablet: real 0.075s	user 0.001s	sys 0.006s
I20260709 12:20:07.145612  2948 tablet_bootstrap.cc:492] T ea1d3a3083f342fb8b27b97723e50c0d P 0329e6be6f1947288a79009e5dcd2af8: Bootstrap starting.
I20260709 12:20:07.145821  3233 raft_consensus.cc:2804] T 361a4ba60f8449bc8bf189ae339008a6 P 0329e6be6f1947288a79009e5dcd2af8 [term 0 FOLLOWER]: Leader pre-election won for term 1
I20260709 12:20:07.146657  3233 raft_consensus.cc:493] T 361a4ba60f8449bc8bf189ae339008a6 P 0329e6be6f1947288a79009e5dcd2af8 [term 0 FOLLOWER]: Starting leader election (no leader contacted us within the election timeout)
I20260709 12:20:07.147042  3233 raft_consensus.cc:3060] T 361a4ba60f8449bc8bf189ae339008a6 P 0329e6be6f1947288a79009e5dcd2af8 [term 0 FOLLOWER]: Advancing to term 1
I20260709 12:20:07.147759  2825 tablet_service.cc:1917] Received RequestConsensusVote() RPC: tablet_id: "9322ab7f56864b579de211ff0f8b0722" candidate_uuid: "9e862de7212c468bbd092295c3ef142c" candidate_term: 1 candidate_status { last_received { term: 0 index: 0 } } ignore_live_leader: false dest_uuid: "f844f8bbe84443d3a8be54105d80bc01"
I20260709 12:20:07.153367  3159 raft_consensus.cc:493] T 471cc4332ae54c8db0b3608a00a8cd93 P 9e862de7212c468bbd092295c3ef142c [term 0 FOLLOWER]: Starting pre-election (no leader contacted us within the election timeout)
I20260709 12:20:07.155229  3159 raft_consensus.cc:515] T 471cc4332ae54c8db0b3608a00a8cd93 P 9e862de7212c468bbd092295c3ef142c [term 0 FOLLOWER]: Starting pre-election with config: opid_index: -1 OBSOLETE_local: false peers { permanent_uuid: "0329e6be6f1947288a79009e5dcd2af8" member_type: VOTER last_known_addr { host: "127.1.136.1" port: 43969 } } peers { permanent_uuid: "f844f8bbe84443d3a8be54105d80bc01" member_type: VOTER last_known_addr { host: "127.1.136.2" port: 42107 } } peers { permanent_uuid: "9e862de7212c468bbd092295c3ef142c" member_type: VOTER last_known_addr { host: "127.1.136.3" port: 41853 } }
I20260709 12:20:07.158915  3159 leader_election.cc:290] T 471cc4332ae54c8db0b3608a00a8cd93 P 9e862de7212c468bbd092295c3ef142c [CANDIDATE]: Term 1 pre-election: Requested pre-vote from peers 0329e6be6f1947288a79009e5dcd2af8 (127.1.136.1:43969), f844f8bbe84443d3a8be54105d80bc01 (127.1.136.2:42107)
I20260709 12:20:07.148715  3014 leader_election.cc:290] T 9322ab7f56864b579de211ff0f8b0722 P 9e862de7212c468bbd092295c3ef142c [CANDIDATE]: Term 1 election: Requested vote from peers 0329e6be6f1947288a79009e5dcd2af8 (127.1.136.1:43969), f844f8bbe84443d3a8be54105d80bc01 (127.1.136.2:42107)
I20260709 12:20:07.165086  2824 tablet_service.cc:1917] Received RequestConsensusVote() RPC: tablet_id: "471cc4332ae54c8db0b3608a00a8cd93" candidate_uuid: "9e862de7212c468bbd092295c3ef142c" candidate_term: 1 candidate_status { last_received { term: 0 index: 0 } } ignore_live_leader: false dest_uuid: "f844f8bbe84443d3a8be54105d80bc01" is_pre_election: true
W20260709 12:20:07.166656  2869 leader_election.cc:343] T 471cc4332ae54c8db0b3608a00a8cd93 P 9e862de7212c468bbd092295c3ef142c [CANDIDATE]: Term 1 pre-election: Tablet error from VoteRequest() call to peer f844f8bbe84443d3a8be54105d80bc01 (127.1.136.2:42107): Illegal state: must be running to vote when last-logged opid is not known
I20260709 12:20:07.163065  2825 raft_consensus.cc:2393] T 9322ab7f56864b579de211ff0f8b0722 P f844f8bbe84443d3a8be54105d80bc01 [term 1 FOLLOWER]: Leader election vote request: Denying vote to candidate 9e862de7212c468bbd092295c3ef142c in current term 1: Already voted for candidate 0329e6be6f1947288a79009e5dcd2af8 in this term.
W20260709 12:20:07.170420  2720 leader_election.cc:343] T 361a4ba60f8449bc8bf189ae339008a6 P 0329e6be6f1947288a79009e5dcd2af8 [CANDIDATE]: Term 1 pre-election: Tablet error from VoteRequest() call to peer f844f8bbe84443d3a8be54105d80bc01 (127.1.136.2:42107): Illegal state: must be running to vote when last-logged opid is not known
I20260709 12:20:07.172171  2720 leader_election.cc:304] T 9322ab7f56864b579de211ff0f8b0722 P 0329e6be6f1947288a79009e5dcd2af8 [CANDIDATE]: Term 1 election: Election decided. Result: candidate won. Election summary: received 2 responses out of 3 voters: 2 yes votes; 0 no votes. yes voters: 0329e6be6f1947288a79009e5dcd2af8, f844f8bbe84443d3a8be54105d80bc01; no voters: 
I20260709 12:20:07.173302  3073 raft_consensus.cc:2804] T 9322ab7f56864b579de211ff0f8b0722 P 0329e6be6f1947288a79009e5dcd2af8 [term 1 FOLLOWER]: Leader election won for term 1
I20260709 12:20:07.173812  3073 raft_consensus.cc:697] T 9322ab7f56864b579de211ff0f8b0722 P 0329e6be6f1947288a79009e5dcd2af8 [term 1 LEADER]: Becoming Leader. State: Replica: 0329e6be6f1947288a79009e5dcd2af8, State: Running, Role: LEADER
I20260709 12:20:07.173903  2868 leader_election.cc:304] T fdfa867cef9d46a6887a485533181425 P 9e862de7212c468bbd092295c3ef142c [CANDIDATE]: Term 1 pre-election: Election decided. Result: candidate won. Election summary: received 3 responses out of 3 voters: 2 yes votes; 1 no votes. yes voters: 0329e6be6f1947288a79009e5dcd2af8, 9e862de7212c468bbd092295c3ef142c; no voters: f844f8bbe84443d3a8be54105d80bc01
I20260709 12:20:07.174727  3073 consensus_queue.cc:237] T 9322ab7f56864b579de211ff0f8b0722 P 0329e6be6f1947288a79009e5dcd2af8 [LEADER]: Queue going to LEADER mode. State: All replicated index: 0, Majority replicated index: 0, Committed index: 0, Last appended: 0.0, Last appended by leader: 0, Current term: 1, Majority size: 2, State: 0, Mode: LEADER, active raft config: opid_index: -1 OBSOLETE_local: false peers { permanent_uuid: "0329e6be6f1947288a79009e5dcd2af8" member_type: VOTER last_known_addr { host: "127.1.136.1" port: 43969 } } peers { permanent_uuid: "f844f8bbe84443d3a8be54105d80bc01" member_type: VOTER last_known_addr { host: "127.1.136.2" port: 42107 } } peers { permanent_uuid: "9e862de7212c468bbd092295c3ef142c" member_type: VOTER last_known_addr { host: "127.1.136.3" port: 41853 } }
I20260709 12:20:07.175874  3159 raft_consensus.cc:2804] T fdfa867cef9d46a6887a485533181425 P 9e862de7212c468bbd092295c3ef142c [term 0 FOLLOWER]: Leader pre-election won for term 1
I20260709 12:20:07.176393  3159 raft_consensus.cc:493] T fdfa867cef9d46a6887a485533181425 P 9e862de7212c468bbd092295c3ef142c [term 0 FOLLOWER]: Starting leader election (no leader contacted us within the election timeout)
I20260709 12:20:07.176735  3159 raft_consensus.cc:3060] T fdfa867cef9d46a6887a485533181425 P 9e862de7212c468bbd092295c3ef142c [term 0 FOLLOWER]: Advancing to term 1
I20260709 12:20:07.182323  2650 catalog_manager.cc:5697] T eac7f34a1a714a2e887021960be25f77 P f844f8bbe84443d3a8be54105d80bc01 reported cstate change: term changed from 0 to 1, leader changed from <none> to f844f8bbe84443d3a8be54105d80bc01 (127.1.136.2). New cstate: current_term: 1 leader_uuid: "f844f8bbe84443d3a8be54105d80bc01" committed_config { opid_index: -1 OBSOLETE_local: false peers { permanent_uuid: "0329e6be6f1947288a79009e5dcd2af8" member_type: VOTER last_known_addr { host: "127.1.136.1" port: 43969 } health_report { overall_health: UNKNOWN } } peers { permanent_uuid: "f844f8bbe84443d3a8be54105d80bc01" member_type: VOTER last_known_addr { host: "127.1.136.2" port: 42107 } health_report { overall_health: HEALTHY } } peers { permanent_uuid: "9e862de7212c468bbd092295c3ef142c" member_type: VOTER last_known_addr { host: "127.1.136.3" port: 41853 } health_report { overall_health: UNKNOWN } } }
W20260709 12:20:07.180286  2868 outbound_call.cc:321] RPC callback for RPC call kudu.consensus.ConsensusService.RequestConsensusVote -> {remote=127.1.136.1:43969, user_credentials={real_user=slave}} blocked reactor thread for 72146.1us
I20260709 12:20:07.195132  3083 raft_consensus.cc:493] T a67f972753f84ddf8d54afbd18dc7633 P f844f8bbe84443d3a8be54105d80bc01 [term 0 FOLLOWER]: Starting pre-election (no leader contacted us within the election timeout)
I20260709 12:20:07.195907  3083 raft_consensus.cc:515] T a67f972753f84ddf8d54afbd18dc7633 P f844f8bbe84443d3a8be54105d80bc01 [term 0 FOLLOWER]: Starting pre-election with config: opid_index: -1 OBSOLETE_local: false peers { permanent_uuid: "0329e6be6f1947288a79009e5dcd2af8" member_type: VOTER last_known_addr { host: "127.1.136.1" port: 43969 } } peers { permanent_uuid: "f844f8bbe84443d3a8be54105d80bc01" member_type: VOTER last_known_addr { host: "127.1.136.2" port: 42107 } } peers { permanent_uuid: "9e862de7212c468bbd092295c3ef142c" member_type: VOTER last_known_addr { host: "127.1.136.3" port: 41853 } }
I20260709 12:20:07.202813  2751 tablet_service.cc:1917] Received RequestConsensusVote() RPC: tablet_id: "9322ab7f56864b579de211ff0f8b0722" candidate_uuid: "9e862de7212c468bbd092295c3ef142c" candidate_term: 1 candidate_status { last_received { term: 0 index: 0 } } ignore_live_leader: false dest_uuid: "0329e6be6f1947288a79009e5dcd2af8"
I20260709 12:20:07.202898  2753 tablet_service.cc:1917] Received RequestConsensusVote() RPC: tablet_id: "471cc4332ae54c8db0b3608a00a8cd93" candidate_uuid: "9e862de7212c468bbd092295c3ef142c" candidate_term: 1 candidate_status { last_received { term: 0 index: 0 } } ignore_live_leader: false dest_uuid: "0329e6be6f1947288a79009e5dcd2af8" is_pre_election: true
I20260709 12:20:07.206789  2753 tablet_service.cc:1917] Received RequestConsensusVote() RPC: tablet_id: "a67f972753f84ddf8d54afbd18dc7633" candidate_uuid: "f844f8bbe84443d3a8be54105d80bc01" candidate_term: 1 candidate_status { last_received { term: 0 index: 0 } } ignore_live_leader: false dest_uuid: "0329e6be6f1947288a79009e5dcd2af8" is_pre_election: true
I20260709 12:20:07.207528  2950 tablet_bootstrap.cc:654] T fdfa867cef9d46a6887a485533181425 P f844f8bbe84443d3a8be54105d80bc01: Neither blocks nor log segments found. Creating new log.
I20260709 12:20:07.213011  2868 leader_election.cc:304] T 9322ab7f56864b579de211ff0f8b0722 P 9e862de7212c468bbd092295c3ef142c [CANDIDATE]: Term 1 election: Election decided. Result: candidate lost. Election summary: received 3 responses out of 3 voters: 1 yes votes; 2 no votes. yes voters: 9e862de7212c468bbd092295c3ef142c; no voters: 0329e6be6f1947288a79009e5dcd2af8, f844f8bbe84443d3a8be54105d80bc01
W20260709 12:20:07.214322  2868 leader_election.cc:343] T 471cc4332ae54c8db0b3608a00a8cd93 P 9e862de7212c468bbd092295c3ef142c [CANDIDATE]: Term 1 pre-election: Tablet error from VoteRequest() call to peer 0329e6be6f1947288a79009e5dcd2af8 (127.1.136.1:43969): Illegal state: must be running to vote when last-logged opid is not known
I20260709 12:20:07.214661  2868 leader_election.cc:304] T 471cc4332ae54c8db0b3608a00a8cd93 P 9e862de7212c468bbd092295c3ef142c [CANDIDATE]: Term 1 pre-election: Election decided. Result: candidate lost. Election summary: received 3 responses out of 3 voters: 1 yes votes; 2 no votes. yes voters: 9e862de7212c468bbd092295c3ef142c; no voters: 0329e6be6f1947288a79009e5dcd2af8, f844f8bbe84443d3a8be54105d80bc01
I20260709 12:20:07.216701  2954 raft_consensus.cc:2749] T 9322ab7f56864b579de211ff0f8b0722 P 9e862de7212c468bbd092295c3ef142c [term 1 FOLLOWER]: Leader election lost for term 1. Reason: could not achieve majority
I20260709 12:20:07.219126  3014 raft_consensus.cc:493] T 6751edfe98e740ee85748aa412f0d9c1 P 9e862de7212c468bbd092295c3ef142c [term 0 FOLLOWER]: Starting pre-election (no leader contacted us within the election timeout)
I20260709 12:20:07.219604  3014 raft_consensus.cc:515] T 6751edfe98e740ee85748aa412f0d9c1 P 9e862de7212c468bbd092295c3ef142c [term 0 FOLLOWER]: Starting pre-election with config: opid_index: -1 OBSOLETE_local: false peers { permanent_uuid: "0329e6be6f1947288a79009e5dcd2af8" member_type: VOTER last_known_addr { host: "127.1.136.1" port: 43969 } } peers { permanent_uuid: "f844f8bbe84443d3a8be54105d80bc01" member_type: VOTER last_known_addr { host: "127.1.136.2" port: 42107 } } peers { permanent_uuid: "9e862de7212c468bbd092295c3ef142c" member_type: VOTER last_known_addr { host: "127.1.136.3" port: 41853 } }
I20260709 12:20:07.223979  3014 leader_election.cc:290] T 6751edfe98e740ee85748aa412f0d9c1 P 9e862de7212c468bbd092295c3ef142c [CANDIDATE]: Term 1 pre-election: Requested pre-vote from peers 0329e6be6f1947288a79009e5dcd2af8 (127.1.136.1:43969), f844f8bbe84443d3a8be54105d80bc01 (127.1.136.2:42107)
I20260709 12:20:07.220940  2954 raft_consensus.cc:2749] T 471cc4332ae54c8db0b3608a00a8cd93 P 9e862de7212c468bbd092295c3ef142c [term 0 FOLLOWER]: Leader pre-election lost for term 1. Reason: could not achieve majority
I20260709 12:20:07.213419  2753 raft_consensus.cc:2468] T a67f972753f84ddf8d54afbd18dc7633 P 0329e6be6f1947288a79009e5dcd2af8 [term 0 FOLLOWER]: Leader pre-election vote request: Granting yes vote for candidate f844f8bbe84443d3a8be54105d80bc01 in term 0.
I20260709 12:20:07.224797  2825 tablet_service.cc:1917] Received RequestConsensusVote() RPC: tablet_id: "6751edfe98e740ee85748aa412f0d9c1" candidate_uuid: "9e862de7212c468bbd092295c3ef142c" candidate_term: 1 candidate_status { last_received { term: 0 index: 0 } } ignore_live_leader: false dest_uuid: "f844f8bbe84443d3a8be54105d80bc01" is_pre_election: true
I20260709 12:20:07.226115  2794 leader_election.cc:304] T a67f972753f84ddf8d54afbd18dc7633 P f844f8bbe84443d3a8be54105d80bc01 [CANDIDATE]: Term 1 pre-election: Election decided. Result: candidate won. Election summary: received 2 responses out of 3 voters: 2 yes votes; 0 no votes. yes voters: 0329e6be6f1947288a79009e5dcd2af8, f844f8bbe84443d3a8be54105d80bc01; no voters: 
W20260709 12:20:07.226573  2869 leader_election.cc:343] T 6751edfe98e740ee85748aa412f0d9c1 P 9e862de7212c468bbd092295c3ef142c [CANDIDATE]: Term 1 pre-election: Tablet error from VoteRequest() call to peer f844f8bbe84443d3a8be54105d80bc01 (127.1.136.2:42107): Illegal state: must be running to vote when last-logged opid is not known
I20260709 12:20:07.226907  3151 raft_consensus.cc:2804] T a67f972753f84ddf8d54afbd18dc7633 P f844f8bbe84443d3a8be54105d80bc01 [term 0 FOLLOWER]: Leader pre-election won for term 1
I20260709 12:20:07.227370  3151 raft_consensus.cc:493] T a67f972753f84ddf8d54afbd18dc7633 P f844f8bbe84443d3a8be54105d80bc01 [term 0 FOLLOWER]: Starting leader election (no leader contacted us within the election timeout)
I20260709 12:20:07.227829  3151 raft_consensus.cc:3060] T a67f972753f84ddf8d54afbd18dc7633 P f844f8bbe84443d3a8be54105d80bc01 [term 0 FOLLOWER]: Advancing to term 1
I20260709 12:20:07.231812  2903 tablet_service.cc:1917] Received RequestConsensusVote() RPC: tablet_id: "a67f972753f84ddf8d54afbd18dc7633" candidate_uuid: "f844f8bbe84443d3a8be54105d80bc01" candidate_term: 1 candidate_status { last_received { term: 0 index: 0 } } ignore_live_leader: false dest_uuid: "9e862de7212c468bbd092295c3ef142c" is_pre_election: true
I20260709 12:20:07.232519  2903 raft_consensus.cc:2468] T a67f972753f84ddf8d54afbd18dc7633 P 9e862de7212c468bbd092295c3ef142c [term 0 FOLLOWER]: Leader pre-election vote request: Granting yes vote for candidate f844f8bbe84443d3a8be54105d80bc01 in term 0.
I20260709 12:20:07.233687  2947 tablet_bootstrap.cc:654] T 2be33b7b1ba44d3a935bcb7b562f842b P 9e862de7212c468bbd092295c3ef142c: Neither blocks nor log segments found. Creating new log.
I20260709 12:20:07.228818  3083 leader_election.cc:290] T a67f972753f84ddf8d54afbd18dc7633 P f844f8bbe84443d3a8be54105d80bc01 [CANDIDATE]: Term 1 pre-election: Requested pre-vote from peers 0329e6be6f1947288a79009e5dcd2af8 (127.1.136.1:43969), 9e862de7212c468bbd092295c3ef142c (127.1.136.3:41853)
I20260709 12:20:07.214849  3159 raft_consensus.cc:515] T fdfa867cef9d46a6887a485533181425 P 9e862de7212c468bbd092295c3ef142c [term 1 FOLLOWER]: Starting leader election with config: opid_index: -1 OBSOLETE_local: false peers { permanent_uuid: "0329e6be6f1947288a79009e5dcd2af8" member_type: VOTER last_known_addr { host: "127.1.136.1" port: 43969 } } peers { permanent_uuid: "f844f8bbe84443d3a8be54105d80bc01" member_type: VOTER last_known_addr { host: "127.1.136.2" port: 42107 } } peers { permanent_uuid: "9e862de7212c468bbd092295c3ef142c" member_type: VOTER last_known_addr { host: "127.1.136.3" port: 41853 } }
I20260709 12:20:07.239889  2753 tablet_service.cc:1917] Received RequestConsensusVote() RPC: tablet_id: "6751edfe98e740ee85748aa412f0d9c1" candidate_uuid: "9e862de7212c468bbd092295c3ef142c" candidate_term: 1 candidate_status { last_received { term: 0 index: 0 } } ignore_live_leader: false dest_uuid: "0329e6be6f1947288a79009e5dcd2af8" is_pre_election: true
I20260709 12:20:07.241245  2825 tablet_service.cc:1917] Received RequestConsensusVote() RPC: tablet_id: "fdfa867cef9d46a6887a485533181425" candidate_uuid: "9e862de7212c468bbd092295c3ef142c" candidate_term: 1 candidate_status { last_received { term: 0 index: 0 } } ignore_live_leader: false dest_uuid: "f844f8bbe84443d3a8be54105d80bc01"
W20260709 12:20:07.244036  2868 leader_election.cc:343] T 6751edfe98e740ee85748aa412f0d9c1 P 9e862de7212c468bbd092295c3ef142c [CANDIDATE]: Term 1 pre-election: Tablet error from VoteRequest() call to peer 0329e6be6f1947288a79009e5dcd2af8 (127.1.136.1:43969): Illegal state: must be running to vote when last-logged opid is not known
I20260709 12:20:07.244472  2868 leader_election.cc:304] T 6751edfe98e740ee85748aa412f0d9c1 P 9e862de7212c468bbd092295c3ef142c [CANDIDATE]: Term 1 pre-election: Election decided. Result: candidate lost. Election summary: received 3 responses out of 3 voters: 1 yes votes; 2 no votes. yes voters: 9e862de7212c468bbd092295c3ef142c; no voters: 0329e6be6f1947288a79009e5dcd2af8, f844f8bbe84443d3a8be54105d80bc01
I20260709 12:20:07.244772  2750 tablet_service.cc:1917] Received RequestConsensusVote() RPC: tablet_id: "fdfa867cef9d46a6887a485533181425" candidate_uuid: "9e862de7212c468bbd092295c3ef142c" candidate_term: 1 candidate_status { last_received { term: 0 index: 0 } } ignore_live_leader: false dest_uuid: "0329e6be6f1947288a79009e5dcd2af8"
I20260709 12:20:07.245340  2750 raft_consensus.cc:3060] T fdfa867cef9d46a6887a485533181425 P 0329e6be6f1947288a79009e5dcd2af8 [term 0 FOLLOWER]: Advancing to term 1
I20260709 12:20:07.247044  3014 raft_consensus.cc:2749] T 6751edfe98e740ee85748aa412f0d9c1 P 9e862de7212c468bbd092295c3ef142c [term 0 FOLLOWER]: Leader pre-election lost for term 1. Reason: could not achieve majority
I20260709 12:20:07.247208  3159 leader_election.cc:290] T fdfa867cef9d46a6887a485533181425 P 9e862de7212c468bbd092295c3ef142c [CANDIDATE]: Term 1 election: Requested vote from peers 0329e6be6f1947288a79009e5dcd2af8 (127.1.136.1:43969), f844f8bbe84443d3a8be54105d80bc01 (127.1.136.2:42107)
I20260709 12:20:07.253156  3151 raft_consensus.cc:515] T a67f972753f84ddf8d54afbd18dc7633 P f844f8bbe84443d3a8be54105d80bc01 [term 1 FOLLOWER]: Starting leader election with config: opid_index: -1 OBSOLETE_local: false peers { permanent_uuid: "0329e6be6f1947288a79009e5dcd2af8" member_type: VOTER last_known_addr { host: "127.1.136.1" port: 43969 } } peers { permanent_uuid: "f844f8bbe84443d3a8be54105d80bc01" member_type: VOTER last_known_addr { host: "127.1.136.2" port: 42107 } } peers { permanent_uuid: "9e862de7212c468bbd092295c3ef142c" member_type: VOTER last_known_addr { host: "127.1.136.3" port: 41853 } }
I20260709 12:20:07.256300  2751 tablet_service.cc:1917] Received RequestConsensusVote() RPC: tablet_id: "a67f972753f84ddf8d54afbd18dc7633" candidate_uuid: "f844f8bbe84443d3a8be54105d80bc01" candidate_term: 1 candidate_status { last_received { term: 0 index: 0 } } ignore_live_leader: false dest_uuid: "0329e6be6f1947288a79009e5dcd2af8"
I20260709 12:20:07.256482  3151 leader_election.cc:290] T a67f972753f84ddf8d54afbd18dc7633 P f844f8bbe84443d3a8be54105d80bc01 [CANDIDATE]: Term 1 election: Requested vote from peers 0329e6be6f1947288a79009e5dcd2af8 (127.1.136.1:43969), 9e862de7212c468bbd092295c3ef142c (127.1.136.3:41853)
I20260709 12:20:07.201187  3233 raft_consensus.cc:515] T 361a4ba60f8449bc8bf189ae339008a6 P 0329e6be6f1947288a79009e5dcd2af8 [term 1 FOLLOWER]: Starting leader election with config: opid_index: -1 OBSOLETE_local: false peers { permanent_uuid: "0329e6be6f1947288a79009e5dcd2af8" member_type: VOTER last_known_addr { host: "127.1.136.1" port: 43969 } } peers { permanent_uuid: "f844f8bbe84443d3a8be54105d80bc01" member_type: VOTER last_known_addr { host: "127.1.136.2" port: 42107 } } peers { permanent_uuid: "9e862de7212c468bbd092295c3ef142c" member_type: VOTER last_known_addr { host: "127.1.136.3" port: 41853 } }
W20260709 12:20:07.247162  2869 leader_election.cc:343] T fdfa867cef9d46a6887a485533181425 P 9e862de7212c468bbd092295c3ef142c [CANDIDATE]: Term 1 election: Tablet error from VoteRequest() call to peer f844f8bbe84443d3a8be54105d80bc01 (127.1.136.2:42107): Illegal state: must be running to vote when last-logged opid is not known
