I20260709 12:19:57.848299 13719 raft_consensus.cc:740] T e3455e86fae14f01a2e6e7da12706331 P 392bb719893d487ebc68632730bbfc61 [term 0 FOLLOWER]: Becoming Follower/Learner. State: Replica: 392bb719893d487ebc68632730bbfc61, State: Initialized, Role: FOLLOWER
I20260709 12:19:57.848928 13719 consensus_queue.cc:260] T e3455e86fae14f01a2e6e7da12706331 P 392bb719893d487ebc68632730bbfc61 [NON_LEADER]: Queue going to NON_LEADER mode. State: All replicated index: 0, Majority replicated index: 0, Committed index: 0, Last appended: 0.0, Last appended by leader: 0, Current term: 0, Majority size: -1, State: 0, Mode: NON_LEADER, active raft config: opid_index: -1 OBSOLETE_local: false peers { permanent_uuid: "e55064190afa4a5199e962180699271a" member_type: VOTER last_known_addr { host: "127.12.17.65" port: 32905 } } peers { permanent_uuid: "392bb719893d487ebc68632730bbfc61" member_type: VOTER last_known_addr { host: "127.12.17.66" port: 37483 } } peers { permanent_uuid: "cec512f7b2cf40a3b61af98b7b808508" member_type: VOTER last_known_addr { host: "127.12.17.67" port: 45393 } }
I20260709 12:19:57.850378 13721 ts_tablet_manager.cc:1434] T e3455e86fae14f01a2e6e7da12706331 P cec512f7b2cf40a3b61af98b7b808508: Time spent starting tablet: real 0.015s	user 0.006s	sys 0.000s
I20260709 12:19:57.851284 13721 tablet_bootstrap.cc:492] T 1b39c5eee612449daa00f182692df750 P cec512f7b2cf40a3b61af98b7b808508: Bootstrap starting.
I20260709 12:19:57.851543 13720 ts_tablet_manager.cc:1434] T 061fbc4c0744489ea5f885c5ad4d1d64 P e55064190afa4a5199e962180699271a: Time spent starting tablet: real 0.009s	user 0.002s	sys 0.004s
I20260709 12:19:57.851658 13719 ts_tablet_manager.cc:1434] T e3455e86fae14f01a2e6e7da12706331 P 392bb719893d487ebc68632730bbfc61: Time spent starting tablet: real 0.008s	user 0.008s	sys 0.000s
I20260709 12:19:57.852456 13720 tablet_bootstrap.cc:492] T f57b05419a3f421489f61591932bce12 P e55064190afa4a5199e962180699271a: Bootstrap starting.
I20260709 12:19:57.852460 13719 tablet_bootstrap.cc:492] T 0779a7f8995a41e395021c6c9994eb99 P 392bb719893d487ebc68632730bbfc61: Bootstrap starting.
I20260709 12:19:57.856665 13721 tablet_bootstrap.cc:654] T 1b39c5eee612449daa00f182692df750 P cec512f7b2cf40a3b61af98b7b808508: Neither blocks nor log segments found. Creating new log.
I20260709 12:19:57.858783 13720 tablet_bootstrap.cc:654] T f57b05419a3f421489f61591932bce12 P e55064190afa4a5199e962180699271a: Neither blocks nor log segments found. Creating new log.
I20260709 12:19:57.866047 13719 tablet_bootstrap.cc:654] T 0779a7f8995a41e395021c6c9994eb99 P 392bb719893d487ebc68632730bbfc61: Neither blocks nor log segments found. Creating new log.
I20260709 12:19:57.867043 13764 raft_consensus.cc:493] T 233d547fce854734af3ab66ae73cdece P e55064190afa4a5199e962180699271a [term 0 FOLLOWER]: Starting pre-election (no leader contacted us within the election timeout)
I20260709 12:19:57.867569 13764 raft_consensus.cc:515] T 233d547fce854734af3ab66ae73cdece P e55064190afa4a5199e962180699271a [term 0 FOLLOWER]: Starting pre-election with config: opid_index: -1 OBSOLETE_local: false peers { permanent_uuid: "e55064190afa4a5199e962180699271a" member_type: VOTER last_known_addr { host: "127.12.17.65" port: 32905 } } peers { permanent_uuid: "392bb719893d487ebc68632730bbfc61" member_type: VOTER last_known_addr { host: "127.12.17.66" port: 37483 } } peers { permanent_uuid: "cec512f7b2cf40a3b61af98b7b808508" member_type: VOTER last_known_addr { host: "127.12.17.67" port: 45393 } }
I20260709 12:19:57.869617 13529 raft_consensus.cc:3060] T e5a81e445af44e1ea5391aa6b4b3dd24 P e55064190afa4a5199e962180699271a [term 0 FOLLOWER]: Advancing to term 1
I20260709 12:19:57.869839 13764 leader_election.cc:290] T 233d547fce854734af3ab66ae73cdece P e55064190afa4a5199e962180699271a [CANDIDATE]: Term 1 pre-election: Requested pre-vote from peers 392bb719893d487ebc68632730bbfc61 (127.12.17.66:37483), cec512f7b2cf40a3b61af98b7b808508 (127.12.17.67:45393)
I20260709 12:19:57.870816 13603 tablet_service.cc:1917] Received RequestConsensusVote() RPC: tablet_id: "233d547fce854734af3ab66ae73cdece" candidate_uuid: "e55064190afa4a5199e962180699271a" candidate_term: 1 candidate_status { last_received { term: 0 index: 0 } } ignore_live_leader: false dest_uuid: "392bb719893d487ebc68632730bbfc61" is_pre_election: true
I20260709 12:19:57.871729 13603 raft_consensus.cc:2468] T 233d547fce854734af3ab66ae73cdece P 392bb719893d487ebc68632730bbfc61 [term 0 FOLLOWER]: Leader pre-election vote request: Granting yes vote for candidate e55064190afa4a5199e962180699271a in term 0.
I20260709 12:19:57.871527 13426 catalog_manager.cc:5697] T 667cdcc6645a47489238eeb001c95547 P 392bb719893d487ebc68632730bbfc61 reported cstate change: term changed from 0 to 1, leader changed from <none> to 392bb719893d487ebc68632730bbfc61 (127.12.17.66). New cstate: current_term: 1 leader_uuid: "392bb719893d487ebc68632730bbfc61" committed_config { opid_index: -1 OBSOLETE_local: false peers { permanent_uuid: "e55064190afa4a5199e962180699271a" member_type: VOTER last_known_addr { host: "127.12.17.65" port: 32905 } health_report { overall_health: UNKNOWN } } peers { permanent_uuid: "392bb719893d487ebc68632730bbfc61" member_type: VOTER last_known_addr { host: "127.12.17.66" port: 37483 } health_report { overall_health: HEALTHY } } peers { permanent_uuid: "cec512f7b2cf40a3b61af98b7b808508" member_type: VOTER last_known_addr { host: "127.12.17.67" port: 45393 } health_report { overall_health: UNKNOWN } } }
I20260709 12:19:57.873406 13496 leader_election.cc:304] T 233d547fce854734af3ab66ae73cdece P e55064190afa4a5199e962180699271a [CANDIDATE]: Term 1 pre-election: Election decided. Result: candidate won. Election summary: received 2 responses out of 3 voters: 2 yes votes; 0 no votes. yes voters: 392bb719893d487ebc68632730bbfc61, e55064190afa4a5199e962180699271a; no voters: 
I20260709 12:19:57.874609 13764 raft_consensus.cc:2804] T 233d547fce854734af3ab66ae73cdece P e55064190afa4a5199e962180699271a [term 0 FOLLOWER]: Leader pre-election won for term 1
I20260709 12:19:57.875066 13764 raft_consensus.cc:493] T 233d547fce854734af3ab66ae73cdece P e55064190afa4a5199e962180699271a [term 0 FOLLOWER]: Starting leader election (no leader contacted us within the election timeout)
I20260709 12:19:57.875511 13764 raft_consensus.cc:3060] T 233d547fce854734af3ab66ae73cdece P e55064190afa4a5199e962180699271a [term 0 FOLLOWER]: Advancing to term 1
I20260709 12:19:57.877028 13678 tablet_service.cc:1917] Received RequestConsensusVote() RPC: tablet_id: "233d547fce854734af3ab66ae73cdece" candidate_uuid: "e55064190afa4a5199e962180699271a" candidate_term: 1 candidate_status { last_received { term: 0 index: 0 } } ignore_live_leader: false dest_uuid: "cec512f7b2cf40a3b61af98b7b808508" is_pre_election: true
W20260709 12:19:57.878572 13494 leader_election.cc:343] T 233d547fce854734af3ab66ae73cdece P e55064190afa4a5199e962180699271a [CANDIDATE]: Term 1 pre-election: Tablet error from VoteRequest() call to peer cec512f7b2cf40a3b61af98b7b808508 (127.12.17.67:45393): Illegal state: must be running to vote when last-logged opid is not known
I20260709 12:19:57.882586 13728 consensus_queue.cc:1048] T e5a81e445af44e1ea5391aa6b4b3dd24 P cec512f7b2cf40a3b61af98b7b808508 [LEADER]: Connected to new peer: Peer: permanent_uuid: "e55064190afa4a5199e962180699271a" member_type: VOTER last_known_addr { host: "127.12.17.65" port: 32905 }, Status: LMP_MISMATCH, Last received: 0.0, Next index: 1, Last known committed idx: 0, Time since last communication: 0.000s
I20260709 12:19:57.886435 13764 raft_consensus.cc:515] T 233d547fce854734af3ab66ae73cdece P e55064190afa4a5199e962180699271a [term 1 FOLLOWER]: Starting leader election with config: opid_index: -1 OBSOLETE_local: false peers { permanent_uuid: "e55064190afa4a5199e962180699271a" member_type: VOTER last_known_addr { host: "127.12.17.65" port: 32905 } } peers { permanent_uuid: "392bb719893d487ebc68632730bbfc61" member_type: VOTER last_known_addr { host: "127.12.17.66" port: 37483 } } peers { permanent_uuid: "cec512f7b2cf40a3b61af98b7b808508" member_type: VOTER last_known_addr { host: "127.12.17.67" port: 45393 } }
I20260709 12:19:57.890300 13603 tablet_service.cc:1917] Received RequestConsensusVote() RPC: tablet_id: "233d547fce854734af3ab66ae73cdece" candidate_uuid: "e55064190afa4a5199e962180699271a" candidate_term: 1 candidate_status { last_received { term: 0 index: 0 } } ignore_live_leader: false dest_uuid: "392bb719893d487ebc68632730bbfc61"
I20260709 12:19:57.891968 13603 raft_consensus.cc:3060] T 233d547fce854734af3ab66ae73cdece P 392bb719893d487ebc68632730bbfc61 [term 0 FOLLOWER]: Advancing to term 1
I20260709 12:19:57.897750 13720 tablet_bootstrap.cc:492] T f57b05419a3f421489f61591932bce12 P e55064190afa4a5199e962180699271a: No bootstrap required, opened a new log
I20260709 12:19:57.898531 13720 ts_tablet_manager.cc:1403] T f57b05419a3f421489f61591932bce12 P e55064190afa4a5199e962180699271a: Time spent bootstrapping tablet: real 0.046s	user 0.005s	sys 0.034s
I20260709 12:19:57.899644 13603 raft_consensus.cc:2468] T 233d547fce854734af3ab66ae73cdece P 392bb719893d487ebc68632730bbfc61 [term 1 FOLLOWER]: Leader election vote request: Granting yes vote for candidate e55064190afa4a5199e962180699271a in term 1.
I20260709 12:19:57.900873 13496 leader_election.cc:304] T 233d547fce854734af3ab66ae73cdece P e55064190afa4a5199e962180699271a [CANDIDATE]: Term 1 election: Election decided. Result: candidate won. Election summary: received 2 responses out of 3 voters: 2 yes votes; 0 no votes. yes voters: 392bb719893d487ebc68632730bbfc61, e55064190afa4a5199e962180699271a; no voters: 
I20260709 12:19:57.901875 13769 raft_consensus.cc:2804] T 233d547fce854734af3ab66ae73cdece P e55064190afa4a5199e962180699271a [term 1 FOLLOWER]: Leader election won for term 1
I20260709 12:19:57.902387 13769 raft_consensus.cc:697] T 233d547fce854734af3ab66ae73cdece P e55064190afa4a5199e962180699271a [term 1 LEADER]: Becoming Leader. State: Replica: e55064190afa4a5199e962180699271a, State: Running, Role: LEADER
I20260709 12:19:57.903308 13721 tablet_bootstrap.cc:492] T 1b39c5eee612449daa00f182692df750 P cec512f7b2cf40a3b61af98b7b808508: No bootstrap required, opened a new log
I20260709 12:19:57.904330 13721 ts_tablet_manager.cc:1403] T 1b39c5eee612449daa00f182692df750 P cec512f7b2cf40a3b61af98b7b808508: Time spent bootstrapping tablet: real 0.053s	user 0.010s	sys 0.003s
I20260709 12:19:57.903270 13769 consensus_queue.cc:237] T 233d547fce854734af3ab66ae73cdece P e55064190afa4a5199e962180699271a [LEADER]: Queue going to LEADER mode. State: All replicated index: 0, Majority replicated index: 0, Committed index: 0, Last appended: 0.0, Last appended by leader: 0, Current term: 1, Majority size: 2, State: 0, Mode: LEADER, active raft config: opid_index: -1 OBSOLETE_local: false peers { permanent_uuid: "e55064190afa4a5199e962180699271a" member_type: VOTER last_known_addr { host: "127.12.17.65" port: 32905 } } peers { permanent_uuid: "392bb719893d487ebc68632730bbfc61" member_type: VOTER last_known_addr { host: "127.12.17.66" port: 37483 } } peers { permanent_uuid: "cec512f7b2cf40a3b61af98b7b808508" member_type: VOTER last_known_addr { host: "127.12.17.67" port: 45393 } }
I20260709 12:19:57.906648 13721 raft_consensus.cc:359] T 1b39c5eee612449daa00f182692df750 P cec512f7b2cf40a3b61af98b7b808508 [term 0 FOLLOWER]: Replica starting. Triggering 0 pending ops. Active config: opid_index: -1 OBSOLETE_local: false peers { permanent_uuid: "e55064190afa4a5199e962180699271a" member_type: VOTER last_known_addr { host: "127.12.17.65" port: 32905 } } peers { permanent_uuid: "392bb719893d487ebc68632730bbfc61" member_type: VOTER last_known_addr { host: "127.12.17.66" port: 37483 } } peers { permanent_uuid: "cec512f7b2cf40a3b61af98b7b808508" member_type: VOTER last_known_addr { host: "127.12.17.67" port: 45393 } }
I20260709 12:19:57.907158 13721 raft_consensus.cc:385] T 1b39c5eee612449daa00f182692df750 P cec512f7b2cf40a3b61af98b7b808508 [term 0 FOLLOWER]: Consensus starting up: Expiring failure detector timer to make a prompt election more likely
I20260709 12:19:57.907496 13721 raft_consensus.cc:740] T 1b39c5eee612449daa00f182692df750 P cec512f7b2cf40a3b61af98b7b808508 [term 0 FOLLOWER]: Becoming Follower/Learner. State: Replica: cec512f7b2cf40a3b61af98b7b808508, State: Initialized, Role: FOLLOWER
I20260709 12:19:57.908102 13721 consensus_queue.cc:260] T 1b39c5eee612449daa00f182692df750 P cec512f7b2cf40a3b61af98b7b808508 [NON_LEADER]: Queue going to NON_LEADER mode. State: All replicated index: 0, Majority replicated index: 0, Committed index: 0, Last appended: 0.0, Last appended by leader: 0, Current term: 0, Majority size: -1, State: 0, Mode: NON_LEADER, active raft config: opid_index: -1 OBSOLETE_local: false peers { permanent_uuid: "e55064190afa4a5199e962180699271a" member_type: VOTER last_known_addr { host: "127.12.17.65" port: 32905 } } peers { permanent_uuid: "392bb719893d487ebc68632730bbfc61" member_type: VOTER last_known_addr { host: "127.12.17.66" port: 37483 } } peers { permanent_uuid: "cec512f7b2cf40a3b61af98b7b808508" member_type: VOTER last_known_addr { host: "127.12.17.67" port: 45393 } }
I20260709 12:19:57.903278 13720 raft_consensus.cc:359] T f57b05419a3f421489f61591932bce12 P e55064190afa4a5199e962180699271a [term 0 FOLLOWER]: Replica starting. Triggering 0 pending ops. Active config: opid_index: -1 OBSOLETE_local: false peers { permanent_uuid: "e55064190afa4a5199e962180699271a" member_type: VOTER last_known_addr { host: "127.12.17.65" port: 32905 } } peers { permanent_uuid: "392bb719893d487ebc68632730bbfc61" member_type: VOTER last_known_addr { host: "127.12.17.66" port: 37483 } } peers { permanent_uuid: "cec512f7b2cf40a3b61af98b7b808508" member_type: VOTER last_known_addr { host: "127.12.17.67" port: 45393 } }
I20260709 12:19:57.909973 13720 raft_consensus.cc:385] T f57b05419a3f421489f61591932bce12 P e55064190afa4a5199e962180699271a [term 0 FOLLOWER]: Consensus starting up: Expiring failure detector timer to make a prompt election more likely
I20260709 12:19:57.910344 13721 ts_tablet_manager.cc:1434] T 1b39c5eee612449daa00f182692df750 P cec512f7b2cf40a3b61af98b7b808508: Time spent starting tablet: real 0.006s	user 0.007s	sys 0.001s
I20260709 12:19:57.910306 13720 raft_consensus.cc:740] T f57b05419a3f421489f61591932bce12 P e55064190afa4a5199e962180699271a [term 0 FOLLOWER]: Becoming Follower/Learner. State: Replica: e55064190afa4a5199e962180699271a, State: Initialized, Role: FOLLOWER
I20260709 12:19:57.911366 13720 consensus_queue.cc:260] T f57b05419a3f421489f61591932bce12 P e55064190afa4a5199e962180699271a [NON_LEADER]: Queue going to NON_LEADER mode. State: All replicated index: 0, Majority replicated index: 0, Committed index: 0, Last appended: 0.0, Last appended by leader: 0, Current term: 0, Majority size: -1, State: 0, Mode: NON_LEADER, active raft config: opid_index: -1 OBSOLETE_local: false peers { permanent_uuid: "e55064190afa4a5199e962180699271a" member_type: VOTER last_known_addr { host: "127.12.17.65" port: 32905 } } peers { permanent_uuid: "392bb719893d487ebc68632730bbfc61" member_type: VOTER last_known_addr { host: "127.12.17.66" port: 37483 } } peers { permanent_uuid: "cec512f7b2cf40a3b61af98b7b808508" member_type: VOTER last_known_addr { host: "127.12.17.67" port: 45393 } }
I20260709 12:19:57.913473 13764 leader_election.cc:290] T 233d547fce854734af3ab66ae73cdece P e55064190afa4a5199e962180699271a [CANDIDATE]: Term 1 election: Requested vote from peers 392bb719893d487ebc68632730bbfc61 (127.12.17.66:37483), cec512f7b2cf40a3b61af98b7b808508 (127.12.17.67:45393)
I20260709 12:19:57.914036 13720 ts_tablet_manager.cc:1434] T f57b05419a3f421489f61591932bce12 P e55064190afa4a5199e962180699271a: Time spent starting tablet: real 0.015s	user 0.008s	sys 0.000s
I20260709 12:19:57.914978 13720 tablet_bootstrap.cc:492] T 6c62921e12264be68343ccb3ef0d49fc P e55064190afa4a5199e962180699271a: Bootstrap starting.
I20260709 12:19:57.914796 13678 tablet_service.cc:1917] Received RequestConsensusVote() RPC: tablet_id: "233d547fce854734af3ab66ae73cdece" candidate_uuid: "e55064190afa4a5199e962180699271a" candidate_term: 1 candidate_status { last_received { term: 0 index: 0 } } ignore_live_leader: false dest_uuid: "cec512f7b2cf40a3b61af98b7b808508"
W20260709 12:19:57.916290 13494 leader_election.cc:343] T 233d547fce854734af3ab66ae73cdece P e55064190afa4a5199e962180699271a [CANDIDATE]: Term 1 election: Tablet error from VoteRequest() call to peer cec512f7b2cf40a3b61af98b7b808508 (127.12.17.67:45393): Illegal state: must be running to vote when last-logged opid is not known
I20260709 12:19:57.922247 13721 tablet_bootstrap.cc:492] T 061fbc4c0744489ea5f885c5ad4d1d64 P cec512f7b2cf40a3b61af98b7b808508: Bootstrap starting.
I20260709 12:19:57.923872 13764 raft_consensus.cc:493] T f57b05419a3f421489f61591932bce12 P e55064190afa4a5199e962180699271a [term 0 FOLLOWER]: Starting pre-election (no leader contacted us within the election timeout)
I20260709 12:19:57.924431 13764 raft_consensus.cc:515] T f57b05419a3f421489f61591932bce12 P e55064190afa4a5199e962180699271a [term 0 FOLLOWER]: Starting pre-election with config: opid_index: -1 OBSOLETE_local: false peers { permanent_uuid: "e55064190afa4a5199e962180699271a" member_type: VOTER last_known_addr { host: "127.12.17.65" port: 32905 } } peers { permanent_uuid: "392bb719893d487ebc68632730bbfc61" member_type: VOTER last_known_addr { host: "127.12.17.66" port: 37483 } } peers { permanent_uuid: "cec512f7b2cf40a3b61af98b7b808508" member_type: VOTER last_known_addr { host: "127.12.17.67" port: 45393 } }
I20260709 12:19:57.927639 13603 tablet_service.cc:1917] Received RequestConsensusVote() RPC: tablet_id: "f57b05419a3f421489f61591932bce12" candidate_uuid: "e55064190afa4a5199e962180699271a" candidate_term: 1 candidate_status { last_received { term: 0 index: 0 } } ignore_live_leader: false dest_uuid: "392bb719893d487ebc68632730bbfc61" is_pre_election: true
W20260709 12:19:57.929096 13496 leader_election.cc:343] T f57b05419a3f421489f61591932bce12 P e55064190afa4a5199e962180699271a [CANDIDATE]: Term 1 pre-election: Tablet error from VoteRequest() call to peer 392bb719893d487ebc68632730bbfc61 (127.12.17.66:37483): Illegal state: must be running to vote when last-logged opid is not known
I20260709 12:19:57.932483 13764 leader_election.cc:290] T f57b05419a3f421489f61591932bce12 P e55064190afa4a5199e962180699271a [CANDIDATE]: Term 1 pre-election: Requested pre-vote from peers 392bb719893d487ebc68632730bbfc61 (127.12.17.66:37483), cec512f7b2cf40a3b61af98b7b808508 (127.12.17.67:45393)
I20260709 12:19:57.936877 13678 tablet_service.cc:1917] Received RequestConsensusVote() RPC: tablet_id: "f57b05419a3f421489f61591932bce12" candidate_uuid: "e55064190afa4a5199e962180699271a" candidate_term: 1 candidate_status { last_received { term: 0 index: 0 } } ignore_live_leader: false dest_uuid: "cec512f7b2cf40a3b61af98b7b808508" is_pre_election: true
W20260709 12:19:57.939349 13494 leader_election.cc:343] T f57b05419a3f421489f61591932bce12 P e55064190afa4a5199e962180699271a [CANDIDATE]: Term 1 pre-election: Tablet error from VoteRequest() call to peer cec512f7b2cf40a3b61af98b7b808508 (127.12.17.67:45393): Illegal state: must be running to vote when last-logged opid is not known
I20260709 12:19:57.941723 13753 consensus_queue.cc:1048] T e5a81e445af44e1ea5391aa6b4b3dd24 P cec512f7b2cf40a3b61af98b7b808508 [LEADER]: Connected to new peer: Peer: permanent_uuid: "392bb719893d487ebc68632730bbfc61" member_type: VOTER last_known_addr { host: "127.12.17.66" port: 37483 }, Status: LMP_MISMATCH, Last received: 0.0, Next index: 1, Last known committed idx: 0, Time since last communication: 0.000s
I20260709 12:19:57.947324 13769 raft_consensus.cc:493] T ac880df495df4e988dfc359da6b267c4 P e55064190afa4a5199e962180699271a [term 0 FOLLOWER]: Starting pre-election (no leader contacted us within the election timeout)
I20260709 12:19:57.941006 13494 leader_election.cc:304] T f57b05419a3f421489f61591932bce12 P e55064190afa4a5199e962180699271a [CANDIDATE]: Term 1 pre-election: Election decided. Result: candidate lost. Election summary: received 3 responses out of 3 voters: 1 yes votes; 2 no votes. yes voters: e55064190afa4a5199e962180699271a; no voters: 392bb719893d487ebc68632730bbfc61, cec512f7b2cf40a3b61af98b7b808508
I20260709 12:19:57.947959 13769 raft_consensus.cc:515] T ac880df495df4e988dfc359da6b267c4 P e55064190afa4a5199e962180699271a [term 0 FOLLOWER]: Starting pre-election with config: opid_index: -1 OBSOLETE_local: false peers { permanent_uuid: "e55064190afa4a5199e962180699271a" member_type: VOTER last_known_addr { host: "127.12.17.65" port: 32905 } } peers { permanent_uuid: "392bb719893d487ebc68632730bbfc61" member_type: VOTER last_known_addr { host: "127.12.17.66" port: 37483 } } peers { permanent_uuid: "cec512f7b2cf40a3b61af98b7b808508" member_type: VOTER last_known_addr { host: "127.12.17.67" port: 45393 } }
I20260709 12:19:57.948589 13745 raft_consensus.cc:2749] T f57b05419a3f421489f61591932bce12 P e55064190afa4a5199e962180699271a [term 0 FOLLOWER]: Leader pre-election lost for term 1. Reason: could not achieve majority
I20260709 12:19:57.949868 13726 raft_consensus.cc:493] T e3455e86fae14f01a2e6e7da12706331 P 392bb719893d487ebc68632730bbfc61 [term 0 FOLLOWER]: Starting pre-election (no leader contacted us within the election timeout)
I20260709 12:19:57.950505 13726 raft_consensus.cc:515] T e3455e86fae14f01a2e6e7da12706331 P 392bb719893d487ebc68632730bbfc61 [term 0 FOLLOWER]: Starting pre-election with config: opid_index: -1 OBSOLETE_local: false peers { permanent_uuid: "e55064190afa4a5199e962180699271a" member_type: VOTER last_known_addr { host: "127.12.17.65" port: 32905 } } peers { permanent_uuid: "392bb719893d487ebc68632730bbfc61" member_type: VOTER last_known_addr { host: "127.12.17.66" port: 37483 } } peers { permanent_uuid: "cec512f7b2cf40a3b61af98b7b808508" member_type: VOTER last_known_addr { host: "127.12.17.67" port: 45393 } }
I20260709 12:19:57.951226 13769 leader_election.cc:290] T ac880df495df4e988dfc359da6b267c4 P e55064190afa4a5199e962180699271a [CANDIDATE]: Term 1 pre-election: Requested pre-vote from peers 392bb719893d487ebc68632730bbfc61 (127.12.17.66:37483), cec512f7b2cf40a3b61af98b7b808508 (127.12.17.67:45393)
I20260709 12:19:57.954299 13530 tablet_service.cc:1917] Received RequestConsensusVote() RPC: tablet_id: "e3455e86fae14f01a2e6e7da12706331" candidate_uuid: "392bb719893d487ebc68632730bbfc61" candidate_term: 1 candidate_status { last_received { term: 0 index: 0 } } ignore_live_leader: false dest_uuid: "e55064190afa4a5199e962180699271a" is_pre_election: true
I20260709 12:19:57.955149 13530 raft_consensus.cc:2468] T e3455e86fae14f01a2e6e7da12706331 P e55064190afa4a5199e962180699271a [term 0 FOLLOWER]: Leader pre-election vote request: Granting yes vote for candidate 392bb719893d487ebc68632730bbfc61 in term 0.
I20260709 12:19:57.956823 13568 leader_election.cc:304] T e3455e86fae14f01a2e6e7da12706331 P 392bb719893d487ebc68632730bbfc61 [CANDIDATE]: Term 1 pre-election: Election decided. Result: candidate won. Election summary: received 2 responses out of 3 voters: 2 yes votes; 0 no votes. yes voters: 392bb719893d487ebc68632730bbfc61, e55064190afa4a5199e962180699271a; no voters: 
I20260709 12:19:57.958200 13780 raft_consensus.cc:2804] T e3455e86fae14f01a2e6e7da12706331 P 392bb719893d487ebc68632730bbfc61 [term 0 FOLLOWER]: Leader pre-election won for term 1
I20260709 12:19:57.958743 13780 raft_consensus.cc:493] T e3455e86fae14f01a2e6e7da12706331 P 392bb719893d487ebc68632730bbfc61 [term 0 FOLLOWER]: Starting leader election (no leader contacted us within the election timeout)
I20260709 12:19:57.959156 13780 raft_consensus.cc:3060] T e3455e86fae14f01a2e6e7da12706331 P 392bb719893d487ebc68632730bbfc61 [term 0 FOLLOWER]: Advancing to term 1
I20260709 12:19:57.959729 13678 tablet_service.cc:1917] Received RequestConsensusVote() RPC: tablet_id: "e3455e86fae14f01a2e6e7da12706331" candidate_uuid: "392bb719893d487ebc68632730bbfc61" candidate_term: 1 candidate_status { last_received { term: 0 index: 0 } } ignore_live_leader: false dest_uuid: "cec512f7b2cf40a3b61af98b7b808508" is_pre_election: true
I20260709 12:19:57.960608 13678 raft_consensus.cc:2468] T e3455e86fae14f01a2e6e7da12706331 P cec512f7b2cf40a3b61af98b7b808508 [term 0 FOLLOWER]: Leader pre-election vote request: Granting yes vote for candidate 392bb719893d487ebc68632730bbfc61 in term 0.
I20260709 12:19:57.962975 13753 raft_consensus.cc:493] T 2254262efcf645aaa856e080ad415acd P cec512f7b2cf40a3b61af98b7b808508 [term 0 FOLLOWER]: Starting pre-election (no leader contacted us within the election timeout)
I20260709 12:19:57.963641 13753 raft_consensus.cc:515] T 2254262efcf645aaa856e080ad415acd P cec512f7b2cf40a3b61af98b7b808508 [term 0 FOLLOWER]: Starting pre-election with config: opid_index: -1 OBSOLETE_local: false peers { permanent_uuid: "e55064190afa4a5199e962180699271a" member_type: VOTER last_known_addr { host: "127.12.17.65" port: 32905 } } peers { permanent_uuid: "392bb719893d487ebc68632730bbfc61" member_type: VOTER last_known_addr { host: "127.12.17.66" port: 37483 } } peers { permanent_uuid: "cec512f7b2cf40a3b61af98b7b808508" member_type: VOTER last_known_addr { host: "127.12.17.67" port: 45393 } }
I20260709 12:19:57.965963 13769 raft_consensus.cc:493] T 061fbc4c0744489ea5f885c5ad4d1d64 P e55064190afa4a5199e962180699271a [term 0 FOLLOWER]: Starting pre-election (no leader contacted us within the election timeout)
I20260709 12:19:57.966153 13603 tablet_service.cc:1917] Received RequestConsensusVote() RPC: tablet_id: "ac880df495df4e988dfc359da6b267c4" candidate_uuid: "e55064190afa4a5199e962180699271a" candidate_term: 1 candidate_status { last_received { term: 0 index: 0 } } ignore_live_leader: false dest_uuid: "392bb719893d487ebc68632730bbfc61" is_pre_election: true
I20260709 12:19:57.966665 13769 raft_consensus.cc:515] T 061fbc4c0744489ea5f885c5ad4d1d64 P e55064190afa4a5199e962180699271a [term 0 FOLLOWER]: Starting pre-election with config: opid_index: -1 OBSOLETE_local: false peers { permanent_uuid: "cec512f7b2cf40a3b61af98b7b808508" member_type: VOTER last_known_addr { host: "127.12.17.67" port: 45393 } } peers { permanent_uuid: "392bb719893d487ebc68632730bbfc61" member_type: VOTER last_known_addr { host: "127.12.17.66" port: 37483 } } peers { permanent_uuid: "e55064190afa4a5199e962180699271a" member_type: VOTER last_known_addr { host: "127.12.17.65" port: 32905 } }
I20260709 12:19:57.955456 13726 leader_election.cc:290] T e3455e86fae14f01a2e6e7da12706331 P 392bb719893d487ebc68632730bbfc61 [CANDIDATE]: Term 1 pre-election: Requested pre-vote from peers e55064190afa4a5199e962180699271a (127.12.17.65:32905), cec512f7b2cf40a3b61af98b7b808508 (127.12.17.67:45393)
I20260709 12:19:57.971081 13604 tablet_service.cc:1917] Received RequestConsensusVote() RPC: tablet_id: "2254262efcf645aaa856e080ad415acd" candidate_uuid: "cec512f7b2cf40a3b61af98b7b808508" candidate_term: 1 candidate_status { last_received { term: 0 index: 0 } } ignore_live_leader: false dest_uuid: "392bb719893d487ebc68632730bbfc61" is_pre_election: true
I20260709 12:19:57.980410 13604 raft_consensus.cc:2468] T 2254262efcf645aaa856e080ad415acd P 392bb719893d487ebc68632730bbfc61 [term 0 FOLLOWER]: Leader pre-election vote request: Granting yes vote for candidate cec512f7b2cf40a3b61af98b7b808508 in term 0.
I20260709 12:19:57.971109 13602 tablet_service.cc:1917] Received RequestConsensusVote() RPC: tablet_id: "061fbc4c0744489ea5f885c5ad4d1d64" candidate_uuid: "e55064190afa4a5199e962180699271a" candidate_term: 1 candidate_status { last_received { term: 0 index: 0 } } ignore_live_leader: false dest_uuid: "392bb719893d487ebc68632730bbfc61" is_pre_election: true
I20260709 12:19:57.982460 13602 raft_consensus.cc:2468] T 061fbc4c0744489ea5f885c5ad4d1d64 P 392bb719893d487ebc68632730bbfc61 [term 0 FOLLOWER]: Leader pre-election vote request: Granting yes vote for candidate e55064190afa4a5199e962180699271a in term 0.
I20260709 12:19:57.982470 13645 leader_election.cc:304] T 2254262efcf645aaa856e080ad415acd P cec512f7b2cf40a3b61af98b7b808508 [CANDIDATE]: Term 1 pre-election: Election decided. Result: candidate won. Election summary: received 2 responses out of 3 voters: 2 yes votes; 0 no votes. yes voters: 392bb719893d487ebc68632730bbfc61, cec512f7b2cf40a3b61af98b7b808508; no voters: 
I20260709 12:19:57.985090 13759 raft_consensus.cc:2804] T 2254262efcf645aaa856e080ad415acd P cec512f7b2cf40a3b61af98b7b808508 [term 0 FOLLOWER]: Leader pre-election won for term 1
I20260709 12:19:57.985677 13759 raft_consensus.cc:493] T 2254262efcf645aaa856e080ad415acd P cec512f7b2cf40a3b61af98b7b808508 [term 0 FOLLOWER]: Starting leader election (no leader contacted us within the election timeout)
I20260709 12:19:57.986116 13759 raft_consensus.cc:3060] T 2254262efcf645aaa856e080ad415acd P cec512f7b2cf40a3b61af98b7b808508 [term 0 FOLLOWER]: Advancing to term 1
I20260709 12:19:57.986133 13496 leader_election.cc:304] T 061fbc4c0744489ea5f885c5ad4d1d64 P e55064190afa4a5199e962180699271a [CANDIDATE]: Term 1 pre-election: Election decided. Result: candidate won. Election summary: received 2 responses out of 3 voters: 2 yes votes; 0 no votes. yes voters: 392bb719893d487ebc68632730bbfc61, e55064190afa4a5199e962180699271a; no voters: 
I20260709 12:19:57.987785 13745 raft_consensus.cc:2804] T 061fbc4c0744489ea5f885c5ad4d1d64 P e55064190afa4a5199e962180699271a [term 0 FOLLOWER]: Leader pre-election won for term 1
I20260709 12:19:57.988270 13745 raft_consensus.cc:493] T 061fbc4c0744489ea5f885c5ad4d1d64 P e55064190afa4a5199e962180699271a [term 0 FOLLOWER]: Starting leader election (no leader contacted us within the election timeout)
I20260709 12:19:57.988721 13745 raft_consensus.cc:3060] T 061fbc4c0744489ea5f885c5ad4d1d64 P e55064190afa4a5199e962180699271a [term 0 FOLLOWER]: Advancing to term 1
I20260709 12:19:57.967607 13603 raft_consensus.cc:2393] T ac880df495df4e988dfc359da6b267c4 P 392bb719893d487ebc68632730bbfc61 [term 1 FOLLOWER]: Leader pre-election vote request: Denying vote to candidate e55064190afa4a5199e962180699271a in current term 1: Already voted for candidate cec512f7b2cf40a3b61af98b7b808508 in this term.
I20260709 12:19:57.977313 13769 leader_election.cc:290] T 061fbc4c0744489ea5f885c5ad4d1d64 P e55064190afa4a5199e962180699271a [CANDIDATE]: Term 1 pre-election: Requested pre-vote from peers cec512f7b2cf40a3b61af98b7b808508 (127.12.17.67:45393), 392bb719893d487ebc68632730bbfc61 (127.12.17.66:37483)
I20260709 12:19:57.996158 13679 tablet_service.cc:1917] Received RequestConsensusVote() RPC: tablet_id: "061fbc4c0744489ea5f885c5ad4d1d64" candidate_uuid: "e55064190afa4a5199e962180699271a" candidate_term: 1 candidate_status { last_received { term: 0 index: 0 } } ignore_live_leader: false dest_uuid: "cec512f7b2cf40a3b61af98b7b808508" is_pre_election: true
I20260709 12:19:57.999069 13678 tablet_service.cc:1917] Received RequestConsensusVote() RPC: tablet_id: "ac880df495df4e988dfc359da6b267c4" candidate_uuid: "e55064190afa4a5199e962180699271a" candidate_term: 1 candidate_status { last_received { term: 0 index: 0 } } ignore_live_leader: false dest_uuid: "cec512f7b2cf40a3b61af98b7b808508" is_pre_election: true
I20260709 12:19:58.000993 13753 leader_election.cc:290] T 2254262efcf645aaa856e080ad415acd P cec512f7b2cf40a3b61af98b7b808508 [CANDIDATE]: Term 1 pre-election: Requested pre-vote from peers e55064190afa4a5199e962180699271a (127.12.17.65:32905), 392bb719893d487ebc68632730bbfc61 (127.12.17.66:37483)
W20260709 12:19:58.018419 13494 leader_election.cc:343] T 061fbc4c0744489ea5f885c5ad4d1d64 P e55064190afa4a5199e962180699271a [CANDIDATE]: Term 1 pre-election: Tablet error from VoteRequest() call to peer cec512f7b2cf40a3b61af98b7b808508 (127.12.17.67:45393): Illegal state: must be running to vote when last-logged opid is not known
I20260709 12:19:58.018462 13530 tablet_service.cc:1917] Received RequestConsensusVote() RPC: tablet_id: "2254262efcf645aaa856e080ad415acd" candidate_uuid: "cec512f7b2cf40a3b61af98b7b808508" candidate_term: 1 candidate_status { last_received { term: 0 index: 0 } } ignore_live_leader: false dest_uuid: "e55064190afa4a5199e962180699271a" is_pre_election: true
I20260709 12:19:57.982854 13424 catalog_manager.cc:5697] T 233d547fce854734af3ab66ae73cdece P e55064190afa4a5199e962180699271a reported cstate change: term changed from 0 to 1, leader changed from <none> to e55064190afa4a5199e962180699271a (127.12.17.65). New cstate: current_term: 1 leader_uuid: "e55064190afa4a5199e962180699271a" committed_config { opid_index: -1 OBSOLETE_local: false peers { permanent_uuid: "e55064190afa4a5199e962180699271a" member_type: VOTER last_known_addr { host: "127.12.17.65" port: 32905 } health_report { overall_health: HEALTHY } } peers { permanent_uuid: "392bb719893d487ebc68632730bbfc61" member_type: VOTER last_known_addr { host: "127.12.17.66" port: 37483 } health_report { overall_health: UNKNOWN } } peers { permanent_uuid: "cec512f7b2cf40a3b61af98b7b808508" member_type: VOTER last_known_addr { host: "127.12.17.67" port: 45393 } health_report { overall_health: UNKNOWN } } }
I20260709 12:19:58.001050 13759 raft_consensus.cc:515] T 2254262efcf645aaa856e080ad415acd P cec512f7b2cf40a3b61af98b7b808508 [term 1 FOLLOWER]: Starting leader election with config: opid_index: -1 OBSOLETE_local: false peers { permanent_uuid: "e55064190afa4a5199e962180699271a" member_type: VOTER last_known_addr { host: "127.12.17.65" port: 32905 } } peers { permanent_uuid: "392bb719893d487ebc68632730bbfc61" member_type: VOTER last_known_addr { host: "127.12.17.66" port: 37483 } } peers { permanent_uuid: "cec512f7b2cf40a3b61af98b7b808508" member_type: VOTER last_known_addr { host: "127.12.17.67" port: 45393 } }
I20260709 12:19:58.028344 13603 tablet_service.cc:1917] Received RequestConsensusVote() RPC: tablet_id: "2254262efcf645aaa856e080ad415acd" candidate_uuid: "cec512f7b2cf40a3b61af98b7b808508" candidate_term: 1 candidate_status { last_received { term: 0 index: 0 } } ignore_live_leader: false dest_uuid: "392bb719893d487ebc68632730bbfc61"
I20260709 12:19:58.012466 13780 raft_consensus.cc:515] T e3455e86fae14f01a2e6e7da12706331 P 392bb719893d487ebc68632730bbfc61 [term 1 FOLLOWER]: Starting leader election with config: opid_index: -1 OBSOLETE_local: false peers { permanent_uuid: "e55064190afa4a5199e962180699271a" member_type: VOTER last_known_addr { host: "127.12.17.65" port: 32905 } } peers { permanent_uuid: "392bb719893d487ebc68632730bbfc61" member_type: VOTER last_known_addr { host: "127.12.17.66" port: 37483 } } peers { permanent_uuid: "cec512f7b2cf40a3b61af98b7b808508" member_type: VOTER last_known_addr { host: "127.12.17.67" port: 45393 } }
I20260709 12:19:58.028959 13603 raft_consensus.cc:3060] T 2254262efcf645aaa856e080ad415acd P 392bb719893d487ebc68632730bbfc61 [term 0 FOLLOWER]: Advancing to term 1
I20260709 12:19:58.029887 13719 tablet_bootstrap.cc:492] T 0779a7f8995a41e395021c6c9994eb99 P 392bb719893d487ebc68632730bbfc61: No bootstrap required, opened a new log
I20260709 12:19:58.030388 13719 ts_tablet_manager.cc:1403] T 0779a7f8995a41e395021c6c9994eb99 P 392bb719893d487ebc68632730bbfc61: Time spent bootstrapping tablet: real 0.178s	user 0.015s	sys 0.001s
I20260709 12:19:58.033280 13720 tablet_bootstrap.cc:654] T 6c62921e12264be68343ccb3ef0d49fc P e55064190afa4a5199e962180699271a: Neither blocks nor log segments found. Creating new log.
I20260709 12:19:58.033403 13719 raft_consensus.cc:359] T 0779a7f8995a41e395021c6c9994eb99 P 392bb719893d487ebc68632730bbfc61 [term 0 FOLLOWER]: Replica starting. Triggering 0 pending ops. Active config: opid_index: -1 OBSOLETE_local: false peers { permanent_uuid: "e55064190afa4a5199e962180699271a" member_type: VOTER last_known_addr { host: "127.12.17.65" port: 32905 } } peers { permanent_uuid: "392bb719893d487ebc68632730bbfc61" member_type: VOTER last_known_addr { host: "127.12.17.66" port: 37483 } } peers { permanent_uuid: "cec512f7b2cf40a3b61af98b7b808508" member_type: VOTER last_known_addr { host: "127.12.17.67" port: 45393 } }
I20260709 12:19:58.035001 13719 raft_consensus.cc:385] T 0779a7f8995a41e395021c6c9994eb99 P 392bb719893d487ebc68632730bbfc61 [term 0 FOLLOWER]: Consensus starting up: Expiring failure detector timer to make a prompt election more likely
I20260709 12:19:58.035327 13719 raft_consensus.cc:740] T 0779a7f8995a41e395021c6c9994eb99 P 392bb719893d487ebc68632730bbfc61 [term 0 FOLLOWER]: Becoming Follower/Learner. State: Replica: 392bb719893d487ebc68632730bbfc61, State: Initialized, Role: FOLLOWER
I20260709 12:19:58.026293 13494 leader_election.cc:304] T ac880df495df4e988dfc359da6b267c4 P e55064190afa4a5199e962180699271a [CANDIDATE]: Term 1 pre-election: Election decided. Result: candidate lost. Election summary: received 3 responses out of 3 voters: 1 yes votes; 2 no votes. yes voters: e55064190afa4a5199e962180699271a; no voters: 392bb719893d487ebc68632730bbfc61, cec512f7b2cf40a3b61af98b7b808508
I20260709 12:19:58.036149 13764 raft_consensus.cc:3060] T ac880df495df4e988dfc359da6b267c4 P e55064190afa4a5199e962180699271a [term 0 FOLLOWER]: Advancing to term 1
I20260709 12:19:58.036280 13719 consensus_queue.cc:260] T 0779a7f8995a41e395021c6c9994eb99 P 392bb719893d487ebc68632730bbfc61 [NON_LEADER]: Queue going to NON_LEADER mode. State: All replicated index: 0, Majority replicated index: 0, Committed index: 0, Last appended: 0.0, Last appended by leader: 0, Current term: 0, Majority size: -1, State: 0, Mode: NON_LEADER, active raft config: opid_index: -1 OBSOLETE_local: false peers { permanent_uuid: "e55064190afa4a5199e962180699271a" member_type: VOTER last_known_addr { host: "127.12.17.65" port: 32905 } } peers { permanent_uuid: "392bb719893d487ebc68632730bbfc61" member_type: VOTER last_known_addr { host: "127.12.17.66" port: 37483 } } peers { permanent_uuid: "cec512f7b2cf40a3b61af98b7b808508" member_type: VOTER last_known_addr { host: "127.12.17.67" port: 45393 } }
W20260709 12:19:58.037289 13642 leader_election.cc:343] T 2254262efcf645aaa856e080ad415acd P cec512f7b2cf40a3b61af98b7b808508 [CANDIDATE]: Term 1 pre-election: Tablet error from VoteRequest() call to peer e55064190afa4a5199e962180699271a (127.12.17.65:32905): Illegal state: must be running to vote when last-logged opid is not known
I20260709 12:19:58.037322 13530 tablet_service.cc:1917] Received RequestConsensusVote() RPC: tablet_id: "2254262efcf645aaa856e080ad415acd" candidate_uuid: "cec512f7b2cf40a3b61af98b7b808508" candidate_term: 1 candidate_status { last_received { term: 0 index: 0 } } ignore_live_leader: false dest_uuid: "e55064190afa4a5199e962180699271a"
I20260709 12:19:58.038725 13719 ts_tablet_manager.cc:1434] T 0779a7f8995a41e395021c6c9994eb99 P 392bb719893d487ebc68632730bbfc61: Time spent starting tablet: real 0.008s	user 0.007s	sys 0.000s
I20260709 12:19:58.038808 13603 raft_consensus.cc:2468] T 2254262efcf645aaa856e080ad415acd P 392bb719893d487ebc68632730bbfc61 [term 1 FOLLOWER]: Leader election vote request: Granting yes vote for candidate cec512f7b2cf40a3b61af98b7b808508 in term 1.
W20260709 12:19:58.039379 13642 leader_election.cc:343] T 2254262efcf645aaa856e080ad415acd P cec512f7b2cf40a3b61af98b7b808508 [CANDIDATE]: Term 1 election: Tablet error from VoteRequest() call to peer e55064190afa4a5199e962180699271a (127.12.17.65:32905): Illegal state: must be running to vote when last-logged opid is not known
I20260709 12:19:58.039793 13719 tablet_bootstrap.cc:492] T 1b39c5eee612449daa00f182692df750 P 392bb719893d487ebc68632730bbfc61: Bootstrap starting.
I20260709 12:19:58.040041 13645 leader_election.cc:304] T 2254262efcf645aaa856e080ad415acd P cec512f7b2cf40a3b61af98b7b808508 [CANDIDATE]: Term 1 election: Election decided. Result: candidate won. Election summary: received 3 responses out of 3 voters: 2 yes votes; 1 no votes. yes voters: 392bb719893d487ebc68632730bbfc61, cec512f7b2cf40a3b61af98b7b808508; no voters: e55064190afa4a5199e962180699271a
I20260709 12:19:58.041206 13753 raft_consensus.cc:2804] T 2254262efcf645aaa856e080ad415acd P cec512f7b2cf40a3b61af98b7b808508 [term 1 FOLLOWER]: Leader election won for term 1
I20260709 12:19:58.042037 13753 raft_consensus.cc:697] T 2254262efcf645aaa856e080ad415acd P cec512f7b2cf40a3b61af98b7b808508 [term 1 LEADER]: Becoming Leader. State: Replica: cec512f7b2cf40a3b61af98b7b808508, State: Running, Role: LEADER
I20260709 12:19:58.043423 13759 leader_election.cc:290] T 2254262efcf645aaa856e080ad415acd P cec512f7b2cf40a3b61af98b7b808508 [CANDIDATE]: Term 1 election: Requested vote from peers e55064190afa4a5199e962180699271a (127.12.17.65:32905), 392bb719893d487ebc68632730bbfc61 (127.12.17.66:37483)
I20260709 12:19:58.043134 13753 consensus_queue.cc:237] T 2254262efcf645aaa856e080ad415acd P cec512f7b2cf40a3b61af98b7b808508 [LEADER]: Queue going to LEADER mode. State: All replicated index: 0, Majority replicated index: 0, Committed index: 0, Last appended: 0.0, Last appended by leader: 0, Current term: 1, Majority size: 2, State: 0, Mode: LEADER, active raft config: opid_index: -1 OBSOLETE_local: false peers { permanent_uuid: "e55064190afa4a5199e962180699271a" member_type: VOTER last_known_addr { host: "127.12.17.65" port: 32905 } } peers { permanent_uuid: "392bb719893d487ebc68632730bbfc61" member_type: VOTER last_known_addr { host: "127.12.17.66" port: 37483 } } peers { permanent_uuid: "cec512f7b2cf40a3b61af98b7b808508" member_type: VOTER last_known_addr { host: "127.12.17.67" port: 45393 } }
I20260709 12:19:58.051893 13530 tablet_service.cc:1917] Received RequestConsensusVote() RPC: tablet_id: "e3455e86fae14f01a2e6e7da12706331" candidate_uuid: "392bb719893d487ebc68632730bbfc61" candidate_term: 1 candidate_status { last_received { term: 0 index: 0 } } ignore_live_leader: false dest_uuid: "e55064190afa4a5199e962180699271a"
I20260709 12:19:58.052556 13530 raft_consensus.cc:3060] T e3455e86fae14f01a2e6e7da12706331 P e55064190afa4a5199e962180699271a [term 0 FOLLOWER]: Advancing to term 1
I20260709 12:19:58.052332 13745 raft_consensus.cc:515] T 061fbc4c0744489ea5f885c5ad4d1d64 P e55064190afa4a5199e962180699271a [term 1 FOLLOWER]: Starting leader election with config: opid_index: -1 OBSOLETE_local: false peers { permanent_uuid: "cec512f7b2cf40a3b61af98b7b808508" member_type: VOTER last_known_addr { host: "127.12.17.67" port: 45393 } } peers { permanent_uuid: "392bb719893d487ebc68632730bbfc61" member_type: VOTER last_known_addr { host: "127.12.17.66" port: 37483 } } peers { permanent_uuid: "e55064190afa4a5199e962180699271a" member_type: VOTER last_known_addr { host: "127.12.17.65" port: 32905 } }
I20260709 12:19:58.054724 13745 leader_election.cc:290] T 061fbc4c0744489ea5f885c5ad4d1d64 P e55064190afa4a5199e962180699271a [CANDIDATE]: Term 1 election: Requested vote from peers cec512f7b2cf40a3b61af98b7b808508 (127.12.17.67:45393), 392bb719893d487ebc68632730bbfc61 (127.12.17.66:37483)
I20260709 12:19:58.055606 13678 tablet_service.cc:1917] Received RequestConsensusVote() RPC: tablet_id: "061fbc4c0744489ea5f885c5ad4d1d64" candidate_uuid: "e55064190afa4a5199e962180699271a" candidate_term: 1 candidate_status { last_received { term: 0 index: 0 } } ignore_live_leader: false dest_uuid: "cec512f7b2cf40a3b61af98b7b808508"
I20260709 12:19:58.055739 13780 leader_election.cc:290] T e3455e86fae14f01a2e6e7da12706331 P 392bb719893d487ebc68632730bbfc61 [CANDIDATE]: Term 1 election: Requested vote from peers e55064190afa4a5199e962180699271a (127.12.17.65:32905), cec512f7b2cf40a3b61af98b7b808508 (127.12.17.67:45393)
W20260709 12:19:58.057512 13494 leader_election.cc:343] T 061fbc4c0744489ea5f885c5ad4d1d64 P e55064190afa4a5199e962180699271a [CANDIDATE]: Term 1 election: Tablet error from VoteRequest() call to peer cec512f7b2cf40a3b61af98b7b808508 (127.12.17.67:45393): Illegal state: must be running to vote when last-logged opid is not known
I20260709 12:19:58.059463 13678 tablet_service.cc:1917] Received RequestConsensusVote() RPC: tablet_id: "e3455e86fae14f01a2e6e7da12706331" candidate_uuid: "392bb719893d487ebc68632730bbfc61" candidate_term: 1 candidate_status { last_received { term: 0 index: 0 } } ignore_live_leader: false dest_uuid: "cec512f7b2cf40a3b61af98b7b808508"
I20260709 12:19:58.060130 13678 raft_consensus.cc:3060] T e3455e86fae14f01a2e6e7da12706331 P cec512f7b2cf40a3b61af98b7b808508 [term 0 FOLLOWER]: Advancing to term 1
I20260709 12:19:58.059741 13719 tablet_bootstrap.cc:654] T 1b39c5eee612449daa00f182692df750 P 392bb719893d487ebc68632730bbfc61: Neither blocks nor log segments found. Creating new log.
I20260709 12:19:58.083050 13745 raft_consensus.cc:493] T 0779a7f8995a41e395021c6c9994eb99 P e55064190afa4a5199e962180699271a [term 0 FOLLOWER]: Starting pre-election (no leader contacted us within the election timeout)
I20260709 12:19:58.071616 13605 tablet_service.cc:1917] Received RequestConsensusVote() RPC: tablet_id: "061fbc4c0744489ea5f885c5ad4d1d64" candidate_uuid: "e55064190afa4a5199e962180699271a" candidate_term: 1 candidate_status { last_received { term: 0 index: 0 } } ignore_live_leader: false dest_uuid: "392bb719893d487ebc68632730bbfc61"
I20260709 12:19:58.091053 13745 raft_consensus.cc:515] T 0779a7f8995a41e395021c6c9994eb99 P e55064190afa4a5199e962180699271a [term 0 FOLLOWER]: Starting pre-election with config: opid_index: -1 OBSOLETE_local: false peers { permanent_uuid: "e55064190afa4a5199e962180699271a" member_type: VOTER last_known_addr { host: "127.12.17.65" port: 32905 } } peers { permanent_uuid: "392bb719893d487ebc68632730bbfc61" member_type: VOTER last_known_addr { host: "127.12.17.66" port: 37483 } } peers { permanent_uuid: "cec512f7b2cf40a3b61af98b7b808508" member_type: VOTER last_known_addr { host: "127.12.17.67" port: 45393 } }
I20260709 12:19:58.091681 13605 raft_consensus.cc:3060] T 061fbc4c0744489ea5f885c5ad4d1d64 P 392bb719893d487ebc68632730bbfc61 [term 0 FOLLOWER]: Advancing to term 1
I20260709 12:19:58.093480 13745 leader_election.cc:290] T 0779a7f8995a41e395021c6c9994eb99 P e55064190afa4a5199e962180699271a [CANDIDATE]: Term 1 pre-election: Requested pre-vote from peers 392bb719893d487ebc68632730bbfc61 (127.12.17.66:37483), cec512f7b2cf40a3b61af98b7b808508 (127.12.17.67:45393)
I20260709 12:19:58.095413 13679 tablet_service.cc:1917] Received RequestConsensusVote() RPC: tablet_id: "0779a7f8995a41e395021c6c9994eb99" candidate_uuid: "e55064190afa4a5199e962180699271a" candidate_term: 1 candidate_status { last_received { term: 0 index: 0 } } ignore_live_leader: false dest_uuid: "cec512f7b2cf40a3b61af98b7b808508" is_pre_election: true
I20260709 12:19:58.095753 13721 tablet_bootstrap.cc:654] T 061fbc4c0744489ea5f885c5ad4d1d64 P cec512f7b2cf40a3b61af98b7b808508: Neither blocks nor log segments found. Creating new log.
I20260709 12:19:58.077728 13678 raft_consensus.cc:2468] T e3455e86fae14f01a2e6e7da12706331 P cec512f7b2cf40a3b61af98b7b808508 [term 1 FOLLOWER]: Leader election vote request: Granting yes vote for candidate 392bb719893d487ebc68632730bbfc61 in term 1.
I20260709 12:19:58.096040 13679 raft_consensus.cc:2468] T 0779a7f8995a41e395021c6c9994eb99 P cec512f7b2cf40a3b61af98b7b808508 [term 0 FOLLOWER]: Leader pre-election vote request: Granting yes vote for candidate e55064190afa4a5199e962180699271a in term 0.
I20260709 12:19:58.097946 13569 leader_election.cc:304] T e3455e86fae14f01a2e6e7da12706331 P 392bb719893d487ebc68632730bbfc61 [CANDIDATE]: Term 1 election: Election decided. Result: candidate won. Election summary: received 2 responses out of 3 voters: 2 yes votes; 0 no votes. yes voters: 392bb719893d487ebc68632730bbfc61, cec512f7b2cf40a3b61af98b7b808508; no voters: 
I20260709 12:19:58.098821 13780 raft_consensus.cc:2804] T e3455e86fae14f01a2e6e7da12706331 P 392bb719893d487ebc68632730bbfc61 [term 1 FOLLOWER]: Leader election won for term 1
I20260709 12:19:58.099315 13780 raft_consensus.cc:697] T e3455e86fae14f01a2e6e7da12706331 P 392bb719893d487ebc68632730bbfc61 [term 1 LEADER]: Becoming Leader. State: Replica: 392bb719893d487ebc68632730bbfc61, State: Running, Role: LEADER
I20260709 12:19:58.099483 13603 tablet_service.cc:1917] Received RequestConsensusVote() RPC: tablet_id: "0779a7f8995a41e395021c6c9994eb99" candidate_uuid: "e55064190afa4a5199e962180699271a" candidate_term: 1 candidate_status { last_received { term: 0 index: 0 } } ignore_live_leader: false dest_uuid: "392bb719893d487ebc68632730bbfc61" is_pre_election: true
I20260709 12:19:58.100075 13603 raft_consensus.cc:2468] T 0779a7f8995a41e395021c6c9994eb99 P 392bb719893d487ebc68632730bbfc61 [term 0 FOLLOWER]: Leader pre-election vote request: Granting yes vote for candidate e55064190afa4a5199e962180699271a in term 0.
I20260709 12:19:58.100181 13780 consensus_queue.cc:237] T e3455e86fae14f01a2e6e7da12706331 P 392bb719893d487ebc68632730bbfc61 [LEADER]: Queue going to LEADER mode. State: All replicated index: 0, Majority replicated index: 0, Committed index: 0, Last appended: 0.0, Last appended by leader: 0, Current term: 1, Majority size: 2, State: 0, Mode: LEADER, active raft config: opid_index: -1 OBSOLETE_local: false peers { permanent_uuid: "e55064190afa4a5199e962180699271a" member_type: VOTER last_known_addr { host: "127.12.17.65" port: 32905 } } peers { permanent_uuid: "392bb719893d487ebc68632730bbfc61" member_type: VOTER last_known_addr { host: "127.12.17.66" port: 37483 } } peers { permanent_uuid: "cec512f7b2cf40a3b61af98b7b808508" member_type: VOTER last_known_addr { host: "127.12.17.67" port: 45393 } }
I20260709 12:19:58.105974 13494 leader_election.cc:304] T 0779a7f8995a41e395021c6c9994eb99 P e55064190afa4a5199e962180699271a [CANDIDATE]: Term 1 pre-election: Election decided. Result: candidate won. Election summary: received 2 responses out of 3 voters: 2 yes votes; 0 no votes. yes voters: cec512f7b2cf40a3b61af98b7b808508, e55064190afa4a5199e962180699271a; no voters: 
