Total incomplete LBM containers: 0 (0 repaired)
Total LBM partial records: 0 (0 repaired)
Total corrupted LBM metadata records in RocksDB: 0 (0 repaired)
I20260709 12:19:27.932703 29050 rpc_server.cc:225] running with OpenSSL 1.1.1  11 Sep 2018
I20260709 12:19:27.933808 29050 kserver.cc:163] Server-wide thread pool size limit: 3276
I20260709 12:19:27.935240 29050 txn_system_client.cc:432] TxnSystemClient initialization is disabled...
I20260709 12:19:27.937304 29050 ts_tablet_manager.cc:585] Loaded tablet metadata (0 total tablets, 0 live tablets)
I20260709 12:19:27.937536 29050 ts_tablet_manager.cc:531] Time spent load tablet metadata: real 0.000s	user 0.000s	sys 0.000s
I20260709 12:19:27.937770 29050 ts_tablet_manager.cc:616] Registered 0 tablets
I20260709 12:19:27.937954 29050 ts_tablet_manager.cc:595] Time spent register tablets: real 0.000s	user 0.000s	sys 0.000s
I20260709 12:19:27.975217 29050 rpc_server.cc:307] RPC server started. Bound to: 127.28.94.131:32939
I20260709 12:19:27.975327 29906 acceptor_pool.cc:272] collecting diagnostics on the listening RPC socket 127.28.94.131:32939 every 8 connection(s)
I20260709 12:19:27.992753 29907 heartbeater.cc:344] Connected to a master server at 127.28.94.190:34177
I20260709 12:19:27.993234 29907 heartbeater.cc:461] Registering TS with master...
I20260709 12:19:27.993960 29907 heartbeater.cc:507] Master 127.28.94.190:34177 requested a full tablet report, sending...
I20260709 12:19:27.995703 29630 ts_manager.cc:194] Registered new tserver with Master: de6ea6ab7dc44d2cb9a836743cf3dc48 (127.28.94.131:32939)
I20260709 12:19:27.996367 29050 internal_mini_cluster.cc:371] 3 TS(s) registered with all masters after 0.017900802s
I20260709 12:19:27.997165 29630 master_service.cc:502] Signed X509 certificate for tserver {username='slave'} at 127.0.0.1:56014
I20260709 12:19:28.020563 29630 catalog_manager.cc:2283] Servicing CreateTable request from {username='slave'} at 127.0.0.1:56024:
name: "test-workload"
schema {
  columns {
    name: "key"
    type: INT32
    is_key: true
    is_nullable: false
    encoding: AUTO_ENCODING
    compression: DEFAULT_COMPRESSION
    cfile_block_size: 0
    immutable: false
  }
  columns {
    name: "int_val"
    type: INT32
    is_key: false
    is_nullable: false
    encoding: AUTO_ENCODING
    compression: DEFAULT_COMPRESSION
    cfile_block_size: 0
    immutable: false
  }
  columns {
    name: "string_val"
    type: STRING
    is_key: false
    is_nullable: true
    encoding: AUTO_ENCODING
    compression: DEFAULT_COMPRESSION
    cfile_block_size: 0
    immutable: false
  }
}
num_replicas: 3
split_rows_range_bounds {
  rows: "\004\001\000\314\314\314\014\004\001\000\230\231\231\031\004\001\000dff&\004\001\0000333\004\001\000\374\377\377?\004\001\000\310\314\314L\004\001\000\224\231\231Y\004\001\000`fff\004\001\000,33s""\004\001\000\314\314\314\014\004\001\000\230\231\231\031\004\001\000dff&\004\001\0000333\004\001\000\374\377\377?\004\001\000\310\314\314L\004\001\000\224\231\231Y\004\001\000`fff\004\001\000,33s"
  indirect_data: """"
}
partition_schema {
  range_schema {
    columns {
      name: "key"
    }
  }
}
W20260709 12:19:28.023294 29630 catalog_manager.cc:7077] The number of live tablet servers is not enough to re-replicate a tablet replica of the newly created table test-workload in case of a server failure: 4 tablet servers would be needed, 3 are available. Consider bringing up more tablet servers.
I20260709 12:19:28.088778 29723 tablet_service.cc:1511] Processing CreateTablet for tablet 45ad63c0ecdb4b7292e6d0f63df3f03f (DEFAULT_TABLE table=test-workload [id=bc1cd9447bc14e36b48c10f65f1fd45f]), partition=RANGE (key) PARTITION VALUES < 214748364
I20260709 12:19:28.089129 29722 tablet_service.cc:1511] Processing CreateTablet for tablet 9eb38b08b5624434a213fab8d7519e97 (DEFAULT_TABLE table=test-workload [id=bc1cd9447bc14e36b48c10f65f1fd45f]), partition=RANGE (key) PARTITION 214748364 <= VALUES < 429496728
I20260709 12:19:28.092027 29723 data_dirs.cc:400] Could only allocate 1 dirs of requested 3 for tablet 45ad63c0ecdb4b7292e6d0f63df3f03f. 1 dirs total, 0 dirs full, 0 dirs failed
I20260709 12:19:28.093047 29798 tablet_service.cc:1511] Processing CreateTablet for tablet 45ad63c0ecdb4b7292e6d0f63df3f03f (DEFAULT_TABLE table=test-workload [id=bc1cd9447bc14e36b48c10f65f1fd45f]), partition=RANGE (key) PARTITION VALUES < 214748364
I20260709 12:19:28.093945 29722 data_dirs.cc:400] Could only allocate 1 dirs of requested 3 for tablet 9eb38b08b5624434a213fab8d7519e97. 1 dirs total, 0 dirs full, 0 dirs failed
I20260709 12:19:28.094305 29798 data_dirs.cc:400] Could only allocate 1 dirs of requested 3 for tablet 45ad63c0ecdb4b7292e6d0f63df3f03f. 1 dirs total, 0 dirs full, 0 dirs failed
I20260709 12:19:28.098150 29797 tablet_service.cc:1511] Processing CreateTablet for tablet 9eb38b08b5624434a213fab8d7519e97 (DEFAULT_TABLE table=test-workload [id=bc1cd9447bc14e36b48c10f65f1fd45f]), partition=RANGE (key) PARTITION 214748364 <= VALUES < 429496728
I20260709 12:19:28.099478 29797 data_dirs.cc:400] Could only allocate 1 dirs of requested 3 for tablet 9eb38b08b5624434a213fab8d7519e97. 1 dirs total, 0 dirs full, 0 dirs failed
I20260709 12:19:28.105252 29871 tablet_service.cc:1511] Processing CreateTablet for tablet 9eb38b08b5624434a213fab8d7519e97 (DEFAULT_TABLE table=test-workload [id=bc1cd9447bc14e36b48c10f65f1fd45f]), partition=RANGE (key) PARTITION 214748364 <= VALUES < 429496728
I20260709 12:19:28.106555 29871 data_dirs.cc:400] Could only allocate 1 dirs of requested 3 for tablet 9eb38b08b5624434a213fab8d7519e97. 1 dirs total, 0 dirs full, 0 dirs failed
I20260709 12:19:28.108572 29872 tablet_service.cc:1511] Processing CreateTablet for tablet 45ad63c0ecdb4b7292e6d0f63df3f03f (DEFAULT_TABLE table=test-workload [id=bc1cd9447bc14e36b48c10f65f1fd45f]), partition=RANGE (key) PARTITION VALUES < 214748364
I20260709 12:19:28.109810 29872 data_dirs.cc:400] Could only allocate 1 dirs of requested 3 for tablet 45ad63c0ecdb4b7292e6d0f63df3f03f. 1 dirs total, 0 dirs full, 0 dirs failed
I20260709 12:19:28.113209 29870 tablet_service.cc:1511] Processing CreateTablet for tablet bd4bd552c379403083ba6fcf0c0d5d79 (DEFAULT_TABLE table=test-workload [id=bc1cd9447bc14e36b48c10f65f1fd45f]), partition=RANGE (key) PARTITION 429496728 <= VALUES < 644245092
I20260709 12:19:28.114477 29870 data_dirs.cc:400] Could only allocate 1 dirs of requested 3 for tablet bd4bd552c379403083ba6fcf0c0d5d79. 1 dirs total, 0 dirs full, 0 dirs failed
I20260709 12:19:28.111889 29721 tablet_service.cc:1511] Processing CreateTablet for tablet bd4bd552c379403083ba6fcf0c0d5d79 (DEFAULT_TABLE table=test-workload [id=bc1cd9447bc14e36b48c10f65f1fd45f]), partition=RANGE (key) PARTITION 429496728 <= VALUES < 644245092
I20260709 12:19:28.117717 29721 data_dirs.cc:400] Could only allocate 1 dirs of requested 3 for tablet bd4bd552c379403083ba6fcf0c0d5d79. 1 dirs total, 0 dirs full, 0 dirs failed
I20260709 12:19:28.123328 29720 tablet_service.cc:1511] Processing CreateTablet for tablet ecd54906d9bc40d2a4425806ab05b6e4 (DEFAULT_TABLE table=test-workload [id=bc1cd9447bc14e36b48c10f65f1fd45f]), partition=RANGE (key) PARTITION 644245092 <= VALUES < 858993456
I20260709 12:19:28.124707 29720 data_dirs.cc:400] Could only allocate 1 dirs of requested 3 for tablet ecd54906d9bc40d2a4425806ab05b6e4. 1 dirs total, 0 dirs full, 0 dirs failed
I20260709 12:19:28.125032 29796 tablet_service.cc:1511] Processing CreateTablet for tablet ecd54906d9bc40d2a4425806ab05b6e4 (DEFAULT_TABLE table=test-workload [id=bc1cd9447bc14e36b48c10f65f1fd45f]), partition=RANGE (key) PARTITION 644245092 <= VALUES < 858993456
I20260709 12:19:28.126261 29796 data_dirs.cc:400] Could only allocate 1 dirs of requested 3 for tablet ecd54906d9bc40d2a4425806ab05b6e4. 1 dirs total, 0 dirs full, 0 dirs failed
I20260709 12:19:28.129256 29869 tablet_service.cc:1511] Processing CreateTablet for tablet ecd54906d9bc40d2a4425806ab05b6e4 (DEFAULT_TABLE table=test-workload [id=bc1cd9447bc14e36b48c10f65f1fd45f]), partition=RANGE (key) PARTITION 644245092 <= VALUES < 858993456
I20260709 12:19:28.130533 29869 data_dirs.cc:400] Could only allocate 1 dirs of requested 3 for tablet ecd54906d9bc40d2a4425806ab05b6e4. 1 dirs total, 0 dirs full, 0 dirs failed
I20260709 12:19:28.132771 29795 tablet_service.cc:1511] Processing CreateTablet for tablet 43dee67b286140f69180d018e9c82483 (DEFAULT_TABLE table=test-workload [id=bc1cd9447bc14e36b48c10f65f1fd45f]), partition=RANGE (key) PARTITION 858993456 <= VALUES < 1073741820
I20260709 12:19:28.133246 29719 tablet_service.cc:1511] Processing CreateTablet for tablet 43dee67b286140f69180d018e9c82483 (DEFAULT_TABLE table=test-workload [id=bc1cd9447bc14e36b48c10f65f1fd45f]), partition=RANGE (key) PARTITION 858993456 <= VALUES < 1073741820
I20260709 12:19:28.134088 29795 data_dirs.cc:400] Could only allocate 1 dirs of requested 3 for tablet 43dee67b286140f69180d018e9c82483. 1 dirs total, 0 dirs full, 0 dirs failed
I20260709 12:19:28.134478 29719 data_dirs.cc:400] Could only allocate 1 dirs of requested 3 for tablet 43dee67b286140f69180d018e9c82483. 1 dirs total, 0 dirs full, 0 dirs failed
I20260709 12:19:28.137202 29868 tablet_service.cc:1511] Processing CreateTablet for tablet 43dee67b286140f69180d018e9c82483 (DEFAULT_TABLE table=test-workload [id=bc1cd9447bc14e36b48c10f65f1fd45f]), partition=RANGE (key) PARTITION 858993456 <= VALUES < 1073741820
I20260709 12:19:28.138447 29868 data_dirs.cc:400] Could only allocate 1 dirs of requested 3 for tablet 43dee67b286140f69180d018e9c82483. 1 dirs total, 0 dirs full, 0 dirs failed
I20260709 12:19:28.144254 29718 tablet_service.cc:1511] Processing CreateTablet for tablet 6468910089044107bea60b274fa2890b (DEFAULT_TABLE table=test-workload [id=bc1cd9447bc14e36b48c10f65f1fd45f]), partition=RANGE (key) PARTITION 1073741820 <= VALUES < 1288490184
I20260709 12:19:28.145567 29718 data_dirs.cc:400] Could only allocate 1 dirs of requested 3 for tablet 6468910089044107bea60b274fa2890b. 1 dirs total, 0 dirs full, 0 dirs failed
I20260709 12:19:28.145951 29794 tablet_service.cc:1511] Processing CreateTablet for tablet 6468910089044107bea60b274fa2890b (DEFAULT_TABLE table=test-workload [id=bc1cd9447bc14e36b48c10f65f1fd45f]), partition=RANGE (key) PARTITION 1073741820 <= VALUES < 1288490184
I20260709 12:19:28.147193 29794 data_dirs.cc:400] Could only allocate 1 dirs of requested 3 for tablet 6468910089044107bea60b274fa2890b. 1 dirs total, 0 dirs full, 0 dirs failed
I20260709 12:19:28.148613 29867 tablet_service.cc:1511] Processing CreateTablet for tablet 6468910089044107bea60b274fa2890b (DEFAULT_TABLE table=test-workload [id=bc1cd9447bc14e36b48c10f65f1fd45f]), partition=RANGE (key) PARTITION 1073741820 <= VALUES < 1288490184
I20260709 12:19:28.150686 29867 data_dirs.cc:400] Could only allocate 1 dirs of requested 3 for tablet 6468910089044107bea60b274fa2890b. 1 dirs total, 0 dirs full, 0 dirs failed
I20260709 12:19:28.161188 29717 tablet_service.cc:1511] Processing CreateTablet for tablet a169d45d12c04a25833f0f3414321db1 (DEFAULT_TABLE table=test-workload [id=bc1cd9447bc14e36b48c10f65f1fd45f]), partition=RANGE (key) PARTITION 1288490184 <= VALUES < 1503238548
I20260709 12:19:28.162972 29717 data_dirs.cc:400] Could only allocate 1 dirs of requested 3 for tablet a169d45d12c04a25833f0f3414321db1. 1 dirs total, 0 dirs full, 0 dirs failed
I20260709 12:19:28.165753 29866 tablet_service.cc:1511] Processing CreateTablet for tablet a169d45d12c04a25833f0f3414321db1 (DEFAULT_TABLE table=test-workload [id=bc1cd9447bc14e36b48c10f65f1fd45f]), partition=RANGE (key) PARTITION 1288490184 <= VALUES < 1503238548
I20260709 12:19:28.167414 29866 data_dirs.cc:400] Could only allocate 1 dirs of requested 3 for tablet a169d45d12c04a25833f0f3414321db1. 1 dirs total, 0 dirs full, 0 dirs failed
I20260709 12:19:28.168562 29793 tablet_service.cc:1511] Processing CreateTablet for tablet a169d45d12c04a25833f0f3414321db1 (DEFAULT_TABLE table=test-workload [id=bc1cd9447bc14e36b48c10f65f1fd45f]), partition=RANGE (key) PARTITION 1288490184 <= VALUES < 1503238548
I20260709 12:19:28.170758 29793 data_dirs.cc:400] Could only allocate 1 dirs of requested 3 for tablet a169d45d12c04a25833f0f3414321db1. 1 dirs total, 0 dirs full, 0 dirs failed
I20260709 12:19:28.209085 29797 tablet_service.cc:1511] Processing CreateTablet for tablet bd4bd552c379403083ba6fcf0c0d5d79 (DEFAULT_TABLE table=test-workload [id=bc1cd9447bc14e36b48c10f65f1fd45f]), partition=RANGE (key) PARTITION 429496728 <= VALUES < 644245092
I20260709 12:19:28.210389 29797 data_dirs.cc:400] Could only allocate 1 dirs of requested 3 for tablet bd4bd552c379403083ba6fcf0c0d5d79. 1 dirs total, 0 dirs full, 0 dirs failed
I20260709 12:19:28.261652 29922 tablet_bootstrap.cc:492] T 45ad63c0ecdb4b7292e6d0f63df3f03f P 0de06d91f9c24f38980ef02863931535: Bootstrap starting.
I20260709 12:19:28.267189 29922 tablet_bootstrap.cc:654] T 45ad63c0ecdb4b7292e6d0f63df3f03f P 0de06d91f9c24f38980ef02863931535: Neither blocks nor log segments found. Creating new log.
I20260709 12:19:28.274973 29720 tablet_service.cc:1511] Processing CreateTablet for tablet c93d2ad506b748ceb0198771335c8467 (DEFAULT_TABLE table=test-workload [id=bc1cd9447bc14e36b48c10f65f1fd45f]), partition=RANGE (key) PARTITION 1503238548 <= VALUES < 1717986912
I20260709 12:19:28.280939 29720 data_dirs.cc:400] Could only allocate 1 dirs of requested 3 for tablet c93d2ad506b748ceb0198771335c8467. 1 dirs total, 0 dirs full, 0 dirs failed
I20260709 12:19:28.285123 29922 tablet_bootstrap.cc:492] T 45ad63c0ecdb4b7292e6d0f63df3f03f P 0de06d91f9c24f38980ef02863931535: No bootstrap required, opened a new log
I20260709 12:19:28.285256 29923 tablet_bootstrap.cc:492] T 45ad63c0ecdb4b7292e6d0f63df3f03f P d3c4e113eec846f6a9155c3ca918e21b: Bootstrap starting.
I20260709 12:19:28.285795 29922 ts_tablet_manager.cc:1403] T 45ad63c0ecdb4b7292e6d0f63df3f03f P 0de06d91f9c24f38980ef02863931535: Time spent bootstrapping tablet: real 0.024s	user 0.009s	sys 0.004s
I20260709 12:19:28.288612 29922 raft_consensus.cc:359] T 45ad63c0ecdb4b7292e6d0f63df3f03f P 0de06d91f9c24f38980ef02863931535 [term 0 FOLLOWER]: Replica starting. Triggering 0 pending ops. Active config: opid_index: -1 OBSOLETE_local: false peers { permanent_uuid: "d3c4e113eec846f6a9155c3ca918e21b" member_type: VOTER last_known_addr { host: "127.28.94.129" port: 37787 } } peers { permanent_uuid: "0de06d91f9c24f38980ef02863931535" member_type: VOTER last_known_addr { host: "127.28.94.130" port: 41347 } } peers { permanent_uuid: "de6ea6ab7dc44d2cb9a836743cf3dc48" member_type: VOTER last_known_addr { host: "127.28.94.131" port: 32939 } }
I20260709 12:19:28.289332 29922 raft_consensus.cc:385] T 45ad63c0ecdb4b7292e6d0f63df3f03f P 0de06d91f9c24f38980ef02863931535 [term 0 FOLLOWER]: Consensus starting up: Expiring failure detector timer to make a prompt election more likely
I20260709 12:19:28.289799 29922 raft_consensus.cc:740] T 45ad63c0ecdb4b7292e6d0f63df3f03f P 0de06d91f9c24f38980ef02863931535 [term 0 FOLLOWER]: Becoming Follower/Learner. State: Replica: 0de06d91f9c24f38980ef02863931535, State: Initialized, Role: FOLLOWER
I20260709 12:19:28.290756 29922 consensus_queue.cc:260] T 45ad63c0ecdb4b7292e6d0f63df3f03f P 0de06d91f9c24f38980ef02863931535 [NON_LEADER]: Queue going to NON_LEADER mode. State: All replicated index: 0, Majority replicated index: 0, Committed index: 0, Last appended: 0.0, Last appended by leader: 0, Current term: 0, Majority size: -1, State: 0, Mode: NON_LEADER, active raft config: opid_index: -1 OBSOLETE_local: false peers { permanent_uuid: "d3c4e113eec846f6a9155c3ca918e21b" member_type: VOTER last_known_addr { host: "127.28.94.129" port: 37787 } } peers { permanent_uuid: "0de06d91f9c24f38980ef02863931535" member_type: VOTER last_known_addr { host: "127.28.94.130" port: 41347 } } peers { permanent_uuid: "de6ea6ab7dc44d2cb9a836743cf3dc48" member_type: VOTER last_known_addr { host: "127.28.94.131" port: 32939 } }
I20260709 12:19:28.292197 29923 tablet_bootstrap.cc:654] T 45ad63c0ecdb4b7292e6d0f63df3f03f P d3c4e113eec846f6a9155c3ca918e21b: Neither blocks nor log segments found. Creating new log.
I20260709 12:19:28.304003 29722 tablet_service.cc:1511] Processing CreateTablet for tablet 3da4d4c6a5624d49bae6303b8d41ea02 (DEFAULT_TABLE table=test-workload [id=bc1cd9447bc14e36b48c10f65f1fd45f]), partition=RANGE (key) PARTITION 1717986912 <= VALUES < 1932735276
I20260709 12:19:28.305635 29722 data_dirs.cc:400] Could only allocate 1 dirs of requested 3 for tablet 3da4d4c6a5624d49bae6303b8d41ea02. 1 dirs total, 0 dirs full, 0 dirs failed
I20260709 12:19:28.306273 29793 tablet_service.cc:1511] Processing CreateTablet for tablet 3da4d4c6a5624d49bae6303b8d41ea02 (DEFAULT_TABLE table=test-workload [id=bc1cd9447bc14e36b48c10f65f1fd45f]), partition=RANGE (key) PARTITION 1717986912 <= VALUES < 1932735276
I20260709 12:19:28.304224 29866 tablet_service.cc:1511] Processing CreateTablet for tablet c93d2ad506b748ceb0198771335c8467 (DEFAULT_TABLE table=test-workload [id=bc1cd9447bc14e36b48c10f65f1fd45f]), partition=RANGE (key) PARTITION 1503238548 <= VALUES < 1717986912
I20260709 12:19:28.309033 29866 data_dirs.cc:400] Could only allocate 1 dirs of requested 3 for tablet c93d2ad506b748ceb0198771335c8467. 1 dirs total, 0 dirs full, 0 dirs failed
I20260709 12:19:28.312183 29793 data_dirs.cc:400] Could only allocate 1 dirs of requested 3 for tablet 3da4d4c6a5624d49bae6303b8d41ea02. 1 dirs total, 0 dirs full, 0 dirs failed
I20260709 12:19:28.313191 29795 tablet_service.cc:1511] Processing CreateTablet for tablet c93d2ad506b748ceb0198771335c8467 (DEFAULT_TABLE table=test-workload [id=bc1cd9447bc14e36b48c10f65f1fd45f]), partition=RANGE (key) PARTITION 1503238548 <= VALUES < 1717986912
I20260709 12:19:28.314939 29795 data_dirs.cc:400] Could only allocate 1 dirs of requested 3 for tablet c93d2ad506b748ceb0198771335c8467. 1 dirs total, 0 dirs full, 0 dirs failed
I20260709 12:19:28.317023 29925 tablet_bootstrap.cc:492] T 45ad63c0ecdb4b7292e6d0f63df3f03f P de6ea6ab7dc44d2cb9a836743cf3dc48: Bootstrap starting.
I20260709 12:19:28.319406 29922 ts_tablet_manager.cc:1434] T 45ad63c0ecdb4b7292e6d0f63df3f03f P 0de06d91f9c24f38980ef02863931535: Time spent starting tablet: real 0.033s	user 0.021s	sys 0.011s
I20260709 12:19:28.320447 29833 heartbeater.cc:499] Master 127.28.94.190:34177 was elected leader, sending a full tablet report...
I20260709 12:19:28.324263 29872 tablet_service.cc:1511] Processing CreateTablet for tablet 3da4d4c6a5624d49bae6303b8d41ea02 (DEFAULT_TABLE table=test-workload [id=bc1cd9447bc14e36b48c10f65f1fd45f]), partition=RANGE (key) PARTITION 1717986912 <= VALUES < 1932735276
I20260709 12:19:28.325525 29872 data_dirs.cc:400] Could only allocate 1 dirs of requested 3 for tablet 3da4d4c6a5624d49bae6303b8d41ea02. 1 dirs total, 0 dirs full, 0 dirs failed
I20260709 12:19:28.327415 29797 tablet_service.cc:1511] Processing CreateTablet for tablet 8cbfabfc98f4436b9fb99bde1e3b029b (DEFAULT_TABLE table=test-workload [id=bc1cd9447bc14e36b48c10f65f1fd45f]), partition=RANGE (key) PARTITION 1932735276 <= VALUES
I20260709 12:19:28.328764 29797 data_dirs.cc:400] Could only allocate 1 dirs of requested 3 for tablet 8cbfabfc98f4436b9fb99bde1e3b029b. 1 dirs total, 0 dirs full, 0 dirs failed
I20260709 12:19:28.329608 29922 tablet_bootstrap.cc:492] T 9eb38b08b5624434a213fab8d7519e97 P 0de06d91f9c24f38980ef02863931535: Bootstrap starting.
I20260709 12:19:28.329747 29718 tablet_service.cc:1511] Processing CreateTablet for tablet 8cbfabfc98f4436b9fb99bde1e3b029b (DEFAULT_TABLE table=test-workload [id=bc1cd9447bc14e36b48c10f65f1fd45f]), partition=RANGE (key) PARTITION 1932735276 <= VALUES
I20260709 12:19:28.337086 29718 data_dirs.cc:400] Could only allocate 1 dirs of requested 3 for tablet 8cbfabfc98f4436b9fb99bde1e3b029b. 1 dirs total, 0 dirs full, 0 dirs failed
I20260709 12:19:28.351517 29925 tablet_bootstrap.cc:654] T 45ad63c0ecdb4b7292e6d0f63df3f03f P de6ea6ab7dc44d2cb9a836743cf3dc48: Neither blocks nor log segments found. Creating new log.
I20260709 12:19:28.351817 29866 tablet_service.cc:1511] Processing CreateTablet for tablet 8cbfabfc98f4436b9fb99bde1e3b029b (DEFAULT_TABLE table=test-workload [id=bc1cd9447bc14e36b48c10f65f1fd45f]), partition=RANGE (key) PARTITION 1932735276 <= VALUES
I20260709 12:19:28.353181 29866 data_dirs.cc:400] Could only allocate 1 dirs of requested 3 for tablet 8cbfabfc98f4436b9fb99bde1e3b029b. 1 dirs total, 0 dirs full, 0 dirs failed
I20260709 12:19:28.353859 29923 tablet_bootstrap.cc:492] T 45ad63c0ecdb4b7292e6d0f63df3f03f P d3c4e113eec846f6a9155c3ca918e21b: No bootstrap required, opened a new log
I20260709 12:19:28.354336 29923 ts_tablet_manager.cc:1403] T 45ad63c0ecdb4b7292e6d0f63df3f03f P d3c4e113eec846f6a9155c3ca918e21b: Time spent bootstrapping tablet: real 0.070s	user 0.008s	sys 0.014s
I20260709 12:19:28.364466 29923 raft_consensus.cc:359] T 45ad63c0ecdb4b7292e6d0f63df3f03f P d3c4e113eec846f6a9155c3ca918e21b [term 0 FOLLOWER]: Replica starting. Triggering 0 pending ops. Active config: opid_index: -1 OBSOLETE_local: false peers { permanent_uuid: "d3c4e113eec846f6a9155c3ca918e21b" member_type: VOTER last_known_addr { host: "127.28.94.129" port: 37787 } } peers { permanent_uuid: "0de06d91f9c24f38980ef02863931535" member_type: VOTER last_known_addr { host: "127.28.94.130" port: 41347 } } peers { permanent_uuid: "de6ea6ab7dc44d2cb9a836743cf3dc48" member_type: VOTER last_known_addr { host: "127.28.94.131" port: 32939 } }
I20260709 12:19:28.365247 29923 raft_consensus.cc:385] T 45ad63c0ecdb4b7292e6d0f63df3f03f P d3c4e113eec846f6a9155c3ca918e21b [term 0 FOLLOWER]: Consensus starting up: Expiring failure detector timer to make a prompt election more likely
I20260709 12:19:28.365612 29923 raft_consensus.cc:740] T 45ad63c0ecdb4b7292e6d0f63df3f03f P d3c4e113eec846f6a9155c3ca918e21b [term 0 FOLLOWER]: Becoming Follower/Learner. State: Replica: d3c4e113eec846f6a9155c3ca918e21b, State: Initialized, Role: FOLLOWER
I20260709 12:19:28.368207 29923 consensus_queue.cc:260] T 45ad63c0ecdb4b7292e6d0f63df3f03f P d3c4e113eec846f6a9155c3ca918e21b [NON_LEADER]: Queue going to NON_LEADER mode. State: All replicated index: 0, Majority replicated index: 0, Committed index: 0, Last appended: 0.0, Last appended by leader: 0, Current term: 0, Majority size: -1, State: 0, Mode: NON_LEADER, active raft config: opid_index: -1 OBSOLETE_local: false peers { permanent_uuid: "d3c4e113eec846f6a9155c3ca918e21b" member_type: VOTER last_known_addr { host: "127.28.94.129" port: 37787 } } peers { permanent_uuid: "0de06d91f9c24f38980ef02863931535" member_type: VOTER last_known_addr { host: "127.28.94.130" port: 41347 } } peers { permanent_uuid: "de6ea6ab7dc44d2cb9a836743cf3dc48" member_type: VOTER last_known_addr { host: "127.28.94.131" port: 32939 } }
I20260709 12:19:28.367427 29925 tablet_bootstrap.cc:492] T 45ad63c0ecdb4b7292e6d0f63df3f03f P de6ea6ab7dc44d2cb9a836743cf3dc48: No bootstrap required, opened a new log
I20260709 12:19:28.368729 29922 tablet_bootstrap.cc:654] T 9eb38b08b5624434a213fab8d7519e97 P 0de06d91f9c24f38980ef02863931535: Neither blocks nor log segments found. Creating new log.
I20260709 12:19:28.369835 29925 ts_tablet_manager.cc:1403] T 45ad63c0ecdb4b7292e6d0f63df3f03f P de6ea6ab7dc44d2cb9a836743cf3dc48: Time spent bootstrapping tablet: real 0.053s	user 0.009s	sys 0.005s
I20260709 12:19:28.373375 29758 heartbeater.cc:499] Master 127.28.94.190:34177 was elected leader, sending a full tablet report...
I20260709 12:19:28.374086 29923 ts_tablet_manager.cc:1434] T 45ad63c0ecdb4b7292e6d0f63df3f03f P d3c4e113eec846f6a9155c3ca918e21b: Time spent starting tablet: real 0.019s	user 0.008s	sys 0.003s
I20260709 12:19:28.374974 29923 tablet_bootstrap.cc:492] T ecd54906d9bc40d2a4425806ab05b6e4 P d3c4e113eec846f6a9155c3ca918e21b: Bootstrap starting.
I20260709 12:19:28.375758 29922 tablet_bootstrap.cc:492] T 9eb38b08b5624434a213fab8d7519e97 P 0de06d91f9c24f38980ef02863931535: No bootstrap required, opened a new log
I20260709 12:19:28.376278 29922 ts_tablet_manager.cc:1403] T 9eb38b08b5624434a213fab8d7519e97 P 0de06d91f9c24f38980ef02863931535: Time spent bootstrapping tablet: real 0.047s	user 0.013s	sys 0.002s
I20260709 12:19:28.376232 29925 raft_consensus.cc:359] T 45ad63c0ecdb4b7292e6d0f63df3f03f P de6ea6ab7dc44d2cb9a836743cf3dc48 [term 0 FOLLOWER]: Replica starting. Triggering 0 pending ops. Active config: opid_index: -1 OBSOLETE_local: false peers { permanent_uuid: "d3c4e113eec846f6a9155c3ca918e21b" member_type: VOTER last_known_addr { host: "127.28.94.129" port: 37787 } } peers { permanent_uuid: "0de06d91f9c24f38980ef02863931535" member_type: VOTER last_known_addr { host: "127.28.94.130" port: 41347 } } peers { permanent_uuid: "de6ea6ab7dc44d2cb9a836743cf3dc48" member_type: VOTER last_known_addr { host: "127.28.94.131" port: 32939 } }
I20260709 12:19:28.377245 29925 raft_consensus.cc:385] T 45ad63c0ecdb4b7292e6d0f63df3f03f P de6ea6ab7dc44d2cb9a836743cf3dc48 [term 0 FOLLOWER]: Consensus starting up: Expiring failure detector timer to make a prompt election more likely
I20260709 12:19:28.377597 29925 raft_consensus.cc:740] T 45ad63c0ecdb4b7292e6d0f63df3f03f P de6ea6ab7dc44d2cb9a836743cf3dc48 [term 0 FOLLOWER]: Becoming Follower/Learner. State: Replica: de6ea6ab7dc44d2cb9a836743cf3dc48, State: Initialized, Role: FOLLOWER
I20260709 12:19:28.378470 29925 consensus_queue.cc:260] T 45ad63c0ecdb4b7292e6d0f63df3f03f P de6ea6ab7dc44d2cb9a836743cf3dc48 [NON_LEADER]: Queue going to NON_LEADER mode. State: All replicated index: 0, Majority replicated index: 0, Committed index: 0, Last appended: 0.0, Last appended by leader: 0, Current term: 0, Majority size: -1, State: 0, Mode: NON_LEADER, active raft config: opid_index: -1 OBSOLETE_local: false peers { permanent_uuid: "d3c4e113eec846f6a9155c3ca918e21b" member_type: VOTER last_known_addr { host: "127.28.94.129" port: 37787 } } peers { permanent_uuid: "0de06d91f9c24f38980ef02863931535" member_type: VOTER last_known_addr { host: "127.28.94.130" port: 41347 } } peers { permanent_uuid: "de6ea6ab7dc44d2cb9a836743cf3dc48" member_type: VOTER last_known_addr { host: "127.28.94.131" port: 32939 } }
I20260709 12:19:28.381201 29922 raft_consensus.cc:359] T 9eb38b08b5624434a213fab8d7519e97 P 0de06d91f9c24f38980ef02863931535 [term 0 FOLLOWER]: Replica starting. Triggering 0 pending ops. Active config: opid_index: -1 OBSOLETE_local: false peers { permanent_uuid: "d3c4e113eec846f6a9155c3ca918e21b" member_type: VOTER last_known_addr { host: "127.28.94.129" port: 37787 } } peers { permanent_uuid: "0de06d91f9c24f38980ef02863931535" member_type: VOTER last_known_addr { host: "127.28.94.130" port: 41347 } } peers { permanent_uuid: "de6ea6ab7dc44d2cb9a836743cf3dc48" member_type: VOTER last_known_addr { host: "127.28.94.131" port: 32939 } }
I20260709 12:19:28.381950 29922 raft_consensus.cc:385] T 9eb38b08b5624434a213fab8d7519e97 P 0de06d91f9c24f38980ef02863931535 [term 0 FOLLOWER]: Consensus starting up: Expiring failure detector timer to make a prompt election more likely
I20260709 12:19:28.381981 29923 tablet_bootstrap.cc:654] T ecd54906d9bc40d2a4425806ab05b6e4 P d3c4e113eec846f6a9155c3ca918e21b: Neither blocks nor log segments found. Creating new log.
I20260709 12:19:28.382413 29922 raft_consensus.cc:740] T 9eb38b08b5624434a213fab8d7519e97 P 0de06d91f9c24f38980ef02863931535 [term 0 FOLLOWER]: Becoming Follower/Learner. State: Replica: 0de06d91f9c24f38980ef02863931535, State: Initialized, Role: FOLLOWER
I20260709 12:19:28.383311 29922 consensus_queue.cc:260] T 9eb38b08b5624434a213fab8d7519e97 P 0de06d91f9c24f38980ef02863931535 [NON_LEADER]: Queue going to NON_LEADER mode. State: All replicated index: 0, Majority replicated index: 0, Committed index: 0, Last appended: 0.0, Last appended by leader: 0, Current term: 0, Majority size: -1, State: 0, Mode: NON_LEADER, active raft config: opid_index: -1 OBSOLETE_local: false peers { permanent_uuid: "d3c4e113eec846f6a9155c3ca918e21b" member_type: VOTER last_known_addr { host: "127.28.94.129" port: 37787 } } peers { permanent_uuid: "0de06d91f9c24f38980ef02863931535" member_type: VOTER last_known_addr { host: "127.28.94.130" port: 41347 } } peers { permanent_uuid: "de6ea6ab7dc44d2cb9a836743cf3dc48" member_type: VOTER last_known_addr { host: "127.28.94.131" port: 32939 } }
W20260709 12:19:28.388444 29834 tablet.cc:2406] T 45ad63c0ecdb4b7292e6d0f63df3f03f P 0de06d91f9c24f38980ef02863931535: Can't schedule compaction. Clean time has not been advanced past its initial value.
I20260709 12:19:28.388952 29922 ts_tablet_manager.cc:1434] T 9eb38b08b5624434a213fab8d7519e97 P 0de06d91f9c24f38980ef02863931535: Time spent starting tablet: real 0.012s	user 0.003s	sys 0.003s
I20260709 12:19:28.389858 29922 tablet_bootstrap.cc:492] T ecd54906d9bc40d2a4425806ab05b6e4 P 0de06d91f9c24f38980ef02863931535: Bootstrap starting.
I20260709 12:19:28.396291 29922 tablet_bootstrap.cc:654] T ecd54906d9bc40d2a4425806ab05b6e4 P 0de06d91f9c24f38980ef02863931535: Neither blocks nor log segments found. Creating new log.
I20260709 12:19:28.398411 29907 heartbeater.cc:499] Master 127.28.94.190:34177 was elected leader, sending a full tablet report...
I20260709 12:19:28.399971 29925 ts_tablet_manager.cc:1434] T 45ad63c0ecdb4b7292e6d0f63df3f03f P de6ea6ab7dc44d2cb9a836743cf3dc48: Time spent starting tablet: real 0.030s	user 0.008s	sys 0.018s
I20260709 12:19:28.401844 29925 tablet_bootstrap.cc:492] T 6468910089044107bea60b274fa2890b P de6ea6ab7dc44d2cb9a836743cf3dc48: Bootstrap starting.
I20260709 12:19:28.404552 29923 tablet_bootstrap.cc:492] T ecd54906d9bc40d2a4425806ab05b6e4 P d3c4e113eec846f6a9155c3ca918e21b: No bootstrap required, opened a new log
I20260709 12:19:28.405078 29923 ts_tablet_manager.cc:1403] T ecd54906d9bc40d2a4425806ab05b6e4 P d3c4e113eec846f6a9155c3ca918e21b: Time spent bootstrapping tablet: real 0.030s	user 0.017s	sys 0.011s
I20260709 12:19:28.408015 29923 raft_consensus.cc:359] T ecd54906d9bc40d2a4425806ab05b6e4 P d3c4e113eec846f6a9155c3ca918e21b [term 0 FOLLOWER]: Replica starting. Triggering 0 pending ops. Active config: opid_index: -1 OBSOLETE_local: false peers { permanent_uuid: "d3c4e113eec846f6a9155c3ca918e21b" member_type: VOTER last_known_addr { host: "127.28.94.129" port: 37787 } } peers { permanent_uuid: "0de06d91f9c24f38980ef02863931535" member_type: VOTER last_known_addr { host: "127.28.94.130" port: 41347 } } peers { permanent_uuid: "de6ea6ab7dc44d2cb9a836743cf3dc48" member_type: VOTER last_known_addr { host: "127.28.94.131" port: 32939 } }
I20260709 12:19:28.408689 29923 raft_consensus.cc:385] T ecd54906d9bc40d2a4425806ab05b6e4 P d3c4e113eec846f6a9155c3ca918e21b [term 0 FOLLOWER]: Consensus starting up: Expiring failure detector timer to make a prompt election more likely
I20260709 12:19:28.408978 29923 raft_consensus.cc:740] T ecd54906d9bc40d2a4425806ab05b6e4 P d3c4e113eec846f6a9155c3ca918e21b [term 0 FOLLOWER]: Becoming Follower/Learner. State: Replica: d3c4e113eec846f6a9155c3ca918e21b, State: Initialized, Role: FOLLOWER
I20260709 12:19:28.409732 29923 consensus_queue.cc:260] T ecd54906d9bc40d2a4425806ab05b6e4 P d3c4e113eec846f6a9155c3ca918e21b [NON_LEADER]: Queue going to NON_LEADER mode. State: All replicated index: 0, Majority replicated index: 0, Committed index: 0, Last appended: 0.0, Last appended by leader: 0, Current term: 0, Majority size: -1, State: 0, Mode: NON_LEADER, active raft config: opid_index: -1 OBSOLETE_local: false peers { permanent_uuid: "d3c4e113eec846f6a9155c3ca918e21b" member_type: VOTER last_known_addr { host: "127.28.94.129" port: 37787 } } peers { permanent_uuid: "0de06d91f9c24f38980ef02863931535" member_type: VOTER last_known_addr { host: "127.28.94.130" port: 41347 } } peers { permanent_uuid: "de6ea6ab7dc44d2cb9a836743cf3dc48" member_type: VOTER last_known_addr { host: "127.28.94.131" port: 32939 } }
I20260709 12:19:28.411834 29925 tablet_bootstrap.cc:654] T 6468910089044107bea60b274fa2890b P de6ea6ab7dc44d2cb9a836743cf3dc48: Neither blocks nor log segments found. Creating new log.
I20260709 12:19:28.413811 29923 ts_tablet_manager.cc:1434] T ecd54906d9bc40d2a4425806ab05b6e4 P d3c4e113eec846f6a9155c3ca918e21b: Time spent starting tablet: real 0.008s	user 0.006s	sys 0.000s
I20260709 12:19:28.414779 29923 tablet_bootstrap.cc:492] T 43dee67b286140f69180d018e9c82483 P d3c4e113eec846f6a9155c3ca918e21b: Bootstrap starting.
I20260709 12:19:28.421228 29923 tablet_bootstrap.cc:654] T 43dee67b286140f69180d018e9c82483 P d3c4e113eec846f6a9155c3ca918e21b: Neither blocks nor log segments found. Creating new log.
I20260709 12:19:28.424383 29922 tablet_bootstrap.cc:492] T ecd54906d9bc40d2a4425806ab05b6e4 P 0de06d91f9c24f38980ef02863931535: No bootstrap required, opened a new log
I20260709 12:19:28.424669 29925 tablet_bootstrap.cc:492] T 6468910089044107bea60b274fa2890b P de6ea6ab7dc44d2cb9a836743cf3dc48: No bootstrap required, opened a new log
I20260709 12:19:28.425122 29922 ts_tablet_manager.cc:1403] T ecd54906d9bc40d2a4425806ab05b6e4 P 0de06d91f9c24f38980ef02863931535: Time spent bootstrapping tablet: real 0.035s	user 0.020s	sys 0.007s
I20260709 12:19:28.425206 29925 ts_tablet_manager.cc:1403] T 6468910089044107bea60b274fa2890b P de6ea6ab7dc44d2cb9a836743cf3dc48: Time spent bootstrapping tablet: real 0.024s	user 0.014s	sys 0.003s
I20260709 12:19:28.428577 29925 raft_consensus.cc:359] T 6468910089044107bea60b274fa2890b P de6ea6ab7dc44d2cb9a836743cf3dc48 [term 0 FOLLOWER]: Replica starting. Triggering 0 pending ops. Active config: opid_index: -1 OBSOLETE_local: false peers { permanent_uuid: "d3c4e113eec846f6a9155c3ca918e21b" member_type: VOTER last_known_addr { host: "127.28.94.129" port: 37787 } } peers { permanent_uuid: "0de06d91f9c24f38980ef02863931535" member_type: VOTER last_known_addr { host: "127.28.94.130" port: 41347 } } peers { permanent_uuid: "de6ea6ab7dc44d2cb9a836743cf3dc48" member_type: VOTER last_known_addr { host: "127.28.94.131" port: 32939 } }
I20260709 12:19:28.429379 29925 raft_consensus.cc:385] T 6468910089044107bea60b274fa2890b P de6ea6ab7dc44d2cb9a836743cf3dc48 [term 0 FOLLOWER]: Consensus starting up: Expiring failure detector timer to make a prompt election more likely
I20260709 12:19:28.429077 29922 raft_consensus.cc:359] T ecd54906d9bc40d2a4425806ab05b6e4 P 0de06d91f9c24f38980ef02863931535 [term 0 FOLLOWER]: Replica starting. Triggering 0 pending ops. Active config: opid_index: -1 OBSOLETE_local: false peers { permanent_uuid: "d3c4e113eec846f6a9155c3ca918e21b" member_type: VOTER last_known_addr { host: "127.28.94.129" port: 37787 } } peers { permanent_uuid: "0de06d91f9c24f38980ef02863931535" member_type: VOTER last_known_addr { host: "127.28.94.130" port: 41347 } } peers { permanent_uuid: "de6ea6ab7dc44d2cb9a836743cf3dc48" member_type: VOTER last_known_addr { host: "127.28.94.131" port: 32939 } }
I20260709 12:19:28.430277 29922 raft_consensus.cc:385] T ecd54906d9bc40d2a4425806ab05b6e4 P 0de06d91f9c24f38980ef02863931535 [term 0 FOLLOWER]: Consensus starting up: Expiring failure detector timer to make a prompt election more likely
I20260709 12:19:28.430657 29922 raft_consensus.cc:740] T ecd54906d9bc40d2a4425806ab05b6e4 P 0de06d91f9c24f38980ef02863931535 [term 0 FOLLOWER]: Becoming Follower/Learner. State: Replica: 0de06d91f9c24f38980ef02863931535, State: Initialized, Role: FOLLOWER
I20260709 12:19:28.429802 29925 raft_consensus.cc:740] T 6468910089044107bea60b274fa2890b P de6ea6ab7dc44d2cb9a836743cf3dc48 [term 0 FOLLOWER]: Becoming Follower/Learner. State: Replica: de6ea6ab7dc44d2cb9a836743cf3dc48, State: Initialized, Role: FOLLOWER
I20260709 12:19:28.431324 29922 consensus_queue.cc:260] T ecd54906d9bc40d2a4425806ab05b6e4 P 0de06d91f9c24f38980ef02863931535 [NON_LEADER]: Queue going to NON_LEADER mode. State: All replicated index: 0, Majority replicated index: 0, Committed index: 0, Last appended: 0.0, Last appended by leader: 0, Current term: 0, Majority size: -1, State: 0, Mode: NON_LEADER, active raft config: opid_index: -1 OBSOLETE_local: false peers { permanent_uuid: "d3c4e113eec846f6a9155c3ca918e21b" member_type: VOTER last_known_addr { host: "127.28.94.129" port: 37787 } } peers { permanent_uuid: "0de06d91f9c24f38980ef02863931535" member_type: VOTER last_known_addr { host: "127.28.94.130" port: 41347 } } peers { permanent_uuid: "de6ea6ab7dc44d2cb9a836743cf3dc48" member_type: VOTER last_known_addr { host: "127.28.94.131" port: 32939 } }
I20260709 12:19:28.431746 29925 consensus_queue.cc:260] T 6468910089044107bea60b274fa2890b P de6ea6ab7dc44d2cb9a836743cf3dc48 [NON_LEADER]: Queue going to NON_LEADER mode. State: All replicated index: 0, Majority replicated index: 0, Committed index: 0, Last appended: 0.0, Last appended by leader: 0, Current term: 0, Majority size: -1, State: 0, Mode: NON_LEADER, active raft config: opid_index: -1 OBSOLETE_local: false peers { permanent_uuid: "d3c4e113eec846f6a9155c3ca918e21b" member_type: VOTER last_known_addr { host: "127.28.94.129" port: 37787 } } peers { permanent_uuid: "0de06d91f9c24f38980ef02863931535" member_type: VOTER last_known_addr { host: "127.28.94.130" port: 41347 } } peers { permanent_uuid: "de6ea6ab7dc44d2cb9a836743cf3dc48" member_type: VOTER last_known_addr { host: "127.28.94.131" port: 32939 } }
I20260709 12:19:28.433519 29922 ts_tablet_manager.cc:1434] T ecd54906d9bc40d2a4425806ab05b6e4 P 0de06d91f9c24f38980ef02863931535: Time spent starting tablet: real 0.008s	user 0.006s	sys 0.000s
I20260709 12:19:28.434152 29925 ts_tablet_manager.cc:1434] T 6468910089044107bea60b274fa2890b P de6ea6ab7dc44d2cb9a836743cf3dc48: Time spent starting tablet: real 0.008s	user 0.005s	sys 0.000s
I20260709 12:19:28.434442 29922 tablet_bootstrap.cc:492] T 6468910089044107bea60b274fa2890b P 0de06d91f9c24f38980ef02863931535: Bootstrap starting.
I20260709 12:19:28.435113 29925 tablet_bootstrap.cc:492] T 9eb38b08b5624434a213fab8d7519e97 P de6ea6ab7dc44d2cb9a836743cf3dc48: Bootstrap starting.
I20260709 12:19:28.435526 29923 tablet_bootstrap.cc:492] T 43dee67b286140f69180d018e9c82483 P d3c4e113eec846f6a9155c3ca918e21b: No bootstrap required, opened a new log
I20260709 12:19:28.436041 29923 ts_tablet_manager.cc:1403] T 43dee67b286140f69180d018e9c82483 P d3c4e113eec846f6a9155c3ca918e21b: Time spent bootstrapping tablet: real 0.021s	user 0.014s	sys 0.004s
I20260709 12:19:28.438838 29923 raft_consensus.cc:359] T 43dee67b286140f69180d018e9c82483 P d3c4e113eec846f6a9155c3ca918e21b [term 0 FOLLOWER]: Replica starting. Triggering 0 pending ops. Active config: opid_index: -1 OBSOLETE_local: false peers { permanent_uuid: "d3c4e113eec846f6a9155c3ca918e21b" member_type: VOTER last_known_addr { host: "127.28.94.129" port: 37787 } } peers { permanent_uuid: "0de06d91f9c24f38980ef02863931535" member_type: VOTER last_known_addr { host: "127.28.94.130" port: 41347 } } peers { permanent_uuid: "de6ea6ab7dc44d2cb9a836743cf3dc48" member_type: VOTER last_known_addr { host: "127.28.94.131" port: 32939 } }
I20260709 12:19:28.439596 29923 raft_consensus.cc:385] T 43dee67b286140f69180d018e9c82483 P d3c4e113eec846f6a9155c3ca918e21b [term 0 FOLLOWER]: Consensus starting up: Expiring failure detector timer to make a prompt election more likely
I20260709 12:19:28.439939 29923 raft_consensus.cc:740] T 43dee67b286140f69180d018e9c82483 P d3c4e113eec846f6a9155c3ca918e21b [term 0 FOLLOWER]: Becoming Follower/Learner. State: Replica: d3c4e113eec846f6a9155c3ca918e21b, State: Initialized, Role: FOLLOWER
I20260709 12:19:28.441061 29922 tablet_bootstrap.cc:654] T 6468910089044107bea60b274fa2890b P 0de06d91f9c24f38980ef02863931535: Neither blocks nor log segments found. Creating new log.
I20260709 12:19:28.440856 29923 consensus_queue.cc:260] T 43dee67b286140f69180d018e9c82483 P d3c4e113eec846f6a9155c3ca918e21b [NON_LEADER]: Queue going to NON_LEADER mode. State: All replicated index: 0, Majority replicated index: 0, Committed index: 0, Last appended: 0.0, Last appended by leader: 0, Current term: 0, Majority size: -1, State: 0, Mode: NON_LEADER, active raft config: opid_index: -1 OBSOLETE_local: false peers { permanent_uuid: "d3c4e113eec846f6a9155c3ca918e21b" member_type: VOTER last_known_addr { host: "127.28.94.129" port: 37787 } } peers { permanent_uuid: "0de06d91f9c24f38980ef02863931535" member_type: VOTER last_known_addr { host: "127.28.94.130" port: 41347 } } peers { permanent_uuid: "de6ea6ab7dc44d2cb9a836743cf3dc48" member_type: VOTER last_known_addr { host: "127.28.94.131" port: 32939 } }
I20260709 12:19:28.442258 29925 tablet_bootstrap.cc:654] T 9eb38b08b5624434a213fab8d7519e97 P de6ea6ab7dc44d2cb9a836743cf3dc48: Neither blocks nor log segments found. Creating new log.
I20260709 12:19:28.443555 29923 ts_tablet_manager.cc:1434] T 43dee67b286140f69180d018e9c82483 P d3c4e113eec846f6a9155c3ca918e21b: Time spent starting tablet: real 0.007s	user 0.005s	sys 0.000s
I20260709 12:19:28.444669 29923 tablet_bootstrap.cc:492] T bd4bd552c379403083ba6fcf0c0d5d79 P d3c4e113eec846f6a9155c3ca918e21b: Bootstrap starting.
I20260709 12:19:28.452333 29923 tablet_bootstrap.cc:654] T bd4bd552c379403083ba6fcf0c0d5d79 P d3c4e113eec846f6a9155c3ca918e21b: Neither blocks nor log segments found. Creating new log.
I20260709 12:19:28.454443 29922 tablet_bootstrap.cc:492] T 6468910089044107bea60b274fa2890b P 0de06d91f9c24f38980ef02863931535: No bootstrap required, opened a new log
I20260709 12:19:28.454958 29922 ts_tablet_manager.cc:1403] T 6468910089044107bea60b274fa2890b P 0de06d91f9c24f38980ef02863931535: Time spent bootstrapping tablet: real 0.021s	user 0.012s	sys 0.001s
I20260709 12:19:28.458025 29922 raft_consensus.cc:359] T 6468910089044107bea60b274fa2890b P 0de06d91f9c24f38980ef02863931535 [term 0 FOLLOWER]: Replica starting. Triggering 0 pending ops. Active config: opid_index: -1 OBSOLETE_local: false peers { permanent_uuid: "d3c4e113eec846f6a9155c3ca918e21b" member_type: VOTER last_known_addr { host: "127.28.94.129" port: 37787 } } peers { permanent_uuid: "0de06d91f9c24f38980ef02863931535" member_type: VOTER last_known_addr { host: "127.28.94.130" port: 41347 } } peers { permanent_uuid: "de6ea6ab7dc44d2cb9a836743cf3dc48" member_type: VOTER last_known_addr { host: "127.28.94.131" port: 32939 } }
I20260709 12:19:28.458811 29922 raft_consensus.cc:385] T 6468910089044107bea60b274fa2890b P 0de06d91f9c24f38980ef02863931535 [term 0 FOLLOWER]: Consensus starting up: Expiring failure detector timer to make a prompt election more likely
I20260709 12:19:28.459136 29922 raft_consensus.cc:740] T 6468910089044107bea60b274fa2890b P 0de06d91f9c24f38980ef02863931535 [term 0 FOLLOWER]: Becoming Follower/Learner. State: Replica: 0de06d91f9c24f38980ef02863931535, State: Initialized, Role: FOLLOWER
I20260709 12:19:28.459877 29922 consensus_queue.cc:260] T 6468910089044107bea60b274fa2890b P 0de06d91f9c24f38980ef02863931535 [NON_LEADER]: Queue going to NON_LEADER mode. State: All replicated index: 0, Majority replicated index: 0, Committed index: 0, Last appended: 0.0, Last appended by leader: 0, Current term: 0, Majority size: -1, State: 0, Mode: NON_LEADER, active raft config: opid_index: -1 OBSOLETE_local: false peers { permanent_uuid: "d3c4e113eec846f6a9155c3ca918e21b" member_type: VOTER last_known_addr { host: "127.28.94.129" port: 37787 } } peers { permanent_uuid: "0de06d91f9c24f38980ef02863931535" member_type: VOTER last_known_addr { host: "127.28.94.130" port: 41347 } } peers { permanent_uuid: "de6ea6ab7dc44d2cb9a836743cf3dc48" member_type: VOTER last_known_addr { host: "127.28.94.131" port: 32939 } }
I20260709 12:19:28.461969 29922 ts_tablet_manager.cc:1434] T 6468910089044107bea60b274fa2890b P 0de06d91f9c24f38980ef02863931535: Time spent starting tablet: real 0.007s	user 0.007s	sys 0.000s
I20260709 12:19:28.463384 29922 tablet_bootstrap.cc:492] T 43dee67b286140f69180d018e9c82483 P 0de06d91f9c24f38980ef02863931535: Bootstrap starting.
I20260709 12:19:28.464514 29923 tablet_bootstrap.cc:492] T bd4bd552c379403083ba6fcf0c0d5d79 P d3c4e113eec846f6a9155c3ca918e21b: No bootstrap required, opened a new log
I20260709 12:19:28.464956 29923 ts_tablet_manager.cc:1403] T bd4bd552c379403083ba6fcf0c0d5d79 P d3c4e113eec846f6a9155c3ca918e21b: Time spent bootstrapping tablet: real 0.020s	user 0.008s	sys 0.008s
I20260709 12:19:28.465379 29925 tablet_bootstrap.cc:492] T 9eb38b08b5624434a213fab8d7519e97 P de6ea6ab7dc44d2cb9a836743cf3dc48: No bootstrap required, opened a new log
I20260709 12:19:28.465862 29925 ts_tablet_manager.cc:1403] T 9eb38b08b5624434a213fab8d7519e97 P de6ea6ab7dc44d2cb9a836743cf3dc48: Time spent bootstrapping tablet: real 0.031s	user 0.009s	sys 0.015s
I20260709 12:19:28.466118 29931 raft_consensus.cc:493] T 6468910089044107bea60b274fa2890b P de6ea6ab7dc44d2cb9a836743cf3dc48 [term 0 FOLLOWER]: Starting pre-election (no leader contacted us within the election timeout)
I20260709 12:19:28.466555 29931 raft_consensus.cc:515] T 6468910089044107bea60b274fa2890b P de6ea6ab7dc44d2cb9a836743cf3dc48 [term 0 FOLLOWER]: Starting pre-election with config: opid_index: -1 OBSOLETE_local: false peers { permanent_uuid: "d3c4e113eec846f6a9155c3ca918e21b" member_type: VOTER last_known_addr { host: "127.28.94.129" port: 37787 } } peers { permanent_uuid: "0de06d91f9c24f38980ef02863931535" member_type: VOTER last_known_addr { host: "127.28.94.130" port: 41347 } } peers { permanent_uuid: "de6ea6ab7dc44d2cb9a836743cf3dc48" member_type: VOTER last_known_addr { host: "127.28.94.131" port: 32939 } }
I20260709 12:19:28.468307 29929 raft_consensus.cc:493] T ecd54906d9bc40d2a4425806ab05b6e4 P d3c4e113eec846f6a9155c3ca918e21b [term 0 FOLLOWER]: Starting pre-election (no leader contacted us within the election timeout)
I20260709 12:19:28.468739 29929 raft_consensus.cc:515] T ecd54906d9bc40d2a4425806ab05b6e4 P d3c4e113eec846f6a9155c3ca918e21b [term 0 FOLLOWER]: Starting pre-election with config: opid_index: -1 OBSOLETE_local: false peers { permanent_uuid: "d3c4e113eec846f6a9155c3ca918e21b" member_type: VOTER last_known_addr { host: "127.28.94.129" port: 37787 } } peers { permanent_uuid: "0de06d91f9c24f38980ef02863931535" member_type: VOTER last_known_addr { host: "127.28.94.130" port: 41347 } } peers { permanent_uuid: "de6ea6ab7dc44d2cb9a836743cf3dc48" member_type: VOTER last_known_addr { host: "127.28.94.131" port: 32939 } }
I20260709 12:19:28.468989 29925 raft_consensus.cc:359] T 9eb38b08b5624434a213fab8d7519e97 P de6ea6ab7dc44d2cb9a836743cf3dc48 [term 0 FOLLOWER]: Replica starting. Triggering 0 pending ops. Active config: opid_index: -1 OBSOLETE_local: false peers { permanent_uuid: "d3c4e113eec846f6a9155c3ca918e21b" member_type: VOTER last_known_addr { host: "127.28.94.129" port: 37787 } } peers { permanent_uuid: "0de06d91f9c24f38980ef02863931535" member_type: VOTER last_known_addr { host: "127.28.94.130" port: 41347 } } peers { permanent_uuid: "de6ea6ab7dc44d2cb9a836743cf3dc48" member_type: VOTER last_known_addr { host: "127.28.94.131" port: 32939 } }
I20260709 12:19:28.469792 29925 raft_consensus.cc:385] T 9eb38b08b5624434a213fab8d7519e97 P de6ea6ab7dc44d2cb9a836743cf3dc48 [term 0 FOLLOWER]: Consensus starting up: Expiring failure detector timer to make a prompt election more likely
I20260709 12:19:28.470113 29925 raft_consensus.cc:740] T 9eb38b08b5624434a213fab8d7519e97 P de6ea6ab7dc44d2cb9a836743cf3dc48 [term 0 FOLLOWER]: Becoming Follower/Learner. State: Replica: de6ea6ab7dc44d2cb9a836743cf3dc48, State: Initialized, Role: FOLLOWER
I20260709 12:19:28.470398 29922 tablet_bootstrap.cc:654] T 43dee67b286140f69180d018e9c82483 P 0de06d91f9c24f38980ef02863931535: Neither blocks nor log segments found. Creating new log.
I20260709 12:19:28.471064 29925 consensus_queue.cc:260] T 9eb38b08b5624434a213fab8d7519e97 P de6ea6ab7dc44d2cb9a836743cf3dc48 [NON_LEADER]: Queue going to NON_LEADER mode. State: All replicated index: 0, Majority replicated index: 0, Committed index: 0, Last appended: 0.0, Last appended by leader: 0, Current term: 0, Majority size: -1, State: 0, Mode: NON_LEADER, active raft config: opid_index: -1 OBSOLETE_local: false peers { permanent_uuid: "d3c4e113eec846f6a9155c3ca918e21b" member_type: VOTER last_known_addr { host: "127.28.94.129" port: 37787 } } peers { permanent_uuid: "0de06d91f9c24f38980ef02863931535" member_type: VOTER last_known_addr { host: "127.28.94.130" port: 41347 } } peers { permanent_uuid: "de6ea6ab7dc44d2cb9a836743cf3dc48" member_type: VOTER last_known_addr { host: "127.28.94.131" port: 32939 } }
I20260709 12:19:28.481570 29931 leader_election.cc:290] T 6468910089044107bea60b274fa2890b P de6ea6ab7dc44d2cb9a836743cf3dc48 [CANDIDATE]: Term 1 pre-election: Requested pre-vote from peers d3c4e113eec846f6a9155c3ca918e21b (127.28.94.129:37787), 0de06d91f9c24f38980ef02863931535 (127.28.94.130:41347)
I20260709 12:19:28.489704 29929 leader_election.cc:290] T ecd54906d9bc40d2a4425806ab05b6e4 P d3c4e113eec846f6a9155c3ca918e21b [CANDIDATE]: Term 1 pre-election: Requested pre-vote from peers 0de06d91f9c24f38980ef02863931535 (127.28.94.130:41347), de6ea6ab7dc44d2cb9a836743cf3dc48 (127.28.94.131:32939)
I20260709 12:19:28.506186 29882 tablet_service.cc:1917] Received RequestConsensusVote() RPC: tablet_id: "ecd54906d9bc40d2a4425806ab05b6e4" candidate_uuid: "d3c4e113eec846f6a9155c3ca918e21b" candidate_term: 1 candidate_status { last_received { term: 0 index: 0 } } ignore_live_leader: false dest_uuid: "de6ea6ab7dc44d2cb9a836743cf3dc48" is_pre_election: true
W20260709 12:19:28.507974 29698 leader_election.cc:343] T ecd54906d9bc40d2a4425806ab05b6e4 P d3c4e113eec846f6a9155c3ca918e21b [CANDIDATE]: Term 1 pre-election: Tablet error from VoteRequest() call to peer de6ea6ab7dc44d2cb9a836743cf3dc48 (127.28.94.131:32939): Illegal state: must be running to vote when last-logged opid is not known
I20260709 12:19:28.511334 29808 tablet_service.cc:1917] Received RequestConsensusVote() RPC: tablet_id: "ecd54906d9bc40d2a4425806ab05b6e4" candidate_uuid: "d3c4e113eec846f6a9155c3ca918e21b" candidate_term: 1 candidate_status { last_received { term: 0 index: 0 } } ignore_live_leader: false dest_uuid: "0de06d91f9c24f38980ef02863931535" is_pre_election: true
