I20260709 12:19:26.205572 10315 catalog_manager.cc:5697] T f298960b2387414094881ba3dfd8e6ad P 3bfa1b0cf96346a5a3ee6ea10de9496a reported cstate change: term changed from 1 to 2, leader changed from 390add5b62d0491e947fbaa913806886 (127.9.131.65) to 3bfa1b0cf96346a5a3ee6ea10de9496a (127.9.131.67). New cstate: current_term: 2 leader_uuid: "3bfa1b0cf96346a5a3ee6ea10de9496a" committed_config { opid_index: -1 OBSOLETE_local: false peers { permanent_uuid: "390add5b62d0491e947fbaa913806886" member_type: VOTER last_known_addr { host: "127.9.131.65" port: 35155 } health_report { overall_health: UNKNOWN } } peers { permanent_uuid: "fa2b7127d769426dbf6b610f74536106" member_type: VOTER last_known_addr { host: "127.9.131.66" port: 40395 } health_report { overall_health: UNKNOWN } } peers { permanent_uuid: "3bfa1b0cf96346a5a3ee6ea10de9496a" member_type: VOTER last_known_addr { host: "127.9.131.67" port: 45275 } health_report { overall_health: HEALTHY } } }
I20260709 12:19:26.464002 10492 raft_consensus.cc:1275] T dde0882b03d245e58bd916123081e004 P fa2b7127d769426dbf6b610f74536106 [term 3 FOLLOWER]: Refusing update from remote peer 3bfa1b0cf96346a5a3ee6ea10de9496a: Log matching property violated. Preceding OpId in replica: term: 2 index: 2. Preceding OpId from leader: term: 3 index: 3. (index mismatch)
I20260709 12:19:26.465101 10610 consensus_queue.cc:1048] T dde0882b03d245e58bd916123081e004 P 3bfa1b0cf96346a5a3ee6ea10de9496a [LEADER]: Connected to new peer: Peer: permanent_uuid: "fa2b7127d769426dbf6b610f74536106" member_type: VOTER last_known_addr { host: "127.9.131.66" port: 40395 }, Status: LMP_MISMATCH, Last received: 0.0, Next index: 3, Last known committed idx: 2, Time since last communication: 0.000s
I20260709 12:19:26.474502 10416 raft_consensus.cc:1275] T dde0882b03d245e58bd916123081e004 P 390add5b62d0491e947fbaa913806886 [term 3 FOLLOWER]: Refusing update from remote peer 3bfa1b0cf96346a5a3ee6ea10de9496a: Log matching property violated. Preceding OpId in replica: term: 2 index: 2. Preceding OpId from leader: term: 3 index: 3. (index mismatch)
I20260709 12:19:26.476191 10719 consensus_queue.cc:1048] T dde0882b03d245e58bd916123081e004 P 3bfa1b0cf96346a5a3ee6ea10de9496a [LEADER]: Connected to new peer: Peer: permanent_uuid: "390add5b62d0491e947fbaa913806886" member_type: VOTER last_known_addr { host: "127.9.131.65" port: 35155 }, Status: LMP_MISMATCH, Last received: 0.0, Next index: 3, Last known committed idx: 2, Time since last communication: 0.000s
I20260709 12:19:26.646018 10492 raft_consensus.cc:1275] T f298960b2387414094881ba3dfd8e6ad P fa2b7127d769426dbf6b610f74536106 [term 2 FOLLOWER]: Refusing update from remote peer 3bfa1b0cf96346a5a3ee6ea10de9496a: Log matching property violated. Preceding OpId in replica: term: 1 index: 1. Preceding OpId from leader: term: 2 index: 2. (index mismatch)
I20260709 12:19:26.647465 10719 consensus_queue.cc:1048] T f298960b2387414094881ba3dfd8e6ad P 3bfa1b0cf96346a5a3ee6ea10de9496a [LEADER]: Connected to new peer: Peer: permanent_uuid: "fa2b7127d769426dbf6b610f74536106" member_type: VOTER last_known_addr { host: "127.9.131.66" port: 40395 }, Status: LMP_MISMATCH, Last received: 0.0, Next index: 2, Last known committed idx: 1, Time since last communication: 0.000s
I20260709 12:19:26.657166 10416 raft_consensus.cc:1275] T f298960b2387414094881ba3dfd8e6ad P 390add5b62d0491e947fbaa913806886 [term 2 FOLLOWER]: Refusing update from remote peer 3bfa1b0cf96346a5a3ee6ea10de9496a: Log matching property violated. Preceding OpId in replica: term: 1 index: 1. Preceding OpId from leader: term: 2 index: 2. (index mismatch)
I20260709 12:19:26.658422 10710 consensus_queue.cc:1048] T f298960b2387414094881ba3dfd8e6ad P 3bfa1b0cf96346a5a3ee6ea10de9496a [LEADER]: Connected to new peer: Peer: permanent_uuid: "390add5b62d0491e947fbaa913806886" member_type: VOTER last_known_addr { host: "127.9.131.65" port: 35155 }, Status: LMP_MISMATCH, Last received: 0.0, Next index: 2, Last known committed idx: 1, Time since last communication: 0.000s
I20260709 12:19:26.904486  9741 auto_leader_rebalancer.cc:141] leader rebalance for table test-workload
I20260709 12:19:26.909713  9741 auto_leader_rebalancer.cc:440] table: test-workload, leader rebalance finish, leader transfer count: 0
I20260709 12:19:26.910086  9741 auto_leader_rebalancer.cc:515] All tables' leader rebalancing finished this round
I20260709 12:19:27.911123  9741 auto_leader_rebalancer.cc:141] leader rebalance for table test-workload
I20260709 12:19:27.916899  9741 auto_leader_rebalancer.cc:440] table: test-workload, leader rebalance finish, leader transfer count: 0
I20260709 12:19:27.917315  9741 auto_leader_rebalancer.cc:515] All tables' leader rebalancing finished this round
I20260709 12:19:28.918412  9741 auto_leader_rebalancer.cc:141] leader rebalance for table test-workload
I20260709 12:19:28.924531  9741 auto_leader_rebalancer.cc:440] table: test-workload, leader rebalance finish, leader transfer count: 0
I20260709 12:19:28.924949  9741 auto_leader_rebalancer.cc:515] All tables' leader rebalancing finished this round
I20260709 12:19:29.926147  9741 auto_leader_rebalancer.cc:141] leader rebalance for table test-workload
I20260709 12:19:29.931731  9741 auto_leader_rebalancer.cc:440] table: test-workload, leader rebalance finish, leader transfer count: 0
I20260709 12:19:29.932209  9741 auto_leader_rebalancer.cc:515] All tables' leader rebalancing finished this round
I20260709 12:19:30.933151  9741 auto_leader_rebalancer.cc:141] leader rebalance for table test-workload
I20260709 12:19:30.938289  9741 auto_leader_rebalancer.cc:440] table: test-workload, leader rebalance finish, leader transfer count: 0
I20260709 12:19:30.938699  9741 auto_leader_rebalancer.cc:515] All tables' leader rebalancing finished this round
I20260709 12:19:31.939903  9741 auto_leader_rebalancer.cc:141] leader rebalance for table test-workload
I20260709 12:19:31.945365  9741 auto_leader_rebalancer.cc:440] table: test-workload, leader rebalance finish, leader transfer count: 0
I20260709 12:19:31.945809  9741 auto_leader_rebalancer.cc:515] All tables' leader rebalancing finished this round
I20260709 12:19:32.946882  9741 auto_leader_rebalancer.cc:141] leader rebalance for table test-workload
I20260709 12:19:32.953317  9741 auto_leader_rebalancer.cc:440] table: test-workload, leader rebalance finish, leader transfer count: 0
I20260709 12:19:32.953732  9741 auto_leader_rebalancer.cc:515] All tables' leader rebalancing finished this round
I20260709 12:19:33.954628  9741 auto_leader_rebalancer.cc:141] leader rebalance for table test-workload
I20260709 12:19:33.961935  9741 auto_leader_rebalancer.cc:440] table: test-workload, leader rebalance finish, leader transfer count: 0
I20260709 12:19:33.962339  9741 auto_leader_rebalancer.cc:515] All tables' leader rebalancing finished this round
I20260709 12:19:34.963220  9741 auto_leader_rebalancer.cc:141] leader rebalance for table test-workload
I20260709 12:19:34.968875  9741 auto_leader_rebalancer.cc:440] table: test-workload, leader rebalance finish, leader transfer count: 0
I20260709 12:19:34.969305  9741 auto_leader_rebalancer.cc:515] All tables' leader rebalancing finished this round
I20260709 12:19:36.002966  9741 auto_leader_rebalancer-test.cc:384] The leader distribution is 
I20260709 12:19:36.011070 10567 tablet_service.cc:2072] Received LeaderStepDown RPC: tablet_id: "f298960b2387414094881ba3dfd8e6ad"
dest_uuid: "3bfa1b0cf96346a5a3ee6ea10de9496a"
mode: GRACEFUL
new_leader_uuid: "390add5b62d0491e947fbaa913806886"
 from {username='slave'} at 127.0.0.1:38728
I20260709 12:19:36.011749 10567 raft_consensus.cc:606] T f298960b2387414094881ba3dfd8e6ad P 3bfa1b0cf96346a5a3ee6ea10de9496a [term 2 LEADER]: Received request to transfer leadership to TS 390add5b62d0491e947fbaa913806886
I20260709 12:19:36.022301 10567 tablet_service.cc:2072] Received LeaderStepDown RPC: tablet_id: "dde0882b03d245e58bd916123081e004"
dest_uuid: "3bfa1b0cf96346a5a3ee6ea10de9496a"
mode: GRACEFUL
new_leader_uuid: "390add5b62d0491e947fbaa913806886"
 from {username='slave'} at 127.0.0.1:38728
I20260709 12:19:36.022842 10567 raft_consensus.cc:606] T dde0882b03d245e58bd916123081e004 P 3bfa1b0cf96346a5a3ee6ea10de9496a [term 3 LEADER]: Received request to transfer leadership to TS 390add5b62d0491e947fbaa913806886
I20260709 12:19:36.027796 10492 tablet_service.cc:2072] Received LeaderStepDown RPC: tablet_id: "b4752da4a6a447ad93fdacdb010730ca"
dest_uuid: "fa2b7127d769426dbf6b610f74536106"
mode: GRACEFUL
new_leader_uuid: "390add5b62d0491e947fbaa913806886"
 from {username='slave'} at 127.0.0.1:38724
I20260709 12:19:36.028301 10492 raft_consensus.cc:606] T b4752da4a6a447ad93fdacdb010730ca P fa2b7127d769426dbf6b610f74536106 [term 2 LEADER]: Received request to transfer leadership to TS 390add5b62d0491e947fbaa913806886
I20260709 12:19:36.033078 10492 tablet_service.cc:2072] Received LeaderStepDown RPC: tablet_id: "6dca734c6e434c1595f96ef0b2825c17"
dest_uuid: "fa2b7127d769426dbf6b610f74536106"
mode: GRACEFUL
new_leader_uuid: "390add5b62d0491e947fbaa913806886"
 from {username='slave'} at 127.0.0.1:38724
I20260709 12:19:36.033512 10492 raft_consensus.cc:606] T 6dca734c6e434c1595f96ef0b2825c17 P fa2b7127d769426dbf6b610f74536106 [term 1 LEADER]: Received request to transfer leadership to TS 390add5b62d0491e947fbaa913806886
I20260709 12:19:36.038156 10492 tablet_service.cc:2072] Received LeaderStepDown RPC: tablet_id: "d7128a5d9b774f3cb0ebdabf0e1c2e3c"
dest_uuid: "fa2b7127d769426dbf6b610f74536106"
mode: GRACEFUL
new_leader_uuid: "390add5b62d0491e947fbaa913806886"
 from {username='slave'} at 127.0.0.1:38724
I20260709 12:19:36.038609 10492 raft_consensus.cc:606] T d7128a5d9b774f3cb0ebdabf0e1c2e3c P fa2b7127d769426dbf6b610f74536106 [term 1 LEADER]: Received request to transfer leadership to TS 390add5b62d0491e947fbaa913806886
I20260709 12:19:36.068291 10710 raft_consensus.cc:993] T dde0882b03d245e58bd916123081e004 P 3bfa1b0cf96346a5a3ee6ea10de9496a: : Instructing follower 390add5b62d0491e947fbaa913806886 to start an election
I20260709 12:19:36.068800 10737 raft_consensus.cc:1081] T dde0882b03d245e58bd916123081e004 P 3bfa1b0cf96346a5a3ee6ea10de9496a [term 3 LEADER]: Signalling peer 390add5b62d0491e947fbaa913806886 to start an election
I20260709 12:19:36.070313 10416 tablet_service.cc:2044] Received Run Leader Election RPC: tablet_id: "dde0882b03d245e58bd916123081e004"
dest_uuid: "390add5b62d0491e947fbaa913806886"
 from {username='slave'} at 127.0.0.1:48762
I20260709 12:19:36.070763 10416 raft_consensus.cc:493] T dde0882b03d245e58bd916123081e004 P 390add5b62d0491e947fbaa913806886 [term 3 FOLLOWER]: Starting forced leader election (received explicit request)
I20260709 12:19:36.071069 10416 raft_consensus.cc:3060] T dde0882b03d245e58bd916123081e004 P 390add5b62d0491e947fbaa913806886 [term 3 FOLLOWER]: Advancing to term 4
I20260709 12:19:36.075827 10416 raft_consensus.cc:515] T dde0882b03d245e58bd916123081e004 P 390add5b62d0491e947fbaa913806886 [term 4 FOLLOWER]: Starting forced leader election with config: opid_index: -1 OBSOLETE_local: false peers { permanent_uuid: "390add5b62d0491e947fbaa913806886" member_type: VOTER last_known_addr { host: "127.9.131.65" port: 35155 } } peers { permanent_uuid: "fa2b7127d769426dbf6b610f74536106" member_type: VOTER last_known_addr { host: "127.9.131.66" port: 40395 } } peers { permanent_uuid: "3bfa1b0cf96346a5a3ee6ea10de9496a" member_type: VOTER last_known_addr { host: "127.9.131.67" port: 45275 } }
I20260709 12:19:36.077661 10416 leader_election.cc:290] T dde0882b03d245e58bd916123081e004 P 390add5b62d0491e947fbaa913806886 [CANDIDATE]: Term 4 election: Requested vote from peers fa2b7127d769426dbf6b610f74536106 (127.9.131.66:40395), 3bfa1b0cf96346a5a3ee6ea10de9496a (127.9.131.67:45275)
I20260709 12:19:36.078613 10492 tablet_service.cc:1917] Received RequestConsensusVote() RPC: tablet_id: "dde0882b03d245e58bd916123081e004" candidate_uuid: "390add5b62d0491e947fbaa913806886" candidate_term: 4 candidate_status { last_received { term: 3 index: 3 } } ignore_live_leader: true dest_uuid: "fa2b7127d769426dbf6b610f74536106"
I20260709 12:19:36.078814 10567 tablet_service.cc:1917] Received RequestConsensusVote() RPC: tablet_id: "dde0882b03d245e58bd916123081e004" candidate_uuid: "390add5b62d0491e947fbaa913806886" candidate_term: 4 candidate_status { last_received { term: 3 index: 3 } } ignore_live_leader: true dest_uuid: "3bfa1b0cf96346a5a3ee6ea10de9496a"
I20260709 12:19:36.079356 10492 raft_consensus.cc:3060] T dde0882b03d245e58bd916123081e004 P fa2b7127d769426dbf6b610f74536106 [term 3 FOLLOWER]: Advancing to term 4
I20260709 12:19:36.079533 10567 raft_consensus.cc:3055] T dde0882b03d245e58bd916123081e004 P 3bfa1b0cf96346a5a3ee6ea10de9496a [term 3 LEADER]: Stepping down as leader of term 3
I20260709 12:19:36.079919 10567 raft_consensus.cc:740] T dde0882b03d245e58bd916123081e004 P 3bfa1b0cf96346a5a3ee6ea10de9496a [term 3 LEADER]: Becoming Follower/Learner. State: Replica: 3bfa1b0cf96346a5a3ee6ea10de9496a, State: Running, Role: LEADER
I20260709 12:19:36.080674 10567 consensus_queue.cc:260] T dde0882b03d245e58bd916123081e004 P 3bfa1b0cf96346a5a3ee6ea10de9496a [NON_LEADER]: Queue going to NON_LEADER mode. State: All replicated index: 0, Majority replicated index: 3, Committed index: 3, Last appended: 3.3, Last appended by leader: 3, Current term: 3, Majority size: -1, State: 0, Mode: NON_LEADER, active raft config: opid_index: -1 OBSOLETE_local: false peers { permanent_uuid: "390add5b62d0491e947fbaa913806886" member_type: VOTER last_known_addr { host: "127.9.131.65" port: 35155 } } peers { permanent_uuid: "fa2b7127d769426dbf6b610f74536106" member_type: VOTER last_known_addr { host: "127.9.131.66" port: 40395 } } peers { permanent_uuid: "3bfa1b0cf96346a5a3ee6ea10de9496a" member_type: VOTER last_known_addr { host: "127.9.131.67" port: 45275 } }
I20260709 12:19:36.081684 10567 raft_consensus.cc:3060] T dde0882b03d245e58bd916123081e004 P 3bfa1b0cf96346a5a3ee6ea10de9496a [term 3 FOLLOWER]: Advancing to term 4
I20260709 12:19:36.084360 10492 raft_consensus.cc:2468] T dde0882b03d245e58bd916123081e004 P fa2b7127d769426dbf6b610f74536106 [term 4 FOLLOWER]: Leader election vote request: Granting yes vote for candidate 390add5b62d0491e947fbaa913806886 in term 4.
I20260709 12:19:36.085681 10384 leader_election.cc:304] T dde0882b03d245e58bd916123081e004 P 390add5b62d0491e947fbaa913806886 [CANDIDATE]: Term 4 election: Election decided. Result: candidate won. Election summary: received 2 responses out of 3 voters: 2 yes votes; 0 no votes. yes voters: 390add5b62d0491e947fbaa913806886, fa2b7127d769426dbf6b610f74536106; no voters: 
I20260709 12:19:36.086562 10707 raft_consensus.cc:2804] T dde0882b03d245e58bd916123081e004 P 390add5b62d0491e947fbaa913806886 [term 4 FOLLOWER]: Leader election won for term 4
I20260709 12:19:36.087500 10707 raft_consensus.cc:697] T dde0882b03d245e58bd916123081e004 P 390add5b62d0491e947fbaa913806886 [term 4 LEADER]: Becoming Leader. State: Replica: 390add5b62d0491e947fbaa913806886, State: Running, Role: LEADER
I20260709 12:19:36.087574 10567 raft_consensus.cc:2468] T dde0882b03d245e58bd916123081e004 P 3bfa1b0cf96346a5a3ee6ea10de9496a [term 4 FOLLOWER]: Leader election vote request: Granting yes vote for candidate 390add5b62d0491e947fbaa913806886 in term 4.
I20260709 12:19:36.088533 10707 consensus_queue.cc:237] T dde0882b03d245e58bd916123081e004 P 390add5b62d0491e947fbaa913806886 [LEADER]: Queue going to LEADER mode. State: All replicated index: 0, Majority replicated index: 3, Committed index: 3, Last appended: 3.3, Last appended by leader: 3, Current term: 4, Majority size: 2, State: 0, Mode: LEADER, active raft config: opid_index: -1 OBSOLETE_local: false peers { permanent_uuid: "390add5b62d0491e947fbaa913806886" member_type: VOTER last_known_addr { host: "127.9.131.65" port: 35155 } } peers { permanent_uuid: "fa2b7127d769426dbf6b610f74536106" member_type: VOTER last_known_addr { host: "127.9.131.66" port: 40395 } } peers { permanent_uuid: "3bfa1b0cf96346a5a3ee6ea10de9496a" member_type: VOTER last_known_addr { host: "127.9.131.67" port: 45275 } }
I20260709 12:19:36.096153 10316 catalog_manager.cc:5697] T dde0882b03d245e58bd916123081e004 P 390add5b62d0491e947fbaa913806886 reported cstate change: term changed from 3 to 4, leader changed from 3bfa1b0cf96346a5a3ee6ea10de9496a (127.9.131.67) to 390add5b62d0491e947fbaa913806886 (127.9.131.65). New cstate: current_term: 4 leader_uuid: "390add5b62d0491e947fbaa913806886" committed_config { opid_index: -1 OBSOLETE_local: false peers { permanent_uuid: "390add5b62d0491e947fbaa913806886" member_type: VOTER last_known_addr { host: "127.9.131.65" port: 35155 } health_report { overall_health: HEALTHY } } peers { permanent_uuid: "fa2b7127d769426dbf6b610f74536106" member_type: VOTER last_known_addr { host: "127.9.131.66" port: 40395 } health_report { overall_health: UNKNOWN } } peers { permanent_uuid: "3bfa1b0cf96346a5a3ee6ea10de9496a" member_type: VOTER last_known_addr { host: "127.9.131.67" port: 45275 } health_report { overall_health: UNKNOWN } } }
I20260709 12:19:36.112080 10710 raft_consensus.cc:993] T f298960b2387414094881ba3dfd8e6ad P 3bfa1b0cf96346a5a3ee6ea10de9496a: : Instructing follower 390add5b62d0491e947fbaa913806886 to start an election
I20260709 12:19:36.112475 10710 raft_consensus.cc:1081] T f298960b2387414094881ba3dfd8e6ad P 3bfa1b0cf96346a5a3ee6ea10de9496a [term 2 LEADER]: Signalling peer 390add5b62d0491e947fbaa913806886 to start an election
I20260709 12:19:36.113844 10416 tablet_service.cc:2044] Received Run Leader Election RPC: tablet_id: "f298960b2387414094881ba3dfd8e6ad"
dest_uuid: "390add5b62d0491e947fbaa913806886"
 from {username='slave'} at 127.0.0.1:48762
I20260709 12:19:36.114261 10416 raft_consensus.cc:493] T f298960b2387414094881ba3dfd8e6ad P 390add5b62d0491e947fbaa913806886 [term 2 FOLLOWER]: Starting forced leader election (received explicit request)
I20260709 12:19:36.114537 10416 raft_consensus.cc:3060] T f298960b2387414094881ba3dfd8e6ad P 390add5b62d0491e947fbaa913806886 [term 2 FOLLOWER]: Advancing to term 3
I20260709 12:19:36.119089 10416 raft_consensus.cc:515] T f298960b2387414094881ba3dfd8e6ad P 390add5b62d0491e947fbaa913806886 [term 3 FOLLOWER]: Starting forced leader election with config: opid_index: -1 OBSOLETE_local: false peers { permanent_uuid: "390add5b62d0491e947fbaa913806886" member_type: VOTER last_known_addr { host: "127.9.131.65" port: 35155 } } peers { permanent_uuid: "fa2b7127d769426dbf6b610f74536106" member_type: VOTER last_known_addr { host: "127.9.131.66" port: 40395 } } peers { permanent_uuid: "3bfa1b0cf96346a5a3ee6ea10de9496a" member_type: VOTER last_known_addr { host: "127.9.131.67" port: 45275 } }
I20260709 12:19:36.120677 10416 leader_election.cc:290] T f298960b2387414094881ba3dfd8e6ad P 390add5b62d0491e947fbaa913806886 [CANDIDATE]: Term 3 election: Requested vote from peers fa2b7127d769426dbf6b610f74536106 (127.9.131.66:40395), 3bfa1b0cf96346a5a3ee6ea10de9496a (127.9.131.67:45275)
I20260709 12:19:36.121551 10492 tablet_service.cc:1917] Received RequestConsensusVote() RPC: tablet_id: "f298960b2387414094881ba3dfd8e6ad" candidate_uuid: "390add5b62d0491e947fbaa913806886" candidate_term: 3 candidate_status { last_received { term: 2 index: 2 } } ignore_live_leader: true dest_uuid: "fa2b7127d769426dbf6b610f74536106"
I20260709 12:19:36.121551 10567 tablet_service.cc:1917] Received RequestConsensusVote() RPC: tablet_id: "f298960b2387414094881ba3dfd8e6ad" candidate_uuid: "390add5b62d0491e947fbaa913806886" candidate_term: 3 candidate_status { last_received { term: 2 index: 2 } } ignore_live_leader: true dest_uuid: "3bfa1b0cf96346a5a3ee6ea10de9496a"
I20260709 12:19:36.122184 10492 raft_consensus.cc:3060] T f298960b2387414094881ba3dfd8e6ad P fa2b7127d769426dbf6b610f74536106 [term 2 FOLLOWER]: Advancing to term 3
I20260709 12:19:36.122308 10567 raft_consensus.cc:3055] T f298960b2387414094881ba3dfd8e6ad P 3bfa1b0cf96346a5a3ee6ea10de9496a [term 2 LEADER]: Stepping down as leader of term 2
I20260709 12:19:36.122859 10567 raft_consensus.cc:740] T f298960b2387414094881ba3dfd8e6ad P 3bfa1b0cf96346a5a3ee6ea10de9496a [term 2 LEADER]: Becoming Follower/Learner. State: Replica: 3bfa1b0cf96346a5a3ee6ea10de9496a, State: Running, Role: LEADER
I20260709 12:19:36.123914 10567 consensus_queue.cc:260] T f298960b2387414094881ba3dfd8e6ad P 3bfa1b0cf96346a5a3ee6ea10de9496a [NON_LEADER]: Queue going to NON_LEADER mode. State: All replicated index: 0, Majority replicated index: 2, Committed index: 2, Last appended: 2.2, Last appended by leader: 2, Current term: 2, Majority size: -1, State: 0, Mode: NON_LEADER, active raft config: opid_index: -1 OBSOLETE_local: false peers { permanent_uuid: "390add5b62d0491e947fbaa913806886" member_type: VOTER last_known_addr { host: "127.9.131.65" port: 35155 } } peers { permanent_uuid: "fa2b7127d769426dbf6b610f74536106" member_type: VOTER last_known_addr { host: "127.9.131.66" port: 40395 } } peers { permanent_uuid: "3bfa1b0cf96346a5a3ee6ea10de9496a" member_type: VOTER last_known_addr { host: "127.9.131.67" port: 45275 } }
I20260709 12:19:36.124981 10567 raft_consensus.cc:3060] T f298960b2387414094881ba3dfd8e6ad P 3bfa1b0cf96346a5a3ee6ea10de9496a [term 2 FOLLOWER]: Advancing to term 3
I20260709 12:19:36.127331 10492 raft_consensus.cc:2468] T f298960b2387414094881ba3dfd8e6ad P fa2b7127d769426dbf6b610f74536106 [term 3 FOLLOWER]: Leader election vote request: Granting yes vote for candidate 390add5b62d0491e947fbaa913806886 in term 3.
I20260709 12:19:36.128270 10384 leader_election.cc:304] T f298960b2387414094881ba3dfd8e6ad P 390add5b62d0491e947fbaa913806886 [CANDIDATE]: Term 3 election: Election decided. Result: candidate won. Election summary: received 2 responses out of 3 voters: 2 yes votes; 0 no votes. yes voters: 390add5b62d0491e947fbaa913806886, fa2b7127d769426dbf6b610f74536106; no voters: 
I20260709 12:19:36.128938 10707 raft_consensus.cc:2804] T f298960b2387414094881ba3dfd8e6ad P 390add5b62d0491e947fbaa913806886 [term 3 FOLLOWER]: Leader election won for term 3
I20260709 12:19:36.129279 10707 raft_consensus.cc:697] T f298960b2387414094881ba3dfd8e6ad P 390add5b62d0491e947fbaa913806886 [term 3 LEADER]: Becoming Leader. State: Replica: 390add5b62d0491e947fbaa913806886, State: Running, Role: LEADER
I20260709 12:19:36.129928 10707 consensus_queue.cc:237] T f298960b2387414094881ba3dfd8e6ad P 390add5b62d0491e947fbaa913806886 [LEADER]: Queue going to LEADER mode. State: All replicated index: 0, Majority replicated index: 2, Committed index: 2, Last appended: 2.2, Last appended by leader: 2, Current term: 3, Majority size: 2, State: 0, Mode: LEADER, active raft config: opid_index: -1 OBSOLETE_local: false peers { permanent_uuid: "390add5b62d0491e947fbaa913806886" member_type: VOTER last_known_addr { host: "127.9.131.65" port: 35155 } } peers { permanent_uuid: "fa2b7127d769426dbf6b610f74536106" member_type: VOTER last_known_addr { host: "127.9.131.66" port: 40395 } } peers { permanent_uuid: "3bfa1b0cf96346a5a3ee6ea10de9496a" member_type: VOTER last_known_addr { host: "127.9.131.67" port: 45275 } }
I20260709 12:19:36.130134 10567 raft_consensus.cc:2468] T f298960b2387414094881ba3dfd8e6ad P 3bfa1b0cf96346a5a3ee6ea10de9496a [term 3 FOLLOWER]: Leader election vote request: Granting yes vote for candidate 390add5b62d0491e947fbaa913806886 in term 3.
I20260709 12:19:36.136660 10316 catalog_manager.cc:5697] T f298960b2387414094881ba3dfd8e6ad P 390add5b62d0491e947fbaa913806886 reported cstate change: term changed from 2 to 3, leader changed from 3bfa1b0cf96346a5a3ee6ea10de9496a (127.9.131.67) to 390add5b62d0491e947fbaa913806886 (127.9.131.65). New cstate: current_term: 3 leader_uuid: "390add5b62d0491e947fbaa913806886" committed_config { opid_index: -1 OBSOLETE_local: false peers { permanent_uuid: "390add5b62d0491e947fbaa913806886" member_type: VOTER last_known_addr { host: "127.9.131.65" port: 35155 } health_report { overall_health: HEALTHY } } peers { permanent_uuid: "fa2b7127d769426dbf6b610f74536106" member_type: VOTER last_known_addr { host: "127.9.131.66" port: 40395 } health_report { overall_health: UNKNOWN } } peers { permanent_uuid: "3bfa1b0cf96346a5a3ee6ea10de9496a" member_type: VOTER last_known_addr { host: "127.9.131.67" port: 45275 } health_report { overall_health: UNKNOWN } } }
I20260709 12:19:36.185413 10731 raft_consensus.cc:993] T d7128a5d9b774f3cb0ebdabf0e1c2e3c P fa2b7127d769426dbf6b610f74536106: : Instructing follower 390add5b62d0491e947fbaa913806886 to start an election
I20260709 12:19:36.185817 10731 raft_consensus.cc:1081] T d7128a5d9b774f3cb0ebdabf0e1c2e3c P fa2b7127d769426dbf6b610f74536106 [term 1 LEADER]: Signalling peer 390add5b62d0491e947fbaa913806886 to start an election
I20260709 12:19:36.187279 10416 tablet_service.cc:2044] Received Run Leader Election RPC: tablet_id: "d7128a5d9b774f3cb0ebdabf0e1c2e3c"
dest_uuid: "390add5b62d0491e947fbaa913806886"
 from {username='slave'} at 127.0.0.1:48754
I20260709 12:19:36.187742 10416 raft_consensus.cc:493] T d7128a5d9b774f3cb0ebdabf0e1c2e3c P 390add5b62d0491e947fbaa913806886 [term 1 FOLLOWER]: Starting forced leader election (received explicit request)
I20260709 12:19:36.188060 10416 raft_consensus.cc:3060] T d7128a5d9b774f3cb0ebdabf0e1c2e3c P 390add5b62d0491e947fbaa913806886 [term 1 FOLLOWER]: Advancing to term 2
I20260709 12:19:36.192226 10416 raft_consensus.cc:515] T d7128a5d9b774f3cb0ebdabf0e1c2e3c P 390add5b62d0491e947fbaa913806886 [term 2 FOLLOWER]: Starting forced leader election with config: opid_index: -1 OBSOLETE_local: false peers { permanent_uuid: "390add5b62d0491e947fbaa913806886" member_type: VOTER last_known_addr { host: "127.9.131.65" port: 35155 } } peers { permanent_uuid: "fa2b7127d769426dbf6b610f74536106" member_type: VOTER last_known_addr { host: "127.9.131.66" port: 40395 } } peers { permanent_uuid: "3bfa1b0cf96346a5a3ee6ea10de9496a" member_type: VOTER last_known_addr { host: "127.9.131.67" port: 45275 } }
I20260709 12:19:36.193701 10416 leader_election.cc:290] T d7128a5d9b774f3cb0ebdabf0e1c2e3c P 390add5b62d0491e947fbaa913806886 [CANDIDATE]: Term 2 election: Requested vote from peers fa2b7127d769426dbf6b610f74536106 (127.9.131.66:40395), 3bfa1b0cf96346a5a3ee6ea10de9496a (127.9.131.67:45275)
I20260709 12:19:36.194471 10492 tablet_service.cc:1917] Received RequestConsensusVote() RPC: tablet_id: "d7128a5d9b774f3cb0ebdabf0e1c2e3c" candidate_uuid: "390add5b62d0491e947fbaa913806886" candidate_term: 2 candidate_status { last_received { term: 1 index: 1 } } ignore_live_leader: true dest_uuid: "fa2b7127d769426dbf6b610f74536106"
I20260709 12:19:36.194664 10567 tablet_service.cc:1917] Received RequestConsensusVote() RPC: tablet_id: "d7128a5d9b774f3cb0ebdabf0e1c2e3c" candidate_uuid: "390add5b62d0491e947fbaa913806886" candidate_term: 2 candidate_status { last_received { term: 1 index: 1 } } ignore_live_leader: true dest_uuid: "3bfa1b0cf96346a5a3ee6ea10de9496a"
I20260709 12:19:36.195006 10492 raft_consensus.cc:3055] T d7128a5d9b774f3cb0ebdabf0e1c2e3c P fa2b7127d769426dbf6b610f74536106 [term 1 LEADER]: Stepping down as leader of term 1
I20260709 12:19:36.195163 10567 raft_consensus.cc:3060] T d7128a5d9b774f3cb0ebdabf0e1c2e3c P 3bfa1b0cf96346a5a3ee6ea10de9496a [term 1 FOLLOWER]: Advancing to term 2
I20260709 12:19:36.195290 10492 raft_consensus.cc:740] T d7128a5d9b774f3cb0ebdabf0e1c2e3c P fa2b7127d769426dbf6b610f74536106 [term 1 LEADER]: Becoming Follower/Learner. State: Replica: fa2b7127d769426dbf6b610f74536106, State: Running, Role: LEADER
I20260709 12:19:36.196080 10492 consensus_queue.cc:260] T d7128a5d9b774f3cb0ebdabf0e1c2e3c P fa2b7127d769426dbf6b610f74536106 [NON_LEADER]: Queue going to NON_LEADER mode. State: All replicated index: 0, Majority replicated index: 1, Committed index: 1, Last appended: 1.1, Last appended by leader: 1, Current term: 1, Majority size: -1, State: 0, Mode: NON_LEADER, active raft config: opid_index: -1 OBSOLETE_local: false peers { permanent_uuid: "390add5b62d0491e947fbaa913806886" member_type: VOTER last_known_addr { host: "127.9.131.65" port: 35155 } } peers { permanent_uuid: "fa2b7127d769426dbf6b610f74536106" member_type: VOTER last_known_addr { host: "127.9.131.66" port: 40395 } } peers { permanent_uuid: "3bfa1b0cf96346a5a3ee6ea10de9496a" member_type: VOTER last_known_addr { host: "127.9.131.67" port: 45275 } }
I20260709 12:19:36.197129 10492 raft_consensus.cc:3060] T d7128a5d9b774f3cb0ebdabf0e1c2e3c P fa2b7127d769426dbf6b610f74536106 [term 1 FOLLOWER]: Advancing to term 2
I20260709 12:19:36.200011 10567 raft_consensus.cc:2468] T d7128a5d9b774f3cb0ebdabf0e1c2e3c P 3bfa1b0cf96346a5a3ee6ea10de9496a [term 2 FOLLOWER]: Leader election vote request: Granting yes vote for candidate 390add5b62d0491e947fbaa913806886 in term 2.
I20260709 12:19:36.201037 10383 leader_election.cc:304] T d7128a5d9b774f3cb0ebdabf0e1c2e3c P 390add5b62d0491e947fbaa913806886 [CANDIDATE]: Term 2 election: Election decided. Result: candidate won. Election summary: received 2 responses out of 3 voters: 2 yes votes; 0 no votes. yes voters: 390add5b62d0491e947fbaa913806886, 3bfa1b0cf96346a5a3ee6ea10de9496a; no voters: 
I20260709 12:19:36.201152 10492 raft_consensus.cc:2468] T d7128a5d9b774f3cb0ebdabf0e1c2e3c P fa2b7127d769426dbf6b610f74536106 [term 2 FOLLOWER]: Leader election vote request: Granting yes vote for candidate 390add5b62d0491e947fbaa913806886 in term 2.
I20260709 12:19:36.201659 10707 raft_consensus.cc:2804] T d7128a5d9b774f3cb0ebdabf0e1c2e3c P 390add5b62d0491e947fbaa913806886 [term 2 FOLLOWER]: Leader election won for term 2
I20260709 12:19:36.202049 10707 raft_consensus.cc:697] T d7128a5d9b774f3cb0ebdabf0e1c2e3c P 390add5b62d0491e947fbaa913806886 [term 2 LEADER]: Becoming Leader. State: Replica: 390add5b62d0491e947fbaa913806886, State: Running, Role: LEADER
I20260709 12:19:36.202818 10707 consensus_queue.cc:237] T d7128a5d9b774f3cb0ebdabf0e1c2e3c P 390add5b62d0491e947fbaa913806886 [LEADER]: Queue going to LEADER mode. State: All replicated index: 0, Majority replicated index: 1, Committed index: 1, Last appended: 1.1, Last appended by leader: 1, Current term: 2, Majority size: 2, State: 0, Mode: LEADER, active raft config: opid_index: -1 OBSOLETE_local: false peers { permanent_uuid: "390add5b62d0491e947fbaa913806886" member_type: VOTER last_known_addr { host: "127.9.131.65" port: 35155 } } peers { permanent_uuid: "fa2b7127d769426dbf6b610f74536106" member_type: VOTER last_known_addr { host: "127.9.131.66" port: 40395 } } peers { permanent_uuid: "3bfa1b0cf96346a5a3ee6ea10de9496a" member_type: VOTER last_known_addr { host: "127.9.131.67" port: 45275 } }
I20260709 12:19:36.209769 10316 catalog_manager.cc:5697] T d7128a5d9b774f3cb0ebdabf0e1c2e3c P 390add5b62d0491e947fbaa913806886 reported cstate change: term changed from 1 to 2, leader changed from fa2b7127d769426dbf6b610f74536106 (127.9.131.66) to 390add5b62d0491e947fbaa913806886 (127.9.131.65). New cstate: current_term: 2 leader_uuid: "390add5b62d0491e947fbaa913806886" committed_config { opid_index: -1 OBSOLETE_local: false peers { permanent_uuid: "390add5b62d0491e947fbaa913806886" member_type: VOTER last_known_addr { host: "127.9.131.65" port: 35155 } health_report { overall_health: HEALTHY } } peers { permanent_uuid: "fa2b7127d769426dbf6b610f74536106" member_type: VOTER last_known_addr { host: "127.9.131.66" port: 40395 } health_report { overall_health: UNKNOWN } } peers { permanent_uuid: "3bfa1b0cf96346a5a3ee6ea10de9496a" member_type: VOTER last_known_addr { host: "127.9.131.67" port: 45275 } health_report { overall_health: UNKNOWN } } }
I20260709 12:19:36.388249 10745 raft_consensus.cc:993] T 6dca734c6e434c1595f96ef0b2825c17 P fa2b7127d769426dbf6b610f74536106: : Instructing follower 390add5b62d0491e947fbaa913806886 to start an election
I20260709 12:19:36.388702 10731 raft_consensus.cc:1081] T 6dca734c6e434c1595f96ef0b2825c17 P fa2b7127d769426dbf6b610f74536106 [term 1 LEADER]: Signalling peer 390add5b62d0491e947fbaa913806886 to start an election
I20260709 12:19:36.390059 10416 tablet_service.cc:2044] Received Run Leader Election RPC: tablet_id: "6dca734c6e434c1595f96ef0b2825c17"
dest_uuid: "390add5b62d0491e947fbaa913806886"
 from {username='slave'} at 127.0.0.1:48754
I20260709 12:19:36.390468 10416 raft_consensus.cc:493] T 6dca734c6e434c1595f96ef0b2825c17 P 390add5b62d0491e947fbaa913806886 [term 1 FOLLOWER]: Starting forced leader election (received explicit request)
I20260709 12:19:36.390719 10416 raft_consensus.cc:3060] T 6dca734c6e434c1595f96ef0b2825c17 P 390add5b62d0491e947fbaa913806886 [term 1 FOLLOWER]: Advancing to term 2
I20260709 12:19:36.394937 10416 raft_consensus.cc:515] T 6dca734c6e434c1595f96ef0b2825c17 P 390add5b62d0491e947fbaa913806886 [term 2 FOLLOWER]: Starting forced leader election with config: opid_index: -1 OBSOLETE_local: false peers { permanent_uuid: "390add5b62d0491e947fbaa913806886" member_type: VOTER last_known_addr { host: "127.9.131.65" port: 35155 } } peers { permanent_uuid: "fa2b7127d769426dbf6b610f74536106" member_type: VOTER last_known_addr { host: "127.9.131.66" port: 40395 } } peers { permanent_uuid: "3bfa1b0cf96346a5a3ee6ea10de9496a" member_type: VOTER last_known_addr { host: "127.9.131.67" port: 45275 } }
I20260709 12:19:36.396471 10416 leader_election.cc:290] T 6dca734c6e434c1595f96ef0b2825c17 P 390add5b62d0491e947fbaa913806886 [CANDIDATE]: Term 2 election: Requested vote from peers fa2b7127d769426dbf6b610f74536106 (127.9.131.66:40395), 3bfa1b0cf96346a5a3ee6ea10de9496a (127.9.131.67:45275)
I20260709 12:19:36.397258 10492 tablet_service.cc:1917] Received RequestConsensusVote() RPC: tablet_id: "6dca734c6e434c1595f96ef0b2825c17" candidate_uuid: "390add5b62d0491e947fbaa913806886" candidate_term: 2 candidate_status { last_received { term: 1 index: 1 } } ignore_live_leader: true dest_uuid: "fa2b7127d769426dbf6b610f74536106"
I20260709 12:19:36.397380 10567 tablet_service.cc:1917] Received RequestConsensusVote() RPC: tablet_id: "6dca734c6e434c1595f96ef0b2825c17" candidate_uuid: "390add5b62d0491e947fbaa913806886" candidate_term: 2 candidate_status { last_received { term: 1 index: 1 } } ignore_live_leader: true dest_uuid: "3bfa1b0cf96346a5a3ee6ea10de9496a"
I20260709 12:19:36.397782 10492 raft_consensus.cc:3055] T 6dca734c6e434c1595f96ef0b2825c17 P fa2b7127d769426dbf6b610f74536106 [term 1 LEADER]: Stepping down as leader of term 1
I20260709 12:19:36.397861 10567 raft_consensus.cc:3060] T 6dca734c6e434c1595f96ef0b2825c17 P 3bfa1b0cf96346a5a3ee6ea10de9496a [term 1 FOLLOWER]: Advancing to term 2
I20260709 12:19:36.398169 10492 raft_consensus.cc:740] T 6dca734c6e434c1595f96ef0b2825c17 P fa2b7127d769426dbf6b610f74536106 [term 1 LEADER]: Becoming Follower/Learner. State: Replica: fa2b7127d769426dbf6b610f74536106, State: Running, Role: LEADER
I20260709 12:19:36.398913 10492 consensus_queue.cc:260] T 6dca734c6e434c1595f96ef0b2825c17 P fa2b7127d769426dbf6b610f74536106 [NON_LEADER]: Queue going to NON_LEADER mode. State: All replicated index: 0, Majority replicated index: 1, Committed index: 1, Last appended: 1.1, Last appended by leader: 1, Current term: 1, Majority size: -1, State: 0, Mode: NON_LEADER, active raft config: opid_index: -1 OBSOLETE_local: false peers { permanent_uuid: "390add5b62d0491e947fbaa913806886" member_type: VOTER last_known_addr { host: "127.9.131.65" port: 35155 } } peers { permanent_uuid: "fa2b7127d769426dbf6b610f74536106" member_type: VOTER last_known_addr { host: "127.9.131.66" port: 40395 } } peers { permanent_uuid: "3bfa1b0cf96346a5a3ee6ea10de9496a" member_type: VOTER last_known_addr { host: "127.9.131.67" port: 45275 } }
I20260709 12:19:36.399983 10492 raft_consensus.cc:3060] T 6dca734c6e434c1595f96ef0b2825c17 P fa2b7127d769426dbf6b610f74536106 [term 1 FOLLOWER]: Advancing to term 2
I20260709 12:19:36.403436 10567 raft_consensus.cc:2468] T 6dca734c6e434c1595f96ef0b2825c17 P 3bfa1b0cf96346a5a3ee6ea10de9496a [term 2 FOLLOWER]: Leader election vote request: Granting yes vote for candidate 390add5b62d0491e947fbaa913806886 in term 2.
I20260709 12:19:36.404381 10383 leader_election.cc:304] T 6dca734c6e434c1595f96ef0b2825c17 P 390add5b62d0491e947fbaa913806886 [CANDIDATE]: Term 2 election: Election decided. Result: candidate won. Election summary: received 2 responses out of 3 voters: 2 yes votes; 0 no votes. yes voters: 390add5b62d0491e947fbaa913806886, 3bfa1b0cf96346a5a3ee6ea10de9496a; no voters: 
I20260709 12:19:36.404508 10492 raft_consensus.cc:2468] T 6dca734c6e434c1595f96ef0b2825c17 P fa2b7127d769426dbf6b610f74536106 [term 2 FOLLOWER]: Leader election vote request: Granting yes vote for candidate 390add5b62d0491e947fbaa913806886 in term 2.
I20260709 12:19:36.405026 10707 raft_consensus.cc:2804] T 6dca734c6e434c1595f96ef0b2825c17 P 390add5b62d0491e947fbaa913806886 [term 2 FOLLOWER]: Leader election won for term 2
I20260709 12:19:36.405447 10707 raft_consensus.cc:697] T 6dca734c6e434c1595f96ef0b2825c17 P 390add5b62d0491e947fbaa913806886 [term 2 LEADER]: Becoming Leader. State: Replica: 390add5b62d0491e947fbaa913806886, State: Running, Role: LEADER
I20260709 12:19:36.406172 10707 consensus_queue.cc:237] T 6dca734c6e434c1595f96ef0b2825c17 P 390add5b62d0491e947fbaa913806886 [LEADER]: Queue going to LEADER mode. State: All replicated index: 0, Majority replicated index: 1, Committed index: 1, Last appended: 1.1, Last appended by leader: 1, Current term: 2, Majority size: 2, State: 0, Mode: LEADER, active raft config: opid_index: -1 OBSOLETE_local: false peers { permanent_uuid: "390add5b62d0491e947fbaa913806886" member_type: VOTER last_known_addr { host: "127.9.131.65" port: 35155 } } peers { permanent_uuid: "fa2b7127d769426dbf6b610f74536106" member_type: VOTER last_known_addr { host: "127.9.131.66" port: 40395 } } peers { permanent_uuid: "3bfa1b0cf96346a5a3ee6ea10de9496a" member_type: VOTER last_known_addr { host: "127.9.131.67" port: 45275 } }
I20260709 12:19:36.412515 10316 catalog_manager.cc:5697] T 6dca734c6e434c1595f96ef0b2825c17 P 390add5b62d0491e947fbaa913806886 reported cstate change: term changed from 1 to 2, leader changed from fa2b7127d769426dbf6b610f74536106 (127.9.131.66) to 390add5b62d0491e947fbaa913806886 (127.9.131.65). New cstate: current_term: 2 leader_uuid: "390add5b62d0491e947fbaa913806886" committed_config { opid_index: -1 OBSOLETE_local: false peers { permanent_uuid: "390add5b62d0491e947fbaa913806886" member_type: VOTER last_known_addr { host: "127.9.131.65" port: 35155 } health_report { overall_health: HEALTHY } } peers { permanent_uuid: "fa2b7127d769426dbf6b610f74536106" member_type: VOTER last_known_addr { host: "127.9.131.66" port: 40395 } health_report { overall_health: UNKNOWN } } peers { permanent_uuid: "3bfa1b0cf96346a5a3ee6ea10de9496a" member_type: VOTER last_known_addr { host: "127.9.131.67" port: 45275 } health_report { overall_health: UNKNOWN } } }
I20260709 12:19:36.486156 10745 raft_consensus.cc:993] T b4752da4a6a447ad93fdacdb010730ca P fa2b7127d769426dbf6b610f74536106: : Instructing follower 390add5b62d0491e947fbaa913806886 to start an election
I20260709 12:19:36.486569 10731 raft_consensus.cc:1081] T b4752da4a6a447ad93fdacdb010730ca P fa2b7127d769426dbf6b610f74536106 [term 2 LEADER]: Signalling peer 390add5b62d0491e947fbaa913806886 to start an election
I20260709 12:19:36.487823 10416 tablet_service.cc:2044] Received Run Leader Election RPC: tablet_id: "b4752da4a6a447ad93fdacdb010730ca"
dest_uuid: "390add5b62d0491e947fbaa913806886"
 from {username='slave'} at 127.0.0.1:48754
I20260709 12:19:36.488273 10416 raft_consensus.cc:493] T b4752da4a6a447ad93fdacdb010730ca P 390add5b62d0491e947fbaa913806886 [term 2 FOLLOWER]: Starting forced leader election (received explicit request)
I20260709 12:19:36.488561 10416 raft_consensus.cc:3060] T b4752da4a6a447ad93fdacdb010730ca P 390add5b62d0491e947fbaa913806886 [term 2 FOLLOWER]: Advancing to term 3
I20260709 12:19:36.492832 10416 raft_consensus.cc:515] T b4752da4a6a447ad93fdacdb010730ca P 390add5b62d0491e947fbaa913806886 [term 3 FOLLOWER]: Starting forced leader election with config: opid_index: -1 OBSOLETE_local: false peers { permanent_uuid: "390add5b62d0491e947fbaa913806886" member_type: VOTER last_known_addr { host: "127.9.131.65" port: 35155 } } peers { permanent_uuid: "fa2b7127d769426dbf6b610f74536106" member_type: VOTER last_known_addr { host: "127.9.131.66" port: 40395 } } peers { permanent_uuid: "3bfa1b0cf96346a5a3ee6ea10de9496a" member_type: VOTER last_known_addr { host: "127.9.131.67" port: 45275 } }
I20260709 12:19:36.494320 10416 leader_election.cc:290] T b4752da4a6a447ad93fdacdb010730ca P 390add5b62d0491e947fbaa913806886 [CANDIDATE]: Term 3 election: Requested vote from peers fa2b7127d769426dbf6b610f74536106 (127.9.131.66:40395), 3bfa1b0cf96346a5a3ee6ea10de9496a (127.9.131.67:45275)
I20260709 12:19:36.495189 10492 tablet_service.cc:1917] Received RequestConsensusVote() RPC: tablet_id: "b4752da4a6a447ad93fdacdb010730ca" candidate_uuid: "390add5b62d0491e947fbaa913806886" candidate_term: 3 candidate_status { last_received { term: 2 index: 2 } } ignore_live_leader: true dest_uuid: "fa2b7127d769426dbf6b610f74536106"
I20260709 12:19:36.495321 10567 tablet_service.cc:1917] Received RequestConsensusVote() RPC: tablet_id: "b4752da4a6a447ad93fdacdb010730ca" candidate_uuid: "390add5b62d0491e947fbaa913806886" candidate_term: 3 candidate_status { last_received { term: 2 index: 2 } } ignore_live_leader: true dest_uuid: "3bfa1b0cf96346a5a3ee6ea10de9496a"
I20260709 12:19:36.495765 10492 raft_consensus.cc:3055] T b4752da4a6a447ad93fdacdb010730ca P fa2b7127d769426dbf6b610f74536106 [term 2 LEADER]: Stepping down as leader of term 2
I20260709 12:19:36.495811 10567 raft_consensus.cc:3060] T b4752da4a6a447ad93fdacdb010730ca P 3bfa1b0cf96346a5a3ee6ea10de9496a [term 2 FOLLOWER]: Advancing to term 3
I20260709 12:19:36.496254 10492 raft_consensus.cc:740] T b4752da4a6a447ad93fdacdb010730ca P fa2b7127d769426dbf6b610f74536106 [term 2 LEADER]: Becoming Follower/Learner. State: Replica: fa2b7127d769426dbf6b610f74536106, State: Running, Role: LEADER
I20260709 12:19:36.496985 10492 consensus_queue.cc:260] T b4752da4a6a447ad93fdacdb010730ca P fa2b7127d769426dbf6b610f74536106 [NON_LEADER]: Queue going to NON_LEADER mode. State: All replicated index: 0, Majority replicated index: 2, Committed index: 2, Last appended: 2.2, Last appended by leader: 2, Current term: 2, Majority size: -1, State: 0, Mode: NON_LEADER, active raft config: opid_index: -1 OBSOLETE_local: false peers { permanent_uuid: "390add5b62d0491e947fbaa913806886" member_type: VOTER last_known_addr { host: "127.9.131.65" port: 35155 } } peers { permanent_uuid: "fa2b7127d769426dbf6b610f74536106" member_type: VOTER last_known_addr { host: "127.9.131.66" port: 40395 } } peers { permanent_uuid: "3bfa1b0cf96346a5a3ee6ea10de9496a" member_type: VOTER last_known_addr { host: "127.9.131.67" port: 45275 } }
I20260709 12:19:36.497958 10492 raft_consensus.cc:3060] T b4752da4a6a447ad93fdacdb010730ca P fa2b7127d769426dbf6b610f74536106 [term 2 FOLLOWER]: Advancing to term 3
I20260709 12:19:36.498064 10566 raft_consensus.cc:1275] T dde0882b03d245e58bd916123081e004 P 3bfa1b0cf96346a5a3ee6ea10de9496a [term 4 FOLLOWER]: Refusing update from remote peer 390add5b62d0491e947fbaa913806886: Log matching property violated. Preceding OpId in replica: term: 3 index: 3. Preceding OpId from leader: term: 4 index: 4. (index mismatch)
I20260709 12:19:36.499418 10707 consensus_queue.cc:1048] T dde0882b03d245e58bd916123081e004 P 390add5b62d0491e947fbaa913806886 [LEADER]: Connected to new peer: Peer: permanent_uuid: "3bfa1b0cf96346a5a3ee6ea10de9496a" member_type: VOTER last_known_addr { host: "127.9.131.67" port: 45275 }, Status: LMP_MISMATCH, Last received: 0.0, Next index: 4, Last known committed idx: 3, Time since last communication: 0.000s
I20260709 12:19:36.501974 10567 raft_consensus.cc:2468] T b4752da4a6a447ad93fdacdb010730ca P 3bfa1b0cf96346a5a3ee6ea10de9496a [term 3 FOLLOWER]: Leader election vote request: Granting yes vote for candidate 390add5b62d0491e947fbaa913806886 in term 3.
I20260709 12:19:36.503181 10383 leader_election.cc:304] T b4752da4a6a447ad93fdacdb010730ca P 390add5b62d0491e947fbaa913806886 [CANDIDATE]: Term 3 election: Election decided. Result: candidate won. Election summary: received 2 responses out of 3 voters: 2 yes votes; 0 no votes. yes voters: 390add5b62d0491e947fbaa913806886, 3bfa1b0cf96346a5a3ee6ea10de9496a; no voters: 
I20260709 12:19:36.503492 10492 raft_consensus.cc:2468] T b4752da4a6a447ad93fdacdb010730ca P fa2b7127d769426dbf6b610f74536106 [term 3 FOLLOWER]: Leader election vote request: Granting yes vote for candidate 390add5b62d0491e947fbaa913806886 in term 3.
I20260709 12:19:36.504107 10707 raft_consensus.cc:2804] T b4752da4a6a447ad93fdacdb010730ca P 390add5b62d0491e947fbaa913806886 [term 3 FOLLOWER]: Leader election won for term 3
I20260709 12:19:36.504659 10707 raft_consensus.cc:697] T b4752da4a6a447ad93fdacdb010730ca P 390add5b62d0491e947fbaa913806886 [term 3 LEADER]: Becoming Leader. State: Replica: 390add5b62d0491e947fbaa913806886, State: Running, Role: LEADER
I20260709 12:19:36.505534 10707 consensus_queue.cc:237] T b4752da4a6a447ad93fdacdb010730ca P 390add5b62d0491e947fbaa913806886 [LEADER]: Queue going to LEADER mode. State: All replicated index: 0, Majority replicated index: 2, Committed index: 2, Last appended: 2.2, Last appended by leader: 2, Current term: 3, Majority size: 2, State: 0, Mode: LEADER, active raft config: opid_index: -1 OBSOLETE_local: false peers { permanent_uuid: "390add5b62d0491e947fbaa913806886" member_type: VOTER last_known_addr { host: "127.9.131.65" port: 35155 } } peers { permanent_uuid: "fa2b7127d769426dbf6b610f74536106" member_type: VOTER last_known_addr { host: "127.9.131.66" port: 40395 } } peers { permanent_uuid: "3bfa1b0cf96346a5a3ee6ea10de9496a" member_type: VOTER last_known_addr { host: "127.9.131.67" port: 45275 } }
I20260709 12:19:36.512964 10492 raft_consensus.cc:1275] T dde0882b03d245e58bd916123081e004 P fa2b7127d769426dbf6b610f74536106 [term 4 FOLLOWER]: Refusing update from remote peer 390add5b62d0491e947fbaa913806886: Log matching property violated. Preceding OpId in replica: term: 3 index: 3. Preceding OpId from leader: term: 4 index: 4. (index mismatch)
I20260709 12:19:36.514652 10707 consensus_queue.cc:1048] T dde0882b03d245e58bd916123081e004 P 390add5b62d0491e947fbaa913806886 [LEADER]: Connected to new peer: Peer: permanent_uuid: "fa2b7127d769426dbf6b610f74536106" member_type: VOTER last_known_addr { host: "127.9.131.66" port: 40395 }, Status: LMP_MISMATCH, Last received: 0.0, Next index: 4, Last known committed idx: 3, Time since last communication: 0.000s
I20260709 12:19:36.517459 10316 catalog_manager.cc:5697] T b4752da4a6a447ad93fdacdb010730ca P 390add5b62d0491e947fbaa913806886 reported cstate change: term changed from 2 to 3, leader changed from fa2b7127d769426dbf6b610f74536106 (127.9.131.66) to 390add5b62d0491e947fbaa913806886 (127.9.131.65). New cstate: current_term: 3 leader_uuid: "390add5b62d0491e947fbaa913806886" committed_config { opid_index: -1 OBSOLETE_local: false peers { permanent_uuid: "390add5b62d0491e947fbaa913806886" member_type: VOTER last_known_addr { host: "127.9.131.65" port: 35155 } health_report { overall_health: HEALTHY } } peers { permanent_uuid: "fa2b7127d769426dbf6b610f74536106" member_type: VOTER last_known_addr { host: "127.9.131.66" port: 40395 } health_report { overall_health: UNKNOWN } } peers { permanent_uuid: "3bfa1b0cf96346a5a3ee6ea10de9496a" member_type: VOTER last_known_addr { host: "127.9.131.67" port: 45275 } health_report { overall_health: UNKNOWN } } }
I20260709 12:19:36.577850 10492 raft_consensus.cc:1275] T f298960b2387414094881ba3dfd8e6ad P fa2b7127d769426dbf6b610f74536106 [term 3 FOLLOWER]: Refusing update from remote peer 390add5b62d0491e947fbaa913806886: Log matching property violated. Preceding OpId in replica: term: 2 index: 2. Preceding OpId from leader: term: 3 index: 3. (index mismatch)
I20260709 12:19:36.579131 10749 consensus_queue.cc:1048] T f298960b2387414094881ba3dfd8e6ad P 390add5b62d0491e947fbaa913806886 [LEADER]: Connected to new peer: Peer: permanent_uuid: "fa2b7127d769426dbf6b610f74536106" member_type: VOTER last_known_addr { host: "127.9.131.66" port: 40395 }, Status: LMP_MISMATCH, Last received: 0.0, Next index: 3, Last known committed idx: 2, Time since last communication: 0.001s
I20260709 12:19:36.588584 10566 raft_consensus.cc:1275] T f298960b2387414094881ba3dfd8e6ad P 3bfa1b0cf96346a5a3ee6ea10de9496a [term 3 FOLLOWER]: Refusing update from remote peer 390add5b62d0491e947fbaa913806886: Log matching property violated. Preceding OpId in replica: term: 2 index: 2. Preceding OpId from leader: term: 3 index: 3. (index mismatch)
I20260709 12:19:36.590348 10756 consensus_queue.cc:1048] T f298960b2387414094881ba3dfd8e6ad P 390add5b62d0491e947fbaa913806886 [LEADER]: Connected to new peer: Peer: permanent_uuid: "3bfa1b0cf96346a5a3ee6ea10de9496a" member_type: VOTER last_known_addr { host: "127.9.131.67" port: 45275 }, Status: LMP_MISMATCH, Last received: 0.0, Next index: 3, Last known committed idx: 2, Time since last communication: 0.001s
I20260709 12:19:36.594815 10567 raft_consensus.cc:1275] T d7128a5d9b774f3cb0ebdabf0e1c2e3c P 3bfa1b0cf96346a5a3ee6ea10de9496a [term 2 FOLLOWER]: Refusing update from remote peer 390add5b62d0491e947fbaa913806886: Log matching property violated. Preceding OpId in replica: term: 1 index: 1. Preceding OpId from leader: term: 2 index: 2. (index mismatch)
I20260709 12:19:36.597856 10707 consensus_queue.cc:1048] T d7128a5d9b774f3cb0ebdabf0e1c2e3c P 390add5b62d0491e947fbaa913806886 [LEADER]: Connected to new peer: Peer: permanent_uuid: "3bfa1b0cf96346a5a3ee6ea10de9496a" member_type: VOTER last_known_addr { host: "127.9.131.67" port: 45275 }, Status: LMP_MISMATCH, Last received: 0.0, Next index: 2, Last known committed idx: 1, Time since last communication: 0.000s
