I20260709 12:19:57.132572 11382 raft_consensus.cc:2804] T f1b28a94627d4cbd8f41c75a4ef23953 P 9e8170bbe8244e40a2b2e5011e69b697 [term 1 FOLLOWER]: Leader election won for term 1
I20260709 12:19:57.131256 11402 raft_consensus.cc:515] T 33ccd4bc26b14304b81583bf6a6d3efb P 1abf4b385a2b493ab83f593a1f8c9cd1 [term 0 FOLLOWER]: Starting pre-election with config: opid_index: -1 OBSOLETE_local: false peers { permanent_uuid: "9e8170bbe8244e40a2b2e5011e69b697" member_type: VOTER last_known_addr { host: "127.9.131.65" port: 46109 } } peers { permanent_uuid: "2201bad9e18849b09cf82de29dd032d3" member_type: VOTER last_known_addr { host: "127.9.131.66" port: 41383 } } peers { permanent_uuid: "1abf4b385a2b493ab83f593a1f8c9cd1" member_type: VOTER last_known_addr { host: "127.9.131.67" port: 40209 } }
I20260709 12:19:57.134739 11125 tablet_bootstrap.cc:492] T ba629b94057b4c4e9085289ea50b42f1 P 2201bad9e18849b09cf82de29dd032d3: No bootstrap required, opened a new log
I20260709 12:19:57.136052 11125 ts_tablet_manager.cc:1403] T ba629b94057b4c4e9085289ea50b42f1 P 2201bad9e18849b09cf82de29dd032d3: Time spent bootstrapping tablet: real 0.105s	user 0.017s	sys 0.006s
I20260709 12:19:57.138523 11126 tablet_bootstrap.cc:654] T 5e9e7be3e0bf4a1fa43f868eaf3e2c80 P 9e8170bbe8244e40a2b2e5011e69b697: Neither blocks nor log segments found. Creating new log.
I20260709 12:19:57.136034 11382 raft_consensus.cc:697] T f1b28a94627d4cbd8f41c75a4ef23953 P 9e8170bbe8244e40a2b2e5011e69b697 [term 1 LEADER]: Becoming Leader. State: Replica: 9e8170bbe8244e40a2b2e5011e69b697, State: Running, Role: LEADER
I20260709 12:19:57.140839 11128 tablet_bootstrap.cc:492] T d88dec874a3240d69746dfb302cf057e P 1abf4b385a2b493ab83f593a1f8c9cd1: No bootstrap required, opened a new log
I20260709 12:19:57.141212 11128 ts_tablet_manager.cc:1403] T d88dec874a3240d69746dfb302cf057e P 1abf4b385a2b493ab83f593a1f8c9cd1: Time spent bootstrapping tablet: real 0.077s	user 0.020s	sys 0.023s
I20260709 12:19:57.139882 11382 consensus_queue.cc:237] T f1b28a94627d4cbd8f41c75a4ef23953 P 9e8170bbe8244e40a2b2e5011e69b697 [LEADER]: Queue going to LEADER mode. State: All replicated index: 0, Majority replicated index: 0, Committed index: 0, Last appended: 0.0, Last appended by leader: 0, Current term: 1, Majority size: 2, State: 0, Mode: LEADER, active raft config: opid_index: -1 OBSOLETE_local: false peers { permanent_uuid: "9e8170bbe8244e40a2b2e5011e69b697" member_type: VOTER last_known_addr { host: "127.9.131.65" port: 46109 } } peers { permanent_uuid: "2201bad9e18849b09cf82de29dd032d3" member_type: VOTER last_known_addr { host: "127.9.131.66" port: 41383 } } peers { permanent_uuid: "1abf4b385a2b493ab83f593a1f8c9cd1" member_type: VOTER last_known_addr { host: "127.9.131.67" port: 40209 } }
I20260709 12:19:57.142696 11125 raft_consensus.cc:359] T ba629b94057b4c4e9085289ea50b42f1 P 2201bad9e18849b09cf82de29dd032d3 [term 0 FOLLOWER]: Replica starting. Triggering 0 pending ops. Active config: opid_index: -1 OBSOLETE_local: false peers { permanent_uuid: "9e8170bbe8244e40a2b2e5011e69b697" member_type: VOTER last_known_addr { host: "127.9.131.65" port: 46109 } } peers { permanent_uuid: "2201bad9e18849b09cf82de29dd032d3" member_type: VOTER last_known_addr { host: "127.9.131.66" port: 41383 } } peers { permanent_uuid: "1abf4b385a2b493ab83f593a1f8c9cd1" member_type: VOTER last_known_addr { host: "127.9.131.67" port: 40209 } }
I20260709 12:19:57.145007 11125 raft_consensus.cc:385] T ba629b94057b4c4e9085289ea50b42f1 P 2201bad9e18849b09cf82de29dd032d3 [term 0 FOLLOWER]: Consensus starting up: Expiring failure detector timer to make a prompt election more likely
I20260709 12:19:57.145295 11125 raft_consensus.cc:740] T ba629b94057b4c4e9085289ea50b42f1 P 2201bad9e18849b09cf82de29dd032d3 [term 0 FOLLOWER]: Becoming Follower/Learner. State: Replica: 2201bad9e18849b09cf82de29dd032d3, State: Initialized, Role: FOLLOWER
I20260709 12:19:57.145603 11009 raft_consensus.cc:2468] T f1b28a94627d4cbd8f41c75a4ef23953 P 2201bad9e18849b09cf82de29dd032d3 [term 1 FOLLOWER]: Leader election vote request: Granting yes vote for candidate 9e8170bbe8244e40a2b2e5011e69b697 in term 1.
I20260709 12:19:57.146066 10932 tablet_service.cc:1917] Received RequestConsensusVote() RPC: tablet_id: "33ccd4bc26b14304b81583bf6a6d3efb" candidate_uuid: "1abf4b385a2b493ab83f593a1f8c9cd1" candidate_term: 1 candidate_status { last_received { term: 0 index: 0 } } ignore_live_leader: false dest_uuid: "9e8170bbe8244e40a2b2e5011e69b697" is_pre_election: true
I20260709 12:19:57.143635 11128 raft_consensus.cc:359] T d88dec874a3240d69746dfb302cf057e P 1abf4b385a2b493ab83f593a1f8c9cd1 [term 0 FOLLOWER]: Replica starting. Triggering 0 pending ops. Active config: opid_index: -1 OBSOLETE_local: false peers { permanent_uuid: "9e8170bbe8244e40a2b2e5011e69b697" member_type: VOTER last_known_addr { host: "127.9.131.65" port: 46109 } } peers { permanent_uuid: "2201bad9e18849b09cf82de29dd032d3" member_type: VOTER last_known_addr { host: "127.9.131.66" port: 41383 } } peers { permanent_uuid: "1abf4b385a2b493ab83f593a1f8c9cd1" member_type: VOTER last_known_addr { host: "127.9.131.67" port: 40209 } }
I20260709 12:19:57.143937 11005 tablet_service.cc:1917] Received RequestConsensusVote() RPC: tablet_id: "33ccd4bc26b14304b81583bf6a6d3efb" candidate_uuid: "1abf4b385a2b493ab83f593a1f8c9cd1" candidate_term: 1 candidate_status { last_received { term: 0 index: 0 } } ignore_live_leader: false dest_uuid: "2201bad9e18849b09cf82de29dd032d3" is_pre_election: true
I20260709 12:19:57.145928 11125 consensus_queue.cc:260] T ba629b94057b4c4e9085289ea50b42f1 P 2201bad9e18849b09cf82de29dd032d3 [NON_LEADER]: Queue going to NON_LEADER mode. State: All replicated index: 0, Majority replicated index: 0, Committed index: 0, Last appended: 0.0, Last appended by leader: 0, Current term: 0, Majority size: -1, State: 0, Mode: NON_LEADER, active raft config: opid_index: -1 OBSOLETE_local: false peers { permanent_uuid: "9e8170bbe8244e40a2b2e5011e69b697" member_type: VOTER last_known_addr { host: "127.9.131.65" port: 46109 } } peers { permanent_uuid: "2201bad9e18849b09cf82de29dd032d3" member_type: VOTER last_known_addr { host: "127.9.131.66" port: 41383 } } peers { permanent_uuid: "1abf4b385a2b493ab83f593a1f8c9cd1" member_type: VOTER last_known_addr { host: "127.9.131.67" port: 40209 } }
I20260709 12:19:57.142617 11402 leader_election.cc:290] T 33ccd4bc26b14304b81583bf6a6d3efb P 1abf4b385a2b493ab83f593a1f8c9cd1 [CANDIDATE]: Term 1 pre-election: Requested pre-vote from peers 9e8170bbe8244e40a2b2e5011e69b697 (127.9.131.65:46109), 2201bad9e18849b09cf82de29dd032d3 (127.9.131.66:41383)
I20260709 12:19:57.148926 11352 consensus_queue.cc:1048] T f0bf4b65018642ba928b62c815b01489 P 2201bad9e18849b09cf82de29dd032d3 [LEADER]: Connected to new peer: Peer: permanent_uuid: "1abf4b385a2b493ab83f593a1f8c9cd1" member_type: VOTER last_known_addr { host: "127.9.131.67" port: 40209 }, Status: LMP_MISMATCH, Last received: 0.0, Next index: 1, Last known committed idx: 0, Time since last communication: 0.000s
I20260709 12:19:57.149775 11125 ts_tablet_manager.cc:1434] T ba629b94057b4c4e9085289ea50b42f1 P 2201bad9e18849b09cf82de29dd032d3: Time spent starting tablet: real 0.013s	user 0.006s	sys 0.000s
I20260709 12:19:57.150533 11050 leader_election.cc:304] T 33ccd4bc26b14304b81583bf6a6d3efb P 1abf4b385a2b493ab83f593a1f8c9cd1 [CANDIDATE]: Term 1 pre-election: Election decided. Result: candidate lost. Election summary: received 3 responses out of 3 voters: 1 yes votes; 2 no votes. yes voters: 1abf4b385a2b493ab83f593a1f8c9cd1; no voters: 2201bad9e18849b09cf82de29dd032d3, 9e8170bbe8244e40a2b2e5011e69b697
I20260709 12:19:57.151233 11125 tablet_bootstrap.cc:492] T 07467552f78d410bb9e5774f3340f134 P 2201bad9e18849b09cf82de29dd032d3: Bootstrap starting.
I20260709 12:19:57.151654 11402 raft_consensus.cc:2749] T 33ccd4bc26b14304b81583bf6a6d3efb P 1abf4b385a2b493ab83f593a1f8c9cd1 [term 0 FOLLOWER]: Leader pre-election lost for term 1. Reason: could not achieve majority
I20260709 12:19:57.153236 11128 raft_consensus.cc:385] T d88dec874a3240d69746dfb302cf057e P 1abf4b385a2b493ab83f593a1f8c9cd1 [term 0 FOLLOWER]: Consensus starting up: Expiring failure detector timer to make a prompt election more likely
I20260709 12:19:57.153585 11128 raft_consensus.cc:740] T d88dec874a3240d69746dfb302cf057e P 1abf4b385a2b493ab83f593a1f8c9cd1 [term 0 FOLLOWER]: Becoming Follower/Learner. State: Replica: 1abf4b385a2b493ab83f593a1f8c9cd1, State: Initialized, Role: FOLLOWER
I20260709 12:19:57.154331 11128 consensus_queue.cc:260] T d88dec874a3240d69746dfb302cf057e P 1abf4b385a2b493ab83f593a1f8c9cd1 [NON_LEADER]: Queue going to NON_LEADER mode. State: All replicated index: 0, Majority replicated index: 0, Committed index: 0, Last appended: 0.0, Last appended by leader: 0, Current term: 0, Majority size: -1, State: 0, Mode: NON_LEADER, active raft config: opid_index: -1 OBSOLETE_local: false peers { permanent_uuid: "9e8170bbe8244e40a2b2e5011e69b697" member_type: VOTER last_known_addr { host: "127.9.131.65" port: 46109 } } peers { permanent_uuid: "2201bad9e18849b09cf82de29dd032d3" member_type: VOTER last_known_addr { host: "127.9.131.66" port: 41383 } } peers { permanent_uuid: "1abf4b385a2b493ab83f593a1f8c9cd1" member_type: VOTER last_known_addr { host: "127.9.131.67" port: 40209 } }
I20260709 12:19:57.156594 11128 ts_tablet_manager.cc:1434] T d88dec874a3240d69746dfb302cf057e P 1abf4b385a2b493ab83f593a1f8c9cd1: Time spent starting tablet: real 0.015s	user 0.007s	sys 0.000s
I20260709 12:19:57.159657 11128 tablet_bootstrap.cc:492] T 5e9e7be3e0bf4a1fa43f868eaf3e2c80 P 1abf4b385a2b493ab83f593a1f8c9cd1: Bootstrap starting.
I20260709 12:19:57.174168 11128 tablet_bootstrap.cc:654] T 5e9e7be3e0bf4a1fa43f868eaf3e2c80 P 1abf4b385a2b493ab83f593a1f8c9cd1: Neither blocks nor log segments found. Creating new log.
I20260709 12:19:57.183640 11084 raft_consensus.cc:3060] T 33ccd4bc26b14304b81583bf6a6d3efb P 1abf4b385a2b493ab83f593a1f8c9cd1 [term 0 FOLLOWER]: Advancing to term 1
I20260709 12:19:57.191572 11125 tablet_bootstrap.cc:654] T 07467552f78d410bb9e5774f3340f134 P 2201bad9e18849b09cf82de29dd032d3: Neither blocks nor log segments found. Creating new log.
I20260709 12:19:57.204159 11128 tablet_bootstrap.cc:492] T 5e9e7be3e0bf4a1fa43f868eaf3e2c80 P 1abf4b385a2b493ab83f593a1f8c9cd1: No bootstrap required, opened a new log
I20260709 12:19:57.204967 11128 ts_tablet_manager.cc:1403] T 5e9e7be3e0bf4a1fa43f868eaf3e2c80 P 1abf4b385a2b493ab83f593a1f8c9cd1: Time spent bootstrapping tablet: real 0.046s	user 0.019s	sys 0.014s
I20260709 12:19:57.202540 11382 raft_consensus.cc:493] T 0774d95f5c1b4bdb990e50f5d858b600 P 9e8170bbe8244e40a2b2e5011e69b697 [term 0 FOLLOWER]: Starting pre-election (no leader contacted us within the election timeout)
I20260709 12:19:57.207347 10832 catalog_manager.cc:5697] T f1b28a94627d4cbd8f41c75a4ef23953 P 9e8170bbe8244e40a2b2e5011e69b697 reported cstate change: term changed from 0 to 1, leader changed from <none> to 9e8170bbe8244e40a2b2e5011e69b697 (127.9.131.65). New cstate: current_term: 1 leader_uuid: "9e8170bbe8244e40a2b2e5011e69b697" committed_config { opid_index: -1 OBSOLETE_local: false peers { permanent_uuid: "9e8170bbe8244e40a2b2e5011e69b697" member_type: VOTER last_known_addr { host: "127.9.131.65" port: 46109 } health_report { overall_health: HEALTHY } } peers { permanent_uuid: "2201bad9e18849b09cf82de29dd032d3" member_type: VOTER last_known_addr { host: "127.9.131.66" port: 41383 } health_report { overall_health: UNKNOWN } } peers { permanent_uuid: "1abf4b385a2b493ab83f593a1f8c9cd1" member_type: VOTER last_known_addr { host: "127.9.131.67" port: 40209 } health_report { overall_health: UNKNOWN } } }
I20260709 12:19:57.209643 11382 raft_consensus.cc:515] T 0774d95f5c1b4bdb990e50f5d858b600 P 9e8170bbe8244e40a2b2e5011e69b697 [term 0 FOLLOWER]: Starting pre-election with config: opid_index: -1 OBSOLETE_local: false peers { permanent_uuid: "9e8170bbe8244e40a2b2e5011e69b697" member_type: VOTER last_known_addr { host: "127.9.131.65" port: 46109 } } peers { permanent_uuid: "2201bad9e18849b09cf82de29dd032d3" member_type: VOTER last_known_addr { host: "127.9.131.66" port: 41383 } } peers { permanent_uuid: "1abf4b385a2b493ab83f593a1f8c9cd1" member_type: VOTER last_known_addr { host: "127.9.131.67" port: 40209 } }
I20260709 12:19:57.210037 11128 raft_consensus.cc:359] T 5e9e7be3e0bf4a1fa43f868eaf3e2c80 P 1abf4b385a2b493ab83f593a1f8c9cd1 [term 0 FOLLOWER]: Replica starting. Triggering 0 pending ops. Active config: opid_index: -1 OBSOLETE_local: false peers { permanent_uuid: "9e8170bbe8244e40a2b2e5011e69b697" member_type: VOTER last_known_addr { host: "127.9.131.65" port: 46109 } } peers { permanent_uuid: "2201bad9e18849b09cf82de29dd032d3" member_type: VOTER last_known_addr { host: "127.9.131.66" port: 41383 } } peers { permanent_uuid: "1abf4b385a2b493ab83f593a1f8c9cd1" member_type: VOTER last_known_addr { host: "127.9.131.67" port: 40209 } }
I20260709 12:19:57.210858 11128 raft_consensus.cc:385] T 5e9e7be3e0bf4a1fa43f868eaf3e2c80 P 1abf4b385a2b493ab83f593a1f8c9cd1 [term 0 FOLLOWER]: Consensus starting up: Expiring failure detector timer to make a prompt election more likely
I20260709 12:19:57.211189 11128 raft_consensus.cc:740] T 5e9e7be3e0bf4a1fa43f868eaf3e2c80 P 1abf4b385a2b493ab83f593a1f8c9cd1 [term 0 FOLLOWER]: Becoming Follower/Learner. State: Replica: 1abf4b385a2b493ab83f593a1f8c9cd1, State: Initialized, Role: FOLLOWER
I20260709 12:19:57.212927 11352 raft_consensus.cc:493] T 0774d95f5c1b4bdb990e50f5d858b600 P 2201bad9e18849b09cf82de29dd032d3 [term 0 FOLLOWER]: Starting pre-election (no leader contacted us within the election timeout)
I20260709 12:19:57.213398 11352 raft_consensus.cc:515] T 0774d95f5c1b4bdb990e50f5d858b600 P 2201bad9e18849b09cf82de29dd032d3 [term 0 FOLLOWER]: Starting pre-election with config: opid_index: -1 OBSOLETE_local: false peers { permanent_uuid: "9e8170bbe8244e40a2b2e5011e69b697" member_type: VOTER last_known_addr { host: "127.9.131.65" port: 46109 } } peers { permanent_uuid: "2201bad9e18849b09cf82de29dd032d3" member_type: VOTER last_known_addr { host: "127.9.131.66" port: 41383 } } peers { permanent_uuid: "1abf4b385a2b493ab83f593a1f8c9cd1" member_type: VOTER last_known_addr { host: "127.9.131.67" port: 40209 } }
I20260709 12:19:57.215288 11009 tablet_service.cc:1917] Received RequestConsensusVote() RPC: tablet_id: "0774d95f5c1b4bdb990e50f5d858b600" candidate_uuid: "9e8170bbe8244e40a2b2e5011e69b697" candidate_term: 1 candidate_status { last_received { term: 0 index: 0 } } ignore_live_leader: false dest_uuid: "2201bad9e18849b09cf82de29dd032d3" is_pre_election: true
I20260709 12:19:57.216064 11009 raft_consensus.cc:2468] T 0774d95f5c1b4bdb990e50f5d858b600 P 2201bad9e18849b09cf82de29dd032d3 [term 0 FOLLOWER]: Leader pre-election vote request: Granting yes vote for candidate 9e8170bbe8244e40a2b2e5011e69b697 in term 0.
I20260709 12:19:57.217660 10901 leader_election.cc:304] T 0774d95f5c1b4bdb990e50f5d858b600 P 9e8170bbe8244e40a2b2e5011e69b697 [CANDIDATE]: Term 1 pre-election: Election decided. Result: candidate won. Election summary: received 2 responses out of 3 voters: 2 yes votes; 0 no votes. yes voters: 2201bad9e18849b09cf82de29dd032d3, 9e8170bbe8244e40a2b2e5011e69b697; no voters: 
I20260709 12:19:57.217756 11082 tablet_service.cc:1917] Received RequestConsensusVote() RPC: tablet_id: "0774d95f5c1b4bdb990e50f5d858b600" candidate_uuid: "2201bad9e18849b09cf82de29dd032d3" candidate_term: 1 candidate_status { last_received { term: 0 index: 0 } } ignore_live_leader: false dest_uuid: "1abf4b385a2b493ab83f593a1f8c9cd1" is_pre_election: true
I20260709 12:19:57.219384 10932 tablet_service.cc:1917] Received RequestConsensusVote() RPC: tablet_id: "0774d95f5c1b4bdb990e50f5d858b600" candidate_uuid: "2201bad9e18849b09cf82de29dd032d3" candidate_term: 1 candidate_status { last_received { term: 0 index: 0 } } ignore_live_leader: false dest_uuid: "9e8170bbe8244e40a2b2e5011e69b697" is_pre_election: true
I20260709 12:19:57.219944 11317 raft_consensus.cc:2804] T 0774d95f5c1b4bdb990e50f5d858b600 P 9e8170bbe8244e40a2b2e5011e69b697 [term 0 FOLLOWER]: Leader pre-election won for term 1
I20260709 12:19:57.220389 11317 raft_consensus.cc:493] T 0774d95f5c1b4bdb990e50f5d858b600 P 9e8170bbe8244e40a2b2e5011e69b697 [term 0 FOLLOWER]: Starting leader election (no leader contacted us within the election timeout)
I20260709 12:19:57.220731 11317 raft_consensus.cc:3060] T 0774d95f5c1b4bdb990e50f5d858b600 P 9e8170bbe8244e40a2b2e5011e69b697 [term 0 FOLLOWER]: Advancing to term 1
W20260709 12:19:57.222085 10974 leader_election.cc:343] T 0774d95f5c1b4bdb990e50f5d858b600 P 2201bad9e18849b09cf82de29dd032d3 [CANDIDATE]: Term 1 pre-election: Tablet error from VoteRequest() call to peer 1abf4b385a2b493ab83f593a1f8c9cd1 (127.9.131.67:40209): Illegal state: must be running to vote when last-logged opid is not known
I20260709 12:19:57.224987 11318 raft_consensus.cc:493] T d88dec874a3240d69746dfb302cf057e P 9e8170bbe8244e40a2b2e5011e69b697 [term 0 FOLLOWER]: Starting pre-election (no leader contacted us within the election timeout)
I20260709 12:19:57.225497 11318 raft_consensus.cc:515] T d88dec874a3240d69746dfb302cf057e P 9e8170bbe8244e40a2b2e5011e69b697 [term 0 FOLLOWER]: Starting pre-election with config: opid_index: -1 OBSOLETE_local: false peers { permanent_uuid: "9e8170bbe8244e40a2b2e5011e69b697" member_type: VOTER last_known_addr { host: "127.9.131.65" port: 46109 } } peers { permanent_uuid: "2201bad9e18849b09cf82de29dd032d3" member_type: VOTER last_known_addr { host: "127.9.131.66" port: 41383 } } peers { permanent_uuid: "1abf4b385a2b493ab83f593a1f8c9cd1" member_type: VOTER last_known_addr { host: "127.9.131.67" port: 40209 } }
I20260709 12:19:57.215507 11352 leader_election.cc:290] T 0774d95f5c1b4bdb990e50f5d858b600 P 2201bad9e18849b09cf82de29dd032d3 [CANDIDATE]: Term 1 pre-election: Requested pre-vote from peers 9e8170bbe8244e40a2b2e5011e69b697 (127.9.131.65:46109), 1abf4b385a2b493ab83f593a1f8c9cd1 (127.9.131.67:40209)
I20260709 12:19:57.228868 11081 tablet_service.cc:1917] Received RequestConsensusVote() RPC: tablet_id: "d88dec874a3240d69746dfb302cf057e" candidate_uuid: "9e8170bbe8244e40a2b2e5011e69b697" candidate_term: 1 candidate_status { last_received { term: 0 index: 0 } } ignore_live_leader: false dest_uuid: "1abf4b385a2b493ab83f593a1f8c9cd1" is_pre_election: true
I20260709 12:19:57.229524 11081 raft_consensus.cc:2468] T d88dec874a3240d69746dfb302cf057e P 1abf4b385a2b493ab83f593a1f8c9cd1 [term 0 FOLLOWER]: Leader pre-election vote request: Granting yes vote for candidate 9e8170bbe8244e40a2b2e5011e69b697 in term 0.
I20260709 12:19:57.227643 11318 leader_election.cc:290] T d88dec874a3240d69746dfb302cf057e P 9e8170bbe8244e40a2b2e5011e69b697 [CANDIDATE]: Term 1 pre-election: Requested pre-vote from peers 2201bad9e18849b09cf82de29dd032d3 (127.9.131.66:41383), 1abf4b385a2b493ab83f593a1f8c9cd1 (127.9.131.67:40209)
I20260709 12:19:57.212162 11128 consensus_queue.cc:260] T 5e9e7be3e0bf4a1fa43f868eaf3e2c80 P 1abf4b385a2b493ab83f593a1f8c9cd1 [NON_LEADER]: Queue going to NON_LEADER mode. State: All replicated index: 0, Majority replicated index: 0, Committed index: 0, Last appended: 0.0, Last appended by leader: 0, Current term: 0, Majority size: -1, State: 0, Mode: NON_LEADER, active raft config: opid_index: -1 OBSOLETE_local: false peers { permanent_uuid: "9e8170bbe8244e40a2b2e5011e69b697" member_type: VOTER last_known_addr { host: "127.9.131.65" port: 46109 } } peers { permanent_uuid: "2201bad9e18849b09cf82de29dd032d3" member_type: VOTER last_known_addr { host: "127.9.131.66" port: 41383 } } peers { permanent_uuid: "1abf4b385a2b493ab83f593a1f8c9cd1" member_type: VOTER last_known_addr { host: "127.9.131.67" port: 40209 } }
I20260709 12:19:57.233150 10899 leader_election.cc:304] T d88dec874a3240d69746dfb302cf057e P 9e8170bbe8244e40a2b2e5011e69b697 [CANDIDATE]: Term 1 pre-election: Election decided. Result: candidate won. Election summary: received 2 responses out of 3 voters: 2 yes votes; 0 no votes. yes voters: 1abf4b385a2b493ab83f593a1f8c9cd1, 9e8170bbe8244e40a2b2e5011e69b697; no voters: 
I20260709 12:19:57.233570 11382 leader_election.cc:290] T 0774d95f5c1b4bdb990e50f5d858b600 P 9e8170bbe8244e40a2b2e5011e69b697 [CANDIDATE]: Term 1 pre-election: Requested pre-vote from peers 2201bad9e18849b09cf82de29dd032d3 (127.9.131.66:41383), 1abf4b385a2b493ab83f593a1f8c9cd1 (127.9.131.67:40209)
I20260709 12:19:57.235177 11318 raft_consensus.cc:2804] T d88dec874a3240d69746dfb302cf057e P 9e8170bbe8244e40a2b2e5011e69b697 [term 0 FOLLOWER]: Leader pre-election won for term 1
I20260709 12:19:57.235572 11165 raft_consensus.cc:493] T 59db2d2bb22c41aebd0d2073e2ba7d52 P 1abf4b385a2b493ab83f593a1f8c9cd1 [term 0 FOLLOWER]: Starting pre-election (no leader contacted us within the election timeout)
I20260709 12:19:57.236327 11128 ts_tablet_manager.cc:1434] T 5e9e7be3e0bf4a1fa43f868eaf3e2c80 P 1abf4b385a2b493ab83f593a1f8c9cd1: Time spent starting tablet: real 0.031s	user 0.006s	sys 0.000s
I20260709 12:19:57.236145 11082 tablet_service.cc:1917] Received RequestConsensusVote() RPC: tablet_id: "0774d95f5c1b4bdb990e50f5d858b600" candidate_uuid: "9e8170bbe8244e40a2b2e5011e69b697" candidate_term: 1 candidate_status { last_received { term: 0 index: 0 } } ignore_live_leader: false dest_uuid: "1abf4b385a2b493ab83f593a1f8c9cd1" is_pre_election: true
I20260709 12:19:57.236101 11165 raft_consensus.cc:515] T 59db2d2bb22c41aebd0d2073e2ba7d52 P 1abf4b385a2b493ab83f593a1f8c9cd1 [term 0 FOLLOWER]: Starting pre-election with config: opid_index: -1 OBSOLETE_local: false peers { permanent_uuid: "9e8170bbe8244e40a2b2e5011e69b697" member_type: VOTER last_known_addr { host: "127.9.131.65" port: 46109 } } peers { permanent_uuid: "2201bad9e18849b09cf82de29dd032d3" member_type: VOTER last_known_addr { host: "127.9.131.66" port: 41383 } } peers { permanent_uuid: "1abf4b385a2b493ab83f593a1f8c9cd1" member_type: VOTER last_known_addr { host: "127.9.131.67" port: 40209 } }
I20260709 12:19:57.237834 11128 tablet_bootstrap.cc:492] T 0774d95f5c1b4bdb990e50f5d858b600 P 1abf4b385a2b493ab83f593a1f8c9cd1: Bootstrap starting.
W20260709 12:19:57.237963 10899 leader_election.cc:343] T 0774d95f5c1b4bdb990e50f5d858b600 P 9e8170bbe8244e40a2b2e5011e69b697 [CANDIDATE]: Term 1 pre-election: Tablet error from VoteRequest() call to peer 1abf4b385a2b493ab83f593a1f8c9cd1 (127.9.131.67:40209): Illegal state: must be running to vote when last-logged opid is not known
I20260709 12:19:57.238508 11165 leader_election.cc:290] T 59db2d2bb22c41aebd0d2073e2ba7d52 P 1abf4b385a2b493ab83f593a1f8c9cd1 [CANDIDATE]: Term 1 pre-election: Requested pre-vote from peers 9e8170bbe8244e40a2b2e5011e69b697 (127.9.131.65:46109), 2201bad9e18849b09cf82de29dd032d3 (127.9.131.66:41383)
I20260709 12:19:57.239660 11009 tablet_service.cc:1917] Received RequestConsensusVote() RPC: tablet_id: "59db2d2bb22c41aebd0d2073e2ba7d52" candidate_uuid: "1abf4b385a2b493ab83f593a1f8c9cd1" candidate_term: 1 candidate_status { last_received { term: 0 index: 0 } } ignore_live_leader: false dest_uuid: "2201bad9e18849b09cf82de29dd032d3" is_pre_election: true
I20260709 12:19:57.235607 11318 raft_consensus.cc:493] T d88dec874a3240d69746dfb302cf057e P 9e8170bbe8244e40a2b2e5011e69b697 [term 0 FOLLOWER]: Starting leader election (no leader contacted us within the election timeout)
I20260709 12:19:57.240522 11318 raft_consensus.cc:3060] T d88dec874a3240d69746dfb302cf057e P 9e8170bbe8244e40a2b2e5011e69b697 [term 0 FOLLOWER]: Advancing to term 1
I20260709 12:19:57.244951 11125 tablet_bootstrap.cc:492] T 07467552f78d410bb9e5774f3340f134 P 2201bad9e18849b09cf82de29dd032d3: No bootstrap required, opened a new log
I20260709 12:19:57.245461 11125 ts_tablet_manager.cc:1403] T 07467552f78d410bb9e5774f3340f134 P 2201bad9e18849b09cf82de29dd032d3: Time spent bootstrapping tablet: real 0.094s	user 0.013s	sys 0.002s
I20260709 12:19:57.245249 11009 tablet_service.cc:1917] Received RequestConsensusVote() RPC: tablet_id: "d88dec874a3240d69746dfb302cf057e" candidate_uuid: "9e8170bbe8244e40a2b2e5011e69b697" candidate_term: 1 candidate_status { last_received { term: 0 index: 0 } } ignore_live_leader: false dest_uuid: "2201bad9e18849b09cf82de29dd032d3" is_pre_election: true
I20260709 12:19:57.246124 11009 raft_consensus.cc:2468] T d88dec874a3240d69746dfb302cf057e P 2201bad9e18849b09cf82de29dd032d3 [term 0 FOLLOWER]: Leader pre-election vote request: Granting yes vote for candidate 9e8170bbe8244e40a2b2e5011e69b697 in term 0.
I20260709 12:19:57.248548 10930 tablet_service.cc:1917] Received RequestConsensusVote() RPC: tablet_id: "59db2d2bb22c41aebd0d2073e2ba7d52" candidate_uuid: "1abf4b385a2b493ab83f593a1f8c9cd1" candidate_term: 1 candidate_status { last_received { term: 0 index: 0 } } ignore_live_leader: false dest_uuid: "9e8170bbe8244e40a2b2e5011e69b697" is_pre_election: true
I20260709 12:19:57.249306 10930 raft_consensus.cc:2393] T 59db2d2bb22c41aebd0d2073e2ba7d52 P 9e8170bbe8244e40a2b2e5011e69b697 [term 1 FOLLOWER]: Leader pre-election vote request: Denying vote to candidate 1abf4b385a2b493ab83f593a1f8c9cd1 in current term 1: Already voted for candidate 2201bad9e18849b09cf82de29dd032d3 in this term.
I20260709 12:19:57.248926 11125 raft_consensus.cc:359] T 07467552f78d410bb9e5774f3340f134 P 2201bad9e18849b09cf82de29dd032d3 [term 0 FOLLOWER]: Replica starting. Triggering 0 pending ops. Active config: opid_index: -1 OBSOLETE_local: false peers { permanent_uuid: "9e8170bbe8244e40a2b2e5011e69b697" member_type: VOTER last_known_addr { host: "127.9.131.65" port: 46109 } } peers { permanent_uuid: "2201bad9e18849b09cf82de29dd032d3" member_type: VOTER last_known_addr { host: "127.9.131.66" port: 41383 } } peers { permanent_uuid: "1abf4b385a2b493ab83f593a1f8c9cd1" member_type: VOTER last_known_addr { host: "127.9.131.67" port: 40209 } }
I20260709 12:19:57.249697 11128 tablet_bootstrap.cc:654] T 0774d95f5c1b4bdb990e50f5d858b600 P 1abf4b385a2b493ab83f593a1f8c9cd1: Neither blocks nor log segments found. Creating new log.
I20260709 12:19:57.249698 11125 raft_consensus.cc:385] T 07467552f78d410bb9e5774f3340f134 P 2201bad9e18849b09cf82de29dd032d3 [term 0 FOLLOWER]: Consensus starting up: Expiring failure detector timer to make a prompt election more likely
I20260709 12:19:57.250197 11125 raft_consensus.cc:740] T 07467552f78d410bb9e5774f3340f134 P 2201bad9e18849b09cf82de29dd032d3 [term 0 FOLLOWER]: Becoming Follower/Learner. State: Replica: 2201bad9e18849b09cf82de29dd032d3, State: Initialized, Role: FOLLOWER
I20260709 12:19:57.250608 11051 leader_election.cc:304] T 59db2d2bb22c41aebd0d2073e2ba7d52 P 1abf4b385a2b493ab83f593a1f8c9cd1 [CANDIDATE]: Term 1 pre-election: Election decided. Result: candidate lost. Election summary: received 3 responses out of 3 voters: 1 yes votes; 2 no votes. yes voters: 1abf4b385a2b493ab83f593a1f8c9cd1; no voters: 2201bad9e18849b09cf82de29dd032d3, 9e8170bbe8244e40a2b2e5011e69b697
I20260709 12:19:57.251277 11125 consensus_queue.cc:260] T 07467552f78d410bb9e5774f3340f134 P 2201bad9e18849b09cf82de29dd032d3 [NON_LEADER]: Queue going to NON_LEADER mode. State: All replicated index: 0, Majority replicated index: 0, Committed index: 0, Last appended: 0.0, Last appended by leader: 0, Current term: 0, Majority size: -1, State: 0, Mode: NON_LEADER, active raft config: opid_index: -1 OBSOLETE_local: false peers { permanent_uuid: "9e8170bbe8244e40a2b2e5011e69b697" member_type: VOTER last_known_addr { host: "127.9.131.65" port: 46109 } } peers { permanent_uuid: "2201bad9e18849b09cf82de29dd032d3" member_type: VOTER last_known_addr { host: "127.9.131.66" port: 41383 } } peers { permanent_uuid: "1abf4b385a2b493ab83f593a1f8c9cd1" member_type: VOTER last_known_addr { host: "127.9.131.67" port: 40209 } }
I20260709 12:19:57.251603 11165 raft_consensus.cc:3060] T 59db2d2bb22c41aebd0d2073e2ba7d52 P 1abf4b385a2b493ab83f593a1f8c9cd1 [term 0 FOLLOWER]: Advancing to term 1
I20260709 12:19:57.253440 11125 ts_tablet_manager.cc:1434] T 07467552f78d410bb9e5774f3340f134 P 2201bad9e18849b09cf82de29dd032d3: Time spent starting tablet: real 0.008s	user 0.006s	sys 0.000s
I20260709 12:19:57.254361 11125 tablet_bootstrap.cc:492] T edeb14680d6b4c7b95eed2b196750242 P 2201bad9e18849b09cf82de29dd032d3: Bootstrap starting.
I20260709 12:19:57.254379 11352 consensus_queue.cc:1048] T 59db2d2bb22c41aebd0d2073e2ba7d52 P 2201bad9e18849b09cf82de29dd032d3 [LEADER]: Connected to new peer: Peer: permanent_uuid: "9e8170bbe8244e40a2b2e5011e69b697" member_type: VOTER last_known_addr { host: "127.9.131.65" port: 46109 }, Status: LMP_MISMATCH, Last received: 0.0, Next index: 1, Last known committed idx: 0, Time since last communication: 0.003s
I20260709 12:19:57.261691 11318 raft_consensus.cc:515] T d88dec874a3240d69746dfb302cf057e P 9e8170bbe8244e40a2b2e5011e69b697 [term 1 FOLLOWER]: Starting leader election with config: opid_index: -1 OBSOLETE_local: false peers { permanent_uuid: "9e8170bbe8244e40a2b2e5011e69b697" member_type: VOTER last_known_addr { host: "127.9.131.65" port: 46109 } } peers { permanent_uuid: "2201bad9e18849b09cf82de29dd032d3" member_type: VOTER last_known_addr { host: "127.9.131.66" port: 41383 } } peers { permanent_uuid: "1abf4b385a2b493ab83f593a1f8c9cd1" member_type: VOTER last_known_addr { host: "127.9.131.67" port: 40209 } }
I20260709 12:19:57.262466 11125 tablet_bootstrap.cc:654] T edeb14680d6b4c7b95eed2b196750242 P 2201bad9e18849b09cf82de29dd032d3: Neither blocks nor log segments found. Creating new log.
I20260709 12:19:57.264580 11005 tablet_service.cc:1917] Received RequestConsensusVote() RPC: tablet_id: "d88dec874a3240d69746dfb302cf057e" candidate_uuid: "9e8170bbe8244e40a2b2e5011e69b697" candidate_term: 1 candidate_status { last_received { term: 0 index: 0 } } ignore_live_leader: false dest_uuid: "2201bad9e18849b09cf82de29dd032d3"
I20260709 12:19:57.265220 11005 raft_consensus.cc:3060] T d88dec874a3240d69746dfb302cf057e P 2201bad9e18849b09cf82de29dd032d3 [term 0 FOLLOWER]: Advancing to term 1
I20260709 12:19:57.268978 11165 raft_consensus.cc:2749] T 59db2d2bb22c41aebd0d2073e2ba7d52 P 1abf4b385a2b493ab83f593a1f8c9cd1 [term 1 FOLLOWER]: Leader pre-election lost for term 1. Reason: could not achieve majority
I20260709 12:19:57.272645 11128 tablet_bootstrap.cc:492] T 0774d95f5c1b4bdb990e50f5d858b600 P 1abf4b385a2b493ab83f593a1f8c9cd1: No bootstrap required, opened a new log
I20260709 12:19:57.273350 11128 ts_tablet_manager.cc:1403] T 0774d95f5c1b4bdb990e50f5d858b600 P 1abf4b385a2b493ab83f593a1f8c9cd1: Time spent bootstrapping tablet: real 0.036s	user 0.017s	sys 0.001s
I20260709 12:19:57.276163 11352 consensus_queue.cc:1048] T f0bf4b65018642ba928b62c815b01489 P 2201bad9e18849b09cf82de29dd032d3 [LEADER]: Connected to new peer: Peer: permanent_uuid: "9e8170bbe8244e40a2b2e5011e69b697" member_type: VOTER last_known_addr { host: "127.9.131.65" port: 46109 }, Status: LMP_MISMATCH, Last received: 0.0, Next index: 1, Last known committed idx: 0, Time since last communication: 0.000s
I20260709 12:19:57.276386 11128 raft_consensus.cc:359] T 0774d95f5c1b4bdb990e50f5d858b600 P 1abf4b385a2b493ab83f593a1f8c9cd1 [term 0 FOLLOWER]: Replica starting. Triggering 0 pending ops. Active config: opid_index: -1 OBSOLETE_local: false peers { permanent_uuid: "9e8170bbe8244e40a2b2e5011e69b697" member_type: VOTER last_known_addr { host: "127.9.131.65" port: 46109 } } peers { permanent_uuid: "2201bad9e18849b09cf82de29dd032d3" member_type: VOTER last_known_addr { host: "127.9.131.66" port: 41383 } } peers { permanent_uuid: "1abf4b385a2b493ab83f593a1f8c9cd1" member_type: VOTER last_known_addr { host: "127.9.131.67" port: 40209 } }
I20260709 12:19:57.277424 11128 raft_consensus.cc:385] T 0774d95f5c1b4bdb990e50f5d858b600 P 1abf4b385a2b493ab83f593a1f8c9cd1 [term 0 FOLLOWER]: Consensus starting up: Expiring failure detector timer to make a prompt election more likely
I20260709 12:19:57.277805 11128 raft_consensus.cc:740] T 0774d95f5c1b4bdb990e50f5d858b600 P 1abf4b385a2b493ab83f593a1f8c9cd1 [term 0 FOLLOWER]: Becoming Follower/Learner. State: Replica: 1abf4b385a2b493ab83f593a1f8c9cd1, State: Initialized, Role: FOLLOWER
I20260709 12:19:57.278677 11128 consensus_queue.cc:260] T 0774d95f5c1b4bdb990e50f5d858b600 P 1abf4b385a2b493ab83f593a1f8c9cd1 [NON_LEADER]: Queue going to NON_LEADER mode. State: All replicated index: 0, Majority replicated index: 0, Committed index: 0, Last appended: 0.0, Last appended by leader: 0, Current term: 0, Majority size: -1, State: 0, Mode: NON_LEADER, active raft config: opid_index: -1 OBSOLETE_local: false peers { permanent_uuid: "9e8170bbe8244e40a2b2e5011e69b697" member_type: VOTER last_known_addr { host: "127.9.131.65" port: 46109 } } peers { permanent_uuid: "2201bad9e18849b09cf82de29dd032d3" member_type: VOTER last_known_addr { host: "127.9.131.66" port: 41383 } } peers { permanent_uuid: "1abf4b385a2b493ab83f593a1f8c9cd1" member_type: VOTER last_known_addr { host: "127.9.131.67" port: 40209 } }
I20260709 12:19:57.281078 11128 ts_tablet_manager.cc:1434] T 0774d95f5c1b4bdb990e50f5d858b600 P 1abf4b385a2b493ab83f593a1f8c9cd1: Time spent starting tablet: real 0.007s	user 0.006s	sys 0.001s
I20260709 12:19:57.283440 11128 tablet_bootstrap.cc:492] T 11f1b75a0edb45d493bb20e8a0f34156 P 1abf4b385a2b493ab83f593a1f8c9cd1: Bootstrap starting.
I20260709 12:19:57.280989 11317 raft_consensus.cc:515] T 0774d95f5c1b4bdb990e50f5d858b600 P 9e8170bbe8244e40a2b2e5011e69b697 [term 1 FOLLOWER]: Starting leader election with config: opid_index: -1 OBSOLETE_local: false peers { permanent_uuid: "9e8170bbe8244e40a2b2e5011e69b697" member_type: VOTER last_known_addr { host: "127.9.131.65" port: 46109 } } peers { permanent_uuid: "2201bad9e18849b09cf82de29dd032d3" member_type: VOTER last_known_addr { host: "127.9.131.66" port: 41383 } } peers { permanent_uuid: "1abf4b385a2b493ab83f593a1f8c9cd1" member_type: VOTER last_known_addr { host: "127.9.131.67" port: 40209 } }
I20260709 12:19:57.284950 10932 raft_consensus.cc:2393] T 0774d95f5c1b4bdb990e50f5d858b600 P 9e8170bbe8244e40a2b2e5011e69b697 [term 1 FOLLOWER]: Leader pre-election vote request: Denying vote to candidate 2201bad9e18849b09cf82de29dd032d3 in current term 1: Already voted for candidate 9e8170bbe8244e40a2b2e5011e69b697 in this term.
I20260709 12:19:57.285983 11317 leader_election.cc:290] T 0774d95f5c1b4bdb990e50f5d858b600 P 9e8170bbe8244e40a2b2e5011e69b697 [CANDIDATE]: Term 1 election: Requested vote from peers 2201bad9e18849b09cf82de29dd032d3 (127.9.131.66:41383), 1abf4b385a2b493ab83f593a1f8c9cd1 (127.9.131.67:40209)
I20260709 12:19:57.288226 11082 tablet_service.cc:1917] Received RequestConsensusVote() RPC: tablet_id: "0774d95f5c1b4bdb990e50f5d858b600" candidate_uuid: "9e8170bbe8244e40a2b2e5011e69b697" candidate_term: 1 candidate_status { last_received { term: 0 index: 0 } } ignore_live_leader: false dest_uuid: "1abf4b385a2b493ab83f593a1f8c9cd1"
I20260709 12:19:57.288726 11125 tablet_bootstrap.cc:492] T edeb14680d6b4c7b95eed2b196750242 P 2201bad9e18849b09cf82de29dd032d3: No bootstrap required, opened a new log
I20260709 12:19:57.289726 11125 ts_tablet_manager.cc:1403] T edeb14680d6b4c7b95eed2b196750242 P 2201bad9e18849b09cf82de29dd032d3: Time spent bootstrapping tablet: real 0.036s	user 0.012s	sys 0.016s
I20260709 12:19:57.288839 11082 raft_consensus.cc:3060] T 0774d95f5c1b4bdb990e50f5d858b600 P 1abf4b385a2b493ab83f593a1f8c9cd1 [term 0 FOLLOWER]: Advancing to term 1
I20260709 12:19:57.283506 11126 tablet_bootstrap.cc:492] T 5e9e7be3e0bf4a1fa43f868eaf3e2c80 P 9e8170bbe8244e40a2b2e5011e69b697: No bootstrap required, opened a new log
I20260709 12:19:57.293286 11126 ts_tablet_manager.cc:1403] T 5e9e7be3e0bf4a1fa43f868eaf3e2c80 P 9e8170bbe8244e40a2b2e5011e69b697: Time spent bootstrapping tablet: real 0.216s	user 0.024s	sys 0.014s
I20260709 12:19:57.297010 11125 raft_consensus.cc:359] T edeb14680d6b4c7b95eed2b196750242 P 2201bad9e18849b09cf82de29dd032d3 [term 0 FOLLOWER]: Replica starting. Triggering 0 pending ops. Active config: opid_index: -1 OBSOLETE_local: false peers { permanent_uuid: "9e8170bbe8244e40a2b2e5011e69b697" member_type: VOTER last_known_addr { host: "127.9.131.65" port: 46109 } } peers { permanent_uuid: "2201bad9e18849b09cf82de29dd032d3" member_type: VOTER last_known_addr { host: "127.9.131.66" port: 41383 } } peers { permanent_uuid: "1abf4b385a2b493ab83f593a1f8c9cd1" member_type: VOTER last_known_addr { host: "127.9.131.67" port: 40209 } }
I20260709 12:19:57.297832 11125 raft_consensus.cc:385] T edeb14680d6b4c7b95eed2b196750242 P 2201bad9e18849b09cf82de29dd032d3 [term 0 FOLLOWER]: Consensus starting up: Expiring failure detector timer to make a prompt election more likely
I20260709 12:19:57.298105 11125 raft_consensus.cc:740] T edeb14680d6b4c7b95eed2b196750242 P 2201bad9e18849b09cf82de29dd032d3 [term 0 FOLLOWER]: Becoming Follower/Learner. State: Replica: 2201bad9e18849b09cf82de29dd032d3, State: Initialized, Role: FOLLOWER
I20260709 12:19:57.298746 11125 consensus_queue.cc:260] T edeb14680d6b4c7b95eed2b196750242 P 2201bad9e18849b09cf82de29dd032d3 [NON_LEADER]: Queue going to NON_LEADER mode. State: All replicated index: 0, Majority replicated index: 0, Committed index: 0, Last appended: 0.0, Last appended by leader: 0, Current term: 0, Majority size: -1, State: 0, Mode: NON_LEADER, active raft config: opid_index: -1 OBSOLETE_local: false peers { permanent_uuid: "9e8170bbe8244e40a2b2e5011e69b697" member_type: VOTER last_known_addr { host: "127.9.131.65" port: 46109 } } peers { permanent_uuid: "2201bad9e18849b09cf82de29dd032d3" member_type: VOTER last_known_addr { host: "127.9.131.66" port: 41383 } } peers { permanent_uuid: "1abf4b385a2b493ab83f593a1f8c9cd1" member_type: VOTER last_known_addr { host: "127.9.131.67" port: 40209 } }
I20260709 12:19:57.300261 10977 leader_election.cc:304] T 0774d95f5c1b4bdb990e50f5d858b600 P 2201bad9e18849b09cf82de29dd032d3 [CANDIDATE]: Term 1 pre-election: Election decided. Result: candidate lost. Election summary: received 3 responses out of 3 voters: 1 yes votes; 2 no votes. yes voters: 2201bad9e18849b09cf82de29dd032d3; no voters: 1abf4b385a2b493ab83f593a1f8c9cd1, 9e8170bbe8244e40a2b2e5011e69b697
I20260709 12:19:57.321990 11125 ts_tablet_manager.cc:1434] T edeb14680d6b4c7b95eed2b196750242 P 2201bad9e18849b09cf82de29dd032d3: Time spent starting tablet: real 0.030s	user 0.006s	sys 0.000s
I20260709 12:19:57.324061 11125 tablet_bootstrap.cc:492] T c1b75831227444d382e9c0fc5b367564 P 2201bad9e18849b09cf82de29dd032d3: Bootstrap starting.
I20260709 12:19:57.326210 11126 raft_consensus.cc:359] T 5e9e7be3e0bf4a1fa43f868eaf3e2c80 P 9e8170bbe8244e40a2b2e5011e69b697 [term 0 FOLLOWER]: Replica starting. Triggering 0 pending ops. Active config: opid_index: -1 OBSOLETE_local: false peers { permanent_uuid: "9e8170bbe8244e40a2b2e5011e69b697" member_type: VOTER last_known_addr { host: "127.9.131.65" port: 46109 } } peers { permanent_uuid: "2201bad9e18849b09cf82de29dd032d3" member_type: VOTER last_known_addr { host: "127.9.131.66" port: 41383 } } peers { permanent_uuid: "1abf4b385a2b493ab83f593a1f8c9cd1" member_type: VOTER last_known_addr { host: "127.9.131.67" port: 40209 } }
I20260709 12:19:57.321962 11385 raft_consensus.cc:3060] T 0774d95f5c1b4bdb990e50f5d858b600 P 2201bad9e18849b09cf82de29dd032d3 [term 0 FOLLOWER]: Advancing to term 1
I20260709 12:19:57.328378 11126 raft_consensus.cc:385] T 5e9e7be3e0bf4a1fa43f868eaf3e2c80 P 9e8170bbe8244e40a2b2e5011e69b697 [term 0 FOLLOWER]: Consensus starting up: Expiring failure detector timer to make a prompt election more likely
I20260709 12:19:57.329475 11126 raft_consensus.cc:740] T 5e9e7be3e0bf4a1fa43f868eaf3e2c80 P 9e8170bbe8244e40a2b2e5011e69b697 [term 0 FOLLOWER]: Becoming Follower/Learner. State: Replica: 9e8170bbe8244e40a2b2e5011e69b697, State: Initialized, Role: FOLLOWER
I20260709 12:19:57.331317 11126 consensus_queue.cc:260] T 5e9e7be3e0bf4a1fa43f868eaf3e2c80 P 9e8170bbe8244e40a2b2e5011e69b697 [NON_LEADER]: Queue going to NON_LEADER mode. State: All replicated index: 0, Majority replicated index: 0, Committed index: 0, Last appended: 0.0, Last appended by leader: 0, Current term: 0, Majority size: -1, State: 0, Mode: NON_LEADER, active raft config: opid_index: -1 OBSOLETE_local: false peers { permanent_uuid: "9e8170bbe8244e40a2b2e5011e69b697" member_type: VOTER last_known_addr { host: "127.9.131.65" port: 46109 } } peers { permanent_uuid: "2201bad9e18849b09cf82de29dd032d3" member_type: VOTER last_known_addr { host: "127.9.131.66" port: 41383 } } peers { permanent_uuid: "1abf4b385a2b493ab83f593a1f8c9cd1" member_type: VOTER last_known_addr { host: "127.9.131.67" port: 40209 } }
I20260709 12:19:57.336076 11126 ts_tablet_manager.cc:1434] T 5e9e7be3e0bf4a1fa43f868eaf3e2c80 P 9e8170bbe8244e40a2b2e5011e69b697: Time spent starting tablet: real 0.042s	user 0.006s	sys 0.001s
I20260709 12:19:57.336925 11126 tablet_bootstrap.cc:492] T 11f1b75a0edb45d493bb20e8a0f34156 P 9e8170bbe8244e40a2b2e5011e69b697: Bootstrap starting.
I20260709 12:19:57.341089 11081 tablet_service.cc:1917] Received RequestConsensusVote() RPC: tablet_id: "d88dec874a3240d69746dfb302cf057e" candidate_uuid: "9e8170bbe8244e40a2b2e5011e69b697" candidate_term: 1 candidate_status { last_received { term: 0 index: 0 } } ignore_live_leader: false dest_uuid: "1abf4b385a2b493ab83f593a1f8c9cd1"
I20260709 12:19:57.341727 11081 raft_consensus.cc:3060] T d88dec874a3240d69746dfb302cf057e P 1abf4b385a2b493ab83f593a1f8c9cd1 [term 0 FOLLOWER]: Advancing to term 1
I20260709 12:19:57.332783 11186 raft_consensus.cc:493] T 5e9e7be3e0bf4a1fa43f868eaf3e2c80 P 2201bad9e18849b09cf82de29dd032d3 [term 0 FOLLOWER]: Starting pre-election (no leader contacted us within the election timeout)
W20260709 12:19:57.347661 10901 outbound_call.cc:321] RPC callback for RPC call kudu.consensus.ConsensusService.UpdateConsensus -> {remote=127.9.131.66:41383, user_credentials={real_user=slave}} blocked reactor thread for 50681.1us
I20260709 12:19:57.334234 11318 leader_election.cc:290] T d88dec874a3240d69746dfb302cf057e P 9e8170bbe8244e40a2b2e5011e69b697 [CANDIDATE]: Term 1 election: Requested vote from peers 2201bad9e18849b09cf82de29dd032d3 (127.9.131.66:41383), 1abf4b385a2b493ab83f593a1f8c9cd1 (127.9.131.67:40209)
I20260709 12:19:57.339902 11393 raft_consensus.cc:493] T ba629b94057b4c4e9085289ea50b42f1 P 2201bad9e18849b09cf82de29dd032d3 [term 0 FOLLOWER]: Starting pre-election (no leader contacted us within the election timeout)
I20260709 12:19:57.357702 11435 raft_consensus.cc:493] T 07467552f78d410bb9e5774f3340f134 P 9e8170bbe8244e40a2b2e5011e69b697 [term 0 FOLLOWER]: Starting pre-election (no leader contacted us within the election timeout)
I20260709 12:19:57.335171 11009 tablet_service.cc:1917] Received RequestConsensusVote() RPC: tablet_id: "0774d95f5c1b4bdb990e50f5d858b600" candidate_uuid: "9e8170bbe8244e40a2b2e5011e69b697" candidate_term: 1 candidate_status { last_received { term: 0 index: 0 } } ignore_live_leader: false dest_uuid: "2201bad9e18849b09cf82de29dd032d3"
I20260709 12:19:57.361349 11128 tablet_bootstrap.cc:654] T 11f1b75a0edb45d493bb20e8a0f34156 P 1abf4b385a2b493ab83f593a1f8c9cd1: Neither blocks nor log segments found. Creating new log.
I20260709 12:19:57.334713 11005 raft_consensus.cc:2468] T d88dec874a3240d69746dfb302cf057e P 2201bad9e18849b09cf82de29dd032d3 [term 1 FOLLOWER]: Leader election vote request: Granting yes vote for candidate 9e8170bbe8244e40a2b2e5011e69b697 in term 1.
I20260709 12:19:57.398797 11125 tablet_bootstrap.cc:654] T c1b75831227444d382e9c0fc5b367564 P 2201bad9e18849b09cf82de29dd032d3: Neither blocks nor log segments found. Creating new log.
I20260709 12:19:57.356637 11186 raft_consensus.cc:515] T 5e9e7be3e0bf4a1fa43f868eaf3e2c80 P 2201bad9e18849b09cf82de29dd032d3 [term 0 FOLLOWER]: Starting pre-election with config: opid_index: -1 OBSOLETE_local: false peers { permanent_uuid: "9e8170bbe8244e40a2b2e5011e69b697" member_type: VOTER last_known_addr { host: "127.9.131.65" port: 46109 } } peers { permanent_uuid: "2201bad9e18849b09cf82de29dd032d3" member_type: VOTER last_known_addr { host: "127.9.131.66" port: 41383 } } peers { permanent_uuid: "1abf4b385a2b493ab83f593a1f8c9cd1" member_type: VOTER last_known_addr { host: "127.9.131.67" port: 40209 } }
I20260709 12:19:57.384984 11435 raft_consensus.cc:515] T 07467552f78d410bb9e5774f3340f134 P 9e8170bbe8244e40a2b2e5011e69b697 [term 0 FOLLOWER]: Starting pre-election with config: opid_index: -1 OBSOLETE_local: false peers { permanent_uuid: "9e8170bbe8244e40a2b2e5011e69b697" member_type: VOTER last_known_addr { host: "127.9.131.65" port: 46109 } } peers { permanent_uuid: "2201bad9e18849b09cf82de29dd032d3" member_type: VOTER last_known_addr { host: "127.9.131.66" port: 41383 } } peers { permanent_uuid: "1abf4b385a2b493ab83f593a1f8c9cd1" member_type: VOTER last_known_addr { host: "127.9.131.67" port: 40209 } }
I20260709 12:19:57.370639 11393 raft_consensus.cc:515] T ba629b94057b4c4e9085289ea50b42f1 P 2201bad9e18849b09cf82de29dd032d3 [term 0 FOLLOWER]: Starting pre-election with config: opid_index: -1 OBSOLETE_local: false peers { permanent_uuid: "9e8170bbe8244e40a2b2e5011e69b697" member_type: VOTER last_known_addr { host: "127.9.131.65" port: 46109 } } peers { permanent_uuid: "2201bad9e18849b09cf82de29dd032d3" member_type: VOTER last_known_addr { host: "127.9.131.66" port: 41383 } } peers { permanent_uuid: "1abf4b385a2b493ab83f593a1f8c9cd1" member_type: VOTER last_known_addr { host: "127.9.131.67" port: 40209 } }
I20260709 12:19:57.422698 11393 leader_election.cc:290] T ba629b94057b4c4e9085289ea50b42f1 P 2201bad9e18849b09cf82de29dd032d3 [CANDIDATE]: Term 1 pre-election: Requested pre-vote from peers 9e8170bbe8244e40a2b2e5011e69b697 (127.9.131.65:46109), 1abf4b385a2b493ab83f593a1f8c9cd1 (127.9.131.67:40209)
I20260709 12:19:57.424803 11084 tablet_service.cc:1917] Received RequestConsensusVote() RPC: tablet_id: "ba629b94057b4c4e9085289ea50b42f1" candidate_uuid: "2201bad9e18849b09cf82de29dd032d3" candidate_term: 1 candidate_status { last_received { term: 0 index: 0 } } ignore_live_leader: false dest_uuid: "1abf4b385a2b493ab83f593a1f8c9cd1" is_pre_election: true
I20260709 12:19:57.429245 11186 leader_election.cc:290] T 5e9e7be3e0bf4a1fa43f868eaf3e2c80 P 2201bad9e18849b09cf82de29dd032d3 [CANDIDATE]: Term 1 pre-election: Requested pre-vote from peers 9e8170bbe8244e40a2b2e5011e69b697 (127.9.131.65:46109), 1abf4b385a2b493ab83f593a1f8c9cd1 (127.9.131.67:40209)
I20260709 12:19:57.436213 11165 raft_consensus.cc:493] T 5e9e7be3e0bf4a1fa43f868eaf3e2c80 P 1abf4b385a2b493ab83f593a1f8c9cd1 [term 0 FOLLOWER]: Starting pre-election (no leader contacted us within the election timeout)
W20260709 12:19:57.436854 10974 leader_election.cc:343] T ba629b94057b4c4e9085289ea50b42f1 P 2201bad9e18849b09cf82de29dd032d3 [CANDIDATE]: Term 1 pre-election: Tablet error from VoteRequest() call to peer 1abf4b385a2b493ab83f593a1f8c9cd1 (127.9.131.67:40209): Illegal state: must be running to vote when last-logged opid is not known
I20260709 12:19:57.436786 11165 raft_consensus.cc:515] T 5e9e7be3e0bf4a1fa43f868eaf3e2c80 P 1abf4b385a2b493ab83f593a1f8c9cd1 [term 0 FOLLOWER]: Starting pre-election with config: opid_index: -1 OBSOLETE_local: false peers { permanent_uuid: "9e8170bbe8244e40a2b2e5011e69b697" member_type: VOTER last_known_addr { host: "127.9.131.65" port: 46109 } } peers { permanent_uuid: "2201bad9e18849b09cf82de29dd032d3" member_type: VOTER last_known_addr { host: "127.9.131.66" port: 41383 } } peers { permanent_uuid: "1abf4b385a2b493ab83f593a1f8c9cd1" member_type: VOTER last_known_addr { host: "127.9.131.67" port: 40209 } }
I20260709 12:19:57.438792 11165 leader_election.cc:290] T 5e9e7be3e0bf4a1fa43f868eaf3e2c80 P 1abf4b385a2b493ab83f593a1f8c9cd1 [CANDIDATE]: Term 1 pre-election: Requested pre-vote from peers 9e8170bbe8244e40a2b2e5011e69b697 (127.9.131.65:46109), 2201bad9e18849b09cf82de29dd032d3 (127.9.131.66:41383)
I20260709 12:19:57.438971 11435 leader_election.cc:290] T 07467552f78d410bb9e5774f3340f134 P 9e8170bbe8244e40a2b2e5011e69b697 [CANDIDATE]: Term 1 pre-election: Requested pre-vote from peers 2201bad9e18849b09cf82de29dd032d3 (127.9.131.66:41383), 1abf4b385a2b493ab83f593a1f8c9cd1 (127.9.131.67:40209)
I20260709 12:19:57.440723 11084 tablet_service.cc:1917] Received RequestConsensusVote() RPC: tablet_id: "07467552f78d410bb9e5774f3340f134" candidate_uuid: "9e8170bbe8244e40a2b2e5011e69b697" candidate_term: 1 candidate_status { last_received { term: 0 index: 0 } } ignore_live_leader: false dest_uuid: "1abf4b385a2b493ab83f593a1f8c9cd1" is_pre_election: true
W20260709 12:19:57.442368 10899 leader_election.cc:343] T 07467552f78d410bb9e5774f3340f134 P 9e8170bbe8244e40a2b2e5011e69b697 [CANDIDATE]: Term 1 pre-election: Tablet error from VoteRequest() call to peer 1abf4b385a2b493ab83f593a1f8c9cd1 (127.9.131.67:40209): Illegal state: must be running to vote when last-logged opid is not known
I20260709 12:19:57.444082 11084 tablet_service.cc:1917] Received RequestConsensusVote() RPC: tablet_id: "5e9e7be3e0bf4a1fa43f868eaf3e2c80" candidate_uuid: "2201bad9e18849b09cf82de29dd032d3" candidate_term: 1 candidate_status { last_received { term: 0 index: 0 } } ignore_live_leader: false dest_uuid: "1abf4b385a2b493ab83f593a1f8c9cd1" is_pre_election: true
I20260709 12:19:57.444751 11084 raft_consensus.cc:2468] T 5e9e7be3e0bf4a1fa43f868eaf3e2c80 P 1abf4b385a2b493ab83f593a1f8c9cd1 [term 0 FOLLOWER]: Leader pre-election vote request: Granting yes vote for candidate 2201bad9e18849b09cf82de29dd032d3 in term 0.
I20260709 12:19:57.445756 11005 tablet_service.cc:1917] Received RequestConsensusVote() RPC: tablet_id: "5e9e7be3e0bf4a1fa43f868eaf3e2c80" candidate_uuid: "1abf4b385a2b493ab83f593a1f8c9cd1" candidate_term: 1 candidate_status { last_received { term: 0 index: 0 } } ignore_live_leader: false dest_uuid: "2201bad9e18849b09cf82de29dd032d3" is_pre_election: true
I20260709 12:19:57.446401 11005 raft_consensus.cc:2468] T 5e9e7be3e0bf4a1fa43f868eaf3e2c80 P 2201bad9e18849b09cf82de29dd032d3 [term 0 FOLLOWER]: Leader pre-election vote request: Granting yes vote for candidate 1abf4b385a2b493ab83f593a1f8c9cd1 in term 0.
