I20260709 12:19:50.353768 10998 data_dirs.cc:400] Could only allocate 1 dirs of requested 3 for tablet 74d2f9dca08d41e7a77146322049c40c. 1 dirs total, 0 dirs full, 0 dirs failed
I20260709 12:19:50.354907 10922 tablet_service.cc:1511] Processing CreateTablet for tablet 49f51062a99d4696bd7480d6804e7d72 (DEFAULT_TABLE table=test-workload [id=906672b2a77d42dfa752d2a0c0e57a27]), partition=RANGE (key) PARTITION 145592108 <= VALUES < 181990135
I20260709 12:19:50.356208 10922 data_dirs.cc:400] Could only allocate 1 dirs of requested 3 for tablet 49f51062a99d4696bd7480d6804e7d72. 1 dirs total, 0 dirs full, 0 dirs failed
I20260709 12:19:50.357913 10997 tablet_service.cc:1511] Processing CreateTablet for tablet 49f51062a99d4696bd7480d6804e7d72 (DEFAULT_TABLE table=test-workload [id=906672b2a77d42dfa752d2a0c0e57a27]), partition=RANGE (key) PARTITION 145592108 <= VALUES < 181990135
I20260709 12:19:50.359278 10997 data_dirs.cc:400] Could only allocate 1 dirs of requested 3 for tablet 49f51062a99d4696bd7480d6804e7d72. 1 dirs total, 0 dirs full, 0 dirs failed
I20260709 12:19:50.377686 11075 tablet_service.cc:1511] Processing CreateTablet for tablet d263972b0e844fa281354fac07ccef80 (DEFAULT_TABLE table=test-workload [id=906672b2a77d42dfa752d2a0c0e57a27]), partition=RANGE (key) PARTITION VALUES < 36398027
I20260709 12:19:50.379096 11075 data_dirs.cc:400] Could only allocate 1 dirs of requested 3 for tablet d263972b0e844fa281354fac07ccef80. 1 dirs total, 0 dirs full, 0 dirs failed
I20260709 12:19:50.381080 11074 tablet_service.cc:1511] Processing CreateTablet for tablet 32589fba10354b9588f7cb0a69c6e92d (DEFAULT_TABLE table=test-workload [id=906672b2a77d42dfa752d2a0c0e57a27]), partition=RANGE (key) PARTITION 36398027 <= VALUES < 72796054
I20260709 12:19:50.382223 11125 tablet_bootstrap.cc:492] T d263972b0e844fa281354fac07ccef80 P 2201bad9e18849b09cf82de29dd032d3: Bootstrap starting.
I20260709 12:19:50.382543 11074 data_dirs.cc:400] Could only allocate 1 dirs of requested 3 for tablet 32589fba10354b9588f7cb0a69c6e92d. 1 dirs total, 0 dirs full, 0 dirs failed
I20260709 12:19:50.385082 11073 tablet_service.cc:1511] Processing CreateTablet for tablet f1f6166d836f41229df11ee42cd8e4c7 (DEFAULT_TABLE table=test-workload [id=906672b2a77d42dfa752d2a0c0e57a27]), partition=RANGE (key) PARTITION 72796054 <= VALUES < 109194081
I20260709 12:19:50.385847 11126 tablet_bootstrap.cc:492] T 74d2f9dca08d41e7a77146322049c40c P 9e8170bbe8244e40a2b2e5011e69b697: Bootstrap starting.
I20260709 12:19:50.386518 11073 data_dirs.cc:400] Could only allocate 1 dirs of requested 3 for tablet f1f6166d836f41229df11ee42cd8e4c7. 1 dirs total, 0 dirs full, 0 dirs failed
I20260709 12:19:50.389218 11072 tablet_service.cc:1511] Processing CreateTablet for tablet 74d2f9dca08d41e7a77146322049c40c (DEFAULT_TABLE table=test-workload [id=906672b2a77d42dfa752d2a0c0e57a27]), partition=RANGE (key) PARTITION 109194081 <= VALUES < 145592108
I20260709 12:19:50.390623 11072 data_dirs.cc:400] Could only allocate 1 dirs of requested 3 for tablet 74d2f9dca08d41e7a77146322049c40c. 1 dirs total, 0 dirs full, 0 dirs failed
I20260709 12:19:50.393149 11071 tablet_service.cc:1511] Processing CreateTablet for tablet 49f51062a99d4696bd7480d6804e7d72 (DEFAULT_TABLE table=test-workload [id=906672b2a77d42dfa752d2a0c0e57a27]), partition=RANGE (key) PARTITION 145592108 <= VALUES < 181990135
I20260709 12:19:50.394479 11071 data_dirs.cc:400] Could only allocate 1 dirs of requested 3 for tablet 49f51062a99d4696bd7480d6804e7d72. 1 dirs total, 0 dirs full, 0 dirs failed
I20260709 12:19:50.398448 11070 tablet_service.cc:1511] Processing CreateTablet for tablet c486c31e8ba74d8a9b17989a20d141bf (DEFAULT_TABLE table=test-workload [id=906672b2a77d42dfa752d2a0c0e57a27]), partition=RANGE (key) PARTITION 181990135 <= VALUES < 218388162
I20260709 12:19:50.399909 11070 data_dirs.cc:400] Could only allocate 1 dirs of requested 3 for tablet c486c31e8ba74d8a9b17989a20d141bf. 1 dirs total, 0 dirs full, 0 dirs failed
I20260709 12:19:50.400055 11126 tablet_bootstrap.cc:654] T 74d2f9dca08d41e7a77146322049c40c P 9e8170bbe8244e40a2b2e5011e69b697: Neither blocks nor log segments found. Creating new log.
I20260709 12:19:50.410918 11125 tablet_bootstrap.cc:654] T d263972b0e844fa281354fac07ccef80 P 2201bad9e18849b09cf82de29dd032d3: Neither blocks nor log segments found. Creating new log.
I20260709 12:19:50.402258 10922 tablet_service.cc:1511] Processing CreateTablet for tablet c486c31e8ba74d8a9b17989a20d141bf (DEFAULT_TABLE table=test-workload [id=906672b2a77d42dfa752d2a0c0e57a27]), partition=RANGE (key) PARTITION 181990135 <= VALUES < 218388162
I20260709 12:19:50.413590 10922 data_dirs.cc:400] Could only allocate 1 dirs of requested 3 for tablet c486c31e8ba74d8a9b17989a20d141bf. 1 dirs total, 0 dirs full, 0 dirs failed
I20260709 12:19:50.420634 10925 tablet_service.cc:1511] Processing CreateTablet for tablet 015a67e38c364985be24b18358579506 (DEFAULT_TABLE table=test-workload [id=906672b2a77d42dfa752d2a0c0e57a27]), partition=RANGE (key) PARTITION 218388162 <= VALUES < 254786189
I20260709 12:19:50.424968 11001 tablet_service.cc:1511] Processing CreateTablet for tablet 015a67e38c364985be24b18358579506 (DEFAULT_TABLE table=test-workload [id=906672b2a77d42dfa752d2a0c0e57a27]), partition=RANGE (key) PARTITION 218388162 <= VALUES < 254786189
I20260709 12:19:50.426260 10925 data_dirs.cc:400] Could only allocate 1 dirs of requested 3 for tablet 015a67e38c364985be24b18358579506. 1 dirs total, 0 dirs full, 0 dirs failed
I20260709 12:19:50.426438 11001 data_dirs.cc:400] Could only allocate 1 dirs of requested 3 for tablet 015a67e38c364985be24b18358579506. 1 dirs total, 0 dirs full, 0 dirs failed
I20260709 12:19:50.416436 10999 tablet_service.cc:1511] Processing CreateTablet for tablet c486c31e8ba74d8a9b17989a20d141bf (DEFAULT_TABLE table=test-workload [id=906672b2a77d42dfa752d2a0c0e57a27]), partition=RANGE (key) PARTITION 181990135 <= VALUES < 218388162
I20260709 12:19:50.437721 10999 data_dirs.cc:400] Could only allocate 1 dirs of requested 3 for tablet c486c31e8ba74d8a9b17989a20d141bf. 1 dirs total, 0 dirs full, 0 dirs failed
I20260709 12:19:50.438751 11069 tablet_service.cc:1511] Processing CreateTablet for tablet 015a67e38c364985be24b18358579506 (DEFAULT_TABLE table=test-workload [id=906672b2a77d42dfa752d2a0c0e57a27]), partition=RANGE (key) PARTITION 218388162 <= VALUES < 254786189
I20260709 12:19:50.440099 11069 data_dirs.cc:400] Could only allocate 1 dirs of requested 3 for tablet 015a67e38c364985be24b18358579506. 1 dirs total, 0 dirs full, 0 dirs failed
I20260709 12:19:50.440991 11126 tablet_bootstrap.cc:492] T 74d2f9dca08d41e7a77146322049c40c P 9e8170bbe8244e40a2b2e5011e69b697: No bootstrap required, opened a new log
I20260709 12:19:50.441471 11126 ts_tablet_manager.cc:1403] T 74d2f9dca08d41e7a77146322049c40c P 9e8170bbe8244e40a2b2e5011e69b697: Time spent bootstrapping tablet: real 0.057s	user 0.016s	sys 0.000s
I20260709 12:19:50.445520 11126 raft_consensus.cc:359] T 74d2f9dca08d41e7a77146322049c40c P 9e8170bbe8244e40a2b2e5011e69b697 [term 0 FOLLOWER]: Replica starting. Triggering 0 pending ops. Active config: opid_index: -1 OBSOLETE_local: false peers { permanent_uuid: "9e8170bbe8244e40a2b2e5011e69b697" member_type: VOTER last_known_addr { host: "127.9.131.65" port: 46109 } } peers { permanent_uuid: "2201bad9e18849b09cf82de29dd032d3" member_type: VOTER last_known_addr { host: "127.9.131.66" port: 41383 } } peers { permanent_uuid: "1abf4b385a2b493ab83f593a1f8c9cd1" member_type: VOTER last_known_addr { host: "127.9.131.67" port: 40209 } }
I20260709 12:19:50.450661 11126 raft_consensus.cc:385] T 74d2f9dca08d41e7a77146322049c40c P 9e8170bbe8244e40a2b2e5011e69b697 [term 0 FOLLOWER]: Consensus starting up: Expiring failure detector timer to make a prompt election more likely
I20260709 12:19:50.451078 11126 raft_consensus.cc:740] T 74d2f9dca08d41e7a77146322049c40c P 9e8170bbe8244e40a2b2e5011e69b697 [term 0 FOLLOWER]: Becoming Follower/Learner. State: Replica: 9e8170bbe8244e40a2b2e5011e69b697, State: Initialized, Role: FOLLOWER
I20260709 12:19:50.453090 11126 consensus_queue.cc:260] T 74d2f9dca08d41e7a77146322049c40c P 9e8170bbe8244e40a2b2e5011e69b697 [NON_LEADER]: Queue going to NON_LEADER mode. State: All replicated index: 0, Majority replicated index: 0, Committed index: 0, Last appended: 0.0, Last appended by leader: 0, Current term: 0, Majority size: -1, State: 0, Mode: NON_LEADER, active raft config: opid_index: -1 OBSOLETE_local: false peers { permanent_uuid: "9e8170bbe8244e40a2b2e5011e69b697" member_type: VOTER last_known_addr { host: "127.9.131.65" port: 46109 } } peers { permanent_uuid: "2201bad9e18849b09cf82de29dd032d3" member_type: VOTER last_known_addr { host: "127.9.131.66" port: 41383 } } peers { permanent_uuid: "1abf4b385a2b493ab83f593a1f8c9cd1" member_type: VOTER last_known_addr { host: "127.9.131.67" port: 40209 } }
I20260709 12:19:50.455386 11125 tablet_bootstrap.cc:492] T d263972b0e844fa281354fac07ccef80 P 2201bad9e18849b09cf82de29dd032d3: No bootstrap required, opened a new log
I20260709 12:19:50.456789 11125 ts_tablet_manager.cc:1403] T d263972b0e844fa281354fac07ccef80 P 2201bad9e18849b09cf82de29dd032d3: Time spent bootstrapping tablet: real 0.075s	user 0.012s	sys 0.000s
I20260709 12:19:50.456933 10926 tablet_service.cc:1511] Processing CreateTablet for tablet 90e76c15ad9c49ab9b98a5d216125beb (DEFAULT_TABLE table=test-workload [id=906672b2a77d42dfa752d2a0c0e57a27]), partition=RANGE (key) PARTITION 254786189 <= VALUES < 291184216
I20260709 12:19:50.458199 10926 data_dirs.cc:400] Could only allocate 1 dirs of requested 3 for tablet 90e76c15ad9c49ab9b98a5d216125beb. 1 dirs total, 0 dirs full, 0 dirs failed
I20260709 12:19:50.459767 11125 raft_consensus.cc:359] T d263972b0e844fa281354fac07ccef80 P 2201bad9e18849b09cf82de29dd032d3 [term 0 FOLLOWER]: Replica starting. Triggering 0 pending ops. Active config: opid_index: -1 OBSOLETE_local: false peers { permanent_uuid: "2201bad9e18849b09cf82de29dd032d3" member_type: VOTER last_known_addr { host: "127.9.131.66" port: 41383 } } peers { permanent_uuid: "9e8170bbe8244e40a2b2e5011e69b697" member_type: VOTER last_known_addr { host: "127.9.131.65" port: 46109 } } peers { permanent_uuid: "1abf4b385a2b493ab83f593a1f8c9cd1" member_type: VOTER last_known_addr { host: "127.9.131.67" port: 40209 } }
I20260709 12:19:50.464828 11125 raft_consensus.cc:385] T d263972b0e844fa281354fac07ccef80 P 2201bad9e18849b09cf82de29dd032d3 [term 0 FOLLOWER]: Consensus starting up: Expiring failure detector timer to make a prompt election more likely
I20260709 12:19:50.465224 11125 raft_consensus.cc:740] T d263972b0e844fa281354fac07ccef80 P 2201bad9e18849b09cf82de29dd032d3 [term 0 FOLLOWER]: Becoming Follower/Learner. State: Replica: 2201bad9e18849b09cf82de29dd032d3, State: Initialized, Role: FOLLOWER
I20260709 12:19:50.466027 11125 consensus_queue.cc:260] T d263972b0e844fa281354fac07ccef80 P 2201bad9e18849b09cf82de29dd032d3 [NON_LEADER]: Queue going to NON_LEADER mode. State: All replicated index: 0, Majority replicated index: 0, Committed index: 0, Last appended: 0.0, Last appended by leader: 0, Current term: 0, Majority size: -1, State: 0, Mode: NON_LEADER, active raft config: opid_index: -1 OBSOLETE_local: false peers { permanent_uuid: "2201bad9e18849b09cf82de29dd032d3" member_type: VOTER last_known_addr { host: "127.9.131.66" port: 41383 } } peers { permanent_uuid: "9e8170bbe8244e40a2b2e5011e69b697" member_type: VOTER last_known_addr { host: "127.9.131.65" port: 46109 } } peers { permanent_uuid: "1abf4b385a2b493ab83f593a1f8c9cd1" member_type: VOTER last_known_addr { host: "127.9.131.67" port: 40209 } }
I20260709 12:19:50.468740 10961 heartbeater.cc:499] Master 127.9.131.126:46265 was elected leader, sending a full tablet report...
I20260709 12:19:50.469911 11126 ts_tablet_manager.cc:1434] T 74d2f9dca08d41e7a77146322049c40c P 9e8170bbe8244e40a2b2e5011e69b697: Time spent starting tablet: real 0.028s	user 0.008s	sys 0.000s
I20260709 12:19:50.470988 11126 tablet_bootstrap.cc:492] T 49f51062a99d4696bd7480d6804e7d72 P 9e8170bbe8244e40a2b2e5011e69b697: Bootstrap starting.
I20260709 12:19:50.477921 11126 tablet_bootstrap.cc:654] T 49f51062a99d4696bd7480d6804e7d72 P 9e8170bbe8244e40a2b2e5011e69b697: Neither blocks nor log segments found. Creating new log.
I20260709 12:19:50.479288 10999 tablet_service.cc:1511] Processing CreateTablet for tablet 90e76c15ad9c49ab9b98a5d216125beb (DEFAULT_TABLE table=test-workload [id=906672b2a77d42dfa752d2a0c0e57a27]), partition=RANGE (key) PARTITION 254786189 <= VALUES < 291184216
I20260709 12:19:50.480686 10999 data_dirs.cc:400] Could only allocate 1 dirs of requested 3 for tablet 90e76c15ad9c49ab9b98a5d216125beb. 1 dirs total, 0 dirs full, 0 dirs failed
I20260709 12:19:50.506055 11125 ts_tablet_manager.cc:1434] T d263972b0e844fa281354fac07ccef80 P 2201bad9e18849b09cf82de29dd032d3: Time spent starting tablet: real 0.049s	user 0.013s	sys 0.009s
I20260709 12:19:50.506433 11036 heartbeater.cc:499] Master 127.9.131.126:46265 was elected leader, sending a full tablet report...
I20260709 12:19:50.507156 11125 tablet_bootstrap.cc:492] T 32589fba10354b9588f7cb0a69c6e92d P 2201bad9e18849b09cf82de29dd032d3: Bootstrap starting.
I20260709 12:19:50.510339 11074 tablet_service.cc:1511] Processing CreateTablet for tablet 90e76c15ad9c49ab9b98a5d216125beb (DEFAULT_TABLE table=test-workload [id=906672b2a77d42dfa752d2a0c0e57a27]), partition=RANGE (key) PARTITION 254786189 <= VALUES < 291184216
I20260709 12:19:50.511941 11074 data_dirs.cc:400] Could only allocate 1 dirs of requested 3 for tablet 90e76c15ad9c49ab9b98a5d216125beb. 1 dirs total, 0 dirs full, 0 dirs failed
I20260709 12:19:50.514304 11125 tablet_bootstrap.cc:654] T 32589fba10354b9588f7cb0a69c6e92d P 2201bad9e18849b09cf82de29dd032d3: Neither blocks nor log segments found. Creating new log.
I20260709 12:19:50.506105 11128 tablet_bootstrap.cc:492] T 32589fba10354b9588f7cb0a69c6e92d P 1abf4b385a2b493ab83f593a1f8c9cd1: Bootstrap starting.
I20260709 12:19:50.523191 10925 tablet_service.cc:1511] Processing CreateTablet for tablet c9432c125c17431e881ba1329e02a201 (DEFAULT_TABLE table=test-workload [id=906672b2a77d42dfa752d2a0c0e57a27]), partition=RANGE (key) PARTITION 291184216 <= VALUES < 327582243
I20260709 12:19:50.524757 10925 data_dirs.cc:400] Could only allocate 1 dirs of requested 3 for tablet c9432c125c17431e881ba1329e02a201. 1 dirs total, 0 dirs full, 0 dirs failed
I20260709 12:19:50.532784 11001 tablet_service.cc:1511] Processing CreateTablet for tablet c9432c125c17431e881ba1329e02a201 (DEFAULT_TABLE table=test-workload [id=906672b2a77d42dfa752d2a0c0e57a27]), partition=RANGE (key) PARTITION 291184216 <= VALUES < 327582243
I20260709 12:19:50.534267 11001 data_dirs.cc:400] Could only allocate 1 dirs of requested 3 for tablet c9432c125c17431e881ba1329e02a201. 1 dirs total, 0 dirs full, 0 dirs failed
I20260709 12:19:50.528607 11072 tablet_service.cc:1511] Processing CreateTablet for tablet c9432c125c17431e881ba1329e02a201 (DEFAULT_TABLE table=test-workload [id=906672b2a77d42dfa752d2a0c0e57a27]), partition=RANGE (key) PARTITION 291184216 <= VALUES < 327582243
I20260709 12:19:50.536983 11072 data_dirs.cc:400] Could only allocate 1 dirs of requested 3 for tablet c9432c125c17431e881ba1329e02a201. 1 dirs total, 0 dirs full, 0 dirs failed
I20260709 12:19:50.540920 10926 tablet_service.cc:1511] Processing CreateTablet for tablet 84ba0a33a7f74af5b5fd862bbb01e3cb (DEFAULT_TABLE table=test-workload [id=906672b2a77d42dfa752d2a0c0e57a27]), partition=RANGE (key) PARTITION 327582243 <= VALUES < 363980270
I20260709 12:19:50.542533 10926 data_dirs.cc:400] Could only allocate 1 dirs of requested 3 for tablet 84ba0a33a7f74af5b5fd862bbb01e3cb. 1 dirs total, 0 dirs full, 0 dirs failed
I20260709 12:19:50.540959 11128 tablet_bootstrap.cc:654] T 32589fba10354b9588f7cb0a69c6e92d P 1abf4b385a2b493ab83f593a1f8c9cd1: Neither blocks nor log segments found. Creating new log.
I20260709 12:19:50.548550 11131 raft_consensus.cc:493] T d263972b0e844fa281354fac07ccef80 P 2201bad9e18849b09cf82de29dd032d3 [term 0 FOLLOWER]: Starting pre-election (no leader contacted us within the election timeout)
I20260709 12:19:50.549081 11131 raft_consensus.cc:515] T d263972b0e844fa281354fac07ccef80 P 2201bad9e18849b09cf82de29dd032d3 [term 0 FOLLOWER]: Starting pre-election with config: opid_index: -1 OBSOLETE_local: false peers { permanent_uuid: "2201bad9e18849b09cf82de29dd032d3" member_type: VOTER last_known_addr { host: "127.9.131.66" port: 41383 } } peers { permanent_uuid: "9e8170bbe8244e40a2b2e5011e69b697" member_type: VOTER last_known_addr { host: "127.9.131.65" port: 46109 } } peers { permanent_uuid: "1abf4b385a2b493ab83f593a1f8c9cd1" member_type: VOTER last_known_addr { host: "127.9.131.67" port: 40209 } }
I20260709 12:19:50.551954 11131 leader_election.cc:290] T d263972b0e844fa281354fac07ccef80 P 2201bad9e18849b09cf82de29dd032d3 [CANDIDATE]: Term 1 pre-election: Requested pre-vote from peers 9e8170bbe8244e40a2b2e5011e69b697 (127.9.131.65:46109), 1abf4b385a2b493ab83f593a1f8c9cd1 (127.9.131.67:40209)
I20260709 12:19:50.557729 10997 tablet_service.cc:1511] Processing CreateTablet for tablet 84ba0a33a7f74af5b5fd862bbb01e3cb (DEFAULT_TABLE table=test-workload [id=906672b2a77d42dfa752d2a0c0e57a27]), partition=RANGE (key) PARTITION 327582243 <= VALUES < 363980270
I20260709 12:19:50.559273 10997 data_dirs.cc:400] Could only allocate 1 dirs of requested 3 for tablet 84ba0a33a7f74af5b5fd862bbb01e3cb. 1 dirs total, 0 dirs full, 0 dirs failed
I20260709 12:19:50.574826 11125 tablet_bootstrap.cc:492] T 32589fba10354b9588f7cb0a69c6e92d P 2201bad9e18849b09cf82de29dd032d3: No bootstrap required, opened a new log
I20260709 12:19:50.575457 11125 ts_tablet_manager.cc:1403] T 32589fba10354b9588f7cb0a69c6e92d P 2201bad9e18849b09cf82de29dd032d3: Time spent bootstrapping tablet: real 0.069s	user 0.009s	sys 0.015s
I20260709 12:19:50.580695 10922 tablet_service.cc:1511] Processing CreateTablet for tablet 2f281b53af584a8bab9bb1d343d005f8 (DEFAULT_TABLE table=test-workload [id=906672b2a77d42dfa752d2a0c0e57a27]), partition=RANGE (key) PARTITION 363980270 <= VALUES < 400378297
I20260709 12:19:50.582034 10922 data_dirs.cc:400] Could only allocate 1 dirs of requested 3 for tablet 2f281b53af584a8bab9bb1d343d005f8. 1 dirs total, 0 dirs full, 0 dirs failed
I20260709 12:19:50.584343 11130 raft_consensus.cc:493] T 74d2f9dca08d41e7a77146322049c40c P 9e8170bbe8244e40a2b2e5011e69b697 [term 0 FOLLOWER]: Starting pre-election (no leader contacted us within the election timeout)
I20260709 12:19:50.584851 11130 raft_consensus.cc:515] T 74d2f9dca08d41e7a77146322049c40c P 9e8170bbe8244e40a2b2e5011e69b697 [term 0 FOLLOWER]: Starting pre-election with config: opid_index: -1 OBSOLETE_local: false peers { permanent_uuid: "9e8170bbe8244e40a2b2e5011e69b697" member_type: VOTER last_known_addr { host: "127.9.131.65" port: 46109 } } peers { permanent_uuid: "2201bad9e18849b09cf82de29dd032d3" member_type: VOTER last_known_addr { host: "127.9.131.66" port: 41383 } } peers { permanent_uuid: "1abf4b385a2b493ab83f593a1f8c9cd1" member_type: VOTER last_known_addr { host: "127.9.131.67" port: 40209 } }
I20260709 12:19:50.586964 11125 raft_consensus.cc:359] T 32589fba10354b9588f7cb0a69c6e92d P 2201bad9e18849b09cf82de29dd032d3 [term 0 FOLLOWER]: Replica starting. Triggering 0 pending ops. Active config: opid_index: -1 OBSOLETE_local: false peers { permanent_uuid: "9e8170bbe8244e40a2b2e5011e69b697" member_type: VOTER last_known_addr { host: "127.9.131.65" port: 46109 } } peers { permanent_uuid: "2201bad9e18849b09cf82de29dd032d3" member_type: VOTER last_known_addr { host: "127.9.131.66" port: 41383 } } peers { permanent_uuid: "1abf4b385a2b493ab83f593a1f8c9cd1" member_type: VOTER last_known_addr { host: "127.9.131.67" port: 40209 } }
I20260709 12:19:50.587709 11125 raft_consensus.cc:385] T 32589fba10354b9588f7cb0a69c6e92d P 2201bad9e18849b09cf82de29dd032d3 [term 0 FOLLOWER]: Consensus starting up: Expiring failure detector timer to make a prompt election more likely
I20260709 12:19:50.580695 10998 tablet_service.cc:1511] Processing CreateTablet for tablet 2f281b53af584a8bab9bb1d343d005f8 (DEFAULT_TABLE table=test-workload [id=906672b2a77d42dfa752d2a0c0e57a27]), partition=RANGE (key) PARTITION 363980270 <= VALUES < 400378297
I20260709 12:19:50.576742 11126 tablet_bootstrap.cc:492] T 49f51062a99d4696bd7480d6804e7d72 P 9e8170bbe8244e40a2b2e5011e69b697: No bootstrap required, opened a new log
I20260709 12:19:50.571712 11073 tablet_service.cc:1511] Processing CreateTablet for tablet 84ba0a33a7f74af5b5fd862bbb01e3cb (DEFAULT_TABLE table=test-workload [id=906672b2a77d42dfa752d2a0c0e57a27]), partition=RANGE (key) PARTITION 327582243 <= VALUES < 363980270
I20260709 12:19:50.592082 11125 raft_consensus.cc:740] T 32589fba10354b9588f7cb0a69c6e92d P 2201bad9e18849b09cf82de29dd032d3 [term 0 FOLLOWER]: Becoming Follower/Learner. State: Replica: 2201bad9e18849b09cf82de29dd032d3, State: Initialized, Role: FOLLOWER
I20260709 12:19:50.594318 11125 consensus_queue.cc:260] T 32589fba10354b9588f7cb0a69c6e92d P 2201bad9e18849b09cf82de29dd032d3 [NON_LEADER]: Queue going to NON_LEADER mode. State: All replicated index: 0, Majority replicated index: 0, Committed index: 0, Last appended: 0.0, Last appended by leader: 0, Current term: 0, Majority size: -1, State: 0, Mode: NON_LEADER, active raft config: opid_index: -1 OBSOLETE_local: false peers { permanent_uuid: "9e8170bbe8244e40a2b2e5011e69b697" member_type: VOTER last_known_addr { host: "127.9.131.65" port: 46109 } } peers { permanent_uuid: "2201bad9e18849b09cf82de29dd032d3" member_type: VOTER last_known_addr { host: "127.9.131.66" port: 41383 } } peers { permanent_uuid: "1abf4b385a2b493ab83f593a1f8c9cd1" member_type: VOTER last_known_addr { host: "127.9.131.67" port: 40209 } }
I20260709 12:19:50.594381 10998 data_dirs.cc:400] Could only allocate 1 dirs of requested 3 for tablet 2f281b53af584a8bab9bb1d343d005f8. 1 dirs total, 0 dirs full, 0 dirs failed
I20260709 12:19:50.588532 11130 leader_election.cc:290] T 74d2f9dca08d41e7a77146322049c40c P 9e8170bbe8244e40a2b2e5011e69b697 [CANDIDATE]: Term 1 pre-election: Requested pre-vote from peers 2201bad9e18849b09cf82de29dd032d3 (127.9.131.66:41383), 1abf4b385a2b493ab83f593a1f8c9cd1 (127.9.131.67:40209)
I20260709 12:19:50.602530 11072 tablet_service.cc:1511] Processing CreateTablet for tablet 2f281b53af584a8bab9bb1d343d005f8 (DEFAULT_TABLE table=test-workload [id=906672b2a77d42dfa752d2a0c0e57a27]), partition=RANGE (key) PARTITION 363980270 <= VALUES < 400378297
I20260709 12:19:50.608415 11073 data_dirs.cc:400] Could only allocate 1 dirs of requested 3 for tablet 84ba0a33a7f74af5b5fd862bbb01e3cb. 1 dirs total, 0 dirs full, 0 dirs failed
I20260709 12:19:50.600101 11126 ts_tablet_manager.cc:1403] T 49f51062a99d4696bd7480d6804e7d72 P 9e8170bbe8244e40a2b2e5011e69b697: Time spent bootstrapping tablet: real 0.129s	user 0.016s	sys 0.025s
I20260709 12:19:50.627724 11072 data_dirs.cc:400] Could only allocate 1 dirs of requested 3 for tablet 2f281b53af584a8bab9bb1d343d005f8. 1 dirs total, 0 dirs full, 0 dirs failed
I20260709 12:19:50.628602 11069 tablet_service.cc:1511] Processing CreateTablet for tablet 78fb947776bd4e70b1f04a0af3390ae3 (DEFAULT_TABLE table=test-workload [id=906672b2a77d42dfa752d2a0c0e57a27]), partition=RANGE (key) PARTITION 400378297 <= VALUES < 436776324
I20260709 12:19:50.629891 11069 data_dirs.cc:400] Could only allocate 1 dirs of requested 3 for tablet 78fb947776bd4e70b1f04a0af3390ae3. 1 dirs total, 0 dirs full, 0 dirs failed
I20260709 12:19:50.632035 10926 tablet_service.cc:1511] Processing CreateTablet for tablet 78fb947776bd4e70b1f04a0af3390ae3 (DEFAULT_TABLE table=test-workload [id=906672b2a77d42dfa752d2a0c0e57a27]), partition=RANGE (key) PARTITION 400378297 <= VALUES < 436776324
I20260709 12:19:50.633446 10926 data_dirs.cc:400] Could only allocate 1 dirs of requested 3 for tablet 78fb947776bd4e70b1f04a0af3390ae3. 1 dirs total, 0 dirs full, 0 dirs failed
I20260709 12:19:50.640507 10998 tablet_service.cc:1511] Processing CreateTablet for tablet 78fb947776bd4e70b1f04a0af3390ae3 (DEFAULT_TABLE table=test-workload [id=906672b2a77d42dfa752d2a0c0e57a27]), partition=RANGE (key) PARTITION 400378297 <= VALUES < 436776324
I20260709 12:19:50.641949 10998 data_dirs.cc:400] Could only allocate 1 dirs of requested 3 for tablet 78fb947776bd4e70b1f04a0af3390ae3. 1 dirs total, 0 dirs full, 0 dirs failed
I20260709 12:19:50.645246 10936 tablet_service.cc:1917] Received RequestConsensusVote() RPC: tablet_id: "d263972b0e844fa281354fac07ccef80" candidate_uuid: "2201bad9e18849b09cf82de29dd032d3" candidate_term: 1 candidate_status { last_received { term: 0 index: 0 } } ignore_live_leader: false dest_uuid: "9e8170bbe8244e40a2b2e5011e69b697" is_pre_election: true
I20260709 12:19:50.647110 11125 ts_tablet_manager.cc:1434] T 32589fba10354b9588f7cb0a69c6e92d P 2201bad9e18849b09cf82de29dd032d3: Time spent starting tablet: real 0.071s	user 0.006s	sys 0.000s
W20260709 12:19:50.647960 10977 leader_election.cc:343] T d263972b0e844fa281354fac07ccef80 P 2201bad9e18849b09cf82de29dd032d3 [CANDIDATE]: Term 1 pre-election: Tablet error from VoteRequest() call to peer 9e8170bbe8244e40a2b2e5011e69b697 (127.9.131.65:46109): Illegal state: must be running to vote when last-logged opid is not known
I20260709 12:19:50.652315 11125 tablet_bootstrap.cc:492] T 74d2f9dca08d41e7a77146322049c40c P 2201bad9e18849b09cf82de29dd032d3: Bootstrap starting.
I20260709 12:19:50.658222 11126 raft_consensus.cc:359] T 49f51062a99d4696bd7480d6804e7d72 P 9e8170bbe8244e40a2b2e5011e69b697 [term 0 FOLLOWER]: Replica starting. Triggering 0 pending ops. Active config: opid_index: -1 OBSOLETE_local: false peers { permanent_uuid: "9e8170bbe8244e40a2b2e5011e69b697" member_type: VOTER last_known_addr { host: "127.9.131.65" port: 46109 } } peers { permanent_uuid: "2201bad9e18849b09cf82de29dd032d3" member_type: VOTER last_known_addr { host: "127.9.131.66" port: 41383 } } peers { permanent_uuid: "1abf4b385a2b493ab83f593a1f8c9cd1" member_type: VOTER last_known_addr { host: "127.9.131.67" port: 40209 } }
I20260709 12:19:50.659147 11126 raft_consensus.cc:385] T 49f51062a99d4696bd7480d6804e7d72 P 9e8170bbe8244e40a2b2e5011e69b697 [term 0 FOLLOWER]: Consensus starting up: Expiring failure detector timer to make a prompt election more likely
I20260709 12:19:50.659473 11126 raft_consensus.cc:740] T 49f51062a99d4696bd7480d6804e7d72 P 9e8170bbe8244e40a2b2e5011e69b697 [term 0 FOLLOWER]: Becoming Follower/Learner. State: Replica: 9e8170bbe8244e40a2b2e5011e69b697, State: Initialized, Role: FOLLOWER
I20260709 12:19:50.660537 11126 consensus_queue.cc:260] T 49f51062a99d4696bd7480d6804e7d72 P 9e8170bbe8244e40a2b2e5011e69b697 [NON_LEADER]: Queue going to NON_LEADER mode. State: All replicated index: 0, Majority replicated index: 0, Committed index: 0, Last appended: 0.0, Last appended by leader: 0, Current term: 0, Majority size: -1, State: 0, Mode: NON_LEADER, active raft config: opid_index: -1 OBSOLETE_local: false peers { permanent_uuid: "9e8170bbe8244e40a2b2e5011e69b697" member_type: VOTER last_known_addr { host: "127.9.131.65" port: 46109 } } peers { permanent_uuid: "2201bad9e18849b09cf82de29dd032d3" member_type: VOTER last_known_addr { host: "127.9.131.66" port: 41383 } } peers { permanent_uuid: "1abf4b385a2b493ab83f593a1f8c9cd1" member_type: VOTER last_known_addr { host: "127.9.131.67" port: 40209 } }
I20260709 12:19:50.662990 11126 ts_tablet_manager.cc:1434] T 49f51062a99d4696bd7480d6804e7d72 P 9e8170bbe8244e40a2b2e5011e69b697: Time spent starting tablet: real 0.049s	user 0.002s	sys 0.003s
I20260709 12:19:50.667248 11125 tablet_bootstrap.cc:654] T 74d2f9dca08d41e7a77146322049c40c P 2201bad9e18849b09cf82de29dd032d3: Neither blocks nor log segments found. Creating new log.
I20260709 12:19:50.671489 11131 raft_consensus.cc:493] T 32589fba10354b9588f7cb0a69c6e92d P 2201bad9e18849b09cf82de29dd032d3 [term 0 FOLLOWER]: Starting pre-election (no leader contacted us within the election timeout)
I20260709 12:19:50.672062 11131 raft_consensus.cc:515] T 32589fba10354b9588f7cb0a69c6e92d P 2201bad9e18849b09cf82de29dd032d3 [term 0 FOLLOWER]: Starting pre-election with config: opid_index: -1 OBSOLETE_local: false peers { permanent_uuid: "9e8170bbe8244e40a2b2e5011e69b697" member_type: VOTER last_known_addr { host: "127.9.131.65" port: 46109 } } peers { permanent_uuid: "2201bad9e18849b09cf82de29dd032d3" member_type: VOTER last_known_addr { host: "127.9.131.66" port: 41383 } } peers { permanent_uuid: "1abf4b385a2b493ab83f593a1f8c9cd1" member_type: VOTER last_known_addr { host: "127.9.131.67" port: 40209 } }
I20260709 12:19:50.674147 11131 leader_election.cc:290] T 32589fba10354b9588f7cb0a69c6e92d P 2201bad9e18849b09cf82de29dd032d3 [CANDIDATE]: Term 1 pre-election: Requested pre-vote from peers 9e8170bbe8244e40a2b2e5011e69b697 (127.9.131.65:46109), 1abf4b385a2b493ab83f593a1f8c9cd1 (127.9.131.67:40209)
I20260709 12:19:50.677546 11085 tablet_service.cc:1917] Received RequestConsensusVote() RPC: tablet_id: "d263972b0e844fa281354fac07ccef80" candidate_uuid: "2201bad9e18849b09cf82de29dd032d3" candidate_term: 1 candidate_status { last_received { term: 0 index: 0 } } ignore_live_leader: false dest_uuid: "1abf4b385a2b493ab83f593a1f8c9cd1" is_pre_election: true
I20260709 12:19:50.678983 10936 tablet_service.cc:1917] Received RequestConsensusVote() RPC: tablet_id: "32589fba10354b9588f7cb0a69c6e92d" candidate_uuid: "2201bad9e18849b09cf82de29dd032d3" candidate_term: 1 candidate_status { last_received { term: 0 index: 0 } } ignore_live_leader: false dest_uuid: "9e8170bbe8244e40a2b2e5011e69b697" is_pre_election: true
I20260709 12:19:50.679071 11084 tablet_service.cc:1917] Received RequestConsensusVote() RPC: tablet_id: "32589fba10354b9588f7cb0a69c6e92d" candidate_uuid: "2201bad9e18849b09cf82de29dd032d3" candidate_term: 1 candidate_status { last_received { term: 0 index: 0 } } ignore_live_leader: false dest_uuid: "1abf4b385a2b493ab83f593a1f8c9cd1" is_pre_election: true
I20260709 12:19:50.681676 11126 tablet_bootstrap.cc:492] T f1f6166d836f41229df11ee42cd8e4c7 P 9e8170bbe8244e40a2b2e5011e69b697: Bootstrap starting.
W20260709 12:19:50.682104 10974 leader_election.cc:343] T d263972b0e844fa281354fac07ccef80 P 2201bad9e18849b09cf82de29dd032d3 [CANDIDATE]: Term 1 pre-election: Tablet error from VoteRequest() call to peer 1abf4b385a2b493ab83f593a1f8c9cd1 (127.9.131.67:40209): Illegal state: must be running to vote when last-logged opid is not known
I20260709 12:19:50.682545 10974 leader_election.cc:304] T d263972b0e844fa281354fac07ccef80 P 2201bad9e18849b09cf82de29dd032d3 [CANDIDATE]: Term 1 pre-election: Election decided. Result: candidate lost. Election summary: received 3 responses out of 3 voters: 1 yes votes; 2 no votes. yes voters: 2201bad9e18849b09cf82de29dd032d3; no voters: 1abf4b385a2b493ab83f593a1f8c9cd1, 9e8170bbe8244e40a2b2e5011e69b697
W20260709 12:19:50.683748 10974 leader_election.cc:343] T 32589fba10354b9588f7cb0a69c6e92d P 2201bad9e18849b09cf82de29dd032d3 [CANDIDATE]: Term 1 pre-election: Tablet error from VoteRequest() call to peer 1abf4b385a2b493ab83f593a1f8c9cd1 (127.9.131.67:40209): Illegal state: must be running to vote when last-logged opid is not known
I20260709 12:19:50.683589 10922 tablet_service.cc:1511] Processing CreateTablet for tablet d3625831778d468cb424c06fc474c323 (DEFAULT_TABLE table=test-workload [id=906672b2a77d42dfa752d2a0c0e57a27]), partition=RANGE (key) PARTITION 436776324 <= VALUES < 473174351
I20260709 12:19:50.686213 11131 raft_consensus.cc:2749] T d263972b0e844fa281354fac07ccef80 P 2201bad9e18849b09cf82de29dd032d3 [term 0 FOLLOWER]: Leader pre-election lost for term 1. Reason: could not achieve majority
W20260709 12:19:50.687397 10977 leader_election.cc:343] T 32589fba10354b9588f7cb0a69c6e92d P 2201bad9e18849b09cf82de29dd032d3 [CANDIDATE]: Term 1 pre-election: Tablet error from VoteRequest() call to peer 9e8170bbe8244e40a2b2e5011e69b697 (127.9.131.65:46109): Illegal state: must be running to vote when last-logged opid is not known
I20260709 12:19:50.688027 10977 leader_election.cc:304] T 32589fba10354b9588f7cb0a69c6e92d P 2201bad9e18849b09cf82de29dd032d3 [CANDIDATE]: Term 1 pre-election: Election decided. Result: candidate lost. Election summary: received 3 responses out of 3 voters: 1 yes votes; 2 no votes. yes voters: 2201bad9e18849b09cf82de29dd032d3; no voters: 1abf4b385a2b493ab83f593a1f8c9cd1, 9e8170bbe8244e40a2b2e5011e69b697
I20260709 12:19:50.688557 11126 tablet_bootstrap.cc:654] T f1f6166d836f41229df11ee42cd8e4c7 P 9e8170bbe8244e40a2b2e5011e69b697: Neither blocks nor log segments found. Creating new log.
I20260709 12:19:50.695170 11131 raft_consensus.cc:2749] T 32589fba10354b9588f7cb0a69c6e92d P 2201bad9e18849b09cf82de29dd032d3 [term 0 FOLLOWER]: Leader pre-election lost for term 1. Reason: could not achieve majority
I20260709 12:19:50.695463 11001 tablet_service.cc:1511] Processing CreateTablet for tablet b156bebcd53a4b6ea1f83c42906a5a03 (DEFAULT_TABLE table=test-workload [id=906672b2a77d42dfa752d2a0c0e57a27]), partition=RANGE (key) PARTITION 473174351 <= VALUES < 509572378
I20260709 12:19:50.697409 11001 data_dirs.cc:400] Could only allocate 1 dirs of requested 3 for tablet b156bebcd53a4b6ea1f83c42906a5a03. 1 dirs total, 0 dirs full, 0 dirs failed
I20260709 12:19:50.697736 10925 tablet_service.cc:1511] Processing CreateTablet for tablet b156bebcd53a4b6ea1f83c42906a5a03 (DEFAULT_TABLE table=test-workload [id=906672b2a77d42dfa752d2a0c0e57a27]), partition=RANGE (key) PARTITION 473174351 <= VALUES < 509572378
I20260709 12:19:50.698293 11128 tablet_bootstrap.cc:492] T 32589fba10354b9588f7cb0a69c6e92d P 1abf4b385a2b493ab83f593a1f8c9cd1: No bootstrap required, opened a new log
I20260709 12:19:50.698848 11128 ts_tablet_manager.cc:1403] T 32589fba10354b9588f7cb0a69c6e92d P 1abf4b385a2b493ab83f593a1f8c9cd1: Time spent bootstrapping tablet: real 0.193s	user 0.007s	sys 0.014s
I20260709 12:19:50.698941 10925 data_dirs.cc:400] Could only allocate 1 dirs of requested 3 for tablet b156bebcd53a4b6ea1f83c42906a5a03. 1 dirs total, 0 dirs full, 0 dirs failed
I20260709 12:19:50.701488 10998 tablet_service.cc:1511] Processing CreateTablet for tablet d3625831778d468cb424c06fc474c323 (DEFAULT_TABLE table=test-workload [id=906672b2a77d42dfa752d2a0c0e57a27]), partition=RANGE (key) PARTITION 436776324 <= VALUES < 473174351
I20260709 12:19:50.702941 10998 data_dirs.cc:400] Could only allocate 1 dirs of requested 3 for tablet d3625831778d468cb424c06fc474c323. 1 dirs total, 0 dirs full, 0 dirs failed
I20260709 12:19:50.702374 11128 raft_consensus.cc:359] T 32589fba10354b9588f7cb0a69c6e92d P 1abf4b385a2b493ab83f593a1f8c9cd1 [term 0 FOLLOWER]: Replica starting. Triggering 0 pending ops. Active config: opid_index: -1 OBSOLETE_local: false peers { permanent_uuid: "9e8170bbe8244e40a2b2e5011e69b697" member_type: VOTER last_known_addr { host: "127.9.131.65" port: 46109 } } peers { permanent_uuid: "2201bad9e18849b09cf82de29dd032d3" member_type: VOTER last_known_addr { host: "127.9.131.66" port: 41383 } } peers { permanent_uuid: "1abf4b385a2b493ab83f593a1f8c9cd1" member_type: VOTER last_known_addr { host: "127.9.131.67" port: 40209 } }
I20260709 12:19:50.703368 11128 raft_consensus.cc:385] T 32589fba10354b9588f7cb0a69c6e92d P 1abf4b385a2b493ab83f593a1f8c9cd1 [term 0 FOLLOWER]: Consensus starting up: Expiring failure detector timer to make a prompt election more likely
I20260709 12:19:50.703689 11128 raft_consensus.cc:740] T 32589fba10354b9588f7cb0a69c6e92d P 1abf4b385a2b493ab83f593a1f8c9cd1 [term 0 FOLLOWER]: Becoming Follower/Learner. State: Replica: 1abf4b385a2b493ab83f593a1f8c9cd1, State: Initialized, Role: FOLLOWER
I20260709 12:19:50.704715 11128 consensus_queue.cc:260] T 32589fba10354b9588f7cb0a69c6e92d P 1abf4b385a2b493ab83f593a1f8c9cd1 [NON_LEADER]: Queue going to NON_LEADER mode. State: All replicated index: 0, Majority replicated index: 0, Committed index: 0, Last appended: 0.0, Last appended by leader: 0, Current term: 0, Majority size: -1, State: 0, Mode: NON_LEADER, active raft config: opid_index: -1 OBSOLETE_local: false peers { permanent_uuid: "9e8170bbe8244e40a2b2e5011e69b697" member_type: VOTER last_known_addr { host: "127.9.131.65" port: 46109 } } peers { permanent_uuid: "2201bad9e18849b09cf82de29dd032d3" member_type: VOTER last_known_addr { host: "127.9.131.66" port: 41383 } } peers { permanent_uuid: "1abf4b385a2b493ab83f593a1f8c9cd1" member_type: VOTER last_known_addr { host: "127.9.131.67" port: 40209 } }
I20260709 12:19:50.708899 11073 tablet_service.cc:1511] Processing CreateTablet for tablet b156bebcd53a4b6ea1f83c42906a5a03 (DEFAULT_TABLE table=test-workload [id=906672b2a77d42dfa752d2a0c0e57a27]), partition=RANGE (key) PARTITION 473174351 <= VALUES < 509572378
I20260709 12:19:50.709303 10997 tablet_service.cc:1511] Processing CreateTablet for tablet 3b768aea2bd34049a2aa54e4f4f19bf6 (DEFAULT_TABLE table=test-workload [id=906672b2a77d42dfa752d2a0c0e57a27]), partition=RANGE (key) PARTITION 509572378 <= VALUES < 545970405
I20260709 12:19:50.710016 11126 tablet_bootstrap.cc:492] T f1f6166d836f41229df11ee42cd8e4c7 P 9e8170bbe8244e40a2b2e5011e69b697: No bootstrap required, opened a new log
I20260709 12:19:50.712426 10997 data_dirs.cc:400] Could only allocate 1 dirs of requested 3 for tablet 3b768aea2bd34049a2aa54e4f4f19bf6. 1 dirs total, 0 dirs full, 0 dirs failed
I20260709 12:19:50.713263 11126 ts_tablet_manager.cc:1403] T f1f6166d836f41229df11ee42cd8e4c7 P 9e8170bbe8244e40a2b2e5011e69b697: Time spent bootstrapping tablet: real 0.049s	user 0.014s	sys 0.011s
I20260709 12:19:50.713346 11073 data_dirs.cc:400] Could only allocate 1 dirs of requested 3 for tablet b156bebcd53a4b6ea1f83c42906a5a03. 1 dirs total, 0 dirs full, 0 dirs failed
I20260709 12:19:50.712203 11069 tablet_service.cc:1511] Processing CreateTablet for tablet 3b768aea2bd34049a2aa54e4f4f19bf6 (DEFAULT_TABLE table=test-workload [id=906672b2a77d42dfa752d2a0c0e57a27]), partition=RANGE (key) PARTITION 509572378 <= VALUES < 545970405
I20260709 12:19:50.715749 11069 data_dirs.cc:400] Could only allocate 1 dirs of requested 3 for tablet 3b768aea2bd34049a2aa54e4f4f19bf6. 1 dirs total, 0 dirs full, 0 dirs failed
I20260709 12:19:50.717839 11125 tablet_bootstrap.cc:492] T 74d2f9dca08d41e7a77146322049c40c P 2201bad9e18849b09cf82de29dd032d3: No bootstrap required, opened a new log
I20260709 12:19:50.717598 10924 tablet_service.cc:1511] Processing CreateTablet for tablet 3b768aea2bd34049a2aa54e4f4f19bf6 (DEFAULT_TABLE table=test-workload [id=906672b2a77d42dfa752d2a0c0e57a27]), partition=RANGE (key) PARTITION 509572378 <= VALUES < 545970405
I20260709 12:19:50.718317 11125 ts_tablet_manager.cc:1403] T 74d2f9dca08d41e7a77146322049c40c P 2201bad9e18849b09cf82de29dd032d3: Time spent bootstrapping tablet: real 0.070s	user 0.011s	sys 0.000s
I20260709 12:19:50.718961 10924 data_dirs.cc:400] Could only allocate 1 dirs of requested 3 for tablet 3b768aea2bd34049a2aa54e4f4f19bf6. 1 dirs total, 0 dirs full, 0 dirs failed
I20260709 12:19:50.720889 10923 tablet_service.cc:1511] Processing CreateTablet for tablet 661c79d4d9c74a30911ec88c18ba8229 (DEFAULT_TABLE table=test-workload [id=906672b2a77d42dfa752d2a0c0e57a27]), partition=RANGE (key) PARTITION 545970405 <= VALUES < 582368432
I20260709 12:19:50.721315 11125 raft_consensus.cc:359] T 74d2f9dca08d41e7a77146322049c40c P 2201bad9e18849b09cf82de29dd032d3 [term 0 FOLLOWER]: Replica starting. Triggering 0 pending ops. Active config: opid_index: -1 OBSOLETE_local: false peers { permanent_uuid: "9e8170bbe8244e40a2b2e5011e69b697" member_type: VOTER last_known_addr { host: "127.9.131.65" port: 46109 } } peers { permanent_uuid: "2201bad9e18849b09cf82de29dd032d3" member_type: VOTER last_known_addr { host: "127.9.131.66" port: 41383 } } peers { permanent_uuid: "1abf4b385a2b493ab83f593a1f8c9cd1" member_type: VOTER last_known_addr { host: "127.9.131.67" port: 40209 } }
I20260709 12:19:50.722016 11125 raft_consensus.cc:385] T 74d2f9dca08d41e7a77146322049c40c P 2201bad9e18849b09cf82de29dd032d3 [term 0 FOLLOWER]: Consensus starting up: Expiring failure detector timer to make a prompt election more likely
I20260709 12:19:50.722211 10923 data_dirs.cc:400] Could only allocate 1 dirs of requested 3 for tablet 661c79d4d9c74a30911ec88c18ba8229. 1 dirs total, 0 dirs full, 0 dirs failed
I20260709 12:19:50.722328 11125 raft_consensus.cc:740] T 74d2f9dca08d41e7a77146322049c40c P 2201bad9e18849b09cf82de29dd032d3 [term 0 FOLLOWER]: Becoming Follower/Learner. State: Replica: 2201bad9e18849b09cf82de29dd032d3, State: Initialized, Role: FOLLOWER
I20260709 12:19:50.723513 11126 raft_consensus.cc:359] T f1f6166d836f41229df11ee42cd8e4c7 P 9e8170bbe8244e40a2b2e5011e69b697 [term 0 FOLLOWER]: Replica starting. Triggering 0 pending ops. Active config: opid_index: -1 OBSOLETE_local: false peers { permanent_uuid: "9e8170bbe8244e40a2b2e5011e69b697" member_type: VOTER last_known_addr { host: "127.9.131.65" port: 46109 } } peers { permanent_uuid: "2201bad9e18849b09cf82de29dd032d3" member_type: VOTER last_known_addr { host: "127.9.131.66" port: 41383 } } peers { permanent_uuid: "1abf4b385a2b493ab83f593a1f8c9cd1" member_type: VOTER last_known_addr { host: "127.9.131.67" port: 40209 } }
I20260709 12:19:50.724453 11126 raft_consensus.cc:385] T f1f6166d836f41229df11ee42cd8e4c7 P 9e8170bbe8244e40a2b2e5011e69b697 [term 0 FOLLOWER]: Consensus starting up: Expiring failure detector timer to make a prompt election more likely
I20260709 12:19:50.724792 11126 raft_consensus.cc:740] T f1f6166d836f41229df11ee42cd8e4c7 P 9e8170bbe8244e40a2b2e5011e69b697 [term 0 FOLLOWER]: Becoming Follower/Learner. State: Replica: 9e8170bbe8244e40a2b2e5011e69b697, State: Initialized, Role: FOLLOWER
I20260709 12:19:50.724897 11072 tablet_service.cc:1511] Processing CreateTablet for tablet d3625831778d468cb424c06fc474c323 (DEFAULT_TABLE table=test-workload [id=906672b2a77d42dfa752d2a0c0e57a27]), partition=RANGE (key) PARTITION 436776324 <= VALUES < 473174351
I20260709 12:19:50.726279 11072 data_dirs.cc:400] Could only allocate 1 dirs of requested 3 for tablet d3625831778d468cb424c06fc474c323. 1 dirs total, 0 dirs full, 0 dirs failed
W20260709 12:19:50.726924 10882 auto_rebalancer.cc:288] Could not retrieve cluster info: Service unavailable: Tablet not running
I20260709 12:19:50.726784 11125 consensus_queue.cc:260] T 74d2f9dca08d41e7a77146322049c40c P 2201bad9e18849b09cf82de29dd032d3 [NON_LEADER]: Queue going to NON_LEADER mode. State: All replicated index: 0, Majority replicated index: 0, Committed index: 0, Last appended: 0.0, Last appended by leader: 0, Current term: 0, Majority size: -1, State: 0, Mode: NON_LEADER, active raft config: opid_index: -1 OBSOLETE_local: false peers { permanent_uuid: "9e8170bbe8244e40a2b2e5011e69b697" member_type: VOTER last_known_addr { host: "127.9.131.65" port: 46109 } } peers { permanent_uuid: "2201bad9e18849b09cf82de29dd032d3" member_type: VOTER last_known_addr { host: "127.9.131.66" port: 41383 } } peers { permanent_uuid: "1abf4b385a2b493ab83f593a1f8c9cd1" member_type: VOTER last_known_addr { host: "127.9.131.67" port: 40209 } }
I20260709 12:19:50.725804 11126 consensus_queue.cc:260] T f1f6166d836f41229df11ee42cd8e4c7 P 9e8170bbe8244e40a2b2e5011e69b697 [NON_LEADER]: Queue going to NON_LEADER mode. State: All replicated index: 0, Majority replicated index: 0, Committed index: 0, Last appended: 0.0, Last appended by leader: 0, Current term: 0, Majority size: -1, State: 0, Mode: NON_LEADER, active raft config: opid_index: -1 OBSOLETE_local: false peers { permanent_uuid: "9e8170bbe8244e40a2b2e5011e69b697" member_type: VOTER last_known_addr { host: "127.9.131.65" port: 46109 } } peers { permanent_uuid: "2201bad9e18849b09cf82de29dd032d3" member_type: VOTER last_known_addr { host: "127.9.131.66" port: 41383 } } peers { permanent_uuid: "1abf4b385a2b493ab83f593a1f8c9cd1" member_type: VOTER last_known_addr { host: "127.9.131.67" port: 40209 } }
I20260709 12:19:50.731084 11126 ts_tablet_manager.cc:1434] T f1f6166d836f41229df11ee42cd8e4c7 P 9e8170bbe8244e40a2b2e5011e69b697: Time spent starting tablet: real 0.017s	user 0.006s	sys 0.001s
I20260709 12:19:50.732242 11126 tablet_bootstrap.cc:492] T 32589fba10354b9588f7cb0a69c6e92d P 9e8170bbe8244e40a2b2e5011e69b697: Bootstrap starting.
I20260709 12:19:50.738561 11126 tablet_bootstrap.cc:654] T 32589fba10354b9588f7cb0a69c6e92d P 9e8170bbe8244e40a2b2e5011e69b697: Neither blocks nor log segments found. Creating new log.
I20260709 12:19:50.729061 11125 ts_tablet_manager.cc:1434] T 74d2f9dca08d41e7a77146322049c40c P 2201bad9e18849b09cf82de29dd032d3: Time spent starting tablet: real 0.010s	user 0.007s	sys 0.000s
I20260709 12:19:50.739882 11125 tablet_bootstrap.cc:492] T f1f6166d836f41229df11ee42cd8e4c7 P 2201bad9e18849b09cf82de29dd032d3: Bootstrap starting.
I20260709 12:19:50.746054 11125 tablet_bootstrap.cc:654] T f1f6166d836f41229df11ee42cd8e4c7 P 2201bad9e18849b09cf82de29dd032d3: Neither blocks nor log segments found. Creating new log.
I20260709 12:19:50.754858 11084 tablet_service.cc:1917] Received RequestConsensusVote() RPC: tablet_id: "74d2f9dca08d41e7a77146322049c40c" candidate_uuid: "9e8170bbe8244e40a2b2e5011e69b697" candidate_term: 1 candidate_status { last_received { term: 0 index: 0 } } ignore_live_leader: false dest_uuid: "1abf4b385a2b493ab83f593a1f8c9cd1" is_pre_election: true
W20260709 12:19:50.756364 10899 leader_election.cc:343] T 74d2f9dca08d41e7a77146322049c40c P 9e8170bbe8244e40a2b2e5011e69b697 [CANDIDATE]: Term 1 pre-election: Tablet error from VoteRequest() call to peer 1abf4b385a2b493ab83f593a1f8c9cd1 (127.9.131.67:40209): Illegal state: must be running to vote when last-logged opid is not known
I20260709 12:19:50.757136 11011 tablet_service.cc:1917] Received RequestConsensusVote() RPC: tablet_id: "74d2f9dca08d41e7a77146322049c40c" candidate_uuid: "9e8170bbe8244e40a2b2e5011e69b697" candidate_term: 1 candidate_status { last_received { term: 0 index: 0 } } ignore_live_leader: false dest_uuid: "2201bad9e18849b09cf82de29dd032d3" is_pre_election: true
I20260709 12:19:50.757903 11011 raft_consensus.cc:2468] T 74d2f9dca08d41e7a77146322049c40c P 2201bad9e18849b09cf82de29dd032d3 [term 0 FOLLOWER]: Leader pre-election vote request: Granting yes vote for candidate 9e8170bbe8244e40a2b2e5011e69b697 in term 0.
I20260709 12:19:50.759805 10901 leader_election.cc:304] T 74d2f9dca08d41e7a77146322049c40c P 9e8170bbe8244e40a2b2e5011e69b697 [CANDIDATE]: Term 1 pre-election: Election decided. Result: candidate won. Election summary: received 3 responses out of 3 voters: 2 yes votes; 1 no votes. yes voters: 2201bad9e18849b09cf82de29dd032d3, 9e8170bbe8244e40a2b2e5011e69b697; no voters: 1abf4b385a2b493ab83f593a1f8c9cd1
I20260709 12:19:50.760596 11110 heartbeater.cc:499] Master 127.9.131.126:46265 was elected leader, sending a full tablet report...
I20260709 12:19:50.761032 11130 raft_consensus.cc:2804] T 74d2f9dca08d41e7a77146322049c40c P 9e8170bbe8244e40a2b2e5011e69b697 [term 0 FOLLOWER]: Leader pre-election won for term 1
I20260709 12:19:50.761386 11130 raft_consensus.cc:493] T 74d2f9dca08d41e7a77146322049c40c P 9e8170bbe8244e40a2b2e5011e69b697 [term 0 FOLLOWER]: Starting leader election (no leader contacted us within the election timeout)
I20260709 12:19:50.761714 11130 raft_consensus.cc:3060] T 74d2f9dca08d41e7a77146322049c40c P 9e8170bbe8244e40a2b2e5011e69b697 [term 0 FOLLOWER]: Advancing to term 1
I20260709 12:19:50.761664 11128 ts_tablet_manager.cc:1434] T 32589fba10354b9588f7cb0a69c6e92d P 1abf4b385a2b493ab83f593a1f8c9cd1: Time spent starting tablet: real 0.062s	user 0.008s	sys 0.002s
I20260709 12:19:50.764842 11128 tablet_bootstrap.cc:492] T d263972b0e844fa281354fac07ccef80 P 1abf4b385a2b493ab83f593a1f8c9cd1: Bootstrap starting.
I20260709 12:19:50.769662 10922 data_dirs.cc:400] Could only allocate 1 dirs of requested 3 for tablet d3625831778d468cb424c06fc474c323. 1 dirs total, 0 dirs full, 0 dirs failed
I20260709 12:19:50.770083 11128 tablet_bootstrap.cc:654] T d263972b0e844fa281354fac07ccef80 P 1abf4b385a2b493ab83f593a1f8c9cd1: Neither blocks nor log segments found. Creating new log.
I20260709 12:19:50.772914 11126 tablet_bootstrap.cc:492] T 32589fba10354b9588f7cb0a69c6e92d P 9e8170bbe8244e40a2b2e5011e69b697: No bootstrap required, opened a new log
I20260709 12:19:50.773475 11126 ts_tablet_manager.cc:1403] T 32589fba10354b9588f7cb0a69c6e92d P 9e8170bbe8244e40a2b2e5011e69b697: Time spent bootstrapping tablet: real 0.041s	user 0.010s	sys 0.005s
I20260709 12:19:50.776436 11126 raft_consensus.cc:359] T 32589fba10354b9588f7cb0a69c6e92d P 9e8170bbe8244e40a2b2e5011e69b697 [term 0 FOLLOWER]: Replica starting. Triggering 0 pending ops. Active config: opid_index: -1 OBSOLETE_local: false peers { permanent_uuid: "9e8170bbe8244e40a2b2e5011e69b697" member_type: VOTER last_known_addr { host: "127.9.131.65" port: 46109 } } peers { permanent_uuid: "2201bad9e18849b09cf82de29dd032d3" member_type: VOTER last_known_addr { host: "127.9.131.66" port: 41383 } } peers { permanent_uuid: "1abf4b385a2b493ab83f593a1f8c9cd1" member_type: VOTER last_known_addr { host: "127.9.131.67" port: 40209 } }
I20260709 12:19:50.778082 11126 raft_consensus.cc:385] T 32589fba10354b9588f7cb0a69c6e92d P 9e8170bbe8244e40a2b2e5011e69b697 [term 0 FOLLOWER]: Consensus starting up: Expiring failure detector timer to make a prompt election more likely
I20260709 12:19:50.778838 11126 raft_consensus.cc:740] T 32589fba10354b9588f7cb0a69c6e92d P 9e8170bbe8244e40a2b2e5011e69b697 [term 0 FOLLOWER]: Becoming Follower/Learner. State: Replica: 9e8170bbe8244e40a2b2e5011e69b697, State: Initialized, Role: FOLLOWER
