I20260709 12:19:36.608222 10490 raft_consensus.cc:1275] T d7128a5d9b774f3cb0ebdabf0e1c2e3c P fa2b7127d769426dbf6b610f74536106 [term 2 FOLLOWER]: Refusing update from remote peer 390add5b62d0491e947fbaa913806886: Log matching property violated. Preceding OpId in replica: term: 1 index: 1. Preceding OpId from leader: term: 2 index: 2. (index mismatch)
I20260709 12:19:36.609735 10738 consensus_queue.cc:1048] T d7128a5d9b774f3cb0ebdabf0e1c2e3c P 390add5b62d0491e947fbaa913806886 [LEADER]: Connected to new peer: Peer: permanent_uuid: "fa2b7127d769426dbf6b610f74536106" member_type: VOTER last_known_addr { host: "127.9.131.66" port: 40395 }, Status: LMP_MISMATCH, Last received: 0.0, Next index: 2, Last known committed idx: 1, Time since last communication: 0.001s
I20260709 12:19:36.882685 10566 raft_consensus.cc:1275] T 6dca734c6e434c1595f96ef0b2825c17 P 3bfa1b0cf96346a5a3ee6ea10de9496a [term 2 FOLLOWER]: Refusing update from remote peer 390add5b62d0491e947fbaa913806886: Log matching property violated. Preceding OpId in replica: term: 1 index: 1. Preceding OpId from leader: term: 2 index: 2. (index mismatch)
I20260709 12:19:36.883999 10738 consensus_queue.cc:1048] T 6dca734c6e434c1595f96ef0b2825c17 P 390add5b62d0491e947fbaa913806886 [LEADER]: Connected to new peer: Peer: permanent_uuid: "3bfa1b0cf96346a5a3ee6ea10de9496a" member_type: VOTER last_known_addr { host: "127.9.131.67" port: 45275 }, Status: LMP_MISMATCH, Last received: 0.0, Next index: 2, Last known committed idx: 1, Time since last communication: 0.000s
I20260709 12:19:36.892228 10490 raft_consensus.cc:1275] T 6dca734c6e434c1595f96ef0b2825c17 P fa2b7127d769426dbf6b610f74536106 [term 2 FOLLOWER]: Refusing update from remote peer 390add5b62d0491e947fbaa913806886: Log matching property violated. Preceding OpId in replica: term: 1 index: 1. Preceding OpId from leader: term: 2 index: 2. (index mismatch)
I20260709 12:19:36.895413 10707 consensus_queue.cc:1048] T 6dca734c6e434c1595f96ef0b2825c17 P 390add5b62d0491e947fbaa913806886 [LEADER]: Connected to new peer: Peer: permanent_uuid: "fa2b7127d769426dbf6b610f74536106" member_type: VOTER last_known_addr { host: "127.9.131.66" port: 40395 }, Status: LMP_MISMATCH, Last received: 0.0, Next index: 2, Last known committed idx: 1, Time since last communication: 0.000s
I20260709 12:19:36.896729 10490 raft_consensus.cc:1275] T b4752da4a6a447ad93fdacdb010730ca P fa2b7127d769426dbf6b610f74536106 [term 3 FOLLOWER]: Refusing update from remote peer 390add5b62d0491e947fbaa913806886: Log matching property violated. Preceding OpId in replica: term: 2 index: 2. Preceding OpId from leader: term: 3 index: 3. (index mismatch)
I20260709 12:19:36.898711 10738 consensus_queue.cc:1048] T b4752da4a6a447ad93fdacdb010730ca P 390add5b62d0491e947fbaa913806886 [LEADER]: Connected to new peer: Peer: permanent_uuid: "fa2b7127d769426dbf6b610f74536106" member_type: VOTER last_known_addr { host: "127.9.131.66" port: 40395 }, Status: LMP_MISMATCH, Last received: 0.0, Next index: 3, Last known committed idx: 2, Time since last communication: 0.000s
I20260709 12:19:36.909435 10566 raft_consensus.cc:1275] T b4752da4a6a447ad93fdacdb010730ca P 3bfa1b0cf96346a5a3ee6ea10de9496a [term 3 FOLLOWER]: Refusing update from remote peer 390add5b62d0491e947fbaa913806886: Log matching property violated. Preceding OpId in replica: term: 2 index: 2. Preceding OpId from leader: term: 3 index: 3. (index mismatch)
I20260709 12:19:36.911231 10756 consensus_queue.cc:1048] T b4752da4a6a447ad93fdacdb010730ca P 390add5b62d0491e947fbaa913806886 [LEADER]: Connected to new peer: Peer: permanent_uuid: "3bfa1b0cf96346a5a3ee6ea10de9496a" member_type: VOTER last_known_addr { host: "127.9.131.67" port: 45275 }, Status: LMP_MISMATCH, Last received: 0.0, Next index: 3, Last known committed idx: 2, Time since last communication: 0.000s
I20260709 12:19:39.078202  9741 auto_leader_rebalancer-test.cc:399] The leader distribution is 
I20260709 12:19:39.078972  9741 auto_leader_rebalancer.cc:141] leader rebalance for table test-workload
I20260709 12:19:39.087949 10416 tablet_service.cc:2072] Received LeaderStepDown RPC: tablet_id: "79327c96f319433192eb5f752085848d"
dest_uuid: "390add5b62d0491e947fbaa913806886"
mode: GRACEFUL
new_leader_uuid: "fa2b7127d769426dbf6b610f74536106"
 from {username='slave'} at 127.0.0.1:48330
I20260709 12:19:39.088754 10416 raft_consensus.cc:606] T 79327c96f319433192eb5f752085848d P 390add5b62d0491e947fbaa913806886 [term 2 LEADER]: Received request to transfer leadership to TS fa2b7127d769426dbf6b610f74536106
I20260709 12:19:39.091706 10416 tablet_service.cc:2072] Received LeaderStepDown RPC: tablet_id: "b945359b04724fd1b32b67ebac2a75c4"
dest_uuid: "390add5b62d0491e947fbaa913806886"
mode: GRACEFUL
new_leader_uuid: "3bfa1b0cf96346a5a3ee6ea10de9496a"
 from {username='slave'} at 127.0.0.1:48330
I20260709 12:19:39.092188 10416 raft_consensus.cc:606] T b945359b04724fd1b32b67ebac2a75c4 P 390add5b62d0491e947fbaa913806886 [term 1 LEADER]: Received request to transfer leadership to TS 3bfa1b0cf96346a5a3ee6ea10de9496a
I20260709 12:19:39.094620 10416 tablet_service.cc:2072] Received LeaderStepDown RPC: tablet_id: "f298960b2387414094881ba3dfd8e6ad"
dest_uuid: "390add5b62d0491e947fbaa913806886"
mode: GRACEFUL
new_leader_uuid: "fa2b7127d769426dbf6b610f74536106"
 from {username='slave'} at 127.0.0.1:48330
I20260709 12:19:39.095101 10416 raft_consensus.cc:606] T f298960b2387414094881ba3dfd8e6ad P 390add5b62d0491e947fbaa913806886 [term 3 LEADER]: Received request to transfer leadership to TS fa2b7127d769426dbf6b610f74536106
I20260709 12:19:39.097478 10416 tablet_service.cc:2072] Received LeaderStepDown RPC: tablet_id: "fd82dd15e20c4a50a0c70f53ca8b0c37"
dest_uuid: "390add5b62d0491e947fbaa913806886"
mode: GRACEFUL
new_leader_uuid: "3bfa1b0cf96346a5a3ee6ea10de9496a"
 from {username='slave'} at 127.0.0.1:48330
I20260709 12:19:39.097904 10416 raft_consensus.cc:606] T fd82dd15e20c4a50a0c70f53ca8b0c37 P 390add5b62d0491e947fbaa913806886 [term 2 LEADER]: Received request to transfer leadership to TS 3bfa1b0cf96346a5a3ee6ea10de9496a
I20260709 12:19:39.098902  9741 auto_leader_rebalancer.cc:440] table: test-workload, leader rebalance finish, leader transfer count: 4
I20260709 12:19:39.099385  9741 auto_leader_rebalancer.cc:515] All tables' leader rebalancing finished this round
I20260709 12:19:39.109561 10756 raft_consensus.cc:993] T 79327c96f319433192eb5f752085848d P 390add5b62d0491e947fbaa913806886: : Instructing follower fa2b7127d769426dbf6b610f74536106 to start an election
I20260709 12:19:39.110004 10756 raft_consensus.cc:1081] T 79327c96f319433192eb5f752085848d P 390add5b62d0491e947fbaa913806886 [term 2 LEADER]: Signalling peer fa2b7127d769426dbf6b610f74536106 to start an election
I20260709 12:19:39.111590 10492 tablet_service.cc:2044] Received Run Leader Election RPC: tablet_id: "79327c96f319433192eb5f752085848d"
dest_uuid: "fa2b7127d769426dbf6b610f74536106"
 from {username='slave'} at 127.0.0.1:38698
I20260709 12:19:39.112056 10492 raft_consensus.cc:493] T 79327c96f319433192eb5f752085848d P fa2b7127d769426dbf6b610f74536106 [term 2 FOLLOWER]: Starting forced leader election (received explicit request)
I20260709 12:19:39.112358 10492 raft_consensus.cc:3060] T 79327c96f319433192eb5f752085848d P fa2b7127d769426dbf6b610f74536106 [term 2 FOLLOWER]: Advancing to term 3
I20260709 12:19:39.117813 10492 raft_consensus.cc:515] T 79327c96f319433192eb5f752085848d P fa2b7127d769426dbf6b610f74536106 [term 3 FOLLOWER]: Starting forced leader election with config: opid_index: -1 OBSOLETE_local: false peers { permanent_uuid: "390add5b62d0491e947fbaa913806886" member_type: VOTER last_known_addr { host: "127.9.131.65" port: 35155 } } peers { permanent_uuid: "fa2b7127d769426dbf6b610f74536106" member_type: VOTER last_known_addr { host: "127.9.131.66" port: 40395 } } peers { permanent_uuid: "3bfa1b0cf96346a5a3ee6ea10de9496a" member_type: VOTER last_known_addr { host: "127.9.131.67" port: 45275 } }
I20260709 12:19:39.119848 10492 leader_election.cc:290] T 79327c96f319433192eb5f752085848d P fa2b7127d769426dbf6b610f74536106 [CANDIDATE]: Term 3 election: Requested vote from peers 390add5b62d0491e947fbaa913806886 (127.9.131.65:35155), 3bfa1b0cf96346a5a3ee6ea10de9496a (127.9.131.67:45275)
I20260709 12:19:39.120769 10416 tablet_service.cc:1917] Received RequestConsensusVote() RPC: tablet_id: "79327c96f319433192eb5f752085848d" candidate_uuid: "fa2b7127d769426dbf6b610f74536106" candidate_term: 3 candidate_status { last_received { term: 2 index: 2 } } ignore_live_leader: true dest_uuid: "390add5b62d0491e947fbaa913806886"
I20260709 12:19:39.121232 10566 tablet_service.cc:1917] Received RequestConsensusVote() RPC: tablet_id: "79327c96f319433192eb5f752085848d" candidate_uuid: "fa2b7127d769426dbf6b610f74536106" candidate_term: 3 candidate_status { last_received { term: 2 index: 2 } } ignore_live_leader: true dest_uuid: "3bfa1b0cf96346a5a3ee6ea10de9496a"
I20260709 12:19:39.121542 10416 raft_consensus.cc:3055] T 79327c96f319433192eb5f752085848d P 390add5b62d0491e947fbaa913806886 [term 2 LEADER]: Stepping down as leader of term 2
I20260709 12:19:39.121804 10566 raft_consensus.cc:3060] T 79327c96f319433192eb5f752085848d P 3bfa1b0cf96346a5a3ee6ea10de9496a [term 2 FOLLOWER]: Advancing to term 3
I20260709 12:19:39.121863 10416 raft_consensus.cc:740] T 79327c96f319433192eb5f752085848d P 390add5b62d0491e947fbaa913806886 [term 2 LEADER]: Becoming Follower/Learner. State: Replica: 390add5b62d0491e947fbaa913806886, State: Running, Role: LEADER
I20260709 12:19:39.122843 10416 consensus_queue.cc:260] T 79327c96f319433192eb5f752085848d P 390add5b62d0491e947fbaa913806886 [NON_LEADER]: Queue going to NON_LEADER mode. State: All replicated index: 0, Majority replicated index: 2, Committed index: 2, Last appended: 2.2, Last appended by leader: 2, Current term: 2, Majority size: -1, State: 0, Mode: NON_LEADER, active raft config: opid_index: -1 OBSOLETE_local: false peers { permanent_uuid: "390add5b62d0491e947fbaa913806886" member_type: VOTER last_known_addr { host: "127.9.131.65" port: 35155 } } peers { permanent_uuid: "fa2b7127d769426dbf6b610f74536106" member_type: VOTER last_known_addr { host: "127.9.131.66" port: 40395 } } peers { permanent_uuid: "3bfa1b0cf96346a5a3ee6ea10de9496a" member_type: VOTER last_known_addr { host: "127.9.131.67" port: 45275 } }
I20260709 12:19:39.124423 10416 raft_consensus.cc:3060] T 79327c96f319433192eb5f752085848d P 390add5b62d0491e947fbaa913806886 [term 2 FOLLOWER]: Advancing to term 3
I20260709 12:19:39.127585 10768 raft_consensus.cc:993] T fd82dd15e20c4a50a0c70f53ca8b0c37 P 390add5b62d0491e947fbaa913806886: : Instructing follower 3bfa1b0cf96346a5a3ee6ea10de9496a to start an election
I20260709 12:19:39.128033 10756 raft_consensus.cc:1081] T fd82dd15e20c4a50a0c70f53ca8b0c37 P 390add5b62d0491e947fbaa913806886 [term 2 LEADER]: Signalling peer 3bfa1b0cf96346a5a3ee6ea10de9496a to start an election
I20260709 12:19:39.129307 10566 raft_consensus.cc:2468] T 79327c96f319433192eb5f752085848d P 3bfa1b0cf96346a5a3ee6ea10de9496a [term 3 FOLLOWER]: Leader election vote request: Granting yes vote for candidate fa2b7127d769426dbf6b610f74536106 in term 3.
I20260709 12:19:39.129603 10567 tablet_service.cc:2044] Received Run Leader Election RPC: tablet_id: "fd82dd15e20c4a50a0c70f53ca8b0c37"
dest_uuid: "3bfa1b0cf96346a5a3ee6ea10de9496a"
 from {username='slave'} at 127.0.0.1:38714
I20260709 12:19:39.130105 10567 raft_consensus.cc:493] T fd82dd15e20c4a50a0c70f53ca8b0c37 P 3bfa1b0cf96346a5a3ee6ea10de9496a [term 2 FOLLOWER]: Starting forced leader election (received explicit request)
I20260709 12:19:39.130460 10567 raft_consensus.cc:3060] T fd82dd15e20c4a50a0c70f53ca8b0c37 P 3bfa1b0cf96346a5a3ee6ea10de9496a [term 2 FOLLOWER]: Advancing to term 3
I20260709 12:19:39.130620 10458 leader_election.cc:304] T 79327c96f319433192eb5f752085848d P fa2b7127d769426dbf6b610f74536106 [CANDIDATE]: Term 3 election: Election decided. Result: candidate won. Election summary: received 2 responses out of 3 voters: 2 yes votes; 0 no votes. yes voters: 3bfa1b0cf96346a5a3ee6ea10de9496a, fa2b7127d769426dbf6b610f74536106; no voters: 
I20260709 12:19:39.131558 10766 raft_consensus.cc:2804] T 79327c96f319433192eb5f752085848d P fa2b7127d769426dbf6b610f74536106 [term 3 FOLLOWER]: Leader election won for term 3
I20260709 12:19:39.131734 10416 raft_consensus.cc:2468] T 79327c96f319433192eb5f752085848d P 390add5b62d0491e947fbaa913806886 [term 3 FOLLOWER]: Leader election vote request: Granting yes vote for candidate fa2b7127d769426dbf6b610f74536106 in term 3.
I20260709 12:19:39.132805 10766 raft_consensus.cc:697] T 79327c96f319433192eb5f752085848d P fa2b7127d769426dbf6b610f74536106 [term 3 LEADER]: Becoming Leader. State: Replica: fa2b7127d769426dbf6b610f74536106, State: Running, Role: LEADER
I20260709 12:19:39.133839 10766 consensus_queue.cc:237] T 79327c96f319433192eb5f752085848d P fa2b7127d769426dbf6b610f74536106 [LEADER]: Queue going to LEADER mode. State: All replicated index: 0, Majority replicated index: 2, Committed index: 2, Last appended: 2.2, Last appended by leader: 2, Current term: 3, Majority size: 2, State: 0, Mode: LEADER, active raft config: opid_index: -1 OBSOLETE_local: false peers { permanent_uuid: "390add5b62d0491e947fbaa913806886" member_type: VOTER last_known_addr { host: "127.9.131.65" port: 35155 } } peers { permanent_uuid: "fa2b7127d769426dbf6b610f74536106" member_type: VOTER last_known_addr { host: "127.9.131.66" port: 40395 } } peers { permanent_uuid: "3bfa1b0cf96346a5a3ee6ea10de9496a" member_type: VOTER last_known_addr { host: "127.9.131.67" port: 45275 } }
I20260709 12:19:39.138216 10567 raft_consensus.cc:515] T fd82dd15e20c4a50a0c70f53ca8b0c37 P 3bfa1b0cf96346a5a3ee6ea10de9496a [term 3 FOLLOWER]: Starting forced leader election with config: opid_index: -1 OBSOLETE_local: false peers { permanent_uuid: "3bfa1b0cf96346a5a3ee6ea10de9496a" member_type: VOTER last_known_addr { host: "127.9.131.67" port: 45275 } } peers { permanent_uuid: "fa2b7127d769426dbf6b610f74536106" member_type: VOTER last_known_addr { host: "127.9.131.66" port: 40395 } } peers { permanent_uuid: "390add5b62d0491e947fbaa913806886" member_type: VOTER last_known_addr { host: "127.9.131.65" port: 35155 } }
I20260709 12:19:39.140471 10567 leader_election.cc:290] T fd82dd15e20c4a50a0c70f53ca8b0c37 P 3bfa1b0cf96346a5a3ee6ea10de9496a [CANDIDATE]: Term 3 election: Requested vote from peers fa2b7127d769426dbf6b610f74536106 (127.9.131.66:40395), 390add5b62d0491e947fbaa913806886 (127.9.131.65:35155)
I20260709 12:19:39.141409 10416 tablet_service.cc:1917] Received RequestConsensusVote() RPC: tablet_id: "fd82dd15e20c4a50a0c70f53ca8b0c37" candidate_uuid: "3bfa1b0cf96346a5a3ee6ea10de9496a" candidate_term: 3 candidate_status { last_received { term: 2 index: 2 } } ignore_live_leader: true dest_uuid: "390add5b62d0491e947fbaa913806886"
I20260709 12:19:39.141961 10416 raft_consensus.cc:3055] T fd82dd15e20c4a50a0c70f53ca8b0c37 P 390add5b62d0491e947fbaa913806886 [term 2 LEADER]: Stepping down as leader of term 2
I20260709 12:19:39.142252 10416 raft_consensus.cc:740] T fd82dd15e20c4a50a0c70f53ca8b0c37 P 390add5b62d0491e947fbaa913806886 [term 2 LEADER]: Becoming Follower/Learner. State: Replica: 390add5b62d0491e947fbaa913806886, State: Running, Role: LEADER
I20260709 12:19:39.143028 10416 consensus_queue.cc:260] T fd82dd15e20c4a50a0c70f53ca8b0c37 P 390add5b62d0491e947fbaa913806886 [NON_LEADER]: Queue going to NON_LEADER mode. State: All replicated index: 0, Majority replicated index: 2, Committed index: 2, Last appended: 2.2, Last appended by leader: 2, Current term: 2, Majority size: -1, State: 0, Mode: NON_LEADER, active raft config: opid_index: -1 OBSOLETE_local: false peers { permanent_uuid: "3bfa1b0cf96346a5a3ee6ea10de9496a" member_type: VOTER last_known_addr { host: "127.9.131.67" port: 45275 } } peers { permanent_uuid: "fa2b7127d769426dbf6b610f74536106" member_type: VOTER last_known_addr { host: "127.9.131.66" port: 40395 } } peers { permanent_uuid: "390add5b62d0491e947fbaa913806886" member_type: VOTER last_known_addr { host: "127.9.131.65" port: 35155 } }
I20260709 12:19:39.143123 10316 catalog_manager.cc:5697] T 79327c96f319433192eb5f752085848d P fa2b7127d769426dbf6b610f74536106 reported cstate change: term changed from 2 to 3, leader changed from 390add5b62d0491e947fbaa913806886 (127.9.131.65) to fa2b7127d769426dbf6b610f74536106 (127.9.131.66). New cstate: current_term: 3 leader_uuid: "fa2b7127d769426dbf6b610f74536106" committed_config { opid_index: -1 OBSOLETE_local: false peers { permanent_uuid: "390add5b62d0491e947fbaa913806886" member_type: VOTER last_known_addr { host: "127.9.131.65" port: 35155 } health_report { overall_health: UNKNOWN } } peers { permanent_uuid: "fa2b7127d769426dbf6b610f74536106" member_type: VOTER last_known_addr { host: "127.9.131.66" port: 40395 } health_report { overall_health: HEALTHY } } peers { permanent_uuid: "3bfa1b0cf96346a5a3ee6ea10de9496a" member_type: VOTER last_known_addr { host: "127.9.131.67" port: 45275 } health_report { overall_health: UNKNOWN } } }
I20260709 12:19:39.144166 10416 raft_consensus.cc:3060] T fd82dd15e20c4a50a0c70f53ca8b0c37 P 390add5b62d0491e947fbaa913806886 [term 2 FOLLOWER]: Advancing to term 3
I20260709 12:19:39.146734 10492 tablet_service.cc:1917] Received RequestConsensusVote() RPC: tablet_id: "fd82dd15e20c4a50a0c70f53ca8b0c37" candidate_uuid: "3bfa1b0cf96346a5a3ee6ea10de9496a" candidate_term: 3 candidate_status { last_received { term: 2 index: 2 } } ignore_live_leader: true dest_uuid: "fa2b7127d769426dbf6b610f74536106"
I20260709 12:19:39.147269 10492 raft_consensus.cc:3060] T fd82dd15e20c4a50a0c70f53ca8b0c37 P fa2b7127d769426dbf6b610f74536106 [term 2 FOLLOWER]: Advancing to term 3
I20260709 12:19:39.151002 10416 raft_consensus.cc:2468] T fd82dd15e20c4a50a0c70f53ca8b0c37 P 390add5b62d0491e947fbaa913806886 [term 3 FOLLOWER]: Leader election vote request: Granting yes vote for candidate 3bfa1b0cf96346a5a3ee6ea10de9496a in term 3.
I20260709 12:19:39.152673 10531 leader_election.cc:304] T fd82dd15e20c4a50a0c70f53ca8b0c37 P 3bfa1b0cf96346a5a3ee6ea10de9496a [CANDIDATE]: Term 3 election: Election decided. Result: candidate won. Election summary: received 2 responses out of 3 voters: 2 yes votes; 0 no votes. yes voters: 390add5b62d0491e947fbaa913806886, 3bfa1b0cf96346a5a3ee6ea10de9496a; no voters: 
I20260709 12:19:39.153832 10710 raft_consensus.cc:2804] T fd82dd15e20c4a50a0c70f53ca8b0c37 P 3bfa1b0cf96346a5a3ee6ea10de9496a [term 3 FOLLOWER]: Leader election won for term 3
I20260709 12:19:39.154148 10492 raft_consensus.cc:2468] T fd82dd15e20c4a50a0c70f53ca8b0c37 P fa2b7127d769426dbf6b610f74536106 [term 3 FOLLOWER]: Leader election vote request: Granting yes vote for candidate 3bfa1b0cf96346a5a3ee6ea10de9496a in term 3.
I20260709 12:19:39.155678 10710 raft_consensus.cc:697] T fd82dd15e20c4a50a0c70f53ca8b0c37 P 3bfa1b0cf96346a5a3ee6ea10de9496a [term 3 LEADER]: Becoming Leader. State: Replica: 3bfa1b0cf96346a5a3ee6ea10de9496a, State: Running, Role: LEADER
I20260709 12:19:39.156553 10710 consensus_queue.cc:237] T fd82dd15e20c4a50a0c70f53ca8b0c37 P 3bfa1b0cf96346a5a3ee6ea10de9496a [LEADER]: Queue going to LEADER mode. State: All replicated index: 0, Majority replicated index: 2, Committed index: 2, Last appended: 2.2, Last appended by leader: 2, Current term: 3, Majority size: 2, State: 0, Mode: LEADER, active raft config: opid_index: -1 OBSOLETE_local: false peers { permanent_uuid: "3bfa1b0cf96346a5a3ee6ea10de9496a" member_type: VOTER last_known_addr { host: "127.9.131.67" port: 45275 } } peers { permanent_uuid: "fa2b7127d769426dbf6b610f74536106" member_type: VOTER last_known_addr { host: "127.9.131.66" port: 40395 } } peers { permanent_uuid: "390add5b62d0491e947fbaa913806886" member_type: VOTER last_known_addr { host: "127.9.131.65" port: 35155 } }
I20260709 12:19:39.164278 10316 catalog_manager.cc:5697] T fd82dd15e20c4a50a0c70f53ca8b0c37 P 3bfa1b0cf96346a5a3ee6ea10de9496a reported cstate change: term changed from 2 to 3, leader changed from 390add5b62d0491e947fbaa913806886 (127.9.131.65) to 3bfa1b0cf96346a5a3ee6ea10de9496a (127.9.131.67). New cstate: current_term: 3 leader_uuid: "3bfa1b0cf96346a5a3ee6ea10de9496a" committed_config { opid_index: -1 OBSOLETE_local: false peers { permanent_uuid: "3bfa1b0cf96346a5a3ee6ea10de9496a" member_type: VOTER last_known_addr { host: "127.9.131.67" port: 45275 } health_report { overall_health: HEALTHY } } peers { permanent_uuid: "fa2b7127d769426dbf6b610f74536106" member_type: VOTER last_known_addr { host: "127.9.131.66" port: 40395 } health_report { overall_health: UNKNOWN } } peers { permanent_uuid: "390add5b62d0491e947fbaa913806886" member_type: VOTER last_known_addr { host: "127.9.131.65" port: 35155 } health_report { overall_health: UNKNOWN } } }
I20260709 12:19:39.310168 10768 raft_consensus.cc:993] T b945359b04724fd1b32b67ebac2a75c4 P 390add5b62d0491e947fbaa913806886: : Instructing follower 3bfa1b0cf96346a5a3ee6ea10de9496a to start an election
I20260709 12:19:39.310688 10756 raft_consensus.cc:1081] T b945359b04724fd1b32b67ebac2a75c4 P 390add5b62d0491e947fbaa913806886 [term 1 LEADER]: Signalling peer 3bfa1b0cf96346a5a3ee6ea10de9496a to start an election
I20260709 12:19:39.312084 10567 tablet_service.cc:2044] Received Run Leader Election RPC: tablet_id: "b945359b04724fd1b32b67ebac2a75c4"
dest_uuid: "3bfa1b0cf96346a5a3ee6ea10de9496a"
 from {username='slave'} at 127.0.0.1:38714
I20260709 12:19:39.312517 10567 raft_consensus.cc:493] T b945359b04724fd1b32b67ebac2a75c4 P 3bfa1b0cf96346a5a3ee6ea10de9496a [term 1 FOLLOWER]: Starting forced leader election (received explicit request)
I20260709 12:19:39.312775 10567 raft_consensus.cc:3060] T b945359b04724fd1b32b67ebac2a75c4 P 3bfa1b0cf96346a5a3ee6ea10de9496a [term 1 FOLLOWER]: Advancing to term 2
I20260709 12:19:39.317092 10567 raft_consensus.cc:515] T b945359b04724fd1b32b67ebac2a75c4 P 3bfa1b0cf96346a5a3ee6ea10de9496a [term 2 FOLLOWER]: Starting forced leader election with config: opid_index: -1 OBSOLETE_local: false peers { permanent_uuid: "390add5b62d0491e947fbaa913806886" member_type: VOTER last_known_addr { host: "127.9.131.65" port: 35155 } } peers { permanent_uuid: "fa2b7127d769426dbf6b610f74536106" member_type: VOTER last_known_addr { host: "127.9.131.66" port: 40395 } } peers { permanent_uuid: "3bfa1b0cf96346a5a3ee6ea10de9496a" member_type: VOTER last_known_addr { host: "127.9.131.67" port: 45275 } }
I20260709 12:19:39.318583 10567 leader_election.cc:290] T b945359b04724fd1b32b67ebac2a75c4 P 3bfa1b0cf96346a5a3ee6ea10de9496a [CANDIDATE]: Term 2 election: Requested vote from peers 390add5b62d0491e947fbaa913806886 (127.9.131.65:35155), fa2b7127d769426dbf6b610f74536106 (127.9.131.66:40395)
I20260709 12:19:39.319300 10416 tablet_service.cc:1917] Received RequestConsensusVote() RPC: tablet_id: "b945359b04724fd1b32b67ebac2a75c4" candidate_uuid: "3bfa1b0cf96346a5a3ee6ea10de9496a" candidate_term: 2 candidate_status { last_received { term: 1 index: 1 } } ignore_live_leader: true dest_uuid: "390add5b62d0491e947fbaa913806886"
I20260709 12:19:39.319561 10492 tablet_service.cc:1917] Received RequestConsensusVote() RPC: tablet_id: "b945359b04724fd1b32b67ebac2a75c4" candidate_uuid: "3bfa1b0cf96346a5a3ee6ea10de9496a" candidate_term: 2 candidate_status { last_received { term: 1 index: 1 } } ignore_live_leader: true dest_uuid: "fa2b7127d769426dbf6b610f74536106"
I20260709 12:19:39.319893 10416 raft_consensus.cc:3055] T b945359b04724fd1b32b67ebac2a75c4 P 390add5b62d0491e947fbaa913806886 [term 1 LEADER]: Stepping down as leader of term 1
I20260709 12:19:39.320062 10492 raft_consensus.cc:3060] T b945359b04724fd1b32b67ebac2a75c4 P fa2b7127d769426dbf6b610f74536106 [term 1 FOLLOWER]: Advancing to term 2
I20260709 12:19:39.320215 10416 raft_consensus.cc:740] T b945359b04724fd1b32b67ebac2a75c4 P 390add5b62d0491e947fbaa913806886 [term 1 LEADER]: Becoming Follower/Learner. State: Replica: 390add5b62d0491e947fbaa913806886, State: Running, Role: LEADER
I20260709 12:19:39.320989 10416 consensus_queue.cc:260] T b945359b04724fd1b32b67ebac2a75c4 P 390add5b62d0491e947fbaa913806886 [NON_LEADER]: Queue going to NON_LEADER mode. State: All replicated index: 0, Majority replicated index: 1, Committed index: 1, Last appended: 1.1, Last appended by leader: 1, Current term: 1, Majority size: -1, State: 0, Mode: NON_LEADER, active raft config: opid_index: -1 OBSOLETE_local: false peers { permanent_uuid: "390add5b62d0491e947fbaa913806886" member_type: VOTER last_known_addr { host: "127.9.131.65" port: 35155 } } peers { permanent_uuid: "fa2b7127d769426dbf6b610f74536106" member_type: VOTER last_known_addr { host: "127.9.131.66" port: 40395 } } peers { permanent_uuid: "3bfa1b0cf96346a5a3ee6ea10de9496a" member_type: VOTER last_known_addr { host: "127.9.131.67" port: 45275 } }
I20260709 12:19:39.322162 10416 raft_consensus.cc:3060] T b945359b04724fd1b32b67ebac2a75c4 P 390add5b62d0491e947fbaa913806886 [term 1 FOLLOWER]: Advancing to term 2
I20260709 12:19:39.326371 10492 raft_consensus.cc:2468] T b945359b04724fd1b32b67ebac2a75c4 P fa2b7127d769426dbf6b610f74536106 [term 2 FOLLOWER]: Leader election vote request: Granting yes vote for candidate 3bfa1b0cf96346a5a3ee6ea10de9496a in term 2.
I20260709 12:19:39.327658 10533 leader_election.cc:304] T b945359b04724fd1b32b67ebac2a75c4 P 3bfa1b0cf96346a5a3ee6ea10de9496a [CANDIDATE]: Term 2 election: Election decided. Result: candidate won. Election summary: received 2 responses out of 3 voters: 2 yes votes; 0 no votes. yes voters: 3bfa1b0cf96346a5a3ee6ea10de9496a, fa2b7127d769426dbf6b610f74536106; no voters: 
I20260709 12:19:39.328317 10416 raft_consensus.cc:2468] T b945359b04724fd1b32b67ebac2a75c4 P 390add5b62d0491e947fbaa913806886 [term 2 FOLLOWER]: Leader election vote request: Granting yes vote for candidate 3bfa1b0cf96346a5a3ee6ea10de9496a in term 2.
I20260709 12:19:39.328471 10710 raft_consensus.cc:2804] T b945359b04724fd1b32b67ebac2a75c4 P 3bfa1b0cf96346a5a3ee6ea10de9496a [term 2 FOLLOWER]: Leader election won for term 2
I20260709 12:19:39.328962 10710 raft_consensus.cc:697] T b945359b04724fd1b32b67ebac2a75c4 P 3bfa1b0cf96346a5a3ee6ea10de9496a [term 2 LEADER]: Becoming Leader. State: Replica: 3bfa1b0cf96346a5a3ee6ea10de9496a, State: Running, Role: LEADER
I20260709 12:19:39.329895 10710 consensus_queue.cc:237] T b945359b04724fd1b32b67ebac2a75c4 P 3bfa1b0cf96346a5a3ee6ea10de9496a [LEADER]: Queue going to LEADER mode. State: All replicated index: 0, Majority replicated index: 1, Committed index: 1, Last appended: 1.1, Last appended by leader: 1, Current term: 2, Majority size: 2, State: 0, Mode: LEADER, active raft config: opid_index: -1 OBSOLETE_local: false peers { permanent_uuid: "390add5b62d0491e947fbaa913806886" member_type: VOTER last_known_addr { host: "127.9.131.65" port: 35155 } } peers { permanent_uuid: "fa2b7127d769426dbf6b610f74536106" member_type: VOTER last_known_addr { host: "127.9.131.66" port: 40395 } } peers { permanent_uuid: "3bfa1b0cf96346a5a3ee6ea10de9496a" member_type: VOTER last_known_addr { host: "127.9.131.67" port: 45275 } }
I20260709 12:19:39.336455 10316 catalog_manager.cc:5697] T b945359b04724fd1b32b67ebac2a75c4 P 3bfa1b0cf96346a5a3ee6ea10de9496a reported cstate change: term changed from 1 to 2, leader changed from 390add5b62d0491e947fbaa913806886 (127.9.131.65) to 3bfa1b0cf96346a5a3ee6ea10de9496a (127.9.131.67). New cstate: current_term: 2 leader_uuid: "3bfa1b0cf96346a5a3ee6ea10de9496a" committed_config { opid_index: -1 OBSOLETE_local: false peers { permanent_uuid: "390add5b62d0491e947fbaa913806886" member_type: VOTER last_known_addr { host: "127.9.131.65" port: 35155 } health_report { overall_health: UNKNOWN } } peers { permanent_uuid: "fa2b7127d769426dbf6b610f74536106" member_type: VOTER last_known_addr { host: "127.9.131.66" port: 40395 } health_report { overall_health: UNKNOWN } } peers { permanent_uuid: "3bfa1b0cf96346a5a3ee6ea10de9496a" member_type: VOTER last_known_addr { host: "127.9.131.67" port: 45275 } health_report { overall_health: HEALTHY } } }
I20260709 12:19:39.493290 10768 raft_consensus.cc:993] T f298960b2387414094881ba3dfd8e6ad P 390add5b62d0491e947fbaa913806886: : Instructing follower fa2b7127d769426dbf6b610f74536106 to start an election
I20260709 12:19:39.493697 10756 raft_consensus.cc:1081] T f298960b2387414094881ba3dfd8e6ad P 390add5b62d0491e947fbaa913806886 [term 3 LEADER]: Signalling peer fa2b7127d769426dbf6b610f74536106 to start an election
I20260709 12:19:39.494940 10492 tablet_service.cc:2044] Received Run Leader Election RPC: tablet_id: "f298960b2387414094881ba3dfd8e6ad"
dest_uuid: "fa2b7127d769426dbf6b610f74536106"
 from {username='slave'} at 127.0.0.1:38698
I20260709 12:19:39.495332 10492 raft_consensus.cc:493] T f298960b2387414094881ba3dfd8e6ad P fa2b7127d769426dbf6b610f74536106 [term 3 FOLLOWER]: Starting forced leader election (received explicit request)
I20260709 12:19:39.495589 10492 raft_consensus.cc:3060] T f298960b2387414094881ba3dfd8e6ad P fa2b7127d769426dbf6b610f74536106 [term 3 FOLLOWER]: Advancing to term 4
I20260709 12:19:39.499622 10492 raft_consensus.cc:515] T f298960b2387414094881ba3dfd8e6ad P fa2b7127d769426dbf6b610f74536106 [term 4 FOLLOWER]: Starting forced leader election with config: opid_index: -1 OBSOLETE_local: false peers { permanent_uuid: "390add5b62d0491e947fbaa913806886" member_type: VOTER last_known_addr { host: "127.9.131.65" port: 35155 } } peers { permanent_uuid: "fa2b7127d769426dbf6b610f74536106" member_type: VOTER last_known_addr { host: "127.9.131.66" port: 40395 } } peers { permanent_uuid: "3bfa1b0cf96346a5a3ee6ea10de9496a" member_type: VOTER last_known_addr { host: "127.9.131.67" port: 45275 } }
I20260709 12:19:39.501098 10492 leader_election.cc:290] T f298960b2387414094881ba3dfd8e6ad P fa2b7127d769426dbf6b610f74536106 [CANDIDATE]: Term 4 election: Requested vote from peers 390add5b62d0491e947fbaa913806886 (127.9.131.65:35155), 3bfa1b0cf96346a5a3ee6ea10de9496a (127.9.131.67:45275)
I20260709 12:19:39.502024 10416 tablet_service.cc:1917] Received RequestConsensusVote() RPC: tablet_id: "f298960b2387414094881ba3dfd8e6ad" candidate_uuid: "fa2b7127d769426dbf6b610f74536106" candidate_term: 4 candidate_status { last_received { term: 3 index: 3 } } ignore_live_leader: true dest_uuid: "390add5b62d0491e947fbaa913806886"
I20260709 12:19:39.502174 10567 tablet_service.cc:1917] Received RequestConsensusVote() RPC: tablet_id: "f298960b2387414094881ba3dfd8e6ad" candidate_uuid: "fa2b7127d769426dbf6b610f74536106" candidate_term: 4 candidate_status { last_received { term: 3 index: 3 } } ignore_live_leader: true dest_uuid: "3bfa1b0cf96346a5a3ee6ea10de9496a"
I20260709 12:19:39.502470 10416 raft_consensus.cc:3055] T f298960b2387414094881ba3dfd8e6ad P 390add5b62d0491e947fbaa913806886 [term 3 LEADER]: Stepping down as leader of term 3
I20260709 12:19:39.502615 10567 raft_consensus.cc:3060] T f298960b2387414094881ba3dfd8e6ad P 3bfa1b0cf96346a5a3ee6ea10de9496a [term 3 FOLLOWER]: Advancing to term 4
I20260709 12:19:39.502732 10416 raft_consensus.cc:740] T f298960b2387414094881ba3dfd8e6ad P 390add5b62d0491e947fbaa913806886 [term 3 LEADER]: Becoming Follower/Learner. State: Replica: 390add5b62d0491e947fbaa913806886, State: Running, Role: LEADER
I20260709 12:19:39.503420 10416 consensus_queue.cc:260] T f298960b2387414094881ba3dfd8e6ad P 390add5b62d0491e947fbaa913806886 [NON_LEADER]: Queue going to NON_LEADER mode. State: All replicated index: 0, Majority replicated index: 3, Committed index: 3, Last appended: 3.3, Last appended by leader: 3, Current term: 3, Majority size: -1, State: 0, Mode: NON_LEADER, active raft config: opid_index: -1 OBSOLETE_local: false peers { permanent_uuid: "390add5b62d0491e947fbaa913806886" member_type: VOTER last_known_addr { host: "127.9.131.65" port: 35155 } } peers { permanent_uuid: "fa2b7127d769426dbf6b610f74536106" member_type: VOTER last_known_addr { host: "127.9.131.66" port: 40395 } } peers { permanent_uuid: "3bfa1b0cf96346a5a3ee6ea10de9496a" member_type: VOTER last_known_addr { host: "127.9.131.67" port: 45275 } }
I20260709 12:19:39.504338 10416 raft_consensus.cc:3060] T f298960b2387414094881ba3dfd8e6ad P 390add5b62d0491e947fbaa913806886 [term 3 FOLLOWER]: Advancing to term 4
I20260709 12:19:39.506930 10567 raft_consensus.cc:2468] T f298960b2387414094881ba3dfd8e6ad P 3bfa1b0cf96346a5a3ee6ea10de9496a [term 4 FOLLOWER]: Leader election vote request: Granting yes vote for candidate fa2b7127d769426dbf6b610f74536106 in term 4.
I20260709 12:19:39.507793 10458 leader_election.cc:304] T f298960b2387414094881ba3dfd8e6ad P fa2b7127d769426dbf6b610f74536106 [CANDIDATE]: Term 4 election: Election decided. Result: candidate won. Election summary: received 2 responses out of 3 voters: 2 yes votes; 0 no votes. yes voters: 3bfa1b0cf96346a5a3ee6ea10de9496a, fa2b7127d769426dbf6b610f74536106; no voters: 
I20260709 12:19:39.508450 10766 raft_consensus.cc:2804] T f298960b2387414094881ba3dfd8e6ad P fa2b7127d769426dbf6b610f74536106 [term 4 FOLLOWER]: Leader election won for term 4
I20260709 12:19:39.508460 10416 raft_consensus.cc:2468] T f298960b2387414094881ba3dfd8e6ad P 390add5b62d0491e947fbaa913806886 [term 4 FOLLOWER]: Leader election vote request: Granting yes vote for candidate fa2b7127d769426dbf6b610f74536106 in term 4.
I20260709 12:19:39.508852 10766 raft_consensus.cc:697] T f298960b2387414094881ba3dfd8e6ad P fa2b7127d769426dbf6b610f74536106 [term 4 LEADER]: Becoming Leader. State: Replica: fa2b7127d769426dbf6b610f74536106, State: Running, Role: LEADER
I20260709 12:19:39.509727 10766 consensus_queue.cc:237] T f298960b2387414094881ba3dfd8e6ad P fa2b7127d769426dbf6b610f74536106 [LEADER]: Queue going to LEADER mode. State: All replicated index: 0, Majority replicated index: 3, Committed index: 3, Last appended: 3.3, Last appended by leader: 3, Current term: 4, Majority size: 2, State: 0, Mode: LEADER, active raft config: opid_index: -1 OBSOLETE_local: false peers { permanent_uuid: "390add5b62d0491e947fbaa913806886" member_type: VOTER last_known_addr { host: "127.9.131.65" port: 35155 } } peers { permanent_uuid: "fa2b7127d769426dbf6b610f74536106" member_type: VOTER last_known_addr { host: "127.9.131.66" port: 40395 } } peers { permanent_uuid: "3bfa1b0cf96346a5a3ee6ea10de9496a" member_type: VOTER last_known_addr { host: "127.9.131.67" port: 45275 } }
I20260709 12:19:39.518100 10316 catalog_manager.cc:5697] T f298960b2387414094881ba3dfd8e6ad P fa2b7127d769426dbf6b610f74536106 reported cstate change: term changed from 3 to 4, leader changed from 390add5b62d0491e947fbaa913806886 (127.9.131.65) to fa2b7127d769426dbf6b610f74536106 (127.9.131.66). New cstate: current_term: 4 leader_uuid: "fa2b7127d769426dbf6b610f74536106" committed_config { opid_index: -1 OBSOLETE_local: false peers { permanent_uuid: "390add5b62d0491e947fbaa913806886" member_type: VOTER last_known_addr { host: "127.9.131.65" port: 35155 } health_report { overall_health: UNKNOWN } } peers { permanent_uuid: "fa2b7127d769426dbf6b610f74536106" member_type: VOTER last_known_addr { host: "127.9.131.66" port: 40395 } health_report { overall_health: HEALTHY } } peers { permanent_uuid: "3bfa1b0cf96346a5a3ee6ea10de9496a" member_type: VOTER last_known_addr { host: "127.9.131.67" port: 45275 } health_report { overall_health: UNKNOWN } } }
I20260709 12:19:39.548488 10567 raft_consensus.cc:1275] T 79327c96f319433192eb5f752085848d P 3bfa1b0cf96346a5a3ee6ea10de9496a [term 3 FOLLOWER]: Refusing update from remote peer fa2b7127d769426dbf6b610f74536106: Log matching property violated. Preceding OpId in replica: term: 2 index: 2. Preceding OpId from leader: term: 3 index: 3. (index mismatch)
I20260709 12:19:39.549544 10766 consensus_queue.cc:1048] T 79327c96f319433192eb5f752085848d P fa2b7127d769426dbf6b610f74536106 [LEADER]: Connected to new peer: Peer: permanent_uuid: "3bfa1b0cf96346a5a3ee6ea10de9496a" member_type: VOTER last_known_addr { host: "127.9.131.67" port: 45275 }, Status: LMP_MISMATCH, Last received: 0.0, Next index: 3, Last known committed idx: 2, Time since last communication: 0.000s
I20260709 12:19:39.560544 10416 raft_consensus.cc:1275] T 79327c96f319433192eb5f752085848d P 390add5b62d0491e947fbaa913806886 [term 3 FOLLOWER]: Refusing update from remote peer fa2b7127d769426dbf6b610f74536106: Log matching property violated. Preceding OpId in replica: term: 2 index: 2. Preceding OpId from leader: term: 3 index: 3. (index mismatch)
I20260709 12:19:39.561748 10766 consensus_queue.cc:1048] T 79327c96f319433192eb5f752085848d P fa2b7127d769426dbf6b610f74536106 [LEADER]: Connected to new peer: Peer: permanent_uuid: "390add5b62d0491e947fbaa913806886" member_type: VOTER last_known_addr { host: "127.9.131.65" port: 35155 }, Status: LMP_MISMATCH, Last received: 0.0, Next index: 3, Last known committed idx: 2, Time since last communication: 0.000s
I20260709 12:19:39.723989 10492 raft_consensus.cc:1275] T fd82dd15e20c4a50a0c70f53ca8b0c37 P fa2b7127d769426dbf6b610f74536106 [term 3 FOLLOWER]: Refusing update from remote peer 3bfa1b0cf96346a5a3ee6ea10de9496a: Log matching property violated. Preceding OpId in replica: term: 2 index: 2. Preceding OpId from leader: term: 3 index: 3. (index mismatch)
I20260709 12:19:39.725165 10710 consensus_queue.cc:1048] T fd82dd15e20c4a50a0c70f53ca8b0c37 P 3bfa1b0cf96346a5a3ee6ea10de9496a [LEADER]: Connected to new peer: Peer: permanent_uuid: "fa2b7127d769426dbf6b610f74536106" member_type: VOTER last_known_addr { host: "127.9.131.66" port: 40395 }, Status: LMP_MISMATCH, Last received: 0.0, Next index: 3, Last known committed idx: 2, Time since last communication: 0.000s
I20260709 12:19:39.735483 10416 raft_consensus.cc:1275] T fd82dd15e20c4a50a0c70f53ca8b0c37 P 390add5b62d0491e947fbaa913806886 [term 3 FOLLOWER]: Refusing update from remote peer 3bfa1b0cf96346a5a3ee6ea10de9496a: Log matching property violated. Preceding OpId in replica: term: 2 index: 2. Preceding OpId from leader: term: 3 index: 3. (index mismatch)
I20260709 12:19:39.737123 10785 consensus_queue.cc:1048] T fd82dd15e20c4a50a0c70f53ca8b0c37 P 3bfa1b0cf96346a5a3ee6ea10de9496a [LEADER]: Connected to new peer: Peer: permanent_uuid: "390add5b62d0491e947fbaa913806886" member_type: VOTER last_known_addr { host: "127.9.131.65" port: 35155 }, Status: LMP_MISMATCH, Last received: 0.0, Next index: 3, Last known committed idx: 2, Time since last communication: 0.001s
I20260709 12:19:39.749580 10416 raft_consensus.cc:1275] T b945359b04724fd1b32b67ebac2a75c4 P 390add5b62d0491e947fbaa913806886 [term 2 FOLLOWER]: Refusing update from remote peer 3bfa1b0cf96346a5a3ee6ea10de9496a: Log matching property violated. Preceding OpId in replica: term: 1 index: 1. Preceding OpId from leader: term: 2 index: 2. (index mismatch)
I20260709 12:19:39.750800 10785 consensus_queue.cc:1048] T b945359b04724fd1b32b67ebac2a75c4 P 3bfa1b0cf96346a5a3ee6ea10de9496a [LEADER]: Connected to new peer: Peer: permanent_uuid: "390add5b62d0491e947fbaa913806886" member_type: VOTER last_known_addr { host: "127.9.131.65" port: 35155 }, Status: LMP_MISMATCH, Last received: 0.0, Next index: 2, Last known committed idx: 1, Time since last communication: 0.000s
I20260709 12:19:39.758880 10492 raft_consensus.cc:1275] T b945359b04724fd1b32b67ebac2a75c4 P fa2b7127d769426dbf6b610f74536106 [term 2 FOLLOWER]: Refusing update from remote peer 3bfa1b0cf96346a5a3ee6ea10de9496a: Log matching property violated. Preceding OpId in replica: term: 1 index: 1. Preceding OpId from leader: term: 2 index: 2. (index mismatch)
I20260709 12:19:39.760851 10774 consensus_queue.cc:1048] T b945359b04724fd1b32b67ebac2a75c4 P 3bfa1b0cf96346a5a3ee6ea10de9496a [LEADER]: Connected to new peer: Peer: permanent_uuid: "fa2b7127d769426dbf6b610f74536106" member_type: VOTER last_known_addr { host: "127.9.131.66" port: 40395 }, Status: LMP_MISMATCH, Last received: 0.0, Next index: 2, Last known committed idx: 1, Time since last communication: 0.000s
I20260709 12:19:39.895820 10567 raft_consensus.cc:1275] T f298960b2387414094881ba3dfd8e6ad P 3bfa1b0cf96346a5a3ee6ea10de9496a [term 4 FOLLOWER]: Refusing update from remote peer fa2b7127d769426dbf6b610f74536106: Log matching property violated. Preceding OpId in replica: term: 3 index: 3. Preceding OpId from leader: term: 4 index: 4. (index mismatch)
I20260709 12:19:39.896929 10766 consensus_queue.cc:1048] T f298960b2387414094881ba3dfd8e6ad P fa2b7127d769426dbf6b610f74536106 [LEADER]: Connected to new peer: Peer: permanent_uuid: "3bfa1b0cf96346a5a3ee6ea10de9496a" member_type: VOTER last_known_addr { host: "127.9.131.67" port: 45275 }, Status: LMP_MISMATCH, Last received: 0.0, Next index: 4, Last known committed idx: 3, Time since last communication: 0.000s
I20260709 12:19:39.906749 10416 raft_consensus.cc:1275] T f298960b2387414094881ba3dfd8e6ad P 390add5b62d0491e947fbaa913806886 [term 4 FOLLOWER]: Refusing update from remote peer fa2b7127d769426dbf6b610f74536106: Log matching property violated. Preceding OpId in replica: term: 3 index: 3. Preceding OpId from leader: term: 4 index: 4. (index mismatch)
I20260709 12:19:39.908360 10790 consensus_queue.cc:1048] T f298960b2387414094881ba3dfd8e6ad P fa2b7127d769426dbf6b610f74536106 [LEADER]: Connected to new peer: Peer: permanent_uuid: "390add5b62d0491e947fbaa913806886" member_type: VOTER last_known_addr { host: "127.9.131.65" port: 35155 }, Status: LMP_MISMATCH, Last received: 0.0, Next index: 4, Last known committed idx: 3, Time since last communication: 0.001s
I20260709 12:19:40.100322  9741 auto_leader_rebalancer.cc:141] leader rebalance for table test-workload
I20260709 12:19:40.105687  9741 auto_leader_rebalancer.cc:440] table: test-workload, leader rebalance finish, leader transfer count: 0
I20260709 12:19:40.106107  9741 auto_leader_rebalancer.cc:515] All tables' leader rebalancing finished this round
I20260709 12:19:41.107048  9741 auto_leader_rebalancer.cc:141] leader rebalance for table test-workload
I20260709 12:19:41.112994  9741 auto_leader_rebalancer.cc:440] table: test-workload, leader rebalance finish, leader transfer count: 0
I20260709 12:19:41.113406  9741 auto_leader_rebalancer.cc:515] All tables' leader rebalancing finished this round
I20260709 12:19:42.114302  9741 auto_leader_rebalancer.cc:141] leader rebalance for table test-workload
I20260709 12:19:42.119572  9741 auto_leader_rebalancer.cc:440] table: test-workload, leader rebalance finish, leader transfer count: 0
I20260709 12:19:42.120059  9741 auto_leader_rebalancer.cc:515] All tables' leader rebalancing finished this round
I20260709 12:19:43.120998  9741 auto_leader_rebalancer.cc:141] leader rebalance for table test-workload
I20260709 12:19:43.127774  9741 auto_leader_rebalancer.cc:440] table: test-workload, leader rebalance finish, leader transfer count: 0
I20260709 12:19:43.128219  9741 auto_leader_rebalancer.cc:515] All tables' leader rebalancing finished this round
I20260709 12:19:44.129170  9741 auto_leader_rebalancer.cc:141] leader rebalance for table test-workload
I20260709 12:19:44.135026  9741 auto_leader_rebalancer.cc:440] table: test-workload, leader rebalance finish, leader transfer count: 0
I20260709 12:19:44.135530  9741 auto_leader_rebalancer.cc:515] All tables' leader rebalancing finished this round
I20260709 12:19:45.136540  9741 auto_leader_rebalancer.cc:141] leader rebalance for table test-workload
I20260709 12:19:45.141718  9741 auto_leader_rebalancer.cc:440] table: test-workload, leader rebalance finish, leader transfer count: 0
I20260709 12:19:45.142167  9741 auto_leader_rebalancer.cc:515] All tables' leader rebalancing finished this round
I20260709 12:19:46.143239  9741 auto_leader_rebalancer.cc:141] leader rebalance for table test-workload
I20260709 12:19:46.148922  9741 auto_leader_rebalancer.cc:440] table: test-workload, leader rebalance finish, leader transfer count: 0
I20260709 12:19:46.149343  9741 auto_leader_rebalancer.cc:515] All tables' leader rebalancing finished this round
I20260709 12:19:47.150255  9741 auto_leader_rebalancer.cc:141] leader rebalance for table test-workload
I20260709 12:19:47.156006  9741 auto_leader_rebalancer.cc:440] table: test-workload, leader rebalance finish, leader transfer count: 0
I20260709 12:19:47.156435  9741 auto_leader_rebalancer.cc:515] All tables' leader rebalancing finished this round
I20260709 12:19:48.157308  9741 auto_leader_rebalancer.cc:141] leader rebalance for table test-workload
I20260709 12:19:48.163228  9741 auto_leader_rebalancer.cc:440] table: test-workload, leader rebalance finish, leader transfer count: 0
I20260709 12:19:48.163725  9741 auto_leader_rebalancer.cc:515] All tables' leader rebalancing finished this round
I20260709 12:19:49.197784  9741 auto_leader_rebalancer-test.cc:410] The leader distribution is 
I20260709 12:19:49.198367  9741 tablet_server.cc:179] TabletServer@127.9.131.65:0 shutting down...
W20260709 12:19:49.209897 10457 proxy.cc:239] Call had error, refreshing address and retrying: Remote error: Service unavailable: service kudu.consensus.ConsensusService not registered on TabletServer [suppressed 5 similar messages]
W20260709 12:19:49.214468 10457 consensus_peers.cc:597] T 79327c96f319433192eb5f752085848d P fa2b7127d769426dbf6b610f74536106 -> Peer 390add5b62d0491e947fbaa913806886 (127.9.131.65:35155): Couldn't send request to peer 390add5b62d0491e947fbaa913806886. Status: Remote error: Service unavailable: service kudu.consensus.ConsensusService not registered on TabletServer. This is attempt 1: this message will repeat every 5th retry.
I20260709 12:19:49.228017  9741 ts_tablet_manager.cc:1507] Shutting down tablet manager...
I20260709 12:19:49.229777  9741 tablet_replica.cc:333] T 6dca734c6e434c1595f96ef0b2825c17 P 390add5b62d0491e947fbaa913806886: stopping tablet replica
I20260709 12:19:49.231536  9741 raft_consensus.cc:2243] T 6dca734c6e434c1595f96ef0b2825c17 P 390add5b62d0491e947fbaa913806886 [term 2 LEADER]: Raft consensus shutting down.
I20260709 12:19:49.233337  9741 raft_consensus.cc:2272] T 6dca734c6e434c1595f96ef0b2825c17 P 390add5b62d0491e947fbaa913806886 [term 2 FOLLOWER]: Raft consensus is shut down!
I20260709 12:19:49.235963  9741 tablet_replica.cc:333] T 82aae21e47564b3abcc7247912bd13f7 P 390add5b62d0491e947fbaa913806886: stopping tablet replica
I20260709 12:19:49.236611  9741 raft_consensus.cc:2243] T 82aae21e47564b3abcc7247912bd13f7 P 390add5b62d0491e947fbaa913806886 [term 1 FOLLOWER]: Raft consensus shutting down.
I20260709 12:19:49.237139  9741 raft_consensus.cc:2272] T 82aae21e47564b3abcc7247912bd13f7 P 390add5b62d0491e947fbaa913806886 [term 1 FOLLOWER]: Raft consensus is shut down!
I20260709 12:19:49.239233  9741 tablet_replica.cc:333] T bb6df9ee5d9940198397a007388de659 P 390add5b62d0491e947fbaa913806886: stopping tablet replica
I20260709 12:19:49.239826  9741 raft_consensus.cc:2243] T bb6df9ee5d9940198397a007388de659 P 390add5b62d0491e947fbaa913806886 [term 2 FOLLOWER]: Raft consensus shutting down.
I20260709 12:19:49.240455  9741 raft_consensus.cc:2272] T bb6df9ee5d9940198397a007388de659 P 390add5b62d0491e947fbaa913806886 [term 2 FOLLOWER]: Raft consensus is shut down!
I20260709 12:19:49.242547  9741 tablet_replica.cc:333] T f298960b2387414094881ba3dfd8e6ad P 390add5b62d0491e947fbaa913806886: stopping tablet replica
I20260709 12:19:49.243117  9741 raft_consensus.cc:2243] T f298960b2387414094881ba3dfd8e6ad P 390add5b62d0491e947fbaa913806886 [term 4 FOLLOWER]: Raft consensus shutting down.
I20260709 12:19:49.243687  9741 raft_consensus.cc:2272] T f298960b2387414094881ba3dfd8e6ad P 390add5b62d0491e947fbaa913806886 [term 4 FOLLOWER]: Raft consensus is shut down!
I20260709 12:19:49.246912  9741 tablet_replica.cc:333] T fd82dd15e20c4a50a0c70f53ca8b0c37 P 390add5b62d0491e947fbaa913806886: stopping tablet replica
I20260709 12:19:49.247686  9741 raft_consensus.cc:2243] T fd82dd15e20c4a50a0c70f53ca8b0c37 P 390add5b62d0491e947fbaa913806886 [term 3 FOLLOWER]: Raft consensus shutting down.
I20260709 12:19:49.248435  9741 raft_consensus.cc:2272] T fd82dd15e20c4a50a0c70f53ca8b0c37 P 390add5b62d0491e947fbaa913806886 [term 3 FOLLOWER]: Raft consensus is shut down!
I20260709 12:19:49.250487  9741 tablet_replica.cc:333] T d7128a5d9b774f3cb0ebdabf0e1c2e3c P 390add5b62d0491e947fbaa913806886: stopping tablet replica
I20260709 12:19:49.251003  9741 raft_consensus.cc:2243] T d7128a5d9b774f3cb0ebdabf0e1c2e3c P 390add5b62d0491e947fbaa913806886 [term 2 LEADER]: Raft consensus shutting down.
I20260709 12:19:49.251848  9741 raft_consensus.cc:2272] T d7128a5d9b774f3cb0ebdabf0e1c2e3c P 390add5b62d0491e947fbaa913806886 [term 2 FOLLOWER]: Raft consensus is shut down!
I20260709 12:19:49.253751  9741 tablet_replica.cc:333] T b945359b04724fd1b32b67ebac2a75c4 P 390add5b62d0491e947fbaa913806886: stopping tablet replica
I20260709 12:19:49.254328  9741 raft_consensus.cc:2243] T b945359b04724fd1b32b67ebac2a75c4 P 390add5b62d0491e947fbaa913806886 [term 2 FOLLOWER]: Raft consensus shutting down.
I20260709 12:19:49.254766  9741 raft_consensus.cc:2272] T b945359b04724fd1b32b67ebac2a75c4 P 390add5b62d0491e947fbaa913806886 [term 2 FOLLOWER]: Raft consensus is shut down!
I20260709 12:19:49.256649  9741 tablet_replica.cc:333] T 79327c96f319433192eb5f752085848d P 390add5b62d0491e947fbaa913806886: stopping tablet replica
I20260709 12:19:49.257110  9741 raft_consensus.cc:2243] T 79327c96f319433192eb5f752085848d P 390add5b62d0491e947fbaa913806886 [term 3 FOLLOWER]: Raft consensus shutting down.
I20260709 12:19:49.257558  9741 raft_consensus.cc:2272] T 79327c96f319433192eb5f752085848d P 390add5b62d0491e947fbaa913806886 [term 3 FOLLOWER]: Raft consensus is shut down!
I20260709 12:19:49.259454  9741 tablet_replica.cc:333] T b4752da4a6a447ad93fdacdb010730ca P 390add5b62d0491e947fbaa913806886: stopping tablet replica
I20260709 12:19:49.259979  9741 raft_consensus.cc:2243] T b4752da4a6a447ad93fdacdb010730ca P 390add5b62d0491e947fbaa913806886 [term 3 LEADER]: Raft consensus shutting down.
I20260709 12:19:49.260766  9741 raft_consensus.cc:2272] T b4752da4a6a447ad93fdacdb010730ca P 390add5b62d0491e947fbaa913806886 [term 3 FOLLOWER]: Raft consensus is shut down!
