I20260709 12:19:55.444016 14427 raft_consensus.cc:515] T eb576fa276174bf59053294500bd128c P 7f3aa5c40ec54dbca29452dc00559229 [term 1 FOLLOWER]: Starting leader election with config: opid_index: -1 OBSOLETE_local: false peers { permanent_uuid: "1c58928507c54eaa9d2c1f7d3f3afed8" member_type: VOTER last_known_addr { host: "127.12.113.65" port: 34797 } } peers { permanent_uuid: "fad9483f623e45f98b6b5774f4f5febe" member_type: VOTER last_known_addr { host: "127.12.113.66" port: 46751 } } peers { permanent_uuid: "7f3aa5c40ec54dbca29452dc00559229" member_type: VOTER last_known_addr { host: "127.12.113.67" port: 44085 } }
I20260709 12:19:55.445927 14230 consensus_queue.cc:1048] T 7c1836f2cecf49328db40d7b7b5e80ee P 7f3aa5c40ec54dbca29452dc00559229 [LEADER]: Connected to new peer: Peer: permanent_uuid: "fad9483f623e45f98b6b5774f4f5febe" member_type: VOTER last_known_addr { host: "127.12.113.66" port: 46751 }, Status: LMP_MISMATCH, Last received: 0.0, Next index: 1, Last known committed idx: 0, Time since last communication: 0.017s
I20260709 12:19:55.463729 14427 leader_election.cc:290] T eb576fa276174bf59053294500bd128c P 7f3aa5c40ec54dbca29452dc00559229 [CANDIDATE]: Term 1 election: Requested vote from peers 1c58928507c54eaa9d2c1f7d3f3afed8 (127.12.113.65:34797), fad9483f623e45f98b6b5774f4f5febe (127.12.113.66:46751)
I20260709 12:19:55.471521 13914 tablet_service.cc:1917] Received RequestConsensusVote() RPC: tablet_id: "eb576fa276174bf59053294500bd128c" candidate_uuid: "7f3aa5c40ec54dbca29452dc00559229" candidate_term: 1 candidate_status { last_received { term: 0 index: 0 } } ignore_live_leader: false dest_uuid: "1c58928507c54eaa9d2c1f7d3f3afed8"
I20260709 12:19:55.472942 14374 leader_election.cc:290] T 7719d7e64ec64e71af0baae10ead99ff P 1c58928507c54eaa9d2c1f7d3f3afed8 [CANDIDATE]: Term 1 pre-election: Requested pre-vote from peers fad9483f623e45f98b6b5774f4f5febe (127.12.113.66:46751), 7f3aa5c40ec54dbca29452dc00559229 (127.12.113.67:44085)
W20260709 12:19:55.473132 14027 leader_election.cc:343] T eb576fa276174bf59053294500bd128c P 7f3aa5c40ec54dbca29452dc00559229 [CANDIDATE]: Term 1 election: Tablet error from VoteRequest() call to peer 1c58928507c54eaa9d2c1f7d3f3afed8 (127.12.113.65:34797): Illegal state: must be running to vote when last-logged opid is not known
I20260709 12:19:55.475939 13983 tablet_service.cc:1917] Received RequestConsensusVote() RPC: tablet_id: "7719d7e64ec64e71af0baae10ead99ff" candidate_uuid: "1c58928507c54eaa9d2c1f7d3f3afed8" candidate_term: 1 candidate_status { last_received { term: 0 index: 0 } } ignore_live_leader: false dest_uuid: "fad9483f623e45f98b6b5774f4f5febe" is_pre_election: true
I20260709 12:19:55.476323 14061 tablet_service.cc:1917] Received RequestConsensusVote() RPC: tablet_id: "7719d7e64ec64e71af0baae10ead99ff" candidate_uuid: "1c58928507c54eaa9d2c1f7d3f3afed8" candidate_term: 1 candidate_status { last_received { term: 0 index: 0 } } ignore_live_leader: false dest_uuid: "7f3aa5c40ec54dbca29452dc00559229" is_pre_election: true
I20260709 12:19:55.478596 13987 tablet_service.cc:1917] Received RequestConsensusVote() RPC: tablet_id: "eb576fa276174bf59053294500bd128c" candidate_uuid: "7f3aa5c40ec54dbca29452dc00559229" candidate_term: 1 candidate_status { last_received { term: 0 index: 0 } } ignore_live_leader: false dest_uuid: "fad9483f623e45f98b6b5774f4f5febe"
I20260709 12:19:55.479208 13987 raft_consensus.cc:3060] T eb576fa276174bf59053294500bd128c P fad9483f623e45f98b6b5774f4f5febe [term 0 FOLLOWER]: Advancing to term 1
I20260709 12:19:55.482877 13878 leader_election.cc:304] T 7719d7e64ec64e71af0baae10ead99ff P 1c58928507c54eaa9d2c1f7d3f3afed8 [CANDIDATE]: Term 1 pre-election: Election decided. Result: candidate lost. Election summary: received 3 responses out of 3 voters: 1 yes votes; 2 no votes. yes voters: 1c58928507c54eaa9d2c1f7d3f3afed8; no voters: 7f3aa5c40ec54dbca29452dc00559229, fad9483f623e45f98b6b5774f4f5febe
I20260709 12:19:55.489552 14428 raft_consensus.cc:2749] T 7719d7e64ec64e71af0baae10ead99ff P 1c58928507c54eaa9d2c1f7d3f3afed8 [term 0 FOLLOWER]: Leader pre-election lost for term 1. Reason: could not achieve majority
I20260709 12:19:55.505162 14104 raft_consensus.cc:359] T 0720264f0f4f4a8491869738abd6bb5e P 7f3aa5c40ec54dbca29452dc00559229 [term 0 FOLLOWER]: Replica starting. Triggering 0 pending ops. Active config: opid_index: -1 OBSOLETE_local: false peers { permanent_uuid: "1c58928507c54eaa9d2c1f7d3f3afed8" member_type: VOTER last_known_addr { host: "127.12.113.65" port: 34797 } } peers { permanent_uuid: "fad9483f623e45f98b6b5774f4f5febe" member_type: VOTER last_known_addr { host: "127.12.113.66" port: 46751 } } peers { permanent_uuid: "7f3aa5c40ec54dbca29452dc00559229" member_type: VOTER last_known_addr { host: "127.12.113.67" port: 44085 } }
I20260709 12:19:55.505928 14104 raft_consensus.cc:385] T 0720264f0f4f4a8491869738abd6bb5e P 7f3aa5c40ec54dbca29452dc00559229 [term 0 FOLLOWER]: Consensus starting up: Expiring failure detector timer to make a prompt election more likely
I20260709 12:19:55.506229 14104 raft_consensus.cc:740] T 0720264f0f4f4a8491869738abd6bb5e P 7f3aa5c40ec54dbca29452dc00559229 [term 0 FOLLOWER]: Becoming Follower/Learner. State: Replica: 7f3aa5c40ec54dbca29452dc00559229, State: Initialized, Role: FOLLOWER
I20260709 12:19:55.506886 14104 consensus_queue.cc:260] T 0720264f0f4f4a8491869738abd6bb5e P 7f3aa5c40ec54dbca29452dc00559229 [NON_LEADER]: Queue going to NON_LEADER mode. State: All replicated index: 0, Majority replicated index: 0, Committed index: 0, Last appended: 0.0, Last appended by leader: 0, Current term: 0, Majority size: -1, State: 0, Mode: NON_LEADER, active raft config: opid_index: -1 OBSOLETE_local: false peers { permanent_uuid: "1c58928507c54eaa9d2c1f7d3f3afed8" member_type: VOTER last_known_addr { host: "127.12.113.65" port: 34797 } } peers { permanent_uuid: "fad9483f623e45f98b6b5774f4f5febe" member_type: VOTER last_known_addr { host: "127.12.113.66" port: 46751 } } peers { permanent_uuid: "7f3aa5c40ec54dbca29452dc00559229" member_type: VOTER last_known_addr { host: "127.12.113.67" port: 44085 } }
I20260709 12:19:55.514081 14106 tablet_bootstrap.cc:654] T d214cd2bca764543b2ea0c89ef0c3f68 P 1c58928507c54eaa9d2c1f7d3f3afed8: Neither blocks nor log segments found. Creating new log.
I20260709 12:19:55.514132 13987 raft_consensus.cc:2468] T eb576fa276174bf59053294500bd128c P fad9483f623e45f98b6b5774f4f5febe [term 1 FOLLOWER]: Leader election vote request: Granting yes vote for candidate 7f3aa5c40ec54dbca29452dc00559229 in term 1.
I20260709 12:19:55.516018 14027 leader_election.cc:304] T eb576fa276174bf59053294500bd128c P 7f3aa5c40ec54dbca29452dc00559229 [CANDIDATE]: Term 1 election: Election decided. Result: candidate won. Election summary: received 3 responses out of 3 voters: 2 yes votes; 1 no votes. yes voters: 7f3aa5c40ec54dbca29452dc00559229, fad9483f623e45f98b6b5774f4f5febe; no voters: 1c58928507c54eaa9d2c1f7d3f3afed8
I20260709 12:19:55.516922 14105 tablet_bootstrap.cc:654] T afdbd99d0f264946833d3781ceefdc6d P fad9483f623e45f98b6b5774f4f5febe: Neither blocks nor log segments found. Creating new log.
I20260709 12:19:55.517477 14230 raft_consensus.cc:2804] T eb576fa276174bf59053294500bd128c P 7f3aa5c40ec54dbca29452dc00559229 [term 1 FOLLOWER]: Leader election won for term 1
I20260709 12:19:55.517958 14230 raft_consensus.cc:697] T eb576fa276174bf59053294500bd128c P 7f3aa5c40ec54dbca29452dc00559229 [term 1 LEADER]: Becoming Leader. State: Replica: 7f3aa5c40ec54dbca29452dc00559229, State: Running, Role: LEADER
I20260709 12:19:55.518800 14230 consensus_queue.cc:237] T eb576fa276174bf59053294500bd128c P 7f3aa5c40ec54dbca29452dc00559229 [LEADER]: Queue going to LEADER mode. State: All replicated index: 0, Majority replicated index: 0, Committed index: 0, Last appended: 0.0, Last appended by leader: 0, Current term: 1, Majority size: 2, State: 0, Mode: LEADER, active raft config: opid_index: -1 OBSOLETE_local: false peers { permanent_uuid: "1c58928507c54eaa9d2c1f7d3f3afed8" member_type: VOTER last_known_addr { host: "127.12.113.65" port: 34797 } } peers { permanent_uuid: "fad9483f623e45f98b6b5774f4f5febe" member_type: VOTER last_known_addr { host: "127.12.113.66" port: 46751 } } peers { permanent_uuid: "7f3aa5c40ec54dbca29452dc00559229" member_type: VOTER last_known_addr { host: "127.12.113.67" port: 44085 } }
I20260709 12:19:55.529058 14132 raft_consensus.cc:493] T fa641a407eba49b9987dd667e44cb02d P fad9483f623e45f98b6b5774f4f5febe [term 0 FOLLOWER]: Starting pre-election (no leader contacted us within the election timeout)
I20260709 12:19:55.529565 14132 raft_consensus.cc:515] T fa641a407eba49b9987dd667e44cb02d P fad9483f623e45f98b6b5774f4f5febe [term 0 FOLLOWER]: Starting pre-election with config: opid_index: -1 OBSOLETE_local: false peers { permanent_uuid: "1c58928507c54eaa9d2c1f7d3f3afed8" member_type: VOTER last_known_addr { host: "127.12.113.65" port: 34797 } } peers { permanent_uuid: "fad9483f623e45f98b6b5774f4f5febe" member_type: VOTER last_known_addr { host: "127.12.113.66" port: 46751 } } peers { permanent_uuid: "7f3aa5c40ec54dbca29452dc00559229" member_type: VOTER last_known_addr { host: "127.12.113.67" port: 44085 } }
I20260709 12:19:55.531332 14132 leader_election.cc:290] T fa641a407eba49b9987dd667e44cb02d P fad9483f623e45f98b6b5774f4f5febe [CANDIDATE]: Term 1 pre-election: Requested pre-vote from peers 1c58928507c54eaa9d2c1f7d3f3afed8 (127.12.113.65:34797), 7f3aa5c40ec54dbca29452dc00559229 (127.12.113.67:44085)
I20260709 12:19:55.532691 14104 ts_tablet_manager.cc:1434] T 0720264f0f4f4a8491869738abd6bb5e P 7f3aa5c40ec54dbca29452dc00559229: Time spent starting tablet: real 0.081s	user 0.010s	sys 0.005s
I20260709 12:19:55.533614 13912 tablet_service.cc:1917] Received RequestConsensusVote() RPC: tablet_id: "fa641a407eba49b9987dd667e44cb02d" candidate_uuid: "fad9483f623e45f98b6b5774f4f5febe" candidate_term: 1 candidate_status { last_received { term: 0 index: 0 } } ignore_live_leader: false dest_uuid: "1c58928507c54eaa9d2c1f7d3f3afed8" is_pre_election: true
I20260709 12:19:55.534451 14104 tablet_bootstrap.cc:492] T fa641a407eba49b9987dd667e44cb02d P 7f3aa5c40ec54dbca29452dc00559229: Bootstrap starting.
W20260709 12:19:55.534962 13953 leader_election.cc:343] T fa641a407eba49b9987dd667e44cb02d P fad9483f623e45f98b6b5774f4f5febe [CANDIDATE]: Term 1 pre-election: Tablet error from VoteRequest() call to peer 1c58928507c54eaa9d2c1f7d3f3afed8 (127.12.113.65:34797): Illegal state: must be running to vote when last-logged opid is not known
I20260709 12:19:55.540215 14106 tablet_bootstrap.cc:492] T d214cd2bca764543b2ea0c89ef0c3f68 P 1c58928507c54eaa9d2c1f7d3f3afed8: No bootstrap required, opened a new log
I20260709 12:19:55.543956 14106 ts_tablet_manager.cc:1403] T d214cd2bca764543b2ea0c89ef0c3f68 P 1c58928507c54eaa9d2c1f7d3f3afed8: Time spent bootstrapping tablet: real 0.107s	user 0.008s	sys 0.006s
I20260709 12:19:55.550817 14428 raft_consensus.cc:493] T 50264609b03e467a95de2fec5a641019 P 1c58928507c54eaa9d2c1f7d3f3afed8 [term 0 FOLLOWER]: Starting pre-election (no leader contacted us within the election timeout)
I20260709 12:19:55.551447 14428 raft_consensus.cc:515] T 50264609b03e467a95de2fec5a641019 P 1c58928507c54eaa9d2c1f7d3f3afed8 [term 0 FOLLOWER]: Starting pre-election with config: opid_index: -1 OBSOLETE_local: false peers { permanent_uuid: "1c58928507c54eaa9d2c1f7d3f3afed8" member_type: VOTER last_known_addr { host: "127.12.113.65" port: 34797 } } peers { permanent_uuid: "fad9483f623e45f98b6b5774f4f5febe" member_type: VOTER last_known_addr { host: "127.12.113.66" port: 46751 } } peers { permanent_uuid: "7f3aa5c40ec54dbca29452dc00559229" member_type: VOTER last_known_addr { host: "127.12.113.67" port: 44085 } }
I20260709 12:19:55.554718 14428 leader_election.cc:290] T 50264609b03e467a95de2fec5a641019 P 1c58928507c54eaa9d2c1f7d3f3afed8 [CANDIDATE]: Term 1 pre-election: Requested pre-vote from peers fad9483f623e45f98b6b5774f4f5febe (127.12.113.66:46751), 7f3aa5c40ec54dbca29452dc00559229 (127.12.113.67:44085)
I20260709 12:19:55.556102 13985 tablet_service.cc:1917] Received RequestConsensusVote() RPC: tablet_id: "50264609b03e467a95de2fec5a641019" candidate_uuid: "1c58928507c54eaa9d2c1f7d3f3afed8" candidate_term: 1 candidate_status { last_received { term: 0 index: 0 } } ignore_live_leader: false dest_uuid: "fad9483f623e45f98b6b5774f4f5febe" is_pre_election: true
I20260709 12:19:55.556567 14061 tablet_service.cc:1917] Received RequestConsensusVote() RPC: tablet_id: "50264609b03e467a95de2fec5a641019" candidate_uuid: "1c58928507c54eaa9d2c1f7d3f3afed8" candidate_term: 1 candidate_status { last_received { term: 0 index: 0 } } ignore_live_leader: false dest_uuid: "7f3aa5c40ec54dbca29452dc00559229" is_pre_election: true
I20260709 12:19:55.556903 13985 raft_consensus.cc:2393] T 50264609b03e467a95de2fec5a641019 P fad9483f623e45f98b6b5774f4f5febe [term 1 FOLLOWER]: Leader pre-election vote request: Denying vote to candidate 1c58928507c54eaa9d2c1f7d3f3afed8 in current term 1: Already voted for candidate 7f3aa5c40ec54dbca29452dc00559229 in this term.
I20260709 12:19:55.556212 13811 catalog_manager.cc:5697] T eb576fa276174bf59053294500bd128c P 7f3aa5c40ec54dbca29452dc00559229 reported cstate change: term changed from 0 to 1, leader changed from <none> to 7f3aa5c40ec54dbca29452dc00559229 (127.12.113.67). New cstate: current_term: 1 leader_uuid: "7f3aa5c40ec54dbca29452dc00559229" committed_config { opid_index: -1 OBSOLETE_local: false peers { permanent_uuid: "1c58928507c54eaa9d2c1f7d3f3afed8" member_type: VOTER last_known_addr { host: "127.12.113.65" port: 34797 } health_report { overall_health: UNKNOWN } } peers { permanent_uuid: "fad9483f623e45f98b6b5774f4f5febe" member_type: VOTER last_known_addr { host: "127.12.113.66" port: 46751 } health_report { overall_health: UNKNOWN } } peers { permanent_uuid: "7f3aa5c40ec54dbca29452dc00559229" member_type: VOTER last_known_addr { host: "127.12.113.67" port: 44085 } health_report { overall_health: HEALTHY } } }
I20260709 12:19:55.558101 13878 leader_election.cc:304] T 50264609b03e467a95de2fec5a641019 P 1c58928507c54eaa9d2c1f7d3f3afed8 [CANDIDATE]: Term 1 pre-election: Election decided. Result: candidate lost. Election summary: received 3 responses out of 3 voters: 1 yes votes; 2 no votes. yes voters: 1c58928507c54eaa9d2c1f7d3f3afed8; no voters: 7f3aa5c40ec54dbca29452dc00559229, fad9483f623e45f98b6b5774f4f5febe
I20260709 12:19:55.559206 14428 raft_consensus.cc:3060] T 50264609b03e467a95de2fec5a641019 P 1c58928507c54eaa9d2c1f7d3f3afed8 [term 0 FOLLOWER]: Advancing to term 1
I20260709 12:19:55.562168 14104 tablet_bootstrap.cc:654] T fa641a407eba49b9987dd667e44cb02d P 7f3aa5c40ec54dbca29452dc00559229: Neither blocks nor log segments found. Creating new log.
I20260709 12:19:55.567003 14106 raft_consensus.cc:359] T d214cd2bca764543b2ea0c89ef0c3f68 P 1c58928507c54eaa9d2c1f7d3f3afed8 [term 0 FOLLOWER]: Replica starting. Triggering 0 pending ops. Active config: opid_index: -1 OBSOLETE_local: false peers { permanent_uuid: "1c58928507c54eaa9d2c1f7d3f3afed8" member_type: VOTER last_known_addr { host: "127.12.113.65" port: 34797 } } peers { permanent_uuid: "fad9483f623e45f98b6b5774f4f5febe" member_type: VOTER last_known_addr { host: "127.12.113.66" port: 46751 } } peers { permanent_uuid: "7f3aa5c40ec54dbca29452dc00559229" member_type: VOTER last_known_addr { host: "127.12.113.67" port: 44085 } }
I20260709 12:19:55.567830 14106 raft_consensus.cc:385] T d214cd2bca764543b2ea0c89ef0c3f68 P 1c58928507c54eaa9d2c1f7d3f3afed8 [term 0 FOLLOWER]: Consensus starting up: Expiring failure detector timer to make a prompt election more likely
I20260709 12:19:55.568149 14106 raft_consensus.cc:740] T d214cd2bca764543b2ea0c89ef0c3f68 P 1c58928507c54eaa9d2c1f7d3f3afed8 [term 0 FOLLOWER]: Becoming Follower/Learner. State: Replica: 1c58928507c54eaa9d2c1f7d3f3afed8, State: Initialized, Role: FOLLOWER
I20260709 12:19:55.542099 14062 tablet_service.cc:1917] Received RequestConsensusVote() RPC: tablet_id: "fa641a407eba49b9987dd667e44cb02d" candidate_uuid: "fad9483f623e45f98b6b5774f4f5febe" candidate_term: 1 candidate_status { last_received { term: 0 index: 0 } } ignore_live_leader: false dest_uuid: "7f3aa5c40ec54dbca29452dc00559229" is_pre_election: true
I20260709 12:19:55.568845 14106 consensus_queue.cc:260] T d214cd2bca764543b2ea0c89ef0c3f68 P 1c58928507c54eaa9d2c1f7d3f3afed8 [NON_LEADER]: Queue going to NON_LEADER mode. State: All replicated index: 0, Majority replicated index: 0, Committed index: 0, Last appended: 0.0, Last appended by leader: 0, Current term: 0, Majority size: -1, State: 0, Mode: NON_LEADER, active raft config: opid_index: -1 OBSOLETE_local: false peers { permanent_uuid: "1c58928507c54eaa9d2c1f7d3f3afed8" member_type: VOTER last_known_addr { host: "127.12.113.65" port: 34797 } } peers { permanent_uuid: "fad9483f623e45f98b6b5774f4f5febe" member_type: VOTER last_known_addr { host: "127.12.113.66" port: 46751 } } peers { permanent_uuid: "7f3aa5c40ec54dbca29452dc00559229" member_type: VOTER last_known_addr { host: "127.12.113.67" port: 44085 } }
W20260709 12:19:55.570551 13954 leader_election.cc:343] T fa641a407eba49b9987dd667e44cb02d P fad9483f623e45f98b6b5774f4f5febe [CANDIDATE]: Term 1 pre-election: Tablet error from VoteRequest() call to peer 7f3aa5c40ec54dbca29452dc00559229 (127.12.113.67:44085): Illegal state: must be running to vote when last-logged opid is not known
I20260709 12:19:55.571027 13954 leader_election.cc:304] T fa641a407eba49b9987dd667e44cb02d P fad9483f623e45f98b6b5774f4f5febe [CANDIDATE]: Term 1 pre-election: Election decided. Result: candidate lost. Election summary: received 3 responses out of 3 voters: 1 yes votes; 2 no votes. yes voters: fad9483f623e45f98b6b5774f4f5febe; no voters: 1c58928507c54eaa9d2c1f7d3f3afed8, 7f3aa5c40ec54dbca29452dc00559229
I20260709 12:19:55.571187 14428 raft_consensus.cc:2749] T 50264609b03e467a95de2fec5a641019 P 1c58928507c54eaa9d2c1f7d3f3afed8 [term 1 FOLLOWER]: Leader pre-election lost for term 1. Reason: could not achieve majority
I20260709 12:19:55.572208 14132 raft_consensus.cc:2749] T fa641a407eba49b9987dd667e44cb02d P fad9483f623e45f98b6b5774f4f5febe [term 0 FOLLOWER]: Leader pre-election lost for term 1. Reason: could not achieve majority
I20260709 12:19:55.573421 14106 ts_tablet_manager.cc:1434] T d214cd2bca764543b2ea0c89ef0c3f68 P 1c58928507c54eaa9d2c1f7d3f3afed8: Time spent starting tablet: real 0.029s	user 0.006s	sys 0.000s
I20260709 12:19:55.573904 13914 raft_consensus.cc:3060] T 7719d7e64ec64e71af0baae10ead99ff P 1c58928507c54eaa9d2c1f7d3f3afed8 [term 0 FOLLOWER]: Advancing to term 1
I20260709 12:19:55.575194 14106 tablet_bootstrap.cc:492] T eb576fa276174bf59053294500bd128c P 1c58928507c54eaa9d2c1f7d3f3afed8: Bootstrap starting.
I20260709 12:19:55.581949 14106 tablet_bootstrap.cc:654] T eb576fa276174bf59053294500bd128c P 1c58928507c54eaa9d2c1f7d3f3afed8: Neither blocks nor log segments found. Creating new log.
I20260709 12:19:55.541790 14105 tablet_bootstrap.cc:492] T afdbd99d0f264946833d3781ceefdc6d P fad9483f623e45f98b6b5774f4f5febe: No bootstrap required, opened a new log
I20260709 12:19:55.604190 14105 ts_tablet_manager.cc:1403] T afdbd99d0f264946833d3781ceefdc6d P fad9483f623e45f98b6b5774f4f5febe: Time spent bootstrapping tablet: real 0.152s	user 0.013s	sys 0.000s
I20260709 12:19:55.631580 14105 raft_consensus.cc:359] T afdbd99d0f264946833d3781ceefdc6d P fad9483f623e45f98b6b5774f4f5febe [term 0 FOLLOWER]: Replica starting. Triggering 0 pending ops. Active config: opid_index: -1 OBSOLETE_local: false peers { permanent_uuid: "1c58928507c54eaa9d2c1f7d3f3afed8" member_type: VOTER last_known_addr { host: "127.12.113.65" port: 34797 } } peers { permanent_uuid: "fad9483f623e45f98b6b5774f4f5febe" member_type: VOTER last_known_addr { host: "127.12.113.66" port: 46751 } } peers { permanent_uuid: "7f3aa5c40ec54dbca29452dc00559229" member_type: VOTER last_known_addr { host: "127.12.113.67" port: 44085 } }
I20260709 12:19:55.632541 14105 raft_consensus.cc:385] T afdbd99d0f264946833d3781ceefdc6d P fad9483f623e45f98b6b5774f4f5febe [term 0 FOLLOWER]: Consensus starting up: Expiring failure detector timer to make a prompt election more likely
I20260709 12:19:55.632901 14105 raft_consensus.cc:740] T afdbd99d0f264946833d3781ceefdc6d P fad9483f623e45f98b6b5774f4f5febe [term 0 FOLLOWER]: Becoming Follower/Learner. State: Replica: fad9483f623e45f98b6b5774f4f5febe, State: Initialized, Role: FOLLOWER
I20260709 12:19:55.633769 14105 consensus_queue.cc:260] T afdbd99d0f264946833d3781ceefdc6d P fad9483f623e45f98b6b5774f4f5febe [NON_LEADER]: Queue going to NON_LEADER mode. State: All replicated index: 0, Majority replicated index: 0, Committed index: 0, Last appended: 0.0, Last appended by leader: 0, Current term: 0, Majority size: -1, State: 0, Mode: NON_LEADER, active raft config: opid_index: -1 OBSOLETE_local: false peers { permanent_uuid: "1c58928507c54eaa9d2c1f7d3f3afed8" member_type: VOTER last_known_addr { host: "127.12.113.65" port: 34797 } } peers { permanent_uuid: "fad9483f623e45f98b6b5774f4f5febe" member_type: VOTER last_known_addr { host: "127.12.113.66" port: 46751 } } peers { permanent_uuid: "7f3aa5c40ec54dbca29452dc00559229" member_type: VOTER last_known_addr { host: "127.12.113.67" port: 44085 } }
I20260709 12:19:55.649969 14105 ts_tablet_manager.cc:1434] T afdbd99d0f264946833d3781ceefdc6d P fad9483f623e45f98b6b5774f4f5febe: Time spent starting tablet: real 0.045s	user 0.009s	sys 0.000s
I20260709 12:19:55.650450 14104 tablet_bootstrap.cc:492] T fa641a407eba49b9987dd667e44cb02d P 7f3aa5c40ec54dbca29452dc00559229: No bootstrap required, opened a new log
I20260709 12:19:55.650959 14104 ts_tablet_manager.cc:1403] T fa641a407eba49b9987dd667e44cb02d P 7f3aa5c40ec54dbca29452dc00559229: Time spent bootstrapping tablet: real 0.117s	user 0.030s	sys 0.026s
I20260709 12:19:55.653827 14104 raft_consensus.cc:359] T fa641a407eba49b9987dd667e44cb02d P 7f3aa5c40ec54dbca29452dc00559229 [term 0 FOLLOWER]: Replica starting. Triggering 0 pending ops. Active config: opid_index: -1 OBSOLETE_local: false peers { permanent_uuid: "1c58928507c54eaa9d2c1f7d3f3afed8" member_type: VOTER last_known_addr { host: "127.12.113.65" port: 34797 } } peers { permanent_uuid: "fad9483f623e45f98b6b5774f4f5febe" member_type: VOTER last_known_addr { host: "127.12.113.66" port: 46751 } } peers { permanent_uuid: "7f3aa5c40ec54dbca29452dc00559229" member_type: VOTER last_known_addr { host: "127.12.113.67" port: 44085 } }
I20260709 12:19:55.654523 14104 raft_consensus.cc:385] T fa641a407eba49b9987dd667e44cb02d P 7f3aa5c40ec54dbca29452dc00559229 [term 0 FOLLOWER]: Consensus starting up: Expiring failure detector timer to make a prompt election more likely
I20260709 12:19:55.654803 14104 raft_consensus.cc:740] T fa641a407eba49b9987dd667e44cb02d P 7f3aa5c40ec54dbca29452dc00559229 [term 0 FOLLOWER]: Becoming Follower/Learner. State: Replica: 7f3aa5c40ec54dbca29452dc00559229, State: Initialized, Role: FOLLOWER
I20260709 12:19:55.655439 14104 consensus_queue.cc:260] T fa641a407eba49b9987dd667e44cb02d P 7f3aa5c40ec54dbca29452dc00559229 [NON_LEADER]: Queue going to NON_LEADER mode. State: All replicated index: 0, Majority replicated index: 0, Committed index: 0, Last appended: 0.0, Last appended by leader: 0, Current term: 0, Majority size: -1, State: 0, Mode: NON_LEADER, active raft config: opid_index: -1 OBSOLETE_local: false peers { permanent_uuid: "1c58928507c54eaa9d2c1f7d3f3afed8" member_type: VOTER last_known_addr { host: "127.12.113.65" port: 34797 } } peers { permanent_uuid: "fad9483f623e45f98b6b5774f4f5febe" member_type: VOTER last_known_addr { host: "127.12.113.66" port: 46751 } } peers { permanent_uuid: "7f3aa5c40ec54dbca29452dc00559229" member_type: VOTER last_known_addr { host: "127.12.113.67" port: 44085 } }
I20260709 12:19:55.659667 14104 ts_tablet_manager.cc:1434] T fa641a407eba49b9987dd667e44cb02d P 7f3aa5c40ec54dbca29452dc00559229: Time spent starting tablet: real 0.008s	user 0.007s	sys 0.000s
I20260709 12:19:55.660708 14104 tablet_bootstrap.cc:492] T 7f9a515f611e41e08338485dd44bccd3 P 7f3aa5c40ec54dbca29452dc00559229: Bootstrap starting.
I20260709 12:19:55.666617 14104 tablet_bootstrap.cc:654] T 7f9a515f611e41e08338485dd44bccd3 P 7f3aa5c40ec54dbca29452dc00559229: Neither blocks nor log segments found. Creating new log.
I20260709 12:19:55.681147 14104 tablet_bootstrap.cc:492] T 7f9a515f611e41e08338485dd44bccd3 P 7f3aa5c40ec54dbca29452dc00559229: No bootstrap required, opened a new log
I20260709 12:19:55.681660 14104 ts_tablet_manager.cc:1403] T 7f9a515f611e41e08338485dd44bccd3 P 7f3aa5c40ec54dbca29452dc00559229: Time spent bootstrapping tablet: real 0.021s	user 0.011s	sys 0.003s
I20260709 12:19:55.684437 14104 raft_consensus.cc:359] T 7f9a515f611e41e08338485dd44bccd3 P 7f3aa5c40ec54dbca29452dc00559229 [term 0 FOLLOWER]: Replica starting. Triggering 0 pending ops. Active config: opid_index: -1 OBSOLETE_local: false peers { permanent_uuid: "1c58928507c54eaa9d2c1f7d3f3afed8" member_type: VOTER last_known_addr { host: "127.12.113.65" port: 34797 } } peers { permanent_uuid: "fad9483f623e45f98b6b5774f4f5febe" member_type: VOTER last_known_addr { host: "127.12.113.66" port: 46751 } } peers { permanent_uuid: "7f3aa5c40ec54dbca29452dc00559229" member_type: VOTER last_known_addr { host: "127.12.113.67" port: 44085 } }
I20260709 12:19:55.685308 14104 raft_consensus.cc:385] T 7f9a515f611e41e08338485dd44bccd3 P 7f3aa5c40ec54dbca29452dc00559229 [term 0 FOLLOWER]: Consensus starting up: Expiring failure detector timer to make a prompt election more likely
I20260709 12:19:55.685681 14104 raft_consensus.cc:740] T 7f9a515f611e41e08338485dd44bccd3 P 7f3aa5c40ec54dbca29452dc00559229 [term 0 FOLLOWER]: Becoming Follower/Learner. State: Replica: 7f3aa5c40ec54dbca29452dc00559229, State: Initialized, Role: FOLLOWER
I20260709 12:19:55.686632 14104 consensus_queue.cc:260] T 7f9a515f611e41e08338485dd44bccd3 P 7f3aa5c40ec54dbca29452dc00559229 [NON_LEADER]: Queue going to NON_LEADER mode. State: All replicated index: 0, Majority replicated index: 0, Committed index: 0, Last appended: 0.0, Last appended by leader: 0, Current term: 0, Majority size: -1, State: 0, Mode: NON_LEADER, active raft config: opid_index: -1 OBSOLETE_local: false peers { permanent_uuid: "1c58928507c54eaa9d2c1f7d3f3afed8" member_type: VOTER last_known_addr { host: "127.12.113.65" port: 34797 } } peers { permanent_uuid: "fad9483f623e45f98b6b5774f4f5febe" member_type: VOTER last_known_addr { host: "127.12.113.66" port: 46751 } } peers { permanent_uuid: "7f3aa5c40ec54dbca29452dc00559229" member_type: VOTER last_known_addr { host: "127.12.113.67" port: 44085 } }
I20260709 12:19:55.689157 14104 ts_tablet_manager.cc:1434] T 7f9a515f611e41e08338485dd44bccd3 P 7f3aa5c40ec54dbca29452dc00559229: Time spent starting tablet: real 0.007s	user 0.004s	sys 0.004s
I20260709 12:19:55.690410 14104 tablet_bootstrap.cc:492] T 1d3e4505366745249e3c22c1d74b992d P 7f3aa5c40ec54dbca29452dc00559229: Bootstrap starting.
I20260709 12:19:55.696364 14104 tablet_bootstrap.cc:654] T 1d3e4505366745249e3c22c1d74b992d P 7f3aa5c40ec54dbca29452dc00559229: Neither blocks nor log segments found. Creating new log.
I20260709 12:19:55.712036 14104 tablet_bootstrap.cc:492] T 1d3e4505366745249e3c22c1d74b992d P 7f3aa5c40ec54dbca29452dc00559229: No bootstrap required, opened a new log
I20260709 12:19:55.712466 14104 ts_tablet_manager.cc:1403] T 1d3e4505366745249e3c22c1d74b992d P 7f3aa5c40ec54dbca29452dc00559229: Time spent bootstrapping tablet: real 0.022s	user 0.010s	sys 0.007s
I20260709 12:19:55.714861 14374 raft_consensus.cc:493] T d214cd2bca764543b2ea0c89ef0c3f68 P 1c58928507c54eaa9d2c1f7d3f3afed8 [term 0 FOLLOWER]: Starting pre-election (no leader contacted us within the election timeout)
I20260709 12:19:55.715260 14104 raft_consensus.cc:359] T 1d3e4505366745249e3c22c1d74b992d P 7f3aa5c40ec54dbca29452dc00559229 [term 0 FOLLOWER]: Replica starting. Triggering 0 pending ops. Active config: opid_index: -1 OBSOLETE_local: false peers { permanent_uuid: "1c58928507c54eaa9d2c1f7d3f3afed8" member_type: VOTER last_known_addr { host: "127.12.113.65" port: 34797 } } peers { permanent_uuid: "fad9483f623e45f98b6b5774f4f5febe" member_type: VOTER last_known_addr { host: "127.12.113.66" port: 46751 } } peers { permanent_uuid: "7f3aa5c40ec54dbca29452dc00559229" member_type: VOTER last_known_addr { host: "127.12.113.67" port: 44085 } }
I20260709 12:19:55.715902 14104 raft_consensus.cc:385] T 1d3e4505366745249e3c22c1d74b992d P 7f3aa5c40ec54dbca29452dc00559229 [term 0 FOLLOWER]: Consensus starting up: Expiring failure detector timer to make a prompt election more likely
I20260709 12:19:55.716154 14104 raft_consensus.cc:740] T 1d3e4505366745249e3c22c1d74b992d P 7f3aa5c40ec54dbca29452dc00559229 [term 0 FOLLOWER]: Becoming Follower/Learner. State: Replica: 7f3aa5c40ec54dbca29452dc00559229, State: Initialized, Role: FOLLOWER
I20260709 12:19:55.716755 14104 consensus_queue.cc:260] T 1d3e4505366745249e3c22c1d74b992d P 7f3aa5c40ec54dbca29452dc00559229 [NON_LEADER]: Queue going to NON_LEADER mode. State: All replicated index: 0, Majority replicated index: 0, Committed index: 0, Last appended: 0.0, Last appended by leader: 0, Current term: 0, Majority size: -1, State: 0, Mode: NON_LEADER, active raft config: opid_index: -1 OBSOLETE_local: false peers { permanent_uuid: "1c58928507c54eaa9d2c1f7d3f3afed8" member_type: VOTER last_known_addr { host: "127.12.113.65" port: 34797 } } peers { permanent_uuid: "fad9483f623e45f98b6b5774f4f5febe" member_type: VOTER last_known_addr { host: "127.12.113.66" port: 46751 } } peers { permanent_uuid: "7f3aa5c40ec54dbca29452dc00559229" member_type: VOTER last_known_addr { host: "127.12.113.67" port: 44085 } }
I20260709 12:19:55.718333 14104 ts_tablet_manager.cc:1434] T 1d3e4505366745249e3c22c1d74b992d P 7f3aa5c40ec54dbca29452dc00559229: Time spent starting tablet: real 0.006s	user 0.007s	sys 0.000s
I20260709 12:19:55.719069 14104 tablet_bootstrap.cc:492] T a838914aa43d4f9db4a9a7878ac3efb2 P 7f3aa5c40ec54dbca29452dc00559229: Bootstrap starting.
I20260709 12:19:55.715579 14374 raft_consensus.cc:515] T d214cd2bca764543b2ea0c89ef0c3f68 P 1c58928507c54eaa9d2c1f7d3f3afed8 [term 0 FOLLOWER]: Starting pre-election with config: opid_index: -1 OBSOLETE_local: false peers { permanent_uuid: "1c58928507c54eaa9d2c1f7d3f3afed8" member_type: VOTER last_known_addr { host: "127.12.113.65" port: 34797 } } peers { permanent_uuid: "fad9483f623e45f98b6b5774f4f5febe" member_type: VOTER last_known_addr { host: "127.12.113.66" port: 46751 } } peers { permanent_uuid: "7f3aa5c40ec54dbca29452dc00559229" member_type: VOTER last_known_addr { host: "127.12.113.67" port: 44085 } }
I20260709 12:19:55.723361 14374 leader_election.cc:290] T d214cd2bca764543b2ea0c89ef0c3f68 P 1c58928507c54eaa9d2c1f7d3f3afed8 [CANDIDATE]: Term 1 pre-election: Requested pre-vote from peers fad9483f623e45f98b6b5774f4f5febe (127.12.113.66:46751), 7f3aa5c40ec54dbca29452dc00559229 (127.12.113.67:44085)
I20260709 12:19:55.724159 13987 tablet_service.cc:1917] Received RequestConsensusVote() RPC: tablet_id: "d214cd2bca764543b2ea0c89ef0c3f68" candidate_uuid: "1c58928507c54eaa9d2c1f7d3f3afed8" candidate_term: 1 candidate_status { last_received { term: 0 index: 0 } } ignore_live_leader: false dest_uuid: "fad9483f623e45f98b6b5774f4f5febe" is_pre_election: true
I20260709 12:19:55.724952 13987 raft_consensus.cc:2393] T d214cd2bca764543b2ea0c89ef0c3f68 P fad9483f623e45f98b6b5774f4f5febe [term 1 FOLLOWER]: Leader pre-election vote request: Denying vote to candidate 1c58928507c54eaa9d2c1f7d3f3afed8 in current term 1: Already voted for candidate 7f3aa5c40ec54dbca29452dc00559229 in this term.
I20260709 12:19:55.726644 14104 tablet_bootstrap.cc:654] T a838914aa43d4f9db4a9a7878ac3efb2 P 7f3aa5c40ec54dbca29452dc00559229: Neither blocks nor log segments found. Creating new log.
I20260709 12:19:55.728876 14062 tablet_service.cc:1917] Received RequestConsensusVote() RPC: tablet_id: "d214cd2bca764543b2ea0c89ef0c3f68" candidate_uuid: "1c58928507c54eaa9d2c1f7d3f3afed8" candidate_term: 1 candidate_status { last_received { term: 0 index: 0 } } ignore_live_leader: false dest_uuid: "7f3aa5c40ec54dbca29452dc00559229" is_pre_election: true
I20260709 12:19:55.737596 14106 tablet_bootstrap.cc:492] T eb576fa276174bf59053294500bd128c P 1c58928507c54eaa9d2c1f7d3f3afed8: No bootstrap required, opened a new log
I20260709 12:19:55.738109 14106 ts_tablet_manager.cc:1403] T eb576fa276174bf59053294500bd128c P 1c58928507c54eaa9d2c1f7d3f3afed8: Time spent bootstrapping tablet: real 0.163s	user 0.062s	sys 0.085s
I20260709 12:19:55.738967 14105 tablet_bootstrap.cc:492] T 70fcc1f6a0234089aa02d425aff36e3d P fad9483f623e45f98b6b5774f4f5febe: Bootstrap starting.
I20260709 12:19:55.740022 13879 leader_election.cc:304] T d214cd2bca764543b2ea0c89ef0c3f68 P 1c58928507c54eaa9d2c1f7d3f3afed8 [CANDIDATE]: Term 1 pre-election: Election decided. Result: candidate lost. Election summary: received 3 responses out of 3 voters: 1 yes votes; 2 no votes. yes voters: 1c58928507c54eaa9d2c1f7d3f3afed8; no voters: 7f3aa5c40ec54dbca29452dc00559229, fad9483f623e45f98b6b5774f4f5febe
I20260709 12:19:55.741665 14365 raft_consensus.cc:3060] T d214cd2bca764543b2ea0c89ef0c3f68 P 1c58928507c54eaa9d2c1f7d3f3afed8 [term 0 FOLLOWER]: Advancing to term 1
I20260709 12:19:55.745375 14427 consensus_queue.cc:1048] T d214cd2bca764543b2ea0c89ef0c3f68 P 7f3aa5c40ec54dbca29452dc00559229 [LEADER]: Connected to new peer: Peer: permanent_uuid: "fad9483f623e45f98b6b5774f4f5febe" member_type: VOTER last_known_addr { host: "127.12.113.66" port: 46751 }, Status: LMP_MISMATCH, Last received: 0.0, Next index: 1, Last known committed idx: 0, Time since last communication: 0.000s
I20260709 12:19:55.746971 14106 raft_consensus.cc:359] T eb576fa276174bf59053294500bd128c P 1c58928507c54eaa9d2c1f7d3f3afed8 [term 0 FOLLOWER]: Replica starting. Triggering 0 pending ops. Active config: opid_index: -1 OBSOLETE_local: false peers { permanent_uuid: "1c58928507c54eaa9d2c1f7d3f3afed8" member_type: VOTER last_known_addr { host: "127.12.113.65" port: 34797 } } peers { permanent_uuid: "fad9483f623e45f98b6b5774f4f5febe" member_type: VOTER last_known_addr { host: "127.12.113.66" port: 46751 } } peers { permanent_uuid: "7f3aa5c40ec54dbca29452dc00559229" member_type: VOTER last_known_addr { host: "127.12.113.67" port: 44085 } }
I20260709 12:19:55.747655 14106 raft_consensus.cc:385] T eb576fa276174bf59053294500bd128c P 1c58928507c54eaa9d2c1f7d3f3afed8 [term 0 FOLLOWER]: Consensus starting up: Expiring failure detector timer to make a prompt election more likely
I20260709 12:19:55.747920 14106 raft_consensus.cc:740] T eb576fa276174bf59053294500bd128c P 1c58928507c54eaa9d2c1f7d3f3afed8 [term 0 FOLLOWER]: Becoming Follower/Learner. State: Replica: 1c58928507c54eaa9d2c1f7d3f3afed8, State: Initialized, Role: FOLLOWER
I20260709 12:19:55.748555 14106 consensus_queue.cc:260] T eb576fa276174bf59053294500bd128c P 1c58928507c54eaa9d2c1f7d3f3afed8 [NON_LEADER]: Queue going to NON_LEADER mode. State: All replicated index: 0, Majority replicated index: 0, Committed index: 0, Last appended: 0.0, Last appended by leader: 0, Current term: 0, Majority size: -1, State: 0, Mode: NON_LEADER, active raft config: opid_index: -1 OBSOLETE_local: false peers { permanent_uuid: "1c58928507c54eaa9d2c1f7d3f3afed8" member_type: VOTER last_known_addr { host: "127.12.113.65" port: 34797 } } peers { permanent_uuid: "fad9483f623e45f98b6b5774f4f5febe" member_type: VOTER last_known_addr { host: "127.12.113.66" port: 46751 } } peers { permanent_uuid: "7f3aa5c40ec54dbca29452dc00559229" member_type: VOTER last_known_addr { host: "127.12.113.67" port: 44085 } }
I20260709 12:19:55.750982 14106 ts_tablet_manager.cc:1434] T eb576fa276174bf59053294500bd128c P 1c58928507c54eaa9d2c1f7d3f3afed8: Time spent starting tablet: real 0.013s	user 0.006s	sys 0.000s
W20260709 12:19:55.754004 13953 consensus_peers.cc:597] T 6051f56cf71d40ba8f70ef70ffa5b189 P fad9483f623e45f98b6b5774f4f5febe -> Peer 1c58928507c54eaa9d2c1f7d3f3afed8 (127.12.113.65:34797): Couldn't send request to peer 1c58928507c54eaa9d2c1f7d3f3afed8. Error code: TABLET_NOT_RUNNING (12). Status: Illegal state: Tablet not RUNNING: INITIALIZED. This is attempt 1: this message will repeat every 5th retry.
I20260709 12:19:55.755311 14106 tablet_bootstrap.cc:492] T 7c1836f2cecf49328db40d7b7b5e80ee P 1c58928507c54eaa9d2c1f7d3f3afed8: Bootstrap starting.
I20260709 12:19:55.755010 14354 consensus_queue.cc:1048] T 6051f56cf71d40ba8f70ef70ffa5b189 P fad9483f623e45f98b6b5774f4f5febe [LEADER]: Connected to new peer: Peer: permanent_uuid: "7f3aa5c40ec54dbca29452dc00559229" member_type: VOTER last_known_addr { host: "127.12.113.67" port: 44085 }, Status: LMP_MISMATCH, Last received: 0.0, Next index: 1, Last known committed idx: 0, Time since last communication: 0.000s
I20260709 12:19:55.761972 14106 tablet_bootstrap.cc:654] T 7c1836f2cecf49328db40d7b7b5e80ee P 1c58928507c54eaa9d2c1f7d3f3afed8: Neither blocks nor log segments found. Creating new log.
I20260709 12:19:55.802309 14365 raft_consensus.cc:2749] T d214cd2bca764543b2ea0c89ef0c3f68 P 1c58928507c54eaa9d2c1f7d3f3afed8 [term 1 FOLLOWER]: Leader pre-election lost for term 1. Reason: could not achieve majority
I20260709 12:19:55.809751 14104 tablet_bootstrap.cc:492] T a838914aa43d4f9db4a9a7878ac3efb2 P 7f3aa5c40ec54dbca29452dc00559229: No bootstrap required, opened a new log
I20260709 12:19:55.815053 14104 ts_tablet_manager.cc:1403] T a838914aa43d4f9db4a9a7878ac3efb2 P 7f3aa5c40ec54dbca29452dc00559229: Time spent bootstrapping tablet: real 0.096s	user 0.020s	sys 0.025s
I20260709 12:19:55.817075 14375 raft_consensus.cc:493] T 1d3e4505366745249e3c22c1d74b992d P fad9483f623e45f98b6b5774f4f5febe [term 0 FOLLOWER]: Starting pre-election (no leader contacted us within the election timeout)
I20260709 12:19:55.817682 14105 tablet_bootstrap.cc:654] T 70fcc1f6a0234089aa02d425aff36e3d P fad9483f623e45f98b6b5774f4f5febe: Neither blocks nor log segments found. Creating new log.
I20260709 12:19:55.817867 14375 raft_consensus.cc:515] T 1d3e4505366745249e3c22c1d74b992d P fad9483f623e45f98b6b5774f4f5febe [term 0 FOLLOWER]: Starting pre-election with config: opid_index: -1 OBSOLETE_local: false peers { permanent_uuid: "1c58928507c54eaa9d2c1f7d3f3afed8" member_type: VOTER last_known_addr { host: "127.12.113.65" port: 34797 } } peers { permanent_uuid: "fad9483f623e45f98b6b5774f4f5febe" member_type: VOTER last_known_addr { host: "127.12.113.66" port: 46751 } } peers { permanent_uuid: "7f3aa5c40ec54dbca29452dc00559229" member_type: VOTER last_known_addr { host: "127.12.113.67" port: 44085 } }
I20260709 12:19:55.820789 14375 leader_election.cc:290] T 1d3e4505366745249e3c22c1d74b992d P fad9483f623e45f98b6b5774f4f5febe [CANDIDATE]: Term 1 pre-election: Requested pre-vote from peers 1c58928507c54eaa9d2c1f7d3f3afed8 (127.12.113.65:34797), 7f3aa5c40ec54dbca29452dc00559229 (127.12.113.67:44085)
I20260709 12:19:55.817715 14104 raft_consensus.cc:359] T a838914aa43d4f9db4a9a7878ac3efb2 P 7f3aa5c40ec54dbca29452dc00559229 [term 0 FOLLOWER]: Replica starting. Triggering 0 pending ops. Active config: opid_index: -1 OBSOLETE_local: false peers { permanent_uuid: "1c58928507c54eaa9d2c1f7d3f3afed8" member_type: VOTER last_known_addr { host: "127.12.113.65" port: 34797 } } peers { permanent_uuid: "fad9483f623e45f98b6b5774f4f5febe" member_type: VOTER last_known_addr { host: "127.12.113.66" port: 46751 } } peers { permanent_uuid: "7f3aa5c40ec54dbca29452dc00559229" member_type: VOTER last_known_addr { host: "127.12.113.67" port: 44085 } }
I20260709 12:19:55.822398 14104 raft_consensus.cc:385] T a838914aa43d4f9db4a9a7878ac3efb2 P 7f3aa5c40ec54dbca29452dc00559229 [term 0 FOLLOWER]: Consensus starting up: Expiring failure detector timer to make a prompt election more likely
I20260709 12:19:55.822810 14104 raft_consensus.cc:740] T a838914aa43d4f9db4a9a7878ac3efb2 P 7f3aa5c40ec54dbca29452dc00559229 [term 0 FOLLOWER]: Becoming Follower/Learner. State: Replica: 7f3aa5c40ec54dbca29452dc00559229, State: Initialized, Role: FOLLOWER
I20260709 12:19:55.823745 14104 consensus_queue.cc:260] T a838914aa43d4f9db4a9a7878ac3efb2 P 7f3aa5c40ec54dbca29452dc00559229 [NON_LEADER]: Queue going to NON_LEADER mode. State: All replicated index: 0, Majority replicated index: 0, Committed index: 0, Last appended: 0.0, Last appended by leader: 0, Current term: 0, Majority size: -1, State: 0, Mode: NON_LEADER, active raft config: opid_index: -1 OBSOLETE_local: false peers { permanent_uuid: "1c58928507c54eaa9d2c1f7d3f3afed8" member_type: VOTER last_known_addr { host: "127.12.113.65" port: 34797 } } peers { permanent_uuid: "fad9483f623e45f98b6b5774f4f5febe" member_type: VOTER last_known_addr { host: "127.12.113.66" port: 46751 } } peers { permanent_uuid: "7f3aa5c40ec54dbca29452dc00559229" member_type: VOTER last_known_addr { host: "127.12.113.67" port: 44085 } }
I20260709 12:19:55.827435 14104 ts_tablet_manager.cc:1434] T a838914aa43d4f9db4a9a7878ac3efb2 P 7f3aa5c40ec54dbca29452dc00559229: Time spent starting tablet: real 0.012s	user 0.005s	sys 0.002s
I20260709 12:19:55.828826 14104 tablet_bootstrap.cc:492] T afdbd99d0f264946833d3781ceefdc6d P 7f3aa5c40ec54dbca29452dc00559229: Bootstrap starting.
I20260709 12:19:55.835776 13911 tablet_service.cc:1917] Received RequestConsensusVote() RPC: tablet_id: "1d3e4505366745249e3c22c1d74b992d" candidate_uuid: "fad9483f623e45f98b6b5774f4f5febe" candidate_term: 1 candidate_status { last_received { term: 0 index: 0 } } ignore_live_leader: false dest_uuid: "1c58928507c54eaa9d2c1f7d3f3afed8" is_pre_election: true
I20260709 12:19:55.843998 14180 raft_consensus.cc:493] T 0720264f0f4f4a8491869738abd6bb5e P 7f3aa5c40ec54dbca29452dc00559229 [term 0 FOLLOWER]: Starting pre-election (no leader contacted us within the election timeout)
I20260709 12:19:55.844784 14180 raft_consensus.cc:515] T 0720264f0f4f4a8491869738abd6bb5e P 7f3aa5c40ec54dbca29452dc00559229 [term 0 FOLLOWER]: Starting pre-election with config: opid_index: -1 OBSOLETE_local: false peers { permanent_uuid: "1c58928507c54eaa9d2c1f7d3f3afed8" member_type: VOTER last_known_addr { host: "127.12.113.65" port: 34797 } } peers { permanent_uuid: "fad9483f623e45f98b6b5774f4f5febe" member_type: VOTER last_known_addr { host: "127.12.113.66" port: 46751 } } peers { permanent_uuid: "7f3aa5c40ec54dbca29452dc00559229" member_type: VOTER last_known_addr { host: "127.12.113.67" port: 44085 } }
I20260709 12:19:55.848129 14180 leader_election.cc:290] T 0720264f0f4f4a8491869738abd6bb5e P 7f3aa5c40ec54dbca29452dc00559229 [CANDIDATE]: Term 1 pre-election: Requested pre-vote from peers 1c58928507c54eaa9d2c1f7d3f3afed8 (127.12.113.65:34797), fad9483f623e45f98b6b5774f4f5febe (127.12.113.66:46751)
I20260709 12:19:55.855343 13983 tablet_service.cc:1917] Received RequestConsensusVote() RPC: tablet_id: "0720264f0f4f4a8491869738abd6bb5e" candidate_uuid: "7f3aa5c40ec54dbca29452dc00559229" candidate_term: 1 candidate_status { last_received { term: 0 index: 0 } } ignore_live_leader: false dest_uuid: "fad9483f623e45f98b6b5774f4f5febe" is_pre_election: true
I20260709 12:19:55.856256 13983 raft_consensus.cc:2468] T 0720264f0f4f4a8491869738abd6bb5e P fad9483f623e45f98b6b5774f4f5febe [term 0 FOLLOWER]: Leader pre-election vote request: Granting yes vote for candidate 7f3aa5c40ec54dbca29452dc00559229 in term 0.
I20260709 12:19:55.862708 14061 tablet_service.cc:1917] Received RequestConsensusVote() RPC: tablet_id: "1d3e4505366745249e3c22c1d74b992d" candidate_uuid: "fad9483f623e45f98b6b5774f4f5febe" candidate_term: 1 candidate_status { last_received { term: 0 index: 0 } } ignore_live_leader: false dest_uuid: "7f3aa5c40ec54dbca29452dc00559229" is_pre_election: true
I20260709 12:19:55.863699 14061 raft_consensus.cc:2468] T 1d3e4505366745249e3c22c1d74b992d P 7f3aa5c40ec54dbca29452dc00559229 [term 0 FOLLOWER]: Leader pre-election vote request: Granting yes vote for candidate fad9483f623e45f98b6b5774f4f5febe in term 0.
I20260709 12:19:55.869930 14104 tablet_bootstrap.cc:654] T afdbd99d0f264946833d3781ceefdc6d P 7f3aa5c40ec54dbca29452dc00559229: Neither blocks nor log segments found. Creating new log.
I20260709 12:19:55.873454 14027 leader_election.cc:304] T 0720264f0f4f4a8491869738abd6bb5e P 7f3aa5c40ec54dbca29452dc00559229 [CANDIDATE]: Term 1 pre-election: Election decided. Result: candidate won. Election summary: received 2 responses out of 3 voters: 2 yes votes; 0 no votes. yes voters: 7f3aa5c40ec54dbca29452dc00559229, fad9483f623e45f98b6b5774f4f5febe; no voters: 
I20260709 12:19:55.875078 14427 raft_consensus.cc:2804] T 0720264f0f4f4a8491869738abd6bb5e P 7f3aa5c40ec54dbca29452dc00559229 [term 0 FOLLOWER]: Leader pre-election won for term 1
I20260709 12:19:55.875682 14427 raft_consensus.cc:493] T 0720264f0f4f4a8491869738abd6bb5e P 7f3aa5c40ec54dbca29452dc00559229 [term 0 FOLLOWER]: Starting leader election (no leader contacted us within the election timeout)
I20260709 12:19:55.876116 14427 raft_consensus.cc:3060] T 0720264f0f4f4a8491869738abd6bb5e P 7f3aa5c40ec54dbca29452dc00559229 [term 0 FOLLOWER]: Advancing to term 1
I20260709 12:19:55.890573 14105 tablet_bootstrap.cc:492] T 70fcc1f6a0234089aa02d425aff36e3d P fad9483f623e45f98b6b5774f4f5febe: No bootstrap required, opened a new log
I20260709 12:19:55.890524 14427 raft_consensus.cc:515] T 0720264f0f4f4a8491869738abd6bb5e P 7f3aa5c40ec54dbca29452dc00559229 [term 1 FOLLOWER]: Starting leader election with config: opid_index: -1 OBSOLETE_local: false peers { permanent_uuid: "1c58928507c54eaa9d2c1f7d3f3afed8" member_type: VOTER last_known_addr { host: "127.12.113.65" port: 34797 } } peers { permanent_uuid: "fad9483f623e45f98b6b5774f4f5febe" member_type: VOTER last_known_addr { host: "127.12.113.66" port: 46751 } } peers { permanent_uuid: "7f3aa5c40ec54dbca29452dc00559229" member_type: VOTER last_known_addr { host: "127.12.113.67" port: 44085 } }
I20260709 12:19:55.891160 14105 ts_tablet_manager.cc:1403] T 70fcc1f6a0234089aa02d425aff36e3d P fad9483f623e45f98b6b5774f4f5febe: Time spent bootstrapping tablet: real 0.152s	user 0.027s	sys 0.033s
I20260709 12:19:55.890825 13911 tablet_service.cc:1917] Received RequestConsensusVote() RPC: tablet_id: "0720264f0f4f4a8491869738abd6bb5e" candidate_uuid: "7f3aa5c40ec54dbca29452dc00559229" candidate_term: 1 candidate_status { last_received { term: 0 index: 0 } } ignore_live_leader: false dest_uuid: "1c58928507c54eaa9d2c1f7d3f3afed8" is_pre_election: true
I20260709 12:19:55.893136 13954 leader_election.cc:304] T 1d3e4505366745249e3c22c1d74b992d P fad9483f623e45f98b6b5774f4f5febe [CANDIDATE]: Term 1 pre-election: Election decided. Result: candidate won. Election summary: received 2 responses out of 3 voters: 2 yes votes; 0 no votes. yes voters: 7f3aa5c40ec54dbca29452dc00559229, fad9483f623e45f98b6b5774f4f5febe; no voters: 
I20260709 12:19:55.893428 14427 leader_election.cc:290] T 0720264f0f4f4a8491869738abd6bb5e P 7f3aa5c40ec54dbca29452dc00559229 [CANDIDATE]: Term 1 election: Requested vote from peers 1c58928507c54eaa9d2c1f7d3f3afed8 (127.12.113.65:34797), fad9483f623e45f98b6b5774f4f5febe (127.12.113.66:46751)
I20260709 12:19:55.893949 14105 raft_consensus.cc:359] T 70fcc1f6a0234089aa02d425aff36e3d P fad9483f623e45f98b6b5774f4f5febe [term 0 FOLLOWER]: Replica starting. Triggering 0 pending ops. Active config: opid_index: -1 OBSOLETE_local: false peers { permanent_uuid: "1c58928507c54eaa9d2c1f7d3f3afed8" member_type: VOTER last_known_addr { host: "127.12.113.65" port: 34797 } } peers { permanent_uuid: "fad9483f623e45f98b6b5774f4f5febe" member_type: VOTER last_known_addr { host: "127.12.113.66" port: 46751 } } peers { permanent_uuid: "7f3aa5c40ec54dbca29452dc00559229" member_type: VOTER last_known_addr { host: "127.12.113.67" port: 44085 } }
I20260709 12:19:55.896297 14104 tablet_bootstrap.cc:492] T afdbd99d0f264946833d3781ceefdc6d P 7f3aa5c40ec54dbca29452dc00559229: No bootstrap required, opened a new log
I20260709 12:19:55.896476 14180 raft_consensus.cc:493] T a838914aa43d4f9db4a9a7878ac3efb2 P 7f3aa5c40ec54dbca29452dc00559229 [term 0 FOLLOWER]: Starting pre-election (no leader contacted us within the election timeout)
I20260709 12:19:55.899224 14104 ts_tablet_manager.cc:1403] T afdbd99d0f264946833d3781ceefdc6d P 7f3aa5c40ec54dbca29452dc00559229: Time spent bootstrapping tablet: real 0.071s	user 0.006s	sys 0.005s
I20260709 12:19:55.899181 14180 raft_consensus.cc:515] T a838914aa43d4f9db4a9a7878ac3efb2 P 7f3aa5c40ec54dbca29452dc00559229 [term 0 FOLLOWER]: Starting pre-election with config: opid_index: -1 OBSOLETE_local: false peers { permanent_uuid: "1c58928507c54eaa9d2c1f7d3f3afed8" member_type: VOTER last_known_addr { host: "127.12.113.65" port: 34797 } } peers { permanent_uuid: "fad9483f623e45f98b6b5774f4f5febe" member_type: VOTER last_known_addr { host: "127.12.113.66" port: 46751 } } peers { permanent_uuid: "7f3aa5c40ec54dbca29452dc00559229" member_type: VOTER last_known_addr { host: "127.12.113.67" port: 44085 } }
I20260709 12:19:55.901554 14180 leader_election.cc:290] T a838914aa43d4f9db4a9a7878ac3efb2 P 7f3aa5c40ec54dbca29452dc00559229 [CANDIDATE]: Term 1 pre-election: Requested pre-vote from peers 1c58928507c54eaa9d2c1f7d3f3afed8 (127.12.113.65:34797), fad9483f623e45f98b6b5774f4f5febe (127.12.113.66:46751)
I20260709 12:19:55.905588 14230 consensus_queue.cc:1048] T 50264609b03e467a95de2fec5a641019 P 7f3aa5c40ec54dbca29452dc00559229 [LEADER]: Connected to new peer: Peer: permanent_uuid: "1c58928507c54eaa9d2c1f7d3f3afed8" member_type: VOTER last_known_addr { host: "127.12.113.65" port: 34797 }, Status: LMP_MISMATCH, Last received: 0.0, Next index: 1, Last known committed idx: 0, Time since last communication: 0.000s
I20260709 12:19:55.907984 13914 tablet_service.cc:1917] Received RequestConsensusVote() RPC: tablet_id: "0720264f0f4f4a8491869738abd6bb5e" candidate_uuid: "7f3aa5c40ec54dbca29452dc00559229" candidate_term: 1 candidate_status { last_received { term: 0 index: 0 } } ignore_live_leader: false dest_uuid: "1c58928507c54eaa9d2c1f7d3f3afed8"
