I20260709 12:18:50.512710 23035 raft_consensus.cc:515] T 0fba284ca09c49e9b8c37b50ffb2eca5 P 89017b6621424a6696e49f037d524851 [term 0 FOLLOWER]: Starting pre-election with config: opid_index: -1 OBSOLETE_local: false peers { permanent_uuid: "89017b6621424a6696e49f037d524851" member_type: VOTER last_known_addr { host: "127.22.43.65" port: 45213 } } peers { permanent_uuid: "50e7eefc7699487eaa0f1b500916f17e" member_type: VOTER last_known_addr { host: "127.22.43.66" port: 36561 } } peers { permanent_uuid: "c626837b190a4555a179db184c87451f" member_type: VOTER last_known_addr { host: "127.22.43.67" port: 32807 } }
I20260709 12:18:50.513098 23085 raft_consensus.cc:3060] T af3b6df7fa7143b6bf42bcbaf55046ab P c626837b190a4555a179db184c87451f [term 0 FOLLOWER]: Advancing to term 1
I20260709 12:18:50.514878 23035 leader_election.cc:290] T 0fba284ca09c49e9b8c37b50ffb2eca5 P 89017b6621424a6696e49f037d524851 [CANDIDATE]: Term 1 pre-election: Requested pre-vote from peers 50e7eefc7699487eaa0f1b500916f17e (127.22.43.66:36561), c626837b190a4555a179db184c87451f (127.22.43.67:32807)
I20260709 12:18:50.520138 23085 raft_consensus.cc:2749] T af3b6df7fa7143b6bf42bcbaf55046ab P c626837b190a4555a179db184c87451f [term 1 FOLLOWER]: Leader pre-election lost for term 1. Reason: could not achieve majority
I20260709 12:18:50.520747 23085 raft_consensus.cc:2749] T a8676a96c9094f15a144b8b5ab2ba9e2 P c626837b190a4555a179db184c87451f [term 1 FOLLOWER]: Leader pre-election lost for term 1. Reason: could not achieve majority
I20260709 12:18:50.521670 22910 tablet_service.cc:1917] Received RequestConsensusVote() RPC: tablet_id: "0fba284ca09c49e9b8c37b50ffb2eca5" candidate_uuid: "89017b6621424a6696e49f037d524851" candidate_term: 1 candidate_status { last_received { term: 0 index: 0 } } ignore_live_leader: false dest_uuid: "50e7eefc7699487eaa0f1b500916f17e" is_pre_election: true
I20260709 12:18:50.522650 22910 raft_consensus.cc:2468] T 0fba284ca09c49e9b8c37b50ffb2eca5 P 50e7eefc7699487eaa0f1b500916f17e [term 0 FOLLOWER]: Leader pre-election vote request: Granting yes vote for candidate 89017b6621424a6696e49f037d524851 in term 0.
I20260709 12:18:50.524178 22801 leader_election.cc:304] T 0fba284ca09c49e9b8c37b50ffb2eca5 P 89017b6621424a6696e49f037d524851 [CANDIDATE]: Term 1 pre-election: Election decided. Result: candidate won. Election summary: received 2 responses out of 3 voters: 2 yes votes; 0 no votes. yes voters: 50e7eefc7699487eaa0f1b500916f17e, 89017b6621424a6696e49f037d524851; no voters: 
I20260709 12:18:50.524999 23035 raft_consensus.cc:2804] T 0fba284ca09c49e9b8c37b50ffb2eca5 P 89017b6621424a6696e49f037d524851 [term 0 FOLLOWER]: Leader pre-election won for term 1
I20260709 12:18:50.525352 23035 raft_consensus.cc:493] T 0fba284ca09c49e9b8c37b50ffb2eca5 P 89017b6621424a6696e49f037d524851 [term 0 FOLLOWER]: Starting leader election (no leader contacted us within the election timeout)
I20260709 12:18:50.525662 23035 raft_consensus.cc:3060] T 0fba284ca09c49e9b8c37b50ffb2eca5 P 89017b6621424a6696e49f037d524851 [term 0 FOLLOWER]: Advancing to term 1
I20260709 12:18:50.530203 22986 tablet_service.cc:1917] Received RequestConsensusVote() RPC: tablet_id: "0fba284ca09c49e9b8c37b50ffb2eca5" candidate_uuid: "89017b6621424a6696e49f037d524851" candidate_term: 1 candidate_status { last_received { term: 0 index: 0 } } ignore_live_leader: false dest_uuid: "c626837b190a4555a179db184c87451f" is_pre_election: true
W20260709 12:18:50.531540 22802 leader_election.cc:343] T 0fba284ca09c49e9b8c37b50ffb2eca5 P 89017b6621424a6696e49f037d524851 [CANDIDATE]: Term 1 pre-election: Tablet error from VoteRequest() call to peer c626837b190a4555a179db184c87451f (127.22.43.67:32807): Illegal state: must be running to vote when last-logged opid is not known
I20260709 12:18:50.532897 23035 raft_consensus.cc:515] T 0fba284ca09c49e9b8c37b50ffb2eca5 P 89017b6621424a6696e49f037d524851 [term 1 FOLLOWER]: Starting leader election with config: opid_index: -1 OBSOLETE_local: false peers { permanent_uuid: "89017b6621424a6696e49f037d524851" member_type: VOTER last_known_addr { host: "127.22.43.65" port: 45213 } } peers { permanent_uuid: "50e7eefc7699487eaa0f1b500916f17e" member_type: VOTER last_known_addr { host: "127.22.43.66" port: 36561 } } peers { permanent_uuid: "c626837b190a4555a179db184c87451f" member_type: VOTER last_known_addr { host: "127.22.43.67" port: 32807 } }
I20260709 12:18:50.535291 23035 leader_election.cc:290] T 0fba284ca09c49e9b8c37b50ffb2eca5 P 89017b6621424a6696e49f037d524851 [CANDIDATE]: Term 1 election: Requested vote from peers 50e7eefc7699487eaa0f1b500916f17e (127.22.43.66:36561), c626837b190a4555a179db184c87451f (127.22.43.67:32807)
I20260709 12:18:50.535763 23030 tablet_bootstrap.cc:492] T fb5b9c40c9184e9d93dba40346d04fa0 P c626837b190a4555a179db184c87451f: No bootstrap required, opened a new log
I20260709 12:18:50.536386 22986 tablet_service.cc:1917] Received RequestConsensusVote() RPC: tablet_id: "0fba284ca09c49e9b8c37b50ffb2eca5" candidate_uuid: "89017b6621424a6696e49f037d524851" candidate_term: 1 candidate_status { last_received { term: 0 index: 0 } } ignore_live_leader: false dest_uuid: "c626837b190a4555a179db184c87451f"
I20260709 12:18:50.536689 23030 ts_tablet_manager.cc:1403] T fb5b9c40c9184e9d93dba40346d04fa0 P c626837b190a4555a179db184c87451f: Time spent bootstrapping tablet: real 0.061s	user 0.031s	sys 0.012s
I20260709 12:18:50.536872 22910 tablet_service.cc:1917] Received RequestConsensusVote() RPC: tablet_id: "0fba284ca09c49e9b8c37b50ffb2eca5" candidate_uuid: "89017b6621424a6696e49f037d524851" candidate_term: 1 candidate_status { last_received { term: 0 index: 0 } } ignore_live_leader: false dest_uuid: "50e7eefc7699487eaa0f1b500916f17e"
I20260709 12:18:50.537422 22910 raft_consensus.cc:3060] T 0fba284ca09c49e9b8c37b50ffb2eca5 P 50e7eefc7699487eaa0f1b500916f17e [term 0 FOLLOWER]: Advancing to term 1
W20260709 12:18:50.537906 22802 leader_election.cc:343] T 0fba284ca09c49e9b8c37b50ffb2eca5 P 89017b6621424a6696e49f037d524851 [CANDIDATE]: Term 1 election: Tablet error from VoteRequest() call to peer c626837b190a4555a179db184c87451f (127.22.43.67:32807): Illegal state: must be running to vote when last-logged opid is not known
I20260709 12:18:50.539464 23030 raft_consensus.cc:359] T fb5b9c40c9184e9d93dba40346d04fa0 P c626837b190a4555a179db184c87451f [term 0 FOLLOWER]: Replica starting. Triggering 0 pending ops. Active config: opid_index: -1 OBSOLETE_local: false peers { permanent_uuid: "89017b6621424a6696e49f037d524851" member_type: VOTER last_known_addr { host: "127.22.43.65" port: 45213 } } peers { permanent_uuid: "50e7eefc7699487eaa0f1b500916f17e" member_type: VOTER last_known_addr { host: "127.22.43.66" port: 36561 } } peers { permanent_uuid: "c626837b190a4555a179db184c87451f" member_type: VOTER last_known_addr { host: "127.22.43.67" port: 32807 } }
I20260709 12:18:50.540150 23030 raft_consensus.cc:385] T fb5b9c40c9184e9d93dba40346d04fa0 P c626837b190a4555a179db184c87451f [term 0 FOLLOWER]: Consensus starting up: Expiring failure detector timer to make a prompt election more likely
I20260709 12:18:50.540412 23030 raft_consensus.cc:740] T fb5b9c40c9184e9d93dba40346d04fa0 P c626837b190a4555a179db184c87451f [term 0 FOLLOWER]: Becoming Follower/Learner. State: Replica: c626837b190a4555a179db184c87451f, State: Initialized, Role: FOLLOWER
I20260709 12:18:50.541100 23030 consensus_queue.cc:260] T fb5b9c40c9184e9d93dba40346d04fa0 P c626837b190a4555a179db184c87451f [NON_LEADER]: Queue going to NON_LEADER mode. State: All replicated index: 0, Majority replicated index: 0, Committed index: 0, Last appended: 0.0, Last appended by leader: 0, Current term: 0, Majority size: -1, State: 0, Mode: NON_LEADER, active raft config: opid_index: -1 OBSOLETE_local: false peers { permanent_uuid: "89017b6621424a6696e49f037d524851" member_type: VOTER last_known_addr { host: "127.22.43.65" port: 45213 } } peers { permanent_uuid: "50e7eefc7699487eaa0f1b500916f17e" member_type: VOTER last_known_addr { host: "127.22.43.66" port: 36561 } } peers { permanent_uuid: "c626837b190a4555a179db184c87451f" member_type: VOTER last_known_addr { host: "127.22.43.67" port: 32807 } }
W20260709 12:18:50.542119 22781 auto_rebalancer.cc:288] Could not retrieve cluster info: Service unavailable: Tablet not running
I20260709 12:18:50.543181 23030 ts_tablet_manager.cc:1434] T fb5b9c40c9184e9d93dba40346d04fa0 P c626837b190a4555a179db184c87451f: Time spent starting tablet: real 0.006s	user 0.005s	sys 0.003s
I20260709 12:18:50.544078 23030 tablet_bootstrap.cc:492] T 0fba284ca09c49e9b8c37b50ffb2eca5 P c626837b190a4555a179db184c87451f: Bootstrap starting.
I20260709 12:18:50.546872 22910 raft_consensus.cc:2468] T 0fba284ca09c49e9b8c37b50ffb2eca5 P 50e7eefc7699487eaa0f1b500916f17e [term 1 FOLLOWER]: Leader election vote request: Granting yes vote for candidate 89017b6621424a6696e49f037d524851 in term 1.
I20260709 12:18:50.548151 22801 leader_election.cc:304] T 0fba284ca09c49e9b8c37b50ffb2eca5 P 89017b6621424a6696e49f037d524851 [CANDIDATE]: Term 1 election: Election decided. Result: candidate won. Election summary: received 3 responses out of 3 voters: 2 yes votes; 1 no votes. yes voters: 50e7eefc7699487eaa0f1b500916f17e, 89017b6621424a6696e49f037d524851; no voters: c626837b190a4555a179db184c87451f
I20260709 12:18:50.550181 23030 tablet_bootstrap.cc:654] T 0fba284ca09c49e9b8c37b50ffb2eca5 P c626837b190a4555a179db184c87451f: Neither blocks nor log segments found. Creating new log.
I20260709 12:18:50.548956 23035 raft_consensus.cc:2804] T 0fba284ca09c49e9b8c37b50ffb2eca5 P 89017b6621424a6696e49f037d524851 [term 1 FOLLOWER]: Leader election won for term 1
I20260709 12:18:50.553776 23035 raft_consensus.cc:697] T 0fba284ca09c49e9b8c37b50ffb2eca5 P 89017b6621424a6696e49f037d524851 [term 1 LEADER]: Becoming Leader. State: Replica: 89017b6621424a6696e49f037d524851, State: Running, Role: LEADER
I20260709 12:18:50.554931 23035 consensus_queue.cc:237] T 0fba284ca09c49e9b8c37b50ffb2eca5 P 89017b6621424a6696e49f037d524851 [LEADER]: Queue going to LEADER mode. State: All replicated index: 0, Majority replicated index: 0, Committed index: 0, Last appended: 0.0, Last appended by leader: 0, Current term: 1, Majority size: 2, State: 0, Mode: LEADER, active raft config: opid_index: -1 OBSOLETE_local: false peers { permanent_uuid: "89017b6621424a6696e49f037d524851" member_type: VOTER last_known_addr { host: "127.22.43.65" port: 45213 } } peers { permanent_uuid: "50e7eefc7699487eaa0f1b500916f17e" member_type: VOTER last_known_addr { host: "127.22.43.66" port: 36561 } } peers { permanent_uuid: "c626837b190a4555a179db184c87451f" member_type: VOTER last_known_addr { host: "127.22.43.67" port: 32807 } }
I20260709 12:18:50.559474 23067 consensus_queue.cc:1048] T 8a150d4ebdd44949aa163f29355354a8 P 89017b6621424a6696e49f037d524851 [LEADER]: Connected to new peer: Peer: permanent_uuid: "c626837b190a4555a179db184c87451f" member_type: VOTER last_known_addr { host: "127.22.43.67" port: 32807 }, Status: LMP_MISMATCH, Last received: 0.0, Next index: 1, Last known committed idx: 0, Time since last communication: 0.000s
I20260709 12:18:50.566334 23030 tablet_bootstrap.cc:492] T 0fba284ca09c49e9b8c37b50ffb2eca5 P c626837b190a4555a179db184c87451f: No bootstrap required, opened a new log
I20260709 12:18:50.566820 23030 ts_tablet_manager.cc:1403] T 0fba284ca09c49e9b8c37b50ffb2eca5 P c626837b190a4555a179db184c87451f: Time spent bootstrapping tablet: real 0.023s	user 0.006s	sys 0.012s
I20260709 12:18:50.567917 22731 catalog_manager.cc:5697] T 0fba284ca09c49e9b8c37b50ffb2eca5 P 89017b6621424a6696e49f037d524851 reported cstate change: term changed from 0 to 1, leader changed from <none> to 89017b6621424a6696e49f037d524851 (127.22.43.65). New cstate: current_term: 1 leader_uuid: "89017b6621424a6696e49f037d524851" committed_config { opid_index: -1 OBSOLETE_local: false peers { permanent_uuid: "89017b6621424a6696e49f037d524851" member_type: VOTER last_known_addr { host: "127.22.43.65" port: 45213 } health_report { overall_health: HEALTHY } } peers { permanent_uuid: "50e7eefc7699487eaa0f1b500916f17e" member_type: VOTER last_known_addr { host: "127.22.43.66" port: 36561 } health_report { overall_health: UNKNOWN } } peers { permanent_uuid: "c626837b190a4555a179db184c87451f" member_type: VOTER last_known_addr { host: "127.22.43.67" port: 32807 } health_report { overall_health: UNKNOWN } } }
I20260709 12:18:50.569468 23030 raft_consensus.cc:359] T 0fba284ca09c49e9b8c37b50ffb2eca5 P c626837b190a4555a179db184c87451f [term 0 FOLLOWER]: Replica starting. Triggering 0 pending ops. Active config: opid_index: -1 OBSOLETE_local: false peers { permanent_uuid: "89017b6621424a6696e49f037d524851" member_type: VOTER last_known_addr { host: "127.22.43.65" port: 45213 } } peers { permanent_uuid: "50e7eefc7699487eaa0f1b500916f17e" member_type: VOTER last_known_addr { host: "127.22.43.66" port: 36561 } } peers { permanent_uuid: "c626837b190a4555a179db184c87451f" member_type: VOTER last_known_addr { host: "127.22.43.67" port: 32807 } }
I20260709 12:18:50.570142 23030 raft_consensus.cc:385] T 0fba284ca09c49e9b8c37b50ffb2eca5 P c626837b190a4555a179db184c87451f [term 0 FOLLOWER]: Consensus starting up: Expiring failure detector timer to make a prompt election more likely
I20260709 12:18:50.570466 23030 raft_consensus.cc:740] T 0fba284ca09c49e9b8c37b50ffb2eca5 P c626837b190a4555a179db184c87451f [term 0 FOLLOWER]: Becoming Follower/Learner. State: Replica: c626837b190a4555a179db184c87451f, State: Initialized, Role: FOLLOWER
I20260709 12:18:50.571211 23030 consensus_queue.cc:260] T 0fba284ca09c49e9b8c37b50ffb2eca5 P c626837b190a4555a179db184c87451f [NON_LEADER]: Queue going to NON_LEADER mode. State: All replicated index: 0, Majority replicated index: 0, Committed index: 0, Last appended: 0.0, Last appended by leader: 0, Current term: 0, Majority size: -1, State: 0, Mode: NON_LEADER, active raft config: opid_index: -1 OBSOLETE_local: false peers { permanent_uuid: "89017b6621424a6696e49f037d524851" member_type: VOTER last_known_addr { host: "127.22.43.65" port: 45213 } } peers { permanent_uuid: "50e7eefc7699487eaa0f1b500916f17e" member_type: VOTER last_known_addr { host: "127.22.43.66" port: 36561 } } peers { permanent_uuid: "c626837b190a4555a179db184c87451f" member_type: VOTER last_known_addr { host: "127.22.43.67" port: 32807 } }
I20260709 12:18:50.572657 23030 ts_tablet_manager.cc:1434] T 0fba284ca09c49e9b8c37b50ffb2eca5 P c626837b190a4555a179db184c87451f: Time spent starting tablet: real 0.006s	user 0.002s	sys 0.002s
I20260709 12:18:50.590154 23035 consensus_queue.cc:1048] T 8a150d4ebdd44949aa163f29355354a8 P 89017b6621424a6696e49f037d524851 [LEADER]: Connected to new peer: Peer: permanent_uuid: "50e7eefc7699487eaa0f1b500916f17e" member_type: VOTER last_known_addr { host: "127.22.43.66" port: 36561 }, Status: LMP_MISMATCH, Last received: 0.0, Next index: 1, Last known committed idx: 0, Time since last communication: 0.000s
I20260709 12:18:50.684707 23035 consensus_queue.cc:1048] T 9ce773d57686424eb6c5b9fedc276c23 P 89017b6621424a6696e49f037d524851 [LEADER]: Connected to new peer: Peer: permanent_uuid: "c626837b190a4555a179db184c87451f" member_type: VOTER last_known_addr { host: "127.22.43.67" port: 32807 }, Status: LMP_MISMATCH, Last received: 0.0, Next index: 1, Last known committed idx: 0, Time since last communication: 0.000s
I20260709 12:18:50.687620 22986 raft_consensus.cc:3060] T bbf1fd0b3bc5473bbe2dcf0b125be521 P c626837b190a4555a179db184c87451f [term 0 FOLLOWER]: Advancing to term 1
I20260709 12:18:50.689697 22984 raft_consensus.cc:3060] T fb5b9c40c9184e9d93dba40346d04fa0 P c626837b190a4555a179db184c87451f [term 0 FOLLOWER]: Advancing to term 1
I20260709 12:18:50.699479 23068 consensus_queue.cc:1048] T fb5b9c40c9184e9d93dba40346d04fa0 P 50e7eefc7699487eaa0f1b500916f17e [LEADER]: Connected to new peer: Peer: permanent_uuid: "c626837b190a4555a179db184c87451f" member_type: VOTER last_known_addr { host: "127.22.43.67" port: 32807 }, Status: LMP_MISMATCH, Last received: 0.0, Next index: 1, Last known committed idx: 0, Time since last communication: 0.001s
I20260709 12:18:50.699561 23035 consensus_queue.cc:1048] T bbf1fd0b3bc5473bbe2dcf0b125be521 P 89017b6621424a6696e49f037d524851 [LEADER]: Connected to new peer: Peer: permanent_uuid: "c626837b190a4555a179db184c87451f" member_type: VOTER last_known_addr { host: "127.22.43.67" port: 32807 }, Status: LMP_MISMATCH, Last received: 0.0, Next index: 1, Last known committed idx: 0, Time since last communication: 0.001s
I20260709 12:18:50.707552 23035 consensus_queue.cc:1048] T 9ce773d57686424eb6c5b9fedc276c23 P 89017b6621424a6696e49f037d524851 [LEADER]: Connected to new peer: Peer: permanent_uuid: "50e7eefc7699487eaa0f1b500916f17e" member_type: VOTER last_known_addr { host: "127.22.43.66" port: 36561 }, Status: LMP_MISMATCH, Last received: 0.0, Next index: 1, Last known committed idx: 0, Time since last communication: 0.000s
I20260709 12:18:50.739321 23036 consensus_queue.cc:1048] T 77d85030295c4eb59727de692f2e140a P 50e7eefc7699487eaa0f1b500916f17e [LEADER]: Connected to new peer: Peer: permanent_uuid: "c626837b190a4555a179db184c87451f" member_type: VOTER last_known_addr { host: "127.22.43.67" port: 32807 }, Status: LMP_MISMATCH, Last received: 0.0, Next index: 1, Last known committed idx: 0, Time since last communication: 0.000s
I20260709 12:18:50.748510 23036 consensus_queue.cc:1048] T fb5b9c40c9184e9d93dba40346d04fa0 P 50e7eefc7699487eaa0f1b500916f17e [LEADER]: Connected to new peer: Peer: permanent_uuid: "89017b6621424a6696e49f037d524851" member_type: VOTER last_known_addr { host: "127.22.43.65" port: 45213 }, Status: LMP_MISMATCH, Last received: 0.0, Next index: 1, Last known committed idx: 0, Time since last communication: 0.000s
I20260709 12:18:50.750912 23068 consensus_queue.cc:1048] T af3b6df7fa7143b6bf42bcbaf55046ab P 50e7eefc7699487eaa0f1b500916f17e [LEADER]: Connected to new peer: Peer: permanent_uuid: "89017b6621424a6696e49f037d524851" member_type: VOTER last_known_addr { host: "127.22.43.65" port: 45213 }, Status: LMP_MISMATCH, Last received: 0.0, Next index: 1, Last known committed idx: 0, Time since last communication: 0.000s
I20260709 12:18:50.759886 23067 consensus_queue.cc:1048] T bbf1fd0b3bc5473bbe2dcf0b125be521 P 89017b6621424a6696e49f037d524851 [LEADER]: Connected to new peer: Peer: permanent_uuid: "50e7eefc7699487eaa0f1b500916f17e" member_type: VOTER last_known_addr { host: "127.22.43.66" port: 36561 }, Status: LMP_MISMATCH, Last received: 0.0, Next index: 1, Last known committed idx: 0, Time since last communication: 0.001s
I20260709 12:18:50.787995 23070 consensus_queue.cc:1048] T af3b6df7fa7143b6bf42bcbaf55046ab P 50e7eefc7699487eaa0f1b500916f17e [LEADER]: Connected to new peer: Peer: permanent_uuid: "c626837b190a4555a179db184c87451f" member_type: VOTER last_known_addr { host: "127.22.43.67" port: 32807 }, Status: LMP_MISMATCH, Last received: 0.0, Next index: 1, Last known committed idx: 0, Time since last communication: 0.001s
I20260709 12:18:50.820956 22910 tablet_service.cc:2072] Received LeaderStepDown RPC: tablet_id: "af3b6df7fa7143b6bf42bcbaf55046ab"
dest_uuid: "50e7eefc7699487eaa0f1b500916f17e"
mode: GRACEFUL
new_leader_uuid: "89017b6621424a6696e49f037d524851"
 from {username='slave'} at 127.0.0.1:43846
I20260709 12:18:50.821669 22910 raft_consensus.cc:606] T af3b6df7fa7143b6bf42bcbaf55046ab P 50e7eefc7699487eaa0f1b500916f17e [term 1 LEADER]: Received request to transfer leadership to TS 89017b6621424a6696e49f037d524851
I20260709 12:18:50.829463 23036 raft_consensus.cc:993] T af3b6df7fa7143b6bf42bcbaf55046ab P 50e7eefc7699487eaa0f1b500916f17e: : Instructing follower 89017b6621424a6696e49f037d524851 to start an election
I20260709 12:18:50.829931 23036 raft_consensus.cc:1081] T af3b6df7fa7143b6bf42bcbaf55046ab P 50e7eefc7699487eaa0f1b500916f17e [term 1 LEADER]: Signalling peer 89017b6621424a6696e49f037d524851 to start an election
I20260709 12:18:50.840775 22836 tablet_service.cc:2044] Received Run Leader Election RPC: tablet_id: "af3b6df7fa7143b6bf42bcbaf55046ab"
dest_uuid: "89017b6621424a6696e49f037d524851"
 from {username='slave'} at 127.0.0.1:54808
I20260709 12:18:50.841499 22836 raft_consensus.cc:493] T af3b6df7fa7143b6bf42bcbaf55046ab P 89017b6621424a6696e49f037d524851 [term 1 FOLLOWER]: Starting forced leader election (received explicit request)
I20260709 12:18:50.841933 22836 raft_consensus.cc:3060] T af3b6df7fa7143b6bf42bcbaf55046ab P 89017b6621424a6696e49f037d524851 [term 1 FOLLOWER]: Advancing to term 2
I20260709 12:18:50.849071 22836 raft_consensus.cc:515] T af3b6df7fa7143b6bf42bcbaf55046ab P 89017b6621424a6696e49f037d524851 [term 2 FOLLOWER]: Starting forced leader election with config: opid_index: -1 OBSOLETE_local: false peers { permanent_uuid: "89017b6621424a6696e49f037d524851" member_type: VOTER last_known_addr { host: "127.22.43.65" port: 45213 } } peers { permanent_uuid: "c626837b190a4555a179db184c87451f" member_type: VOTER last_known_addr { host: "127.22.43.67" port: 32807 } } peers { permanent_uuid: "50e7eefc7699487eaa0f1b500916f17e" member_type: VOTER last_known_addr { host: "127.22.43.66" port: 36561 } }
I20260709 12:18:50.853973 23057 consensus_queue.cc:1048] T 77d85030295c4eb59727de692f2e140a P 50e7eefc7699487eaa0f1b500916f17e [LEADER]: Connected to new peer: Peer: permanent_uuid: "89017b6621424a6696e49f037d524851" member_type: VOTER last_known_addr { host: "127.22.43.65" port: 45213 }, Status: LMP_MISMATCH, Last received: 0.0, Next index: 1, Last known committed idx: 0, Time since last communication: 0.001s
I20260709 12:18:50.856510 23067 consensus_queue.cc:1048] T b4bf1a2da1c84d1f82a3c33736f0a79e P 89017b6621424a6696e49f037d524851 [LEADER]: Connected to new peer: Peer: permanent_uuid: "50e7eefc7699487eaa0f1b500916f17e" member_type: VOTER last_known_addr { host: "127.22.43.66" port: 36561 }, Status: LMP_MISMATCH, Last received: 0.0, Next index: 1, Last known committed idx: 0, Time since last communication: 0.000s
I20260709 12:18:50.859136 22985 tablet_service.cc:1917] Received RequestConsensusVote() RPC: tablet_id: "af3b6df7fa7143b6bf42bcbaf55046ab" candidate_uuid: "89017b6621424a6696e49f037d524851" candidate_term: 2 candidate_status { last_received { term: 1 index: 1 } } ignore_live_leader: true dest_uuid: "c626837b190a4555a179db184c87451f"
I20260709 12:18:50.859731 22985 raft_consensus.cc:3060] T af3b6df7fa7143b6bf42bcbaf55046ab P c626837b190a4555a179db184c87451f [term 1 FOLLOWER]: Advancing to term 2
I20260709 12:18:50.869925 22985 raft_consensus.cc:2468] T af3b6df7fa7143b6bf42bcbaf55046ab P c626837b190a4555a179db184c87451f [term 2 FOLLOWER]: Leader election vote request: Granting yes vote for candidate 89017b6621424a6696e49f037d524851 in term 2.
I20260709 12:18:50.871340 22802 leader_election.cc:304] T af3b6df7fa7143b6bf42bcbaf55046ab P 89017b6621424a6696e49f037d524851 [CANDIDATE]: Term 2 election: Election decided. Result: candidate won. Election summary: received 2 responses out of 3 voters: 2 yes votes; 0 no votes. yes voters: 89017b6621424a6696e49f037d524851, c626837b190a4555a179db184c87451f; no voters: 
I20260709 12:18:50.873276 23067 raft_consensus.cc:2804] T af3b6df7fa7143b6bf42bcbaf55046ab P 89017b6621424a6696e49f037d524851 [term 2 FOLLOWER]: Leader election won for term 2
I20260709 12:18:50.875420 22910 tablet_service.cc:1917] Received RequestConsensusVote() RPC: tablet_id: "af3b6df7fa7143b6bf42bcbaf55046ab" candidate_uuid: "89017b6621424a6696e49f037d524851" candidate_term: 2 candidate_status { last_received { term: 1 index: 1 } } ignore_live_leader: true dest_uuid: "50e7eefc7699487eaa0f1b500916f17e"
I20260709 12:18:50.875991 22910 raft_consensus.cc:3055] T af3b6df7fa7143b6bf42bcbaf55046ab P 50e7eefc7699487eaa0f1b500916f17e [term 1 LEADER]: Stepping down as leader of term 1
I20260709 12:18:50.876317 22910 raft_consensus.cc:740] T af3b6df7fa7143b6bf42bcbaf55046ab P 50e7eefc7699487eaa0f1b500916f17e [term 1 LEADER]: Becoming Follower/Learner. State: Replica: 50e7eefc7699487eaa0f1b500916f17e, State: Running, Role: LEADER
I20260709 12:18:50.877156 22910 consensus_queue.cc:260] T af3b6df7fa7143b6bf42bcbaf55046ab P 50e7eefc7699487eaa0f1b500916f17e [NON_LEADER]: Queue going to NON_LEADER mode. State: All replicated index: 0, Majority replicated index: 1, Committed index: 1, Last appended: 1.1, Last appended by leader: 1, Current term: 1, Majority size: -1, State: 0, Mode: NON_LEADER, active raft config: opid_index: -1 OBSOLETE_local: false peers { permanent_uuid: "89017b6621424a6696e49f037d524851" member_type: VOTER last_known_addr { host: "127.22.43.65" port: 45213 } } peers { permanent_uuid: "c626837b190a4555a179db184c87451f" member_type: VOTER last_known_addr { host: "127.22.43.67" port: 32807 } } peers { permanent_uuid: "50e7eefc7699487eaa0f1b500916f17e" member_type: VOTER last_known_addr { host: "127.22.43.66" port: 36561 } }
I20260709 12:18:50.874302 23067 raft_consensus.cc:697] T af3b6df7fa7143b6bf42bcbaf55046ab P 89017b6621424a6696e49f037d524851 [term 2 LEADER]: Becoming Leader. State: Replica: 89017b6621424a6696e49f037d524851, State: Running, Role: LEADER
I20260709 12:18:50.878476 22910 raft_consensus.cc:3060] T af3b6df7fa7143b6bf42bcbaf55046ab P 50e7eefc7699487eaa0f1b500916f17e [term 1 FOLLOWER]: Advancing to term 2
I20260709 12:18:50.879235 23067 consensus_queue.cc:237] T af3b6df7fa7143b6bf42bcbaf55046ab P 89017b6621424a6696e49f037d524851 [LEADER]: Queue going to LEADER mode. State: All replicated index: 0, Majority replicated index: 1, Committed index: 1, Last appended: 1.1, Last appended by leader: 1, Current term: 2, Majority size: 2, State: 0, Mode: LEADER, active raft config: opid_index: -1 OBSOLETE_local: false peers { permanent_uuid: "89017b6621424a6696e49f037d524851" member_type: VOTER last_known_addr { host: "127.22.43.65" port: 45213 } } peers { permanent_uuid: "c626837b190a4555a179db184c87451f" member_type: VOTER last_known_addr { host: "127.22.43.67" port: 32807 } } peers { permanent_uuid: "50e7eefc7699487eaa0f1b500916f17e" member_type: VOTER last_known_addr { host: "127.22.43.66" port: 36561 } }
I20260709 12:18:50.873301 22836 leader_election.cc:290] T af3b6df7fa7143b6bf42bcbaf55046ab P 89017b6621424a6696e49f037d524851 [CANDIDATE]: Term 2 election: Requested vote from peers c626837b190a4555a179db184c87451f (127.22.43.67:32807), 50e7eefc7699487eaa0f1b500916f17e (127.22.43.66:36561)
I20260709 12:18:50.889067 22910 raft_consensus.cc:2468] T af3b6df7fa7143b6bf42bcbaf55046ab P 50e7eefc7699487eaa0f1b500916f17e [term 2 FOLLOWER]: Leader election vote request: Granting yes vote for candidate 89017b6621424a6696e49f037d524851 in term 2.
I20260709 12:18:50.890887 23067 consensus_queue.cc:1048] T b4bf1a2da1c84d1f82a3c33736f0a79e P 89017b6621424a6696e49f037d524851 [LEADER]: Connected to new peer: Peer: permanent_uuid: "c626837b190a4555a179db184c87451f" member_type: VOTER last_known_addr { host: "127.22.43.67" port: 32807 }, Status: LMP_MISMATCH, Last received: 0.0, Next index: 1, Last known committed idx: 0, Time since last communication: 0.000s
I20260709 12:18:50.894934 22836 tablet_service.cc:2072] Received LeaderStepDown RPC: tablet_id: "bbf1fd0b3bc5473bbe2dcf0b125be521"
dest_uuid: "89017b6621424a6696e49f037d524851"
mode: GRACEFUL
new_leader_uuid: "50e7eefc7699487eaa0f1b500916f17e"
 from {username='slave'} at 127.0.0.1:54820
I20260709 12:18:50.895560 22836 raft_consensus.cc:606] T bbf1fd0b3bc5473bbe2dcf0b125be521 P 89017b6621424a6696e49f037d524851 [term 1 LEADER]: Received request to transfer leadership to TS 50e7eefc7699487eaa0f1b500916f17e
I20260709 12:18:50.905817 22836 tablet_service.cc:2072] Received LeaderStepDown RPC: tablet_id: "a8676a96c9094f15a144b8b5ab2ba9e2"
dest_uuid: "89017b6621424a6696e49f037d524851"
mode: GRACEFUL
new_leader_uuid: "50e7eefc7699487eaa0f1b500916f17e"
 from {username='slave'} at 127.0.0.1:54820
I20260709 12:18:50.906504 22836 raft_consensus.cc:606] T a8676a96c9094f15a144b8b5ab2ba9e2 P 89017b6621424a6696e49f037d524851 [term 1 LEADER]: Received request to transfer leadership to TS 50e7eefc7699487eaa0f1b500916f17e
I20260709 12:18:50.908602 22732 catalog_manager.cc:5697] T af3b6df7fa7143b6bf42bcbaf55046ab P 89017b6621424a6696e49f037d524851 reported cstate change: term changed from 1 to 2, leader changed from 50e7eefc7699487eaa0f1b500916f17e (127.22.43.66) to 89017b6621424a6696e49f037d524851 (127.22.43.65). New cstate: current_term: 2 leader_uuid: "89017b6621424a6696e49f037d524851" committed_config { opid_index: -1 OBSOLETE_local: false peers { permanent_uuid: "89017b6621424a6696e49f037d524851" member_type: VOTER last_known_addr { host: "127.22.43.65" port: 45213 } health_report { overall_health: HEALTHY } } peers { permanent_uuid: "c626837b190a4555a179db184c87451f" member_type: VOTER last_known_addr { host: "127.22.43.67" port: 32807 } health_report { overall_health: UNKNOWN } } peers { permanent_uuid: "50e7eefc7699487eaa0f1b500916f17e" member_type: VOTER last_known_addr { host: "127.22.43.66" port: 36561 } health_report { overall_health: UNKNOWN } } }
I20260709 12:18:50.920141 22836 tablet_service.cc:2072] Received LeaderStepDown RPC: tablet_id: "0fba284ca09c49e9b8c37b50ffb2eca5"
dest_uuid: "89017b6621424a6696e49f037d524851"
mode: GRACEFUL
new_leader_uuid: "c626837b190a4555a179db184c87451f"
 from {username='slave'} at 127.0.0.1:54820
I20260709 12:18:50.920791 22836 raft_consensus.cc:606] T 0fba284ca09c49e9b8c37b50ffb2eca5 P 89017b6621424a6696e49f037d524851 [term 1 LEADER]: Received request to transfer leadership to TS c626837b190a4555a179db184c87451f
I20260709 12:18:50.989092 22985 raft_consensus.cc:3060] T 0fba284ca09c49e9b8c37b50ffb2eca5 P c626837b190a4555a179db184c87451f [term 0 FOLLOWER]: Advancing to term 1
I20260709 12:18:50.995266 23067 consensus_queue.cc:1048] T 0fba284ca09c49e9b8c37b50ffb2eca5 P 89017b6621424a6696e49f037d524851 [LEADER]: Connected to new peer: Peer: permanent_uuid: "c626837b190a4555a179db184c87451f" member_type: VOTER last_known_addr { host: "127.22.43.67" port: 32807 }, Status: LMP_MISMATCH, Last received: 0.0, Next index: 1, Last known committed idx: 0, Time since last communication: 0.000s
I20260709 12:18:51.002297 23035 raft_consensus.cc:993] T 0fba284ca09c49e9b8c37b50ffb2eca5 P 89017b6621424a6696e49f037d524851: : Instructing follower c626837b190a4555a179db184c87451f to start an election
I20260709 12:18:51.002799 23035 raft_consensus.cc:1081] T 0fba284ca09c49e9b8c37b50ffb2eca5 P 89017b6621424a6696e49f037d524851 [term 1 LEADER]: Signalling peer c626837b190a4555a179db184c87451f to start an election
I20260709 12:18:51.005241 22986 tablet_service.cc:2044] Received Run Leader Election RPC: tablet_id: "0fba284ca09c49e9b8c37b50ffb2eca5"
dest_uuid: "c626837b190a4555a179db184c87451f"
 from {username='slave'} at 127.0.0.1:52200
I20260709 12:18:51.005913 22986 raft_consensus.cc:493] T 0fba284ca09c49e9b8c37b50ffb2eca5 P c626837b190a4555a179db184c87451f [term 1 FOLLOWER]: Starting forced leader election (received explicit request)
I20260709 12:18:51.006372 22986 raft_consensus.cc:3060] T 0fba284ca09c49e9b8c37b50ffb2eca5 P c626837b190a4555a179db184c87451f [term 1 FOLLOWER]: Advancing to term 2
I20260709 12:18:51.009027 23035 consensus_queue.cc:1048] T 0fba284ca09c49e9b8c37b50ffb2eca5 P 89017b6621424a6696e49f037d524851 [LEADER]: Connected to new peer: Peer: permanent_uuid: "50e7eefc7699487eaa0f1b500916f17e" member_type: VOTER last_known_addr { host: "127.22.43.66" port: 36561 }, Status: LMP_MISMATCH, Last received: 0.0, Next index: 1, Last known committed idx: 0, Time since last communication: 0.000s
I20260709 12:18:51.015317 22986 raft_consensus.cc:515] T 0fba284ca09c49e9b8c37b50ffb2eca5 P c626837b190a4555a179db184c87451f [term 2 FOLLOWER]: Starting forced leader election with config: opid_index: -1 OBSOLETE_local: false peers { permanent_uuid: "89017b6621424a6696e49f037d524851" member_type: VOTER last_known_addr { host: "127.22.43.65" port: 45213 } } peers { permanent_uuid: "50e7eefc7699487eaa0f1b500916f17e" member_type: VOTER last_known_addr { host: "127.22.43.66" port: 36561 } } peers { permanent_uuid: "c626837b190a4555a179db184c87451f" member_type: VOTER last_known_addr { host: "127.22.43.67" port: 32807 } }
I20260709 12:18:51.018380 22985 raft_consensus.cc:1240] T 0fba284ca09c49e9b8c37b50ffb2eca5 P c626837b190a4555a179db184c87451f [term 2 FOLLOWER]: Rejecting Update request from peer 89017b6621424a6696e49f037d524851 for earlier term 1. Current term is 2. Ops: []
I20260709 12:18:51.018678 22836 tablet_service.cc:1917] Received RequestConsensusVote() RPC: tablet_id: "0fba284ca09c49e9b8c37b50ffb2eca5" candidate_uuid: "c626837b190a4555a179db184c87451f" candidate_term: 2 candidate_status { last_received { term: 1 index: 1 } } ignore_live_leader: true dest_uuid: "89017b6621424a6696e49f037d524851"
I20260709 12:18:51.018807 22910 tablet_service.cc:1917] Received RequestConsensusVote() RPC: tablet_id: "0fba284ca09c49e9b8c37b50ffb2eca5" candidate_uuid: "c626837b190a4555a179db184c87451f" candidate_term: 2 candidate_status { last_received { term: 1 index: 1 } } ignore_live_leader: true dest_uuid: "50e7eefc7699487eaa0f1b500916f17e"
I20260709 12:18:51.019490 22836 raft_consensus.cc:3055] T 0fba284ca09c49e9b8c37b50ffb2eca5 P 89017b6621424a6696e49f037d524851 [term 1 LEADER]: Stepping down as leader of term 1
I20260709 12:18:51.019928 22836 raft_consensus.cc:740] T 0fba284ca09c49e9b8c37b50ffb2eca5 P 89017b6621424a6696e49f037d524851 [term 1 LEADER]: Becoming Follower/Learner. State: Replica: 89017b6621424a6696e49f037d524851, State: Running, Role: LEADER
I20260709 12:18:51.020864 22836 consensus_queue.cc:260] T 0fba284ca09c49e9b8c37b50ffb2eca5 P 89017b6621424a6696e49f037d524851 [NON_LEADER]: Queue going to NON_LEADER mode. State: All replicated index: 0, Majority replicated index: 1, Committed index: 1, Last appended: 1.1, Last appended by leader: 1, Current term: 1, Majority size: -1, State: 0, Mode: NON_LEADER, active raft config: opid_index: -1 OBSOLETE_local: false peers { permanent_uuid: "89017b6621424a6696e49f037d524851" member_type: VOTER last_known_addr { host: "127.22.43.65" port: 45213 } } peers { permanent_uuid: "50e7eefc7699487eaa0f1b500916f17e" member_type: VOTER last_known_addr { host: "127.22.43.66" port: 36561 } } peers { permanent_uuid: "c626837b190a4555a179db184c87451f" member_type: VOTER last_known_addr { host: "127.22.43.67" port: 32807 } }
I20260709 12:18:51.022547 22986 leader_election.cc:290] T 0fba284ca09c49e9b8c37b50ffb2eca5 P c626837b190a4555a179db184c87451f [CANDIDATE]: Term 2 election: Requested vote from peers 89017b6621424a6696e49f037d524851 (127.22.43.65:45213), 50e7eefc7699487eaa0f1b500916f17e (127.22.43.66:36561)
I20260709 12:18:51.024298 22836 raft_consensus.cc:3060] T 0fba284ca09c49e9b8c37b50ffb2eca5 P 89017b6621424a6696e49f037d524851 [term 1 FOLLOWER]: Advancing to term 2
I20260709 12:18:51.032721 23035 consensus_queue.cc:1048] T a8676a96c9094f15a144b8b5ab2ba9e2 P 89017b6621424a6696e49f037d524851 [LEADER]: Connected to new peer: Peer: permanent_uuid: "50e7eefc7699487eaa0f1b500916f17e" member_type: VOTER last_known_addr { host: "127.22.43.66" port: 36561 }, Status: LMP_MISMATCH, Last received: 0.0, Next index: 1, Last known committed idx: 0, Time since last communication: 0.000s
I20260709 12:18:51.038771 22836 raft_consensus.cc:2468] T 0fba284ca09c49e9b8c37b50ffb2eca5 P 89017b6621424a6696e49f037d524851 [term 2 FOLLOWER]: Leader election vote request: Granting yes vote for candidate c626837b190a4555a179db184c87451f in term 2.
I20260709 12:18:51.040130 22950 leader_election.cc:304] T 0fba284ca09c49e9b8c37b50ffb2eca5 P c626837b190a4555a179db184c87451f [CANDIDATE]: Term 2 election: Election decided. Result: candidate won. Election summary: received 3 responses out of 3 voters: 2 yes votes; 1 no votes. yes voters: 89017b6621424a6696e49f037d524851, c626837b190a4555a179db184c87451f; no voters: 50e7eefc7699487eaa0f1b500916f17e
I20260709 12:18:51.041384 23038 raft_consensus.cc:2804] T 0fba284ca09c49e9b8c37b50ffb2eca5 P c626837b190a4555a179db184c87451f [term 2 FOLLOWER]: Leader election won for term 2
I20260709 12:18:51.042956 23038 raft_consensus.cc:697] T 0fba284ca09c49e9b8c37b50ffb2eca5 P c626837b190a4555a179db184c87451f [term 2 LEADER]: Becoming Leader. State: Replica: c626837b190a4555a179db184c87451f, State: Running, Role: LEADER
I20260709 12:18:51.043912 23038 consensus_queue.cc:237] T 0fba284ca09c49e9b8c37b50ffb2eca5 P c626837b190a4555a179db184c87451f [LEADER]: Queue going to LEADER mode. State: All replicated index: 0, Majority replicated index: 0, Committed index: 0, Last appended: 1.1, Last appended by leader: 1, Current term: 2, Majority size: 2, State: 0, Mode: LEADER, active raft config: opid_index: -1 OBSOLETE_local: false peers { permanent_uuid: "89017b6621424a6696e49f037d524851" member_type: VOTER last_known_addr { host: "127.22.43.65" port: 45213 } } peers { permanent_uuid: "50e7eefc7699487eaa0f1b500916f17e" member_type: VOTER last_known_addr { host: "127.22.43.66" port: 36561 } } peers { permanent_uuid: "c626837b190a4555a179db184c87451f" member_type: VOTER last_known_addr { host: "127.22.43.67" port: 32807 } }
I20260709 12:18:51.053609 23035 consensus_queue.cc:1048] T a8676a96c9094f15a144b8b5ab2ba9e2 P 89017b6621424a6696e49f037d524851 [LEADER]: Connected to new peer: Peer: permanent_uuid: "c626837b190a4555a179db184c87451f" member_type: VOTER last_known_addr { host: "127.22.43.67" port: 32807 }, Status: LMP_MISMATCH, Last received: 0.0, Next index: 1, Last known committed idx: 0, Time since last communication: 0.001s
I20260709 12:18:51.053812 22732 catalog_manager.cc:5697] T 0fba284ca09c49e9b8c37b50ffb2eca5 P c626837b190a4555a179db184c87451f reported cstate change: term changed from 1 to 2, leader changed from 89017b6621424a6696e49f037d524851 (127.22.43.65) to c626837b190a4555a179db184c87451f (127.22.43.67). New cstate: current_term: 2 leader_uuid: "c626837b190a4555a179db184c87451f" committed_config { opid_index: -1 OBSOLETE_local: false peers { permanent_uuid: "89017b6621424a6696e49f037d524851" member_type: VOTER last_known_addr { host: "127.22.43.65" port: 45213 } health_report { overall_health: UNKNOWN } } peers { permanent_uuid: "50e7eefc7699487eaa0f1b500916f17e" member_type: VOTER last_known_addr { host: "127.22.43.66" port: 36561 } health_report { overall_health: UNKNOWN } } peers { permanent_uuid: "c626837b190a4555a179db184c87451f" member_type: VOTER last_known_addr { host: "127.22.43.67" port: 32807 } health_report { overall_health: HEALTHY } } }
I20260709 12:18:51.055449 23067 raft_consensus.cc:993] T a8676a96c9094f15a144b8b5ab2ba9e2 P 89017b6621424a6696e49f037d524851: : Instructing follower 50e7eefc7699487eaa0f1b500916f17e to start an election
I20260709 12:18:51.056216 23050 raft_consensus.cc:1081] T a8676a96c9094f15a144b8b5ab2ba9e2 P 89017b6621424a6696e49f037d524851 [term 1 LEADER]: Signalling peer 50e7eefc7699487eaa0f1b500916f17e to start an election
I20260709 12:18:51.058974 22911 tablet_service.cc:2044] Received Run Leader Election RPC: tablet_id: "a8676a96c9094f15a144b8b5ab2ba9e2"
dest_uuid: "50e7eefc7699487eaa0f1b500916f17e"
 from {username='slave'} at 127.0.0.1:43832
I20260709 12:18:51.059545 22911 raft_consensus.cc:493] T a8676a96c9094f15a144b8b5ab2ba9e2 P 50e7eefc7699487eaa0f1b500916f17e [term 1 FOLLOWER]: Starting forced leader election (received explicit request)
I20260709 12:18:51.059963 22911 raft_consensus.cc:3060] T a8676a96c9094f15a144b8b5ab2ba9e2 P 50e7eefc7699487eaa0f1b500916f17e [term 1 FOLLOWER]: Advancing to term 2
I20260709 12:18:51.068583 22911 raft_consensus.cc:515] T a8676a96c9094f15a144b8b5ab2ba9e2 P 50e7eefc7699487eaa0f1b500916f17e [term 2 FOLLOWER]: Starting forced leader election with config: opid_index: -1 OBSOLETE_local: false peers { permanent_uuid: "89017b6621424a6696e49f037d524851" member_type: VOTER last_known_addr { host: "127.22.43.65" port: 45213 } } peers { permanent_uuid: "50e7eefc7699487eaa0f1b500916f17e" member_type: VOTER last_known_addr { host: "127.22.43.66" port: 36561 } } peers { permanent_uuid: "c626837b190a4555a179db184c87451f" member_type: VOTER last_known_addr { host: "127.22.43.67" port: 32807 } }
I20260709 12:18:51.069830 22910 raft_consensus.cc:1240] T a8676a96c9094f15a144b8b5ab2ba9e2 P 50e7eefc7699487eaa0f1b500916f17e [term 2 FOLLOWER]: Rejecting Update request from peer 89017b6621424a6696e49f037d524851 for earlier term 1. Current term is 2. Ops: []
I20260709 12:18:51.072198 23110 consensus_queue.cc:1059] T a8676a96c9094f15a144b8b5ab2ba9e2 P 89017b6621424a6696e49f037d524851 [LEADER]: Peer responded invalid term: Peer: permanent_uuid: "50e7eefc7699487eaa0f1b500916f17e" member_type: VOTER last_known_addr { host: "127.22.43.66" port: 36561 }, Status: INVALID_TERM, Last received: 1.1, Next index: 2, Last known committed idx: 0, Time since last communication: 0.000s
I20260709 12:18:51.073101 23110 raft_consensus.cc:3055] T a8676a96c9094f15a144b8b5ab2ba9e2 P 89017b6621424a6696e49f037d524851 [term 1 LEADER]: Stepping down as leader of term 1
I20260709 12:18:51.073454 23110 raft_consensus.cc:740] T a8676a96c9094f15a144b8b5ab2ba9e2 P 89017b6621424a6696e49f037d524851 [term 1 LEADER]: Becoming Follower/Learner. State: Replica: 89017b6621424a6696e49f037d524851, State: Running, Role: LEADER
I20260709 12:18:51.074520 23110 consensus_queue.cc:260] T a8676a96c9094f15a144b8b5ab2ba9e2 P 89017b6621424a6696e49f037d524851 [NON_LEADER]: Queue going to NON_LEADER mode. State: All replicated index: 0, Majority replicated index: 1, Committed index: 1, Last appended: 1.1, Last appended by leader: 1, Current term: 1, Majority size: -1, State: 0, Mode: NON_LEADER, active raft config: opid_index: -1 OBSOLETE_local: false peers { permanent_uuid: "89017b6621424a6696e49f037d524851" member_type: VOTER last_known_addr { host: "127.22.43.65" port: 45213 } } peers { permanent_uuid: "50e7eefc7699487eaa0f1b500916f17e" member_type: VOTER last_known_addr { host: "127.22.43.66" port: 36561 } } peers { permanent_uuid: "c626837b190a4555a179db184c87451f" member_type: VOTER last_known_addr { host: "127.22.43.67" port: 32807 } }
I20260709 12:18:51.076128 23110 raft_consensus.cc:3060] T a8676a96c9094f15a144b8b5ab2ba9e2 P 89017b6621424a6696e49f037d524851 [term 1 FOLLOWER]: Advancing to term 2
W20260709 12:18:51.079413 23067 consensus_queue.cc:1175] T a8676a96c9094f15a144b8b5ab2ba9e2 P 89017b6621424a6696e49f037d524851 [NON_LEADER]: Queue is closed or peer was untracked, disregarding peer response. Response: responder_uuid: "c626837b190a4555a179db184c87451f" responder_term: 1 status { last_received { term: 1 index: 1 } last_committed_idx: 0 last_received_current_leader { term: 1 index: 1 } }
I20260709 12:18:51.082846 22836 tablet_service.cc:1917] Received RequestConsensusVote() RPC: tablet_id: "a8676a96c9094f15a144b8b5ab2ba9e2" candidate_uuid: "50e7eefc7699487eaa0f1b500916f17e" candidate_term: 2 candidate_status { last_received { term: 1 index: 1 } } ignore_live_leader: true dest_uuid: "89017b6621424a6696e49f037d524851"
I20260709 12:18:51.083115 22985 tablet_service.cc:1917] Received RequestConsensusVote() RPC: tablet_id: "a8676a96c9094f15a144b8b5ab2ba9e2" candidate_uuid: "50e7eefc7699487eaa0f1b500916f17e" candidate_term: 2 candidate_status { last_received { term: 1 index: 1 } } ignore_live_leader: true dest_uuid: "c626837b190a4555a179db184c87451f"
I20260709 12:18:51.083781 22985 raft_consensus.cc:3060] T a8676a96c9094f15a144b8b5ab2ba9e2 P c626837b190a4555a179db184c87451f [term 1 FOLLOWER]: Advancing to term 2
I20260709 12:18:51.088948 22911 leader_election.cc:290] T a8676a96c9094f15a144b8b5ab2ba9e2 P 50e7eefc7699487eaa0f1b500916f17e [CANDIDATE]: Term 2 election: Requested vote from peers 89017b6621424a6696e49f037d524851 (127.22.43.65:45213), c626837b190a4555a179db184c87451f (127.22.43.67:32807)
I20260709 12:18:51.093200 22985 raft_consensus.cc:2468] T a8676a96c9094f15a144b8b5ab2ba9e2 P c626837b190a4555a179db184c87451f [term 2 FOLLOWER]: Leader election vote request: Granting yes vote for candidate 50e7eefc7699487eaa0f1b500916f17e in term 2.
I20260709 12:18:51.094863 22877 leader_election.cc:304] T a8676a96c9094f15a144b8b5ab2ba9e2 P 50e7eefc7699487eaa0f1b500916f17e [CANDIDATE]: Term 2 election: Election decided. Result: candidate won. Election summary: received 2 responses out of 3 voters: 2 yes votes; 0 no votes. yes voters: 50e7eefc7699487eaa0f1b500916f17e, c626837b190a4555a179db184c87451f; no voters: 
I20260709 12:18:51.095619 23057 raft_consensus.cc:2804] T a8676a96c9094f15a144b8b5ab2ba9e2 P 50e7eefc7699487eaa0f1b500916f17e [term 2 FOLLOWER]: Leader election won for term 2
I20260709 12:18:51.095631 22836 raft_consensus.cc:2468] T a8676a96c9094f15a144b8b5ab2ba9e2 P 89017b6621424a6696e49f037d524851 [term 2 FOLLOWER]: Leader election vote request: Granting yes vote for candidate 50e7eefc7699487eaa0f1b500916f17e in term 2.
I20260709 12:18:51.096215 23057 raft_consensus.cc:697] T a8676a96c9094f15a144b8b5ab2ba9e2 P 50e7eefc7699487eaa0f1b500916f17e [term 2 LEADER]: Becoming Leader. State: Replica: 50e7eefc7699487eaa0f1b500916f17e, State: Running, Role: LEADER
I20260709 12:18:51.097203 23057 consensus_queue.cc:237] T a8676a96c9094f15a144b8b5ab2ba9e2 P 50e7eefc7699487eaa0f1b500916f17e [LEADER]: Queue going to LEADER mode. State: All replicated index: 0, Majority replicated index: 0, Committed index: 0, Last appended: 1.1, Last appended by leader: 1, Current term: 2, Majority size: 2, State: 0, Mode: LEADER, active raft config: opid_index: -1 OBSOLETE_local: false peers { permanent_uuid: "89017b6621424a6696e49f037d524851" member_type: VOTER last_known_addr { host: "127.22.43.65" port: 45213 } } peers { permanent_uuid: "50e7eefc7699487eaa0f1b500916f17e" member_type: VOTER last_known_addr { host: "127.22.43.66" port: 36561 } } peers { permanent_uuid: "c626837b190a4555a179db184c87451f" member_type: VOTER last_known_addr { host: "127.22.43.67" port: 32807 } }
I20260709 12:18:51.105324 22731 catalog_manager.cc:5697] T a8676a96c9094f15a144b8b5ab2ba9e2 P 50e7eefc7699487eaa0f1b500916f17e reported cstate change: term changed from 1 to 2, leader changed from 89017b6621424a6696e49f037d524851 (127.22.43.65) to 50e7eefc7699487eaa0f1b500916f17e (127.22.43.66). New cstate: current_term: 2 leader_uuid: "50e7eefc7699487eaa0f1b500916f17e" committed_config { opid_index: -1 OBSOLETE_local: false peers { permanent_uuid: "89017b6621424a6696e49f037d524851" member_type: VOTER last_known_addr { host: "127.22.43.65" port: 45213 } health_report { overall_health: UNKNOWN } } peers { permanent_uuid: "50e7eefc7699487eaa0f1b500916f17e" member_type: VOTER last_known_addr { host: "127.22.43.66" port: 36561 } health_report { overall_health: HEALTHY } } peers { permanent_uuid: "c626837b190a4555a179db184c87451f" member_type: VOTER last_known_addr { host: "127.22.43.67" port: 32807 } health_report { overall_health: UNKNOWN } } }
I20260709 12:18:51.304075 23067 raft_consensus.cc:993] T bbf1fd0b3bc5473bbe2dcf0b125be521 P 89017b6621424a6696e49f037d524851: : Instructing follower 50e7eefc7699487eaa0f1b500916f17e to start an election
I20260709 12:18:51.304593 23110 raft_consensus.cc:1081] T bbf1fd0b3bc5473bbe2dcf0b125be521 P 89017b6621424a6696e49f037d524851 [term 1 LEADER]: Signalling peer 50e7eefc7699487eaa0f1b500916f17e to start an election
I20260709 12:18:51.306447 22911 tablet_service.cc:2044] Received Run Leader Election RPC: tablet_id: "bbf1fd0b3bc5473bbe2dcf0b125be521"
dest_uuid: "50e7eefc7699487eaa0f1b500916f17e"
 from {username='slave'} at 127.0.0.1:43832
I20260709 12:18:51.307252 22911 raft_consensus.cc:493] T bbf1fd0b3bc5473bbe2dcf0b125be521 P 50e7eefc7699487eaa0f1b500916f17e [term 1 FOLLOWER]: Starting forced leader election (received explicit request)
I20260709 12:18:51.307650 22911 raft_consensus.cc:3060] T bbf1fd0b3bc5473bbe2dcf0b125be521 P 50e7eefc7699487eaa0f1b500916f17e [term 1 FOLLOWER]: Advancing to term 2
I20260709 12:18:51.314361 22911 raft_consensus.cc:515] T bbf1fd0b3bc5473bbe2dcf0b125be521 P 50e7eefc7699487eaa0f1b500916f17e [term 2 FOLLOWER]: Starting forced leader election with config: opid_index: -1 OBSOLETE_local: false peers { permanent_uuid: "89017b6621424a6696e49f037d524851" member_type: VOTER last_known_addr { host: "127.22.43.65" port: 45213 } } peers { permanent_uuid: "50e7eefc7699487eaa0f1b500916f17e" member_type: VOTER last_known_addr { host: "127.22.43.66" port: 36561 } } peers { permanent_uuid: "c626837b190a4555a179db184c87451f" member_type: VOTER last_known_addr { host: "127.22.43.67" port: 32807 } }
I20260709 12:18:51.316459 22911 leader_election.cc:290] T bbf1fd0b3bc5473bbe2dcf0b125be521 P 50e7eefc7699487eaa0f1b500916f17e [CANDIDATE]: Term 2 election: Requested vote from peers 89017b6621424a6696e49f037d524851 (127.22.43.65:45213), c626837b190a4555a179db184c87451f (127.22.43.67:32807)
I20260709 12:18:51.317410 22836 tablet_service.cc:1917] Received RequestConsensusVote() RPC: tablet_id: "bbf1fd0b3bc5473bbe2dcf0b125be521" candidate_uuid: "50e7eefc7699487eaa0f1b500916f17e" candidate_term: 2 candidate_status { last_received { term: 1 index: 1 } } ignore_live_leader: true dest_uuid: "89017b6621424a6696e49f037d524851"
I20260709 12:18:51.317442 22985 tablet_service.cc:1917] Received RequestConsensusVote() RPC: tablet_id: "bbf1fd0b3bc5473bbe2dcf0b125be521" candidate_uuid: "50e7eefc7699487eaa0f1b500916f17e" candidate_term: 2 candidate_status { last_received { term: 1 index: 1 } } ignore_live_leader: true dest_uuid: "c626837b190a4555a179db184c87451f"
I20260709 12:18:51.318081 22836 raft_consensus.cc:3055] T bbf1fd0b3bc5473bbe2dcf0b125be521 P 89017b6621424a6696e49f037d524851 [term 1 LEADER]: Stepping down as leader of term 1
I20260709 12:18:51.318204 22985 raft_consensus.cc:3060] T bbf1fd0b3bc5473bbe2dcf0b125be521 P c626837b190a4555a179db184c87451f [term 1 FOLLOWER]: Advancing to term 2
I20260709 12:18:51.318483 22836 raft_consensus.cc:740] T bbf1fd0b3bc5473bbe2dcf0b125be521 P 89017b6621424a6696e49f037d524851 [term 1 LEADER]: Becoming Follower/Learner. State: Replica: 89017b6621424a6696e49f037d524851, State: Running, Role: LEADER
