I20260709 12:19:51.045903 24443 raft_consensus.cc:740] T 17d348d153de434faf3a1783b8ed55af P 456c51eeaca74cf595d33ba5b0334819 [term 0 FOLLOWER]: Becoming Follower/Learner. State: Replica: 456c51eeaca74cf595d33ba5b0334819, State: Initialized, Role: FOLLOWER
I20260709 12:19:51.046674 24443 consensus_queue.cc:260] T 17d348d153de434faf3a1783b8ed55af P 456c51eeaca74cf595d33ba5b0334819 [NON_LEADER]: Queue going to NON_LEADER mode. State: All replicated index: 0, Majority replicated index: 0, Committed index: 0, Last appended: 0.0, Last appended by leader: 0, Current term: 0, Majority size: -1, State: 0, Mode: NON_LEADER, active raft config: opid_index: -1 OBSOLETE_local: false peers { permanent_uuid: "5c89c4502a454724ab8fa38d4e0e9fad" member_type: VOTER last_known_addr { host: "127.22.135.65" port: 40275 } } peers { permanent_uuid: "456c51eeaca74cf595d33ba5b0334819" member_type: VOTER last_known_addr { host: "127.22.135.66" port: 40705 } } peers { permanent_uuid: "7813e2c9186a41db90615f6a4bbec641" member_type: VOTER last_known_addr { host: "127.22.135.67" port: 45173 } }
I20260709 12:19:51.047158 24329 raft_consensus.cc:3060] T a5dde15d5e9240e0b540e861cc7b23a9 P 456c51eeaca74cf595d33ba5b0334819 [term 0 FOLLOWER]: Advancing to term 1
I20260709 12:19:51.048420 24448 raft_consensus.cc:359] T 17d348d153de434faf3a1783b8ed55af P 5c89c4502a454724ab8fa38d4e0e9fad [term 0 FOLLOWER]: Replica starting. Triggering 0 pending ops. Active config: opid_index: -1 OBSOLETE_local: false peers { permanent_uuid: "5c89c4502a454724ab8fa38d4e0e9fad" member_type: VOTER last_known_addr { host: "127.22.135.65" port: 40275 } } peers { permanent_uuid: "456c51eeaca74cf595d33ba5b0334819" member_type: VOTER last_known_addr { host: "127.22.135.66" port: 40705 } } peers { permanent_uuid: "7813e2c9186a41db90615f6a4bbec641" member_type: VOTER last_known_addr { host: "127.22.135.67" port: 45173 } }
I20260709 12:19:51.049157 24448 raft_consensus.cc:385] T 17d348d153de434faf3a1783b8ed55af P 5c89c4502a454724ab8fa38d4e0e9fad [term 0 FOLLOWER]: Consensus starting up: Expiring failure detector timer to make a prompt election more likely
I20260709 12:19:51.049440 24448 raft_consensus.cc:740] T 17d348d153de434faf3a1783b8ed55af P 5c89c4502a454724ab8fa38d4e0e9fad [term 0 FOLLOWER]: Becoming Follower/Learner. State: Replica: 5c89c4502a454724ab8fa38d4e0e9fad, State: Initialized, Role: FOLLOWER
I20260709 12:19:51.050520 24470 leader_election.cc:290] T 36896edd9ff54b13908aaa8926cffb56 P 5c89c4502a454724ab8fa38d4e0e9fad [CANDIDATE]: Term 1 election: Requested vote from peers 456c51eeaca74cf595d33ba5b0334819 (127.22.135.66:40705), 7813e2c9186a41db90615f6a4bbec641 (127.22.135.67:45173)
I20260709 12:19:51.050985 24443 ts_tablet_manager.cc:1434] T 17d348d153de434faf3a1783b8ed55af P 456c51eeaca74cf595d33ba5b0334819: Time spent starting tablet: real 0.011s	user 0.008s	sys 0.000s
I20260709 12:19:51.051038 24448 consensus_queue.cc:260] T 17d348d153de434faf3a1783b8ed55af P 5c89c4502a454724ab8fa38d4e0e9fad [NON_LEADER]: Queue going to NON_LEADER mode. State: All replicated index: 0, Majority replicated index: 0, Committed index: 0, Last appended: 0.0, Last appended by leader: 0, Current term: 0, Majority size: -1, State: 0, Mode: NON_LEADER, active raft config: opid_index: -1 OBSOLETE_local: false peers { permanent_uuid: "5c89c4502a454724ab8fa38d4e0e9fad" member_type: VOTER last_known_addr { host: "127.22.135.65" port: 40275 } } peers { permanent_uuid: "456c51eeaca74cf595d33ba5b0334819" member_type: VOTER last_known_addr { host: "127.22.135.66" port: 40705 } } peers { permanent_uuid: "7813e2c9186a41db90615f6a4bbec641" member_type: VOTER last_known_addr { host: "127.22.135.67" port: 45173 } }
I20260709 12:19:51.053342 24448 ts_tablet_manager.cc:1434] T 17d348d153de434faf3a1783b8ed55af P 5c89c4502a454724ab8fa38d4e0e9fad: Time spent starting tablet: real 0.019s	user 0.004s	sys 0.001s
I20260709 12:19:51.053190 24253 tablet_service.cc:1917] Received RequestConsensusVote() RPC: tablet_id: "4c5e6ad53043458786b22a1d8606f22c" candidate_uuid: "456c51eeaca74cf595d33ba5b0334819" candidate_term: 1 candidate_status { last_received { term: 0 index: 0 } } ignore_live_leader: false dest_uuid: "5c89c4502a454724ab8fa38d4e0e9fad" is_pre_election: true
I20260709 12:19:51.053671 24402 tablet_service.cc:1917] Received RequestConsensusVote() RPC: tablet_id: "36896edd9ff54b13908aaa8926cffb56" candidate_uuid: "5c89c4502a454724ab8fa38d4e0e9fad" candidate_term: 1 candidate_status { last_received { term: 0 index: 0 } } ignore_live_leader: false dest_uuid: "7813e2c9186a41db90615f6a4bbec641"
I20260709 12:19:51.053836 24253 raft_consensus.cc:2468] T 4c5e6ad53043458786b22a1d8606f22c P 5c89c4502a454724ab8fa38d4e0e9fad [term 0 FOLLOWER]: Leader pre-election vote request: Granting yes vote for candidate 456c51eeaca74cf595d33ba5b0334819 in term 0.
I20260709 12:19:51.054157 24448 tablet_bootstrap.cc:492] T 1b10a492d24449dfadade4f5709eaae2 P 5c89c4502a454724ab8fa38d4e0e9fad: Bootstrap starting.
I20260709 12:19:51.054417 24402 raft_consensus.cc:3060] T 36896edd9ff54b13908aaa8926cffb56 P 7813e2c9186a41db90615f6a4bbec641 [term 0 FOLLOWER]: Advancing to term 1
I20260709 12:19:51.058091 24443 tablet_bootstrap.cc:492] T cbfcfcccc1d2440e841ed0dc13a9e7b5 P 456c51eeaca74cf595d33ba5b0334819: Bootstrap starting.
I20260709 12:19:51.063462 24292 leader_election.cc:304] T 4c5e6ad53043458786b22a1d8606f22c P 456c51eeaca74cf595d33ba5b0334819 [CANDIDATE]: Term 1 pre-election: Election decided. Result: candidate won. Election summary: received 3 responses out of 3 voters: 2 yes votes; 1 no votes. yes voters: 456c51eeaca74cf595d33ba5b0334819, 5c89c4502a454724ab8fa38d4e0e9fad; no voters: 7813e2c9186a41db90615f6a4bbec641
I20260709 12:19:51.064889 24449 raft_consensus.cc:2804] T 4c5e6ad53043458786b22a1d8606f22c P 456c51eeaca74cf595d33ba5b0334819 [term 0 FOLLOWER]: Leader pre-election won for term 1
I20260709 12:19:51.065351 24449 raft_consensus.cc:493] T 4c5e6ad53043458786b22a1d8606f22c P 456c51eeaca74cf595d33ba5b0334819 [term 0 FOLLOWER]: Starting leader election (no leader contacted us within the election timeout)
I20260709 12:19:51.065716 24449 raft_consensus.cc:3060] T 4c5e6ad53043458786b22a1d8606f22c P 456c51eeaca74cf595d33ba5b0334819 [term 0 FOLLOWER]: Advancing to term 1
I20260709 12:19:51.067612 24448 tablet_bootstrap.cc:654] T 1b10a492d24449dfadade4f5709eaae2 P 5c89c4502a454724ab8fa38d4e0e9fad: Neither blocks nor log segments found. Creating new log.
I20260709 12:19:51.070042 24443 tablet_bootstrap.cc:654] T cbfcfcccc1d2440e841ed0dc13a9e7b5 P 456c51eeaca74cf595d33ba5b0334819: Neither blocks nor log segments found. Creating new log.
I20260709 12:19:51.077643 24402 raft_consensus.cc:2468] T 36896edd9ff54b13908aaa8926cffb56 P 7813e2c9186a41db90615f6a4bbec641 [term 1 FOLLOWER]: Leader election vote request: Granting yes vote for candidate 5c89c4502a454724ab8fa38d4e0e9fad in term 1.
I20260709 12:19:51.079820 24536 consensus_queue.cc:1048] T 2c698b80d33c4d8f87f3b21d66e1258b P 456c51eeaca74cf595d33ba5b0334819 [LEADER]: Connected to new peer: Peer: permanent_uuid: "5c89c4502a454724ab8fa38d4e0e9fad" member_type: VOTER last_known_addr { host: "127.22.135.65" port: 40275 }, Status: LMP_MISMATCH, Last received: 0.0, Next index: 1, Last known committed idx: 0, Time since last communication: 0.003s
I20260709 12:19:51.080024 24524 raft_consensus.cc:493] T 1b0972256eca416eb495fa5c42853b9f P 7813e2c9186a41db90615f6a4bbec641 [term 0 FOLLOWER]: Starting pre-election (no leader contacted us within the election timeout)
I20260709 12:19:51.089123 24525 consensus_queue.cc:1048] T 1ad7be548a6b4c6e8a26e97a9ea30b3e P 7813e2c9186a41db90615f6a4bbec641 [LEADER]: Connected to new peer: Peer: permanent_uuid: "456c51eeaca74cf595d33ba5b0334819" member_type: VOTER last_known_addr { host: "127.22.135.66" port: 40705 }, Status: LMP_MISMATCH, Last received: 0.0, Next index: 1, Last known committed idx: 0, Time since last communication: 0.001s
I20260709 12:19:51.096498 24536 raft_consensus.cc:493] T 17d348d153de434faf3a1783b8ed55af P 456c51eeaca74cf595d33ba5b0334819 [term 0 FOLLOWER]: Starting pre-election (no leader contacted us within the election timeout)
I20260709 12:19:51.096994 24536 raft_consensus.cc:515] T 17d348d153de434faf3a1783b8ed55af P 456c51eeaca74cf595d33ba5b0334819 [term 0 FOLLOWER]: Starting pre-election with config: opid_index: -1 OBSOLETE_local: false peers { permanent_uuid: "5c89c4502a454724ab8fa38d4e0e9fad" member_type: VOTER last_known_addr { host: "127.22.135.65" port: 40275 } } peers { permanent_uuid: "456c51eeaca74cf595d33ba5b0334819" member_type: VOTER last_known_addr { host: "127.22.135.66" port: 40705 } } peers { permanent_uuid: "7813e2c9186a41db90615f6a4bbec641" member_type: VOTER last_known_addr { host: "127.22.135.67" port: 45173 } }
I20260709 12:19:51.100950 24449 raft_consensus.cc:515] T 4c5e6ad53043458786b22a1d8606f22c P 456c51eeaca74cf595d33ba5b0334819 [term 1 FOLLOWER]: Starting leader election with config: opid_index: -1 OBSOLETE_local: false peers { permanent_uuid: "5c89c4502a454724ab8fa38d4e0e9fad" member_type: VOTER last_known_addr { host: "127.22.135.65" port: 40275 } } peers { permanent_uuid: "456c51eeaca74cf595d33ba5b0334819" member_type: VOTER last_known_addr { host: "127.22.135.66" port: 40705 } } peers { permanent_uuid: "7813e2c9186a41db90615f6a4bbec641" member_type: VOTER last_known_addr { host: "127.22.135.67" port: 45173 } }
I20260709 12:19:51.101485 24253 tablet_service.cc:1917] Received RequestConsensusVote() RPC: tablet_id: "17d348d153de434faf3a1783b8ed55af" candidate_uuid: "456c51eeaca74cf595d33ba5b0334819" candidate_term: 1 candidate_status { last_received { term: 0 index: 0 } } ignore_live_leader: false dest_uuid: "5c89c4502a454724ab8fa38d4e0e9fad" is_pre_election: true
I20260709 12:19:51.098038 24524 raft_consensus.cc:515] T 1b0972256eca416eb495fa5c42853b9f P 7813e2c9186a41db90615f6a4bbec641 [term 0 FOLLOWER]: Starting pre-election with config: opid_index: -1 OBSOLETE_local: false peers { permanent_uuid: "5c89c4502a454724ab8fa38d4e0e9fad" member_type: VOTER last_known_addr { host: "127.22.135.65" port: 40275 } } peers { permanent_uuid: "456c51eeaca74cf595d33ba5b0334819" member_type: VOTER last_known_addr { host: "127.22.135.66" port: 40705 } } peers { permanent_uuid: "7813e2c9186a41db90615f6a4bbec641" member_type: VOTER last_known_addr { host: "127.22.135.67" port: 45173 } }
I20260709 12:19:51.102093 24253 raft_consensus.cc:2468] T 17d348d153de434faf3a1783b8ed55af P 5c89c4502a454724ab8fa38d4e0e9fad [term 0 FOLLOWER]: Leader pre-election vote request: Granting yes vote for candidate 456c51eeaca74cf595d33ba5b0334819 in term 0.
I20260709 12:19:51.107185 24292 leader_election.cc:304] T 17d348d153de434faf3a1783b8ed55af P 456c51eeaca74cf595d33ba5b0334819 [CANDIDATE]: Term 1 pre-election: Election decided. Result: candidate won. Election summary: received 2 responses out of 3 voters: 2 yes votes; 0 no votes. yes voters: 456c51eeaca74cf595d33ba5b0334819, 5c89c4502a454724ab8fa38d4e0e9fad; no voters: 
I20260709 12:19:51.107969 24509 raft_consensus.cc:2804] T 17d348d153de434faf3a1783b8ed55af P 456c51eeaca74cf595d33ba5b0334819 [term 0 FOLLOWER]: Leader pre-election won for term 1
I20260709 12:19:51.108307 24509 raft_consensus.cc:493] T 17d348d153de434faf3a1783b8ed55af P 456c51eeaca74cf595d33ba5b0334819 [term 0 FOLLOWER]: Starting leader election (no leader contacted us within the election timeout)
I20260709 12:19:51.108624 24509 raft_consensus.cc:3060] T 17d348d153de434faf3a1783b8ed55af P 456c51eeaca74cf595d33ba5b0334819 [term 0 FOLLOWER]: Advancing to term 1
I20260709 12:19:51.109316 24524 leader_election.cc:290] T 1b0972256eca416eb495fa5c42853b9f P 7813e2c9186a41db90615f6a4bbec641 [CANDIDATE]: Term 1 pre-election: Requested pre-vote from peers 5c89c4502a454724ab8fa38d4e0e9fad (127.22.135.65:40275), 456c51eeaca74cf595d33ba5b0334819 (127.22.135.66:40705)
I20260709 12:19:51.111775 24253 tablet_service.cc:1917] Received RequestConsensusVote() RPC: tablet_id: "1b0972256eca416eb495fa5c42853b9f" candidate_uuid: "7813e2c9186a41db90615f6a4bbec641" candidate_term: 1 candidate_status { last_received { term: 0 index: 0 } } ignore_live_leader: false dest_uuid: "5c89c4502a454724ab8fa38d4e0e9fad" is_pre_election: true
I20260709 12:19:51.118422 24402 tablet_service.cc:1917] Received RequestConsensusVote() RPC: tablet_id: "4c5e6ad53043458786b22a1d8606f22c" candidate_uuid: "456c51eeaca74cf595d33ba5b0334819" candidate_term: 1 candidate_status { last_received { term: 0 index: 0 } } ignore_live_leader: false dest_uuid: "7813e2c9186a41db90615f6a4bbec641"
I20260709 12:19:51.112342 24524 raft_consensus.cc:493] T 2c698b80d33c4d8f87f3b21d66e1258b P 7813e2c9186a41db90615f6a4bbec641 [term 0 FOLLOWER]: Starting pre-election (no leader contacted us within the election timeout)
I20260709 12:19:51.133915 24449 leader_election.cc:290] T 4c5e6ad53043458786b22a1d8606f22c P 456c51eeaca74cf595d33ba5b0334819 [CANDIDATE]: Term 1 election: Requested vote from peers 5c89c4502a454724ab8fa38d4e0e9fad (127.22.135.65:40275), 7813e2c9186a41db90615f6a4bbec641 (127.22.135.67:45173)
I20260709 12:19:51.149138 24524 raft_consensus.cc:515] T 2c698b80d33c4d8f87f3b21d66e1258b P 7813e2c9186a41db90615f6a4bbec641 [term 0 FOLLOWER]: Starting pre-election with config: opid_index: -1 OBSOLETE_local: false peers { permanent_uuid: "5c89c4502a454724ab8fa38d4e0e9fad" member_type: VOTER last_known_addr { host: "127.22.135.65" port: 40275 } } peers { permanent_uuid: "456c51eeaca74cf595d33ba5b0334819" member_type: VOTER last_known_addr { host: "127.22.135.66" port: 40705 } } peers { permanent_uuid: "7813e2c9186a41db90615f6a4bbec641" member_type: VOTER last_known_addr { host: "127.22.135.67" port: 45173 } }
I20260709 12:19:51.149865 24400 tablet_service.cc:1917] Received RequestConsensusVote() RPC: tablet_id: "17d348d153de434faf3a1783b8ed55af" candidate_uuid: "456c51eeaca74cf595d33ba5b0334819" candidate_term: 1 candidate_status { last_received { term: 0 index: 0 } } ignore_live_leader: false dest_uuid: "7813e2c9186a41db90615f6a4bbec641" is_pre_election: true
I20260709 12:19:51.150305 24401 raft_consensus.cc:3060] T 2c698b80d33c4d8f87f3b21d66e1258b P 7813e2c9186a41db90615f6a4bbec641 [term 0 FOLLOWER]: Advancing to term 1
W20260709 12:19:51.152572 24293 leader_election.cc:343] T 4c5e6ad53043458786b22a1d8606f22c P 456c51eeaca74cf595d33ba5b0334819 [CANDIDATE]: Term 1 election: Tablet error from VoteRequest() call to peer 7813e2c9186a41db90615f6a4bbec641 (127.22.135.67:45173): Illegal state: must be running to vote when last-logged opid is not known
W20260709 12:19:51.153873 24293 leader_election.cc:343] T 17d348d153de434faf3a1783b8ed55af P 456c51eeaca74cf595d33ba5b0334819 [CANDIDATE]: Term 1 pre-election: Tablet error from VoteRequest() call to peer 7813e2c9186a41db90615f6a4bbec641 (127.22.135.67:45173): Illegal state: must be running to vote when last-logged opid is not known
W20260709 12:19:51.156034 24366 leader_election.cc:343] T 1b0972256eca416eb495fa5c42853b9f P 7813e2c9186a41db90615f6a4bbec641 [CANDIDATE]: Term 1 pre-election: Tablet error from VoteRequest() call to peer 5c89c4502a454724ab8fa38d4e0e9fad (127.22.135.65:40275): Illegal state: must be running to vote when last-logged opid is not known
W20260709 12:19:51.157276 24366 consensus_peers.cc:597] T 1ad7be548a6b4c6e8a26e97a9ea30b3e P 7813e2c9186a41db90615f6a4bbec641 -> Peer 5c89c4502a454724ab8fa38d4e0e9fad (127.22.135.65:40275): Couldn't send request to peer 5c89c4502a454724ab8fa38d4e0e9fad. Error code: TABLET_NOT_RUNNING (12). Status: Illegal state: Tablet not RUNNING: INITIALIZED. This is attempt 1: this message will repeat every 5th retry.
I20260709 12:19:51.157368 24327 tablet_service.cc:1917] Received RequestConsensusVote() RPC: tablet_id: "1b0972256eca416eb495fa5c42853b9f" candidate_uuid: "7813e2c9186a41db90615f6a4bbec641" candidate_term: 1 candidate_status { last_received { term: 0 index: 0 } } ignore_live_leader: false dest_uuid: "456c51eeaca74cf595d33ba5b0334819" is_pre_election: true
I20260709 12:19:51.147897 24536 leader_election.cc:290] T 17d348d153de434faf3a1783b8ed55af P 456c51eeaca74cf595d33ba5b0334819 [CANDIDATE]: Term 1 pre-election: Requested pre-vote from peers 5c89c4502a454724ab8fa38d4e0e9fad (127.22.135.65:40275), 7813e2c9186a41db90615f6a4bbec641 (127.22.135.67:45173)
I20260709 12:19:51.157986 24327 raft_consensus.cc:2468] T 1b0972256eca416eb495fa5c42853b9f P 456c51eeaca74cf595d33ba5b0334819 [term 0 FOLLOWER]: Leader pre-election vote request: Granting yes vote for candidate 7813e2c9186a41db90615f6a4bbec641 in term 0.
I20260709 12:19:51.160034 24509 raft_consensus.cc:515] T 17d348d153de434faf3a1783b8ed55af P 456c51eeaca74cf595d33ba5b0334819 [term 1 FOLLOWER]: Starting leader election with config: opid_index: -1 OBSOLETE_local: false peers { permanent_uuid: "5c89c4502a454724ab8fa38d4e0e9fad" member_type: VOTER last_known_addr { host: "127.22.135.65" port: 40275 } } peers { permanent_uuid: "456c51eeaca74cf595d33ba5b0334819" member_type: VOTER last_known_addr { host: "127.22.135.66" port: 40705 } } peers { permanent_uuid: "7813e2c9186a41db90615f6a4bbec641" member_type: VOTER last_known_addr { host: "127.22.135.67" port: 45173 } }
I20260709 12:19:51.160441 24366 leader_election.cc:304] T 1b0972256eca416eb495fa5c42853b9f P 7813e2c9186a41db90615f6a4bbec641 [CANDIDATE]: Term 1 pre-election: Election decided. Result: candidate won. Election summary: received 3 responses out of 3 voters: 2 yes votes; 1 no votes. yes voters: 456c51eeaca74cf595d33ba5b0334819, 7813e2c9186a41db90615f6a4bbec641; no voters: 5c89c4502a454724ab8fa38d4e0e9fad
I20260709 12:19:51.161782 24453 consensus_queue.cc:1048] T 93ee879c50c349c6af1dde48eaecb336 P 7813e2c9186a41db90615f6a4bbec641 [LEADER]: Connected to new peer: Peer: permanent_uuid: "5c89c4502a454724ab8fa38d4e0e9fad" member_type: VOTER last_known_addr { host: "127.22.135.65" port: 40275 }, Status: LMP_MISMATCH, Last received: 0.0, Next index: 1, Last known committed idx: 0, Time since last communication: 0.000s
I20260709 12:19:51.162431 24509 leader_election.cc:290] T 17d348d153de434faf3a1783b8ed55af P 456c51eeaca74cf595d33ba5b0334819 [CANDIDATE]: Term 1 election: Requested vote from peers 5c89c4502a454724ab8fa38d4e0e9fad (127.22.135.65:40275), 7813e2c9186a41db90615f6a4bbec641 (127.22.135.67:45173)
I20260709 12:19:51.163200 24453 raft_consensus.cc:2804] T 1b0972256eca416eb495fa5c42853b9f P 7813e2c9186a41db90615f6a4bbec641 [term 0 FOLLOWER]: Leader pre-election won for term 1
I20260709 12:19:51.163702 24453 raft_consensus.cc:493] T 1b0972256eca416eb495fa5c42853b9f P 7813e2c9186a41db90615f6a4bbec641 [term 0 FOLLOWER]: Starting leader election (no leader contacted us within the election timeout)
I20260709 12:19:51.164121 24453 raft_consensus.cc:3060] T 1b0972256eca416eb495fa5c42853b9f P 7813e2c9186a41db90615f6a4bbec641 [term 0 FOLLOWER]: Advancing to term 1
I20260709 12:19:51.164361 24448 tablet_bootstrap.cc:492] T 1b10a492d24449dfadade4f5709eaae2 P 5c89c4502a454724ab8fa38d4e0e9fad: No bootstrap required, opened a new log
I20260709 12:19:51.164851 24448 ts_tablet_manager.cc:1403] T 1b10a492d24449dfadade4f5709eaae2 P 5c89c4502a454724ab8fa38d4e0e9fad: Time spent bootstrapping tablet: real 0.111s	user 0.010s	sys 0.003s
I20260709 12:19:51.164958 24444 tablet_bootstrap.cc:492] T 4c5e6ad53043458786b22a1d8606f22c P 7813e2c9186a41db90615f6a4bbec641: No bootstrap required, opened a new log
I20260709 12:19:51.165395 24444 ts_tablet_manager.cc:1403] T 4c5e6ad53043458786b22a1d8606f22c P 7813e2c9186a41db90615f6a4bbec641: Time spent bootstrapping tablet: real 0.176s	user 0.031s	sys 0.032s
I20260709 12:19:51.169391 24524 leader_election.cc:290] T 2c698b80d33c4d8f87f3b21d66e1258b P 7813e2c9186a41db90615f6a4bbec641 [CANDIDATE]: Term 1 pre-election: Requested pre-vote from peers 5c89c4502a454724ab8fa38d4e0e9fad (127.22.135.65:40275), 456c51eeaca74cf595d33ba5b0334819 (127.22.135.66:40705)
I20260709 12:19:51.169912 24524 consensus_queue.cc:1048] T 93ee879c50c349c6af1dde48eaecb336 P 7813e2c9186a41db90615f6a4bbec641 [LEADER]: Connected to new peer: Peer: permanent_uuid: "456c51eeaca74cf595d33ba5b0334819" member_type: VOTER last_known_addr { host: "127.22.135.66" port: 40705 }, Status: LMP_MISMATCH, Last received: 0.0, Next index: 1, Last known committed idx: 0, Time since last communication: 0.000s
I20260709 12:19:51.171893 24444 raft_consensus.cc:359] T 4c5e6ad53043458786b22a1d8606f22c P 7813e2c9186a41db90615f6a4bbec641 [term 0 FOLLOWER]: Replica starting. Triggering 0 pending ops. Active config: opid_index: -1 OBSOLETE_local: false peers { permanent_uuid: "5c89c4502a454724ab8fa38d4e0e9fad" member_type: VOTER last_known_addr { host: "127.22.135.65" port: 40275 } } peers { permanent_uuid: "456c51eeaca74cf595d33ba5b0334819" member_type: VOTER last_known_addr { host: "127.22.135.66" port: 40705 } } peers { permanent_uuid: "7813e2c9186a41db90615f6a4bbec641" member_type: VOTER last_known_addr { host: "127.22.135.67" port: 45173 } }
I20260709 12:19:51.172587 24444 raft_consensus.cc:385] T 4c5e6ad53043458786b22a1d8606f22c P 7813e2c9186a41db90615f6a4bbec641 [term 0 FOLLOWER]: Consensus starting up: Expiring failure detector timer to make a prompt election more likely
I20260709 12:19:51.172901 24444 raft_consensus.cc:740] T 4c5e6ad53043458786b22a1d8606f22c P 7813e2c9186a41db90615f6a4bbec641 [term 0 FOLLOWER]: Becoming Follower/Learner. State: Replica: 7813e2c9186a41db90615f6a4bbec641, State: Initialized, Role: FOLLOWER
I20260709 12:19:51.173624 24444 consensus_queue.cc:260] T 4c5e6ad53043458786b22a1d8606f22c P 7813e2c9186a41db90615f6a4bbec641 [NON_LEADER]: Queue going to NON_LEADER mode. State: All replicated index: 0, Majority replicated index: 0, Committed index: 0, Last appended: 0.0, Last appended by leader: 0, Current term: 0, Majority size: -1, State: 0, Mode: NON_LEADER, active raft config: opid_index: -1 OBSOLETE_local: false peers { permanent_uuid: "5c89c4502a454724ab8fa38d4e0e9fad" member_type: VOTER last_known_addr { host: "127.22.135.65" port: 40275 } } peers { permanent_uuid: "456c51eeaca74cf595d33ba5b0334819" member_type: VOTER last_known_addr { host: "127.22.135.66" port: 40705 } } peers { permanent_uuid: "7813e2c9186a41db90615f6a4bbec641" member_type: VOTER last_known_addr { host: "127.22.135.67" port: 45173 } }
I20260709 12:19:51.175770 24444 ts_tablet_manager.cc:1434] T 4c5e6ad53043458786b22a1d8606f22c P 7813e2c9186a41db90615f6a4bbec641: Time spent starting tablet: real 0.010s	user 0.007s	sys 0.000s
I20260709 12:19:51.175886 24448 raft_consensus.cc:359] T 1b10a492d24449dfadade4f5709eaae2 P 5c89c4502a454724ab8fa38d4e0e9fad [term 0 FOLLOWER]: Replica starting. Triggering 0 pending ops. Active config: opid_index: -1 OBSOLETE_local: false peers { permanent_uuid: "5c89c4502a454724ab8fa38d4e0e9fad" member_type: VOTER last_known_addr { host: "127.22.135.65" port: 40275 } } peers { permanent_uuid: "456c51eeaca74cf595d33ba5b0334819" member_type: VOTER last_known_addr { host: "127.22.135.66" port: 40705 } } peers { permanent_uuid: "7813e2c9186a41db90615f6a4bbec641" member_type: VOTER last_known_addr { host: "127.22.135.67" port: 45173 } }
I20260709 12:19:51.176556 24448 raft_consensus.cc:385] T 1b10a492d24449dfadade4f5709eaae2 P 5c89c4502a454724ab8fa38d4e0e9fad [term 0 FOLLOWER]: Consensus starting up: Expiring failure detector timer to make a prompt election more likely
I20260709 12:19:51.176822 24448 raft_consensus.cc:740] T 1b10a492d24449dfadade4f5709eaae2 P 5c89c4502a454724ab8fa38d4e0e9fad [term 0 FOLLOWER]: Becoming Follower/Learner. State: Replica: 5c89c4502a454724ab8fa38d4e0e9fad, State: Initialized, Role: FOLLOWER
I20260709 12:19:51.177534 24448 consensus_queue.cc:260] T 1b10a492d24449dfadade4f5709eaae2 P 5c89c4502a454724ab8fa38d4e0e9fad [NON_LEADER]: Queue going to NON_LEADER mode. State: All replicated index: 0, Majority replicated index: 0, Committed index: 0, Last appended: 0.0, Last appended by leader: 0, Current term: 0, Majority size: -1, State: 0, Mode: NON_LEADER, active raft config: opid_index: -1 OBSOLETE_local: false peers { permanent_uuid: "5c89c4502a454724ab8fa38d4e0e9fad" member_type: VOTER last_known_addr { host: "127.22.135.65" port: 40275 } } peers { permanent_uuid: "456c51eeaca74cf595d33ba5b0334819" member_type: VOTER last_known_addr { host: "127.22.135.66" port: 40705 } } peers { permanent_uuid: "7813e2c9186a41db90615f6a4bbec641" member_type: VOTER last_known_addr { host: "127.22.135.67" port: 45173 } }
I20260709 12:19:51.179929 24448 ts_tablet_manager.cc:1434] T 1b10a492d24449dfadade4f5709eaae2 P 5c89c4502a454724ab8fa38d4e0e9fad: Time spent starting tablet: real 0.015s	user 0.005s	sys 0.000s
I20260709 12:19:51.185945 24448 tablet_bootstrap.cc:492] T 373f134254014be98a1a0d75f81d3b6e P 5c89c4502a454724ab8fa38d4e0e9fad: Bootstrap starting.
I20260709 12:19:51.147643 24251 tablet_service.cc:1917] Received RequestConsensusVote() RPC: tablet_id: "4c5e6ad53043458786b22a1d8606f22c" candidate_uuid: "456c51eeaca74cf595d33ba5b0334819" candidate_term: 1 candidate_status { last_received { term: 0 index: 0 } } ignore_live_leader: false dest_uuid: "5c89c4502a454724ab8fa38d4e0e9fad"
I20260709 12:19:51.195257 24251 raft_consensus.cc:3060] T 4c5e6ad53043458786b22a1d8606f22c P 5c89c4502a454724ab8fa38d4e0e9fad [term 0 FOLLOWER]: Advancing to term 1
I20260709 12:19:51.195133 24509 consensus_queue.cc:1048] T 2c698b80d33c4d8f87f3b21d66e1258b P 456c51eeaca74cf595d33ba5b0334819 [LEADER]: Connected to new peer: Peer: permanent_uuid: "7813e2c9186a41db90615f6a4bbec641" member_type: VOTER last_known_addr { host: "127.22.135.67" port: 45173 }, Status: LMP_MISMATCH, Last received: 0.0, Next index: 1, Last known committed idx: 0, Time since last communication: 0.000s
I20260709 12:19:51.198818 24443 tablet_bootstrap.cc:492] T cbfcfcccc1d2440e841ed0dc13a9e7b5 P 456c51eeaca74cf595d33ba5b0334819: No bootstrap required, opened a new log
I20260709 12:19:51.199270 24443 ts_tablet_manager.cc:1403] T cbfcfcccc1d2440e841ed0dc13a9e7b5 P 456c51eeaca74cf595d33ba5b0334819: Time spent bootstrapping tablet: real 0.141s	user 0.021s	sys 0.004s
I20260709 12:19:51.199477 24252 tablet_service.cc:1917] Received RequestConsensusVote() RPC: tablet_id: "17d348d153de434faf3a1783b8ed55af" candidate_uuid: "456c51eeaca74cf595d33ba5b0334819" candidate_term: 1 candidate_status { last_received { term: 0 index: 0 } } ignore_live_leader: false dest_uuid: "5c89c4502a454724ab8fa38d4e0e9fad"
I20260709 12:19:51.200237 24252 raft_consensus.cc:3060] T 17d348d153de434faf3a1783b8ed55af P 5c89c4502a454724ab8fa38d4e0e9fad [term 0 FOLLOWER]: Advancing to term 1
I20260709 12:19:51.201653 24443 raft_consensus.cc:359] T cbfcfcccc1d2440e841ed0dc13a9e7b5 P 456c51eeaca74cf595d33ba5b0334819 [term 0 FOLLOWER]: Replica starting. Triggering 0 pending ops. Active config: opid_index: -1 OBSOLETE_local: false peers { permanent_uuid: "5c89c4502a454724ab8fa38d4e0e9fad" member_type: VOTER last_known_addr { host: "127.22.135.65" port: 40275 } } peers { permanent_uuid: "456c51eeaca74cf595d33ba5b0334819" member_type: VOTER last_known_addr { host: "127.22.135.66" port: 40705 } } peers { permanent_uuid: "7813e2c9186a41db90615f6a4bbec641" member_type: VOTER last_known_addr { host: "127.22.135.67" port: 45173 } }
I20260709 12:19:51.202883 24443 raft_consensus.cc:385] T cbfcfcccc1d2440e841ed0dc13a9e7b5 P 456c51eeaca74cf595d33ba5b0334819 [term 0 FOLLOWER]: Consensus starting up: Expiring failure detector timer to make a prompt election more likely
I20260709 12:19:51.203229 24443 raft_consensus.cc:740] T cbfcfcccc1d2440e841ed0dc13a9e7b5 P 456c51eeaca74cf595d33ba5b0334819 [term 0 FOLLOWER]: Becoming Follower/Learner. State: Replica: 456c51eeaca74cf595d33ba5b0334819, State: Initialized, Role: FOLLOWER
I20260709 12:19:51.203994 24443 consensus_queue.cc:260] T cbfcfcccc1d2440e841ed0dc13a9e7b5 P 456c51eeaca74cf595d33ba5b0334819 [NON_LEADER]: Queue going to NON_LEADER mode. State: All replicated index: 0, Majority replicated index: 0, Committed index: 0, Last appended: 0.0, Last appended by leader: 0, Current term: 0, Majority size: -1, State: 0, Mode: NON_LEADER, active raft config: opid_index: -1 OBSOLETE_local: false peers { permanent_uuid: "5c89c4502a454724ab8fa38d4e0e9fad" member_type: VOTER last_known_addr { host: "127.22.135.65" port: 40275 } } peers { permanent_uuid: "456c51eeaca74cf595d33ba5b0334819" member_type: VOTER last_known_addr { host: "127.22.135.66" port: 40705 } } peers { permanent_uuid: "7813e2c9186a41db90615f6a4bbec641" member_type: VOTER last_known_addr { host: "127.22.135.67" port: 45173 } }
I20260709 12:19:51.206197 24443 ts_tablet_manager.cc:1434] T cbfcfcccc1d2440e841ed0dc13a9e7b5 P 456c51eeaca74cf595d33ba5b0334819: Time spent starting tablet: real 0.007s	user 0.005s	sys 0.000s
I20260709 12:19:51.207139 24443 tablet_bootstrap.cc:492] T 7c16f156a721483c95e068a61927fcf5 P 456c51eeaca74cf595d33ba5b0334819: Bootstrap starting.
I20260709 12:19:51.209470 24328 tablet_service.cc:1917] Received RequestConsensusVote() RPC: tablet_id: "2c698b80d33c4d8f87f3b21d66e1258b" candidate_uuid: "7813e2c9186a41db90615f6a4bbec641" candidate_term: 1 candidate_status { last_received { term: 0 index: 0 } } ignore_live_leader: false dest_uuid: "456c51eeaca74cf595d33ba5b0334819" is_pre_election: true
I20260709 12:19:51.212162 24251 raft_consensus.cc:2468] T 4c5e6ad53043458786b22a1d8606f22c P 5c89c4502a454724ab8fa38d4e0e9fad [term 1 FOLLOWER]: Leader election vote request: Granting yes vote for candidate 456c51eeaca74cf595d33ba5b0334819 in term 1.
I20260709 12:19:51.209602 24448 tablet_bootstrap.cc:654] T 373f134254014be98a1a0d75f81d3b6e P 5c89c4502a454724ab8fa38d4e0e9fad: Neither blocks nor log segments found. Creating new log.
W20260709 12:19:51.215261 24292 consensus_peers.cc:597] T 866c459e61e94a038fa8fc448fb4a04d P 456c51eeaca74cf595d33ba5b0334819 -> Peer 5c89c4502a454724ab8fa38d4e0e9fad (127.22.135.65:40275): Couldn't send request to peer 5c89c4502a454724ab8fa38d4e0e9fad. Error code: TABLET_NOT_RUNNING (12). Status: Illegal state: Tablet not RUNNING: INITIALIZED. This is attempt 1: this message will repeat every 5th retry.
I20260709 12:19:51.216500 24444 tablet_bootstrap.cc:492] T 373f134254014be98a1a0d75f81d3b6e P 7813e2c9186a41db90615f6a4bbec641: Bootstrap starting.
I20260709 12:19:51.222117 24470 raft_consensus.cc:493] T 7c16f156a721483c95e068a61927fcf5 P 5c89c4502a454724ab8fa38d4e0e9fad [term 0 FOLLOWER]: Starting pre-election (no leader contacted us within the election timeout)
I20260709 12:19:51.223479 24470 raft_consensus.cc:515] T 7c16f156a721483c95e068a61927fcf5 P 5c89c4502a454724ab8fa38d4e0e9fad [term 0 FOLLOWER]: Starting pre-election with config: opid_index: -1 OBSOLETE_local: false peers { permanent_uuid: "5c89c4502a454724ab8fa38d4e0e9fad" member_type: VOTER last_known_addr { host: "127.22.135.65" port: 40275 } } peers { permanent_uuid: "456c51eeaca74cf595d33ba5b0334819" member_type: VOTER last_known_addr { host: "127.22.135.66" port: 40705 } } peers { permanent_uuid: "7813e2c9186a41db90615f6a4bbec641" member_type: VOTER last_known_addr { host: "127.22.135.67" port: 45173 } }
I20260709 12:19:51.225602 24401 tablet_service.cc:1917] Received RequestConsensusVote() RPC: tablet_id: "17d348d153de434faf3a1783b8ed55af" candidate_uuid: "456c51eeaca74cf595d33ba5b0334819" candidate_term: 1 candidate_status { last_received { term: 0 index: 0 } } ignore_live_leader: false dest_uuid: "7813e2c9186a41db90615f6a4bbec641"
W20260709 12:19:51.228010 24293 leader_election.cc:343] T 17d348d153de434faf3a1783b8ed55af P 456c51eeaca74cf595d33ba5b0334819 [CANDIDATE]: Term 1 election: Tablet error from VoteRequest() call to peer 7813e2c9186a41db90615f6a4bbec641 (127.22.135.67:45173): Illegal state: must be running to vote when last-logged opid is not known
I20260709 12:19:51.224164 24254 tablet_service.cc:1917] Received RequestConsensusVote() RPC: tablet_id: "2c698b80d33c4d8f87f3b21d66e1258b" candidate_uuid: "7813e2c9186a41db90615f6a4bbec641" candidate_term: 1 candidate_status { last_received { term: 0 index: 0 } } ignore_live_leader: false dest_uuid: "5c89c4502a454724ab8fa38d4e0e9fad" is_pre_election: true
I20260709 12:19:51.228570 24470 leader_election.cc:290] T 7c16f156a721483c95e068a61927fcf5 P 5c89c4502a454724ab8fa38d4e0e9fad [CANDIDATE]: Term 1 pre-election: Requested pre-vote from peers 456c51eeaca74cf595d33ba5b0334819 (127.22.135.66:40705), 7813e2c9186a41db90615f6a4bbec641 (127.22.135.67:45173)
I20260709 12:19:51.231097 24252 raft_consensus.cc:2468] T 17d348d153de434faf3a1783b8ed55af P 5c89c4502a454724ab8fa38d4e0e9fad [term 1 FOLLOWER]: Leader election vote request: Granting yes vote for candidate 456c51eeaca74cf595d33ba5b0334819 in term 1.
I20260709 12:19:51.232939 24401 tablet_service.cc:1917] Received RequestConsensusVote() RPC: tablet_id: "7c16f156a721483c95e068a61927fcf5" candidate_uuid: "5c89c4502a454724ab8fa38d4e0e9fad" candidate_term: 1 candidate_status { last_received { term: 0 index: 0 } } ignore_live_leader: false dest_uuid: "7813e2c9186a41db90615f6a4bbec641" is_pre_election: true
W20260709 12:19:51.234467 24218 leader_election.cc:343] T 7c16f156a721483c95e068a61927fcf5 P 5c89c4502a454724ab8fa38d4e0e9fad [CANDIDATE]: Term 1 pre-election: Tablet error from VoteRequest() call to peer 7813e2c9186a41db90615f6a4bbec641 (127.22.135.67:45173): Illegal state: must be running to vote when last-logged opid is not known
I20260709 12:19:51.235688 24443 tablet_bootstrap.cc:654] T 7c16f156a721483c95e068a61927fcf5 P 456c51eeaca74cf595d33ba5b0334819: Neither blocks nor log segments found. Creating new log.
I20260709 12:19:51.224396 24453 raft_consensus.cc:515] T 1b0972256eca416eb495fa5c42853b9f P 7813e2c9186a41db90615f6a4bbec641 [term 1 FOLLOWER]: Starting leader election with config: opid_index: -1 OBSOLETE_local: false peers { permanent_uuid: "5c89c4502a454724ab8fa38d4e0e9fad" member_type: VOTER last_known_addr { host: "127.22.135.65" port: 40275 } } peers { permanent_uuid: "456c51eeaca74cf595d33ba5b0334819" member_type: VOTER last_known_addr { host: "127.22.135.66" port: 40705 } } peers { permanent_uuid: "7813e2c9186a41db90615f6a4bbec641" member_type: VOTER last_known_addr { host: "127.22.135.67" port: 45173 } }
I20260709 12:19:51.257208 24453 leader_election.cc:290] T 1b0972256eca416eb495fa5c42853b9f P 7813e2c9186a41db90615f6a4bbec641 [CANDIDATE]: Term 1 election: Requested vote from peers 5c89c4502a454724ab8fa38d4e0e9fad (127.22.135.65:40275), 456c51eeaca74cf595d33ba5b0334819 (127.22.135.66:40705)
I20260709 12:19:51.258186 24253 tablet_service.cc:1917] Received RequestConsensusVote() RPC: tablet_id: "1b0972256eca416eb495fa5c42853b9f" candidate_uuid: "7813e2c9186a41db90615f6a4bbec641" candidate_term: 1 candidate_status { last_received { term: 0 index: 0 } } ignore_live_leader: false dest_uuid: "5c89c4502a454724ab8fa38d4e0e9fad"
W20260709 12:19:51.258580 24200 auto_rebalancer.cc:288] Could not retrieve cluster info: Service unavailable: Tablet not running
W20260709 12:19:51.260501 24366 leader_election.cc:343] T 1b0972256eca416eb495fa5c42853b9f P 7813e2c9186a41db90615f6a4bbec641 [CANDIDATE]: Term 1 election: Tablet error from VoteRequest() call to peer 5c89c4502a454724ab8fa38d4e0e9fad (127.22.135.65:40275): Illegal state: must be running to vote when last-logged opid is not known
I20260709 12:19:51.269189 24470 raft_consensus.cc:493] T 1b10a492d24449dfadade4f5709eaae2 P 5c89c4502a454724ab8fa38d4e0e9fad [term 0 FOLLOWER]: Starting pre-election (no leader contacted us within the election timeout)
I20260709 12:19:51.234706 24292 leader_election.cc:304] T 4c5e6ad53043458786b22a1d8606f22c P 456c51eeaca74cf595d33ba5b0334819 [CANDIDATE]: Term 1 election: Election decided. Result: candidate won. Election summary: received 3 responses out of 3 voters: 2 yes votes; 1 no votes. yes voters: 456c51eeaca74cf595d33ba5b0334819, 5c89c4502a454724ab8fa38d4e0e9fad; no voters: 7813e2c9186a41db90615f6a4bbec641
I20260709 12:19:51.269820 24470 raft_consensus.cc:515] T 1b10a492d24449dfadade4f5709eaae2 P 5c89c4502a454724ab8fa38d4e0e9fad [term 0 FOLLOWER]: Starting pre-election with config: opid_index: -1 OBSOLETE_local: false peers { permanent_uuid: "5c89c4502a454724ab8fa38d4e0e9fad" member_type: VOTER last_known_addr { host: "127.22.135.65" port: 40275 } } peers { permanent_uuid: "456c51eeaca74cf595d33ba5b0334819" member_type: VOTER last_known_addr { host: "127.22.135.66" port: 40705 } } peers { permanent_uuid: "7813e2c9186a41db90615f6a4bbec641" member_type: VOTER last_known_addr { host: "127.22.135.67" port: 45173 } }
I20260709 12:19:51.312896 24509 raft_consensus.cc:2804] T 4c5e6ad53043458786b22a1d8606f22c P 456c51eeaca74cf595d33ba5b0334819 [term 1 FOLLOWER]: Leader election won for term 1
I20260709 12:19:51.317643 24509 raft_consensus.cc:697] T 4c5e6ad53043458786b22a1d8606f22c P 456c51eeaca74cf595d33ba5b0334819 [term 1 LEADER]: Becoming Leader. State: Replica: 456c51eeaca74cf595d33ba5b0334819, State: Running, Role: LEADER
I20260709 12:19:51.318853 24509 consensus_queue.cc:237] T 4c5e6ad53043458786b22a1d8606f22c P 456c51eeaca74cf595d33ba5b0334819 [LEADER]: Queue going to LEADER mode. State: All replicated index: 0, Majority replicated index: 0, Committed index: 0, Last appended: 0.0, Last appended by leader: 0, Current term: 1, Majority size: 2, State: 0, Mode: LEADER, active raft config: opid_index: -1 OBSOLETE_local: false peers { permanent_uuid: "5c89c4502a454724ab8fa38d4e0e9fad" member_type: VOTER last_known_addr { host: "127.22.135.65" port: 40275 } } peers { permanent_uuid: "456c51eeaca74cf595d33ba5b0334819" member_type: VOTER last_known_addr { host: "127.22.135.66" port: 40705 } } peers { permanent_uuid: "7813e2c9186a41db90615f6a4bbec641" member_type: VOTER last_known_addr { host: "127.22.135.67" port: 45173 } }
I20260709 12:19:51.334043 24537 raft_consensus.cc:493] T 1e197514ee2c487baae5e2569aeb8ead P 5c89c4502a454724ab8fa38d4e0e9fad [term 0 FOLLOWER]: Starting pre-election (no leader contacted us within the election timeout)
I20260709 12:19:51.334821 24537 raft_consensus.cc:515] T 1e197514ee2c487baae5e2569aeb8ead P 5c89c4502a454724ab8fa38d4e0e9fad [term 0 FOLLOWER]: Starting pre-election with config: opid_index: -1 OBSOLETE_local: false peers { permanent_uuid: "5c89c4502a454724ab8fa38d4e0e9fad" member_type: VOTER last_known_addr { host: "127.22.135.65" port: 40275 } } peers { permanent_uuid: "456c51eeaca74cf595d33ba5b0334819" member_type: VOTER last_known_addr { host: "127.22.135.66" port: 40705 } } peers { permanent_uuid: "7813e2c9186a41db90615f6a4bbec641" member_type: VOTER last_known_addr { host: "127.22.135.67" port: 45173 } }
I20260709 12:19:51.339069 24525 raft_consensus.cc:493] T 4c5e6ad53043458786b22a1d8606f22c P 7813e2c9186a41db90615f6a4bbec641 [term 0 FOLLOWER]: Starting pre-election (no leader contacted us within the election timeout)
I20260709 12:19:51.339736 24525 raft_consensus.cc:515] T 4c5e6ad53043458786b22a1d8606f22c P 7813e2c9186a41db90615f6a4bbec641 [term 0 FOLLOWER]: Starting pre-election with config: opid_index: -1 OBSOLETE_local: false peers { permanent_uuid: "5c89c4502a454724ab8fa38d4e0e9fad" member_type: VOTER last_known_addr { host: "127.22.135.65" port: 40275 } } peers { permanent_uuid: "456c51eeaca74cf595d33ba5b0334819" member_type: VOTER last_known_addr { host: "127.22.135.66" port: 40705 } } peers { permanent_uuid: "7813e2c9186a41db90615f6a4bbec641" member_type: VOTER last_known_addr { host: "127.22.135.67" port: 45173 } }
I20260709 12:19:51.387290 24536 consensus_queue.cc:1048] T 866c459e61e94a038fa8fc448fb4a04d P 456c51eeaca74cf595d33ba5b0334819 [LEADER]: Connected to new peer: Peer: permanent_uuid: "7813e2c9186a41db90615f6a4bbec641" member_type: VOTER last_known_addr { host: "127.22.135.67" port: 45173 }, Status: LMP_MISMATCH, Last received: 0.0, Next index: 1, Last known committed idx: 0, Time since last communication: 0.001s
I20260709 12:19:51.462821 24536 raft_consensus.cc:493] T 1b10a492d24449dfadade4f5709eaae2 P 456c51eeaca74cf595d33ba5b0334819 [term 0 FOLLOWER]: Starting pre-election (no leader contacted us within the election timeout)
I20260709 12:19:51.463480 24536 raft_consensus.cc:515] T 1b10a492d24449dfadade4f5709eaae2 P 456c51eeaca74cf595d33ba5b0334819 [term 0 FOLLOWER]: Starting pre-election with config: opid_index: -1 OBSOLETE_local: false peers { permanent_uuid: "5c89c4502a454724ab8fa38d4e0e9fad" member_type: VOTER last_known_addr { host: "127.22.135.65" port: 40275 } } peers { permanent_uuid: "456c51eeaca74cf595d33ba5b0334819" member_type: VOTER last_known_addr { host: "127.22.135.66" port: 40705 } } peers { permanent_uuid: "7813e2c9186a41db90615f6a4bbec641" member_type: VOTER last_known_addr { host: "127.22.135.67" port: 45173 } }
I20260709 12:19:51.468439 24536 leader_election.cc:290] T 1b10a492d24449dfadade4f5709eaae2 P 456c51eeaca74cf595d33ba5b0334819 [CANDIDATE]: Term 1 pre-election: Requested pre-vote from peers 5c89c4502a454724ab8fa38d4e0e9fad (127.22.135.65:40275), 7813e2c9186a41db90615f6a4bbec641 (127.22.135.67:45173)
W20260709 12:19:51.479490 24292 outbound_call.cc:321] RPC callback for RPC call kudu.consensus.ConsensusService.RequestConsensusVote -> {remote=127.22.135.65:40275, user_credentials={real_user=slave}} blocked reactor thread for 255091us
I20260709 12:19:51.484434 24525 leader_election.cc:290] T 4c5e6ad53043458786b22a1d8606f22c P 7813e2c9186a41db90615f6a4bbec641 [CANDIDATE]: Term 1 pre-election: Requested pre-vote from peers 5c89c4502a454724ab8fa38d4e0e9fad (127.22.135.65:40275), 456c51eeaca74cf595d33ba5b0334819 (127.22.135.66:40705)
I20260709 12:19:51.486017 24444 tablet_bootstrap.cc:654] T 373f134254014be98a1a0d75f81d3b6e P 7813e2c9186a41db90615f6a4bbec641: Neither blocks nor log segments found. Creating new log.
I20260709 12:19:51.499230 24569 raft_consensus.cc:493] T cbfcfcccc1d2440e841ed0dc13a9e7b5 P 456c51eeaca74cf595d33ba5b0334819 [term 0 FOLLOWER]: Starting pre-election (no leader contacted us within the election timeout)
I20260709 12:19:51.513281 24443 tablet_bootstrap.cc:492] T 7c16f156a721483c95e068a61927fcf5 P 456c51eeaca74cf595d33ba5b0334819: No bootstrap required, opened a new log
I20260709 12:19:51.513682 24443 ts_tablet_manager.cc:1403] T 7c16f156a721483c95e068a61927fcf5 P 456c51eeaca74cf595d33ba5b0334819: Time spent bootstrapping tablet: real 0.307s	user 0.006s	sys 0.020s
I20260709 12:19:51.515880 24444 tablet_bootstrap.cc:492] T 373f134254014be98a1a0d75f81d3b6e P 7813e2c9186a41db90615f6a4bbec641: No bootstrap required, opened a new log
I20260709 12:19:51.516034 24470 leader_election.cc:290] T 1b10a492d24449dfadade4f5709eaae2 P 5c89c4502a454724ab8fa38d4e0e9fad [CANDIDATE]: Term 1 pre-election: Requested pre-vote from peers 456c51eeaca74cf595d33ba5b0334819 (127.22.135.66:40705), 7813e2c9186a41db90615f6a4bbec641 (127.22.135.67:45173)
I20260709 12:19:51.516362 24444 ts_tablet_manager.cc:1403] T 373f134254014be98a1a0d75f81d3b6e P 7813e2c9186a41db90615f6a4bbec641: Time spent bootstrapping tablet: real 0.300s	user 0.019s	sys 0.016s
I20260709 12:19:51.519198 24448 tablet_bootstrap.cc:492] T 373f134254014be98a1a0d75f81d3b6e P 5c89c4502a454724ab8fa38d4e0e9fad: No bootstrap required, opened a new log
I20260709 12:19:51.519759 24448 ts_tablet_manager.cc:1403] T 373f134254014be98a1a0d75f81d3b6e P 5c89c4502a454724ab8fa38d4e0e9fad: Time spent bootstrapping tablet: real 0.334s	user 0.024s	sys 0.006s
I20260709 12:19:51.514971 24537 leader_election.cc:290] T 1e197514ee2c487baae5e2569aeb8ead P 5c89c4502a454724ab8fa38d4e0e9fad [CANDIDATE]: Term 1 pre-election: Requested pre-vote from peers 456c51eeaca74cf595d33ba5b0334819 (127.22.135.66:40705), 7813e2c9186a41db90615f6a4bbec641 (127.22.135.67:45173)
I20260709 12:19:51.507011 24569 raft_consensus.cc:515] T cbfcfcccc1d2440e841ed0dc13a9e7b5 P 456c51eeaca74cf595d33ba5b0334819 [term 0 FOLLOWER]: Starting pre-election with config: opid_index: -1 OBSOLETE_local: false peers { permanent_uuid: "5c89c4502a454724ab8fa38d4e0e9fad" member_type: VOTER last_known_addr { host: "127.22.135.65" port: 40275 } } peers { permanent_uuid: "456c51eeaca74cf595d33ba5b0334819" member_type: VOTER last_known_addr { host: "127.22.135.66" port: 40705 } } peers { permanent_uuid: "7813e2c9186a41db90615f6a4bbec641" member_type: VOTER last_known_addr { host: "127.22.135.67" port: 45173 } }
I20260709 12:19:51.521533 24443 raft_consensus.cc:359] T 7c16f156a721483c95e068a61927fcf5 P 456c51eeaca74cf595d33ba5b0334819 [term 0 FOLLOWER]: Replica starting. Triggering 0 pending ops. Active config: opid_index: -1 OBSOLETE_local: false peers { permanent_uuid: "5c89c4502a454724ab8fa38d4e0e9fad" member_type: VOTER last_known_addr { host: "127.22.135.65" port: 40275 } } peers { permanent_uuid: "456c51eeaca74cf595d33ba5b0334819" member_type: VOTER last_known_addr { host: "127.22.135.66" port: 40705 } } peers { permanent_uuid: "7813e2c9186a41db90615f6a4bbec641" member_type: VOTER last_known_addr { host: "127.22.135.67" port: 45173 } }
I20260709 12:19:51.525033 24443 raft_consensus.cc:385] T 7c16f156a721483c95e068a61927fcf5 P 456c51eeaca74cf595d33ba5b0334819 [term 0 FOLLOWER]: Consensus starting up: Expiring failure detector timer to make a prompt election more likely
I20260709 12:19:51.525326 24443 raft_consensus.cc:740] T 7c16f156a721483c95e068a61927fcf5 P 456c51eeaca74cf595d33ba5b0334819 [term 0 FOLLOWER]: Becoming Follower/Learner. State: Replica: 456c51eeaca74cf595d33ba5b0334819, State: Initialized, Role: FOLLOWER
I20260709 12:19:51.526213 24569 leader_election.cc:290] T cbfcfcccc1d2440e841ed0dc13a9e7b5 P 456c51eeaca74cf595d33ba5b0334819 [CANDIDATE]: Term 1 pre-election: Requested pre-vote from peers 5c89c4502a454724ab8fa38d4e0e9fad (127.22.135.65:40275), 7813e2c9186a41db90615f6a4bbec641 (127.22.135.67:45173)
I20260709 12:19:51.525897 24443 consensus_queue.cc:260] T 7c16f156a721483c95e068a61927fcf5 P 456c51eeaca74cf595d33ba5b0334819 [NON_LEADER]: Queue going to NON_LEADER mode. State: All replicated index: 0, Majority replicated index: 0, Committed index: 0, Last appended: 0.0, Last appended by leader: 0, Current term: 0, Majority size: -1, State: 0, Mode: NON_LEADER, active raft config: opid_index: -1 OBSOLETE_local: false peers { permanent_uuid: "5c89c4502a454724ab8fa38d4e0e9fad" member_type: VOTER last_known_addr { host: "127.22.135.65" port: 40275 } } peers { permanent_uuid: "456c51eeaca74cf595d33ba5b0334819" member_type: VOTER last_known_addr { host: "127.22.135.66" port: 40705 } } peers { permanent_uuid: "7813e2c9186a41db90615f6a4bbec641" member_type: VOTER last_known_addr { host: "127.22.135.67" port: 45173 } }
I20260709 12:19:51.527262 24402 tablet_service.cc:1917] Received RequestConsensusVote() RPC: tablet_id: "1e197514ee2c487baae5e2569aeb8ead" candidate_uuid: "5c89c4502a454724ab8fa38d4e0e9fad" candidate_term: 1 candidate_status { last_received { term: 0 index: 0 } } ignore_live_leader: false dest_uuid: "7813e2c9186a41db90615f6a4bbec641" is_pre_election: true
I20260709 12:19:51.527604 24400 tablet_service.cc:1917] Received RequestConsensusVote() RPC: tablet_id: "1b10a492d24449dfadade4f5709eaae2" candidate_uuid: "5c89c4502a454724ab8fa38d4e0e9fad" candidate_term: 1 candidate_status { last_received { term: 0 index: 0 } } ignore_live_leader: false dest_uuid: "7813e2c9186a41db90615f6a4bbec641" is_pre_election: true
W20260709 12:19:51.528673 24218 leader_election.cc:343] T 1e197514ee2c487baae5e2569aeb8ead P 5c89c4502a454724ab8fa38d4e0e9fad [CANDIDATE]: Term 1 pre-election: Tablet error from VoteRequest() call to peer 7813e2c9186a41db90615f6a4bbec641 (127.22.135.67:45173): Illegal state: must be running to vote when last-logged opid is not known
W20260709 12:19:51.529364 24218 leader_election.cc:343] T 1b10a492d24449dfadade4f5709eaae2 P 5c89c4502a454724ab8fa38d4e0e9fad [CANDIDATE]: Term 1 pre-election: Tablet error from VoteRequest() call to peer 7813e2c9186a41db90615f6a4bbec641 (127.22.135.67:45173): Illegal state: must be running to vote when last-logged opid is not known
I20260709 12:19:51.529930 24366 leader_election.cc:304] T 2c698b80d33c4d8f87f3b21d66e1258b P 7813e2c9186a41db90615f6a4bbec641 [CANDIDATE]: Term 1 pre-election: Election decided. Result: candidate lost. Election summary: received 3 responses out of 3 voters: 1 yes votes; 2 no votes. yes voters: 7813e2c9186a41db90615f6a4bbec641; no voters: 456c51eeaca74cf595d33ba5b0334819, 5c89c4502a454724ab8fa38d4e0e9fad
I20260709 12:19:51.530758 24529 raft_consensus.cc:2749] T 2c698b80d33c4d8f87f3b21d66e1258b P 7813e2c9186a41db90615f6a4bbec641 [term 1 FOLLOWER]: Leader pre-election lost for term 1. Reason: could not achieve majority
I20260709 12:19:51.535612 24443 ts_tablet_manager.cc:1434] T 7c16f156a721483c95e068a61927fcf5 P 456c51eeaca74cf595d33ba5b0334819: Time spent starting tablet: real 0.022s	user 0.006s	sys 0.001s
I20260709 12:19:51.537986 24443 tablet_bootstrap.cc:492] T 1e119fec05114f15a60d1488b84ca8ee P 456c51eeaca74cf595d33ba5b0334819: Bootstrap starting.
I20260709 12:19:51.544595 24249 tablet_service.cc:1917] Received RequestConsensusVote() RPC: tablet_id: "1b10a492d24449dfadade4f5709eaae2" candidate_uuid: "456c51eeaca74cf595d33ba5b0334819" candidate_term: 1 candidate_status { last_received { term: 0 index: 0 } } ignore_live_leader: false dest_uuid: "5c89c4502a454724ab8fa38d4e0e9fad" is_pre_election: true
I20260709 12:19:51.545257 24249 raft_consensus.cc:2468] T 1b10a492d24449dfadade4f5709eaae2 P 5c89c4502a454724ab8fa38d4e0e9fad [term 0 FOLLOWER]: Leader pre-election vote request: Granting yes vote for candidate 456c51eeaca74cf595d33ba5b0334819 in term 0.
