I20260709 12:19:16.284762  5602 raft_consensus.cc:515] T 532f5e56cb164f61856abc94b3ccbb70 P e6ccae2b266b47808e6c66f813d39ac1 [term 0 FOLLOWER]: Starting pre-election with config: opid_index: -1 OBSOLETE_local: false peers { permanent_uuid: "e6ccae2b266b47808e6c66f813d39ac1" member_type: VOTER last_known_addr { host: "127.4.165.193" port: 42313 } } peers { permanent_uuid: "5e94da7625d04d9d8fcde17360768f6c" member_type: VOTER last_known_addr { host: "127.4.165.194" port: 43407 } } peers { permanent_uuid: "78819980939640389e4ce38238e4ddcd" member_type: VOTER last_known_addr { host: "127.4.165.195" port: 43675 } }
I20260709 12:19:16.286419  5518 leader_election.cc:304] T 679c7d573a794e788287eedaed0a12c4 P 78819980939640389e4ce38238e4ddcd [CANDIDATE]: Term 1 pre-election: Election decided. Result: candidate won. Election summary: received 2 responses out of 3 voters: 2 yes votes; 0 no votes. yes voters: 78819980939640389e4ce38238e4ddcd, e6ccae2b266b47808e6c66f813d39ac1; no voters: 
I20260709 12:19:16.287730  5602 leader_election.cc:290] T 532f5e56cb164f61856abc94b3ccbb70 P e6ccae2b266b47808e6c66f813d39ac1 [CANDIDATE]: Term 1 pre-election: Requested pre-vote from peers 5e94da7625d04d9d8fcde17360768f6c (127.4.165.194:43407), 78819980939640389e4ce38238e4ddcd (127.4.165.195:43675)
I20260709 12:19:16.292188  5629 raft_consensus.cc:2804] T 679c7d573a794e788287eedaed0a12c4 P 78819980939640389e4ce38238e4ddcd [term 0 FOLLOWER]: Leader pre-election won for term 1
I20260709 12:19:16.292668  5629 raft_consensus.cc:493] T 679c7d573a794e788287eedaed0a12c4 P 78819980939640389e4ce38238e4ddcd [term 0 FOLLOWER]: Starting leader election (no leader contacted us within the election timeout)
I20260709 12:19:16.293028  5629 raft_consensus.cc:3060] T 679c7d573a794e788287eedaed0a12c4 P 78819980939640389e4ce38238e4ddcd [term 0 FOLLOWER]: Advancing to term 1
I20260709 12:19:16.296022  5481 tablet_service.cc:1917] Received RequestConsensusVote() RPC: tablet_id: "679c7d573a794e788287eedaed0a12c4" candidate_uuid: "78819980939640389e4ce38238e4ddcd" candidate_term: 1 candidate_status { last_received { term: 0 index: 0 } } ignore_live_leader: false dest_uuid: "5e94da7625d04d9d8fcde17360768f6c" is_pre_election: true
I20260709 12:19:16.298205  5480 tablet_service.cc:1917] Received RequestConsensusVote() RPC: tablet_id: "aeb893c81ba14e99bc33b302d31f2390" candidate_uuid: "78819980939640389e4ce38238e4ddcd" candidate_term: 1 candidate_status { last_received { term: 0 index: 0 } } ignore_live_leader: false dest_uuid: "5e94da7625d04d9d8fcde17360768f6c" is_pre_election: true
I20260709 12:19:16.299166  5480 raft_consensus.cc:2468] T aeb893c81ba14e99bc33b302d31f2390 P 5e94da7625d04d9d8fcde17360768f6c [term 0 FOLLOWER]: Leader pre-election vote request: Granting yes vote for candidate 78819980939640389e4ce38238e4ddcd in term 0.
I20260709 12:19:16.301285  5481 tablet_service.cc:1917] Received RequestConsensusVote() RPC: tablet_id: "1ccd4bce8255486881062cf43c6a8fc4" candidate_uuid: "e6ccae2b266b47808e6c66f813d39ac1" candidate_term: 1 candidate_status { last_received { term: 0 index: 0 } } ignore_live_leader: false dest_uuid: "5e94da7625d04d9d8fcde17360768f6c" is_pre_election: true
I20260709 12:19:16.302011  5481 raft_consensus.cc:2468] T 1ccd4bce8255486881062cf43c6a8fc4 P 5e94da7625d04d9d8fcde17360768f6c [term 0 FOLLOWER]: Leader pre-election vote request: Granting yes vote for candidate e6ccae2b266b47808e6c66f813d39ac1 in term 0.
I20260709 12:19:16.301715  5629 raft_consensus.cc:515] T 679c7d573a794e788287eedaed0a12c4 P 78819980939640389e4ce38238e4ddcd [term 1 FOLLOWER]: Starting leader election with config: opid_index: -1 OBSOLETE_local: false peers { permanent_uuid: "e6ccae2b266b47808e6c66f813d39ac1" member_type: VOTER last_known_addr { host: "127.4.165.193" port: 42313 } } peers { permanent_uuid: "5e94da7625d04d9d8fcde17360768f6c" member_type: VOTER last_known_addr { host: "127.4.165.194" port: 43407 } } peers { permanent_uuid: "78819980939640389e4ce38238e4ddcd" member_type: VOTER last_known_addr { host: "127.4.165.195" port: 43675 } }
I20260709 12:19:16.304021  5629 leader_election.cc:290] T 679c7d573a794e788287eedaed0a12c4 P 78819980939640389e4ce38238e4ddcd [CANDIDATE]: Term 1 election: Requested vote from peers e6ccae2b266b47808e6c66f813d39ac1 (127.4.165.193:42313), 5e94da7625d04d9d8fcde17360768f6c (127.4.165.194:43407)
I20260709 12:19:16.304399  5481 tablet_service.cc:1917] Received RequestConsensusVote() RPC: tablet_id: "532f5e56cb164f61856abc94b3ccbb70" candidate_uuid: "e6ccae2b266b47808e6c66f813d39ac1" candidate_term: 1 candidate_status { last_received { term: 0 index: 0 } } ignore_live_leader: false dest_uuid: "5e94da7625d04d9d8fcde17360768f6c" is_pre_election: true
I20260709 12:19:16.294013  5596 consensus_queue.cc:260] T aeb893c81ba14e99bc33b302d31f2390 P e6ccae2b266b47808e6c66f813d39ac1 [NON_LEADER]: Queue going to NON_LEADER mode. State: All replicated index: 0, Majority replicated index: 0, Committed index: 0, Last appended: 0.0, Last appended by leader: 0, Current term: 0, Majority size: -1, State: 0, Mode: NON_LEADER, active raft config: opid_index: -1 OBSOLETE_local: false peers { permanent_uuid: "e6ccae2b266b47808e6c66f813d39ac1" member_type: VOTER last_known_addr { host: "127.4.165.193" port: 42313 } } peers { permanent_uuid: "5e94da7625d04d9d8fcde17360768f6c" member_type: VOTER last_known_addr { host: "127.4.165.194" port: 43407 } } peers { permanent_uuid: "78819980939640389e4ce38238e4ddcd" member_type: VOTER last_known_addr { host: "127.4.165.195" port: 43675 } }
I20260709 12:19:16.306223  5405 raft_consensus.cc:2468] T aeb893c81ba14e99bc33b302d31f2390 P e6ccae2b266b47808e6c66f813d39ac1 [term 0 FOLLOWER]: Leader pre-election vote request: Granting yes vote for candidate 78819980939640389e4ce38238e4ddcd in term 0.
I20260709 12:19:16.306859  5369 leader_election.cc:304] T 1ccd4bce8255486881062cf43c6a8fc4 P e6ccae2b266b47808e6c66f813d39ac1 [CANDIDATE]: Term 1 pre-election: Election decided. Result: candidate won. Election summary: received 2 responses out of 3 voters: 2 yes votes; 0 no votes. yes voters: 5e94da7625d04d9d8fcde17360768f6c, e6ccae2b266b47808e6c66f813d39ac1; no voters: 
W20260709 12:19:16.308266  5369 leader_election.cc:343] T 532f5e56cb164f61856abc94b3ccbb70 P e6ccae2b266b47808e6c66f813d39ac1 [CANDIDATE]: Term 1 pre-election: Tablet error from VoteRequest() call to peer 5e94da7625d04d9d8fcde17360768f6c (127.4.165.194:43407): Illegal state: must be running to vote when last-logged opid is not known
I20260709 12:19:16.309366  5634 raft_consensus.cc:2804] T 1ccd4bce8255486881062cf43c6a8fc4 P e6ccae2b266b47808e6c66f813d39ac1 [term 0 FOLLOWER]: Leader pre-election won for term 1
I20260709 12:19:16.309954  5634 raft_consensus.cc:493] T 1ccd4bce8255486881062cf43c6a8fc4 P e6ccae2b266b47808e6c66f813d39ac1 [term 0 FOLLOWER]: Starting leader election (no leader contacted us within the election timeout)
I20260709 12:19:16.310413  5634 raft_consensus.cc:3060] T 1ccd4bce8255486881062cf43c6a8fc4 P e6ccae2b266b47808e6c66f813d39ac1 [term 0 FOLLOWER]: Advancing to term 1
I20260709 12:19:16.313738  5405 tablet_service.cc:1917] Received RequestConsensusVote() RPC: tablet_id: "679c7d573a794e788287eedaed0a12c4" candidate_uuid: "78819980939640389e4ce38238e4ddcd" candidate_term: 1 candidate_status { last_received { term: 0 index: 0 } } ignore_live_leader: false dest_uuid: "e6ccae2b266b47808e6c66f813d39ac1"
I20260709 12:19:16.314620  5405 raft_consensus.cc:3060] T 679c7d573a794e788287eedaed0a12c4 P e6ccae2b266b47808e6c66f813d39ac1 [term 0 FOLLOWER]: Advancing to term 1
I20260709 12:19:16.321471  5634 raft_consensus.cc:515] T 1ccd4bce8255486881062cf43c6a8fc4 P e6ccae2b266b47808e6c66f813d39ac1 [term 1 FOLLOWER]: Starting leader election with config: opid_index: -1 OBSOLETE_local: false peers { permanent_uuid: "e6ccae2b266b47808e6c66f813d39ac1" member_type: VOTER last_known_addr { host: "127.4.165.193" port: 42313 } } peers { permanent_uuid: "5e94da7625d04d9d8fcde17360768f6c" member_type: VOTER last_known_addr { host: "127.4.165.194" port: 43407 } } peers { permanent_uuid: "78819980939640389e4ce38238e4ddcd" member_type: VOTER last_known_addr { host: "127.4.165.195" port: 43675 } }
I20260709 12:19:16.322901  5603 raft_consensus.cc:493] T 5203ccde1e9045f1a0c3e7b14d934a48 P 5e94da7625d04d9d8fcde17360768f6c [term 0 FOLLOWER]: Starting pre-election (no leader contacted us within the election timeout)
I20260709 12:19:16.323472  5603 raft_consensus.cc:515] T 5203ccde1e9045f1a0c3e7b14d934a48 P 5e94da7625d04d9d8fcde17360768f6c [term 0 FOLLOWER]: Starting pre-election with config: opid_index: -1 OBSOLETE_local: false peers { permanent_uuid: "e6ccae2b266b47808e6c66f813d39ac1" member_type: VOTER last_known_addr { host: "127.4.165.193" port: 42313 } } peers { permanent_uuid: "5e94da7625d04d9d8fcde17360768f6c" member_type: VOTER last_known_addr { host: "127.4.165.194" port: 43407 } } peers { permanent_uuid: "78819980939640389e4ce38238e4ddcd" member_type: VOTER last_known_addr { host: "127.4.165.195" port: 43675 } }
I20260709 12:19:16.324864  5480 tablet_service.cc:1917] Received RequestConsensusVote() RPC: tablet_id: "1ccd4bce8255486881062cf43c6a8fc4" candidate_uuid: "e6ccae2b266b47808e6c66f813d39ac1" candidate_term: 1 candidate_status { last_received { term: 0 index: 0 } } ignore_live_leader: false dest_uuid: "5e94da7625d04d9d8fcde17360768f6c"
I20260709 12:19:16.325474  5480 raft_consensus.cc:3060] T 1ccd4bce8255486881062cf43c6a8fc4 P 5e94da7625d04d9d8fcde17360768f6c [term 0 FOLLOWER]: Advancing to term 1
I20260709 12:19:16.326175  5603 leader_election.cc:290] T 5203ccde1e9045f1a0c3e7b14d934a48 P 5e94da7625d04d9d8fcde17360768f6c [CANDIDATE]: Term 1 pre-election: Requested pre-vote from peers e6ccae2b266b47808e6c66f813d39ac1 (127.4.165.193:42313), 78819980939640389e4ce38238e4ddcd (127.4.165.195:43675)
I20260709 12:19:16.322742  5481 tablet_service.cc:1917] Received RequestConsensusVote() RPC: tablet_id: "679c7d573a794e788287eedaed0a12c4" candidate_uuid: "78819980939640389e4ce38238e4ddcd" candidate_term: 1 candidate_status { last_received { term: 0 index: 0 } } ignore_live_leader: false dest_uuid: "5e94da7625d04d9d8fcde17360768f6c"
I20260709 12:19:16.335134  5596 ts_tablet_manager.cc:1434] T aeb893c81ba14e99bc33b302d31f2390 P e6ccae2b266b47808e6c66f813d39ac1: Time spent starting tablet: real 0.097s	user 0.008s	sys 0.001s
I20260709 12:19:16.340150  5405 raft_consensus.cc:2468] T 679c7d573a794e788287eedaed0a12c4 P e6ccae2b266b47808e6c66f813d39ac1 [term 1 FOLLOWER]: Leader election vote request: Granting yes vote for candidate 78819980939640389e4ce38238e4ddcd in term 1.
I20260709 12:19:16.340322  5480 raft_consensus.cc:2468] T 1ccd4bce8255486881062cf43c6a8fc4 P 5e94da7625d04d9d8fcde17360768f6c [term 1 FOLLOWER]: Leader election vote request: Granting yes vote for candidate e6ccae2b266b47808e6c66f813d39ac1 in term 1.
I20260709 12:19:16.341943  5518 leader_election.cc:304] T aeb893c81ba14e99bc33b302d31f2390 P 78819980939640389e4ce38238e4ddcd [CANDIDATE]: Term 1 pre-election: Election decided. Result: candidate won. Election summary: received 2 responses out of 3 voters: 2 yes votes; 0 no votes. yes voters: 78819980939640389e4ce38238e4ddcd, e6ccae2b266b47808e6c66f813d39ac1; no voters: 
I20260709 12:19:16.342437  5634 leader_election.cc:290] T 1ccd4bce8255486881062cf43c6a8fc4 P e6ccae2b266b47808e6c66f813d39ac1 [CANDIDATE]: Term 1 election: Requested vote from peers 5e94da7625d04d9d8fcde17360768f6c (127.4.165.194:43407), 78819980939640389e4ce38238e4ddcd (127.4.165.195:43675)
I20260709 12:19:16.343051  5629 raft_consensus.cc:2804] T aeb893c81ba14e99bc33b302d31f2390 P 78819980939640389e4ce38238e4ddcd [term 0 FOLLOWER]: Leader pre-election won for term 1
I20260709 12:19:16.343531  5629 raft_consensus.cc:493] T aeb893c81ba14e99bc33b302d31f2390 P 78819980939640389e4ce38238e4ddcd [term 0 FOLLOWER]: Starting leader election (no leader contacted us within the election timeout)
I20260709 12:19:16.344007  5629 raft_consensus.cc:3060] T aeb893c81ba14e99bc33b302d31f2390 P 78819980939640389e4ce38238e4ddcd [term 0 FOLLOWER]: Advancing to term 1
I20260709 12:19:16.346195  5369 leader_election.cc:304] T 1ccd4bce8255486881062cf43c6a8fc4 P e6ccae2b266b47808e6c66f813d39ac1 [CANDIDATE]: Term 1 election: Election decided. Result: candidate won. Election summary: received 2 responses out of 3 voters: 2 yes votes; 0 no votes. yes voters: 5e94da7625d04d9d8fcde17360768f6c, e6ccae2b266b47808e6c66f813d39ac1; no voters: 
I20260709 12:19:16.347117  5634 raft_consensus.cc:2804] T 1ccd4bce8255486881062cf43c6a8fc4 P e6ccae2b266b47808e6c66f813d39ac1 [term 1 FOLLOWER]: Leader election won for term 1
I20260709 12:19:16.347586  5634 raft_consensus.cc:697] T 1ccd4bce8255486881062cf43c6a8fc4 P e6ccae2b266b47808e6c66f813d39ac1 [term 1 LEADER]: Becoming Leader. State: Replica: e6ccae2b266b47808e6c66f813d39ac1, State: Running, Role: LEADER
I20260709 12:19:16.348354  5634 consensus_queue.cc:237] T 1ccd4bce8255486881062cf43c6a8fc4 P e6ccae2b266b47808e6c66f813d39ac1 [LEADER]: Queue going to LEADER mode. State: All replicated index: 0, Majority replicated index: 0, Committed index: 0, Last appended: 0.0, Last appended by leader: 0, Current term: 1, Majority size: 2, State: 0, Mode: LEADER, active raft config: opid_index: -1 OBSOLETE_local: false peers { permanent_uuid: "e6ccae2b266b47808e6c66f813d39ac1" member_type: VOTER last_known_addr { host: "127.4.165.193" port: 42313 } } peers { permanent_uuid: "5e94da7625d04d9d8fcde17360768f6c" member_type: VOTER last_known_addr { host: "127.4.165.194" port: 43407 } } peers { permanent_uuid: "78819980939640389e4ce38238e4ddcd" member_type: VOTER last_known_addr { host: "127.4.165.195" port: 43675 } }
I20260709 12:19:16.358131  5406 tablet_service.cc:1917] Received RequestConsensusVote() RPC: tablet_id: "5203ccde1e9045f1a0c3e7b14d934a48" candidate_uuid: "5e94da7625d04d9d8fcde17360768f6c" candidate_term: 1 candidate_status { last_received { term: 0 index: 0 } } ignore_live_leader: false dest_uuid: "e6ccae2b266b47808e6c66f813d39ac1" is_pre_election: true
I20260709 12:19:16.358994  5406 raft_consensus.cc:2468] T 5203ccde1e9045f1a0c3e7b14d934a48 P e6ccae2b266b47808e6c66f813d39ac1 [term 0 FOLLOWER]: Leader pre-election vote request: Granting yes vote for candidate 5e94da7625d04d9d8fcde17360768f6c in term 0.
I20260709 12:19:16.361667  5444 leader_election.cc:304] T 5203ccde1e9045f1a0c3e7b14d934a48 P 5e94da7625d04d9d8fcde17360768f6c [CANDIDATE]: Term 1 pre-election: Election decided. Result: candidate won. Election summary: received 2 responses out of 3 voters: 2 yes votes; 0 no votes. yes voters: 5e94da7625d04d9d8fcde17360768f6c, e6ccae2b266b47808e6c66f813d39ac1; no voters: 
I20260709 12:19:16.362493  5603 raft_consensus.cc:2804] T 5203ccde1e9045f1a0c3e7b14d934a48 P 5e94da7625d04d9d8fcde17360768f6c [term 0 FOLLOWER]: Leader pre-election won for term 1
I20260709 12:19:16.362845  5603 raft_consensus.cc:493] T 5203ccde1e9045f1a0c3e7b14d934a48 P 5e94da7625d04d9d8fcde17360768f6c [term 0 FOLLOWER]: Starting leader election (no leader contacted us within the election timeout)
I20260709 12:19:16.363185  5603 raft_consensus.cc:3060] T 5203ccde1e9045f1a0c3e7b14d934a48 P 5e94da7625d04d9d8fcde17360768f6c [term 0 FOLLOWER]: Advancing to term 1
I20260709 12:19:16.373781  5629 raft_consensus.cc:515] T aeb893c81ba14e99bc33b302d31f2390 P 78819980939640389e4ce38238e4ddcd [term 1 FOLLOWER]: Starting leader election with config: opid_index: -1 OBSOLETE_local: false peers { permanent_uuid: "e6ccae2b266b47808e6c66f813d39ac1" member_type: VOTER last_known_addr { host: "127.4.165.193" port: 42313 } } peers { permanent_uuid: "5e94da7625d04d9d8fcde17360768f6c" member_type: VOTER last_known_addr { host: "127.4.165.194" port: 43407 } } peers { permanent_uuid: "78819980939640389e4ce38238e4ddcd" member_type: VOTER last_known_addr { host: "127.4.165.195" port: 43675 } }
I20260709 12:19:16.374800  5555 tablet_service.cc:1917] Received RequestConsensusVote() RPC: tablet_id: "5203ccde1e9045f1a0c3e7b14d934a48" candidate_uuid: "5e94da7625d04d9d8fcde17360768f6c" candidate_term: 1 candidate_status { last_received { term: 0 index: 0 } } ignore_live_leader: false dest_uuid: "78819980939640389e4ce38238e4ddcd" is_pre_election: true
W20260709 12:19:16.377030  5444 leader_election.cc:343] T 5203ccde1e9045f1a0c3e7b14d934a48 P 5e94da7625d04d9d8fcde17360768f6c [CANDIDATE]: Term 1 pre-election: Tablet error from VoteRequest() call to peer 78819980939640389e4ce38238e4ddcd (127.4.165.195:43675): Illegal state: must be running to vote when last-logged opid is not known
I20260709 12:19:16.378014  5603 raft_consensus.cc:515] T 5203ccde1e9045f1a0c3e7b14d934a48 P 5e94da7625d04d9d8fcde17360768f6c [term 1 FOLLOWER]: Starting leader election with config: opid_index: -1 OBSOLETE_local: false peers { permanent_uuid: "e6ccae2b266b47808e6c66f813d39ac1" member_type: VOTER last_known_addr { host: "127.4.165.193" port: 42313 } } peers { permanent_uuid: "5e94da7625d04d9d8fcde17360768f6c" member_type: VOTER last_known_addr { host: "127.4.165.194" port: 43407 } } peers { permanent_uuid: "78819980939640389e4ce38238e4ddcd" member_type: VOTER last_known_addr { host: "127.4.165.195" port: 43675 } }
I20260709 12:19:16.379051  5518 leader_election.cc:304] T 679c7d573a794e788287eedaed0a12c4 P 78819980939640389e4ce38238e4ddcd [CANDIDATE]: Term 1 election: Election decided. Result: candidate won. Election summary: received 2 responses out of 3 voters: 2 yes votes; 0 no votes. yes voters: 78819980939640389e4ce38238e4ddcd, e6ccae2b266b47808e6c66f813d39ac1; no voters: 
I20260709 12:19:16.379720  5603 leader_election.cc:290] T 5203ccde1e9045f1a0c3e7b14d934a48 P 5e94da7625d04d9d8fcde17360768f6c [CANDIDATE]: Term 1 election: Requested vote from peers e6ccae2b266b47808e6c66f813d39ac1 (127.4.165.193:42313), 78819980939640389e4ce38238e4ddcd (127.4.165.195:43675)
I20260709 12:19:16.360420  5612 raft_consensus.cc:515] T 6160c6bf69a5430e9a72c9b974b84eed P e6ccae2b266b47808e6c66f813d39ac1 [term 1 FOLLOWER]: Starting leader election with config: opid_index: -1 OBSOLETE_local: false peers { permanent_uuid: "78819980939640389e4ce38238e4ddcd" member_type: VOTER last_known_addr { host: "127.4.165.195" port: 43675 } } peers { permanent_uuid: "e6ccae2b266b47808e6c66f813d39ac1" member_type: VOTER last_known_addr { host: "127.4.165.193" port: 42313 } } peers { permanent_uuid: "5e94da7625d04d9d8fcde17360768f6c" member_type: VOTER last_known_addr { host: "127.4.165.194" port: 43407 } }
I20260709 12:19:16.380496  5406 tablet_service.cc:1917] Received RequestConsensusVote() RPC: tablet_id: "5203ccde1e9045f1a0c3e7b14d934a48" candidate_uuid: "5e94da7625d04d9d8fcde17360768f6c" candidate_term: 1 candidate_status { last_received { term: 0 index: 0 } } ignore_live_leader: false dest_uuid: "e6ccae2b266b47808e6c66f813d39ac1"
I20260709 12:19:16.381078  5406 raft_consensus.cc:3060] T 5203ccde1e9045f1a0c3e7b14d934a48 P e6ccae2b266b47808e6c66f813d39ac1 [term 0 FOLLOWER]: Advancing to term 1
I20260709 12:19:16.381830  5599 tablet_bootstrap.cc:492] T 532f5e56cb164f61856abc94b3ccbb70 P 5e94da7625d04d9d8fcde17360768f6c: No bootstrap required, opened a new log
I20260709 12:19:16.382306  5599 ts_tablet_manager.cc:1403] T 532f5e56cb164f61856abc94b3ccbb70 P 5e94da7625d04d9d8fcde17360768f6c: Time spent bootstrapping tablet: real 0.159s	user 0.057s	sys 0.088s
I20260709 12:19:16.383138  5596 tablet_bootstrap.cc:492] T 9c299c7a47024bd2a2671fc8bc24119a P e6ccae2b266b47808e6c66f813d39ac1: Bootstrap starting.
I20260709 12:19:16.385490  5599 raft_consensus.cc:359] T 532f5e56cb164f61856abc94b3ccbb70 P 5e94da7625d04d9d8fcde17360768f6c [term 0 FOLLOWER]: Replica starting. Triggering 0 pending ops. Active config: opid_index: -1 OBSOLETE_local: false peers { permanent_uuid: "e6ccae2b266b47808e6c66f813d39ac1" member_type: VOTER last_known_addr { host: "127.4.165.193" port: 42313 } } peers { permanent_uuid: "5e94da7625d04d9d8fcde17360768f6c" member_type: VOTER last_known_addr { host: "127.4.165.194" port: 43407 } } peers { permanent_uuid: "78819980939640389e4ce38238e4ddcd" member_type: VOTER last_known_addr { host: "127.4.165.195" port: 43675 } }
I20260709 12:19:16.386241  5599 raft_consensus.cc:385] T 532f5e56cb164f61856abc94b3ccbb70 P 5e94da7625d04d9d8fcde17360768f6c [term 0 FOLLOWER]: Consensus starting up: Expiring failure detector timer to make a prompt election more likely
I20260709 12:19:16.386297  5601 raft_consensus.cc:2804] T 679c7d573a794e788287eedaed0a12c4 P 78819980939640389e4ce38238e4ddcd [term 1 FOLLOWER]: Leader election won for term 1
I20260709 12:19:16.386587  5599 raft_consensus.cc:740] T 532f5e56cb164f61856abc94b3ccbb70 P 5e94da7625d04d9d8fcde17360768f6c [term 0 FOLLOWER]: Becoming Follower/Learner. State: Replica: 5e94da7625d04d9d8fcde17360768f6c, State: Initialized, Role: FOLLOWER
I20260709 12:19:16.387379  5599 consensus_queue.cc:260] T 532f5e56cb164f61856abc94b3ccbb70 P 5e94da7625d04d9d8fcde17360768f6c [NON_LEADER]: Queue going to NON_LEADER mode. State: All replicated index: 0, Majority replicated index: 0, Committed index: 0, Last appended: 0.0, Last appended by leader: 0, Current term: 0, Majority size: -1, State: 0, Mode: NON_LEADER, active raft config: opid_index: -1 OBSOLETE_local: false peers { permanent_uuid: "e6ccae2b266b47808e6c66f813d39ac1" member_type: VOTER last_known_addr { host: "127.4.165.193" port: 42313 } } peers { permanent_uuid: "5e94da7625d04d9d8fcde17360768f6c" member_type: VOTER last_known_addr { host: "127.4.165.194" port: 43407 } } peers { permanent_uuid: "78819980939640389e4ce38238e4ddcd" member_type: VOTER last_known_addr { host: "127.4.165.195" port: 43675 } }
I20260709 12:19:16.392038  5599 ts_tablet_manager.cc:1434] T 532f5e56cb164f61856abc94b3ccbb70 P 5e94da7625d04d9d8fcde17360768f6c: Time spent starting tablet: real 0.009s	user 0.007s	sys 0.000s
I20260709 12:19:16.393031  5599 tablet_bootstrap.cc:492] T 679c7d573a794e788287eedaed0a12c4 P 5e94da7625d04d9d8fcde17360768f6c: Bootstrap starting.
I20260709 12:19:16.393319  5555 tablet_service.cc:1917] Received RequestConsensusVote() RPC: tablet_id: "1ccd4bce8255486881062cf43c6a8fc4" candidate_uuid: "e6ccae2b266b47808e6c66f813d39ac1" candidate_term: 1 candidate_status { last_received { term: 0 index: 0 } } ignore_live_leader: false dest_uuid: "78819980939640389e4ce38238e4ddcd" is_pre_election: true
I20260709 12:19:16.393894  5555 raft_consensus.cc:2468] T 1ccd4bce8255486881062cf43c6a8fc4 P 78819980939640389e4ce38238e4ddcd [term 0 FOLLOWER]: Leader pre-election vote request: Granting yes vote for candidate e6ccae2b266b47808e6c66f813d39ac1 in term 0.
I20260709 12:19:16.392328  5304 catalog_manager.cc:5697] T 1ccd4bce8255486881062cf43c6a8fc4 P e6ccae2b266b47808e6c66f813d39ac1 reported cstate change: term changed from 0 to 1, leader changed from <none> to e6ccae2b266b47808e6c66f813d39ac1 (127.4.165.193). New cstate: current_term: 1 leader_uuid: "e6ccae2b266b47808e6c66f813d39ac1" committed_config { opid_index: -1 OBSOLETE_local: false peers { permanent_uuid: "e6ccae2b266b47808e6c66f813d39ac1" member_type: VOTER last_known_addr { host: "127.4.165.193" port: 42313 } health_report { overall_health: HEALTHY } } peers { permanent_uuid: "5e94da7625d04d9d8fcde17360768f6c" member_type: VOTER last_known_addr { host: "127.4.165.194" port: 43407 } health_report { overall_health: UNKNOWN } } peers { permanent_uuid: "78819980939640389e4ce38238e4ddcd" member_type: VOTER last_known_addr { host: "127.4.165.195" port: 43675 } health_report { overall_health: UNKNOWN } } }
I20260709 12:19:16.395929  5612 leader_election.cc:290] T 6160c6bf69a5430e9a72c9b974b84eed P e6ccae2b266b47808e6c66f813d39ac1 [CANDIDATE]: Term 1 election: Requested vote from peers 78819980939640389e4ce38238e4ddcd (127.4.165.195:43675), 5e94da7625d04d9d8fcde17360768f6c (127.4.165.194:43407)
I20260709 12:19:16.396565  5595 tablet_bootstrap.cc:492] T 9c299c7a47024bd2a2671fc8bc24119a P 78819980939640389e4ce38238e4ddcd: No bootstrap required, opened a new log
I20260709 12:19:16.397032  5595 ts_tablet_manager.cc:1403] T 9c299c7a47024bd2a2671fc8bc24119a P 78819980939640389e4ce38238e4ddcd: Time spent bootstrapping tablet: real 0.126s	user 0.052s	sys 0.042s
I20260709 12:19:16.397208  5554 tablet_service.cc:1917] Received RequestConsensusVote() RPC: tablet_id: "532f5e56cb164f61856abc94b3ccbb70" candidate_uuid: "e6ccae2b266b47808e6c66f813d39ac1" candidate_term: 1 candidate_status { last_received { term: 0 index: 0 } } ignore_live_leader: false dest_uuid: "78819980939640389e4ce38238e4ddcd" is_pre_election: true
I20260709 12:19:16.397380  5480 tablet_service.cc:1917] Received RequestConsensusVote() RPC: tablet_id: "6160c6bf69a5430e9a72c9b974b84eed" candidate_uuid: "e6ccae2b266b47808e6c66f813d39ac1" candidate_term: 1 candidate_status { last_received { term: 0 index: 0 } } ignore_live_leader: false dest_uuid: "5e94da7625d04d9d8fcde17360768f6c"
I20260709 12:19:16.397918  5554 raft_consensus.cc:2468] T 532f5e56cb164f61856abc94b3ccbb70 P 78819980939640389e4ce38238e4ddcd [term 0 FOLLOWER]: Leader pre-election vote request: Granting yes vote for candidate e6ccae2b266b47808e6c66f813d39ac1 in term 0.
I20260709 12:19:16.398008  5480 raft_consensus.cc:3060] T 6160c6bf69a5430e9a72c9b974b84eed P 5e94da7625d04d9d8fcde17360768f6c [term 0 FOLLOWER]: Advancing to term 1
I20260709 12:19:16.400121  5599 tablet_bootstrap.cc:654] T 679c7d573a794e788287eedaed0a12c4 P 5e94da7625d04d9d8fcde17360768f6c: Neither blocks nor log segments found. Creating new log.
I20260709 12:19:16.399750  5595 raft_consensus.cc:359] T 9c299c7a47024bd2a2671fc8bc24119a P 78819980939640389e4ce38238e4ddcd [term 0 FOLLOWER]: Replica starting. Triggering 0 pending ops. Active config: opid_index: -1 OBSOLETE_local: false peers { permanent_uuid: "e6ccae2b266b47808e6c66f813d39ac1" member_type: VOTER last_known_addr { host: "127.4.165.193" port: 42313 } } peers { permanent_uuid: "5e94da7625d04d9d8fcde17360768f6c" member_type: VOTER last_known_addr { host: "127.4.165.194" port: 43407 } } peers { permanent_uuid: "78819980939640389e4ce38238e4ddcd" member_type: VOTER last_known_addr { host: "127.4.165.195" port: 43675 } }
I20260709 12:19:16.400524  5595 raft_consensus.cc:385] T 9c299c7a47024bd2a2671fc8bc24119a P 78819980939640389e4ce38238e4ddcd [term 0 FOLLOWER]: Consensus starting up: Expiring failure detector timer to make a prompt election more likely
I20260709 12:19:16.400799  5595 raft_consensus.cc:740] T 9c299c7a47024bd2a2671fc8bc24119a P 78819980939640389e4ce38238e4ddcd [term 0 FOLLOWER]: Becoming Follower/Learner. State: Replica: 78819980939640389e4ce38238e4ddcd, State: Initialized, Role: FOLLOWER
I20260709 12:19:16.400753  5554 tablet_service.cc:1917] Received RequestConsensusVote() RPC: tablet_id: "1ccd4bce8255486881062cf43c6a8fc4" candidate_uuid: "e6ccae2b266b47808e6c66f813d39ac1" candidate_term: 1 candidate_status { last_received { term: 0 index: 0 } } ignore_live_leader: false dest_uuid: "78819980939640389e4ce38238e4ddcd"
I20260709 12:19:16.401417  5554 raft_consensus.cc:3060] T 1ccd4bce8255486881062cf43c6a8fc4 P 78819980939640389e4ce38238e4ddcd [term 0 FOLLOWER]: Advancing to term 1
I20260709 12:19:16.401605  5595 consensus_queue.cc:260] T 9c299c7a47024bd2a2671fc8bc24119a P 78819980939640389e4ce38238e4ddcd [NON_LEADER]: Queue going to NON_LEADER mode. State: All replicated index: 0, Majority replicated index: 0, Committed index: 0, Last appended: 0.0, Last appended by leader: 0, Current term: 0, Majority size: -1, State: 0, Mode: NON_LEADER, active raft config: opid_index: -1 OBSOLETE_local: false peers { permanent_uuid: "e6ccae2b266b47808e6c66f813d39ac1" member_type: VOTER last_known_addr { host: "127.4.165.193" port: 42313 } } peers { permanent_uuid: "5e94da7625d04d9d8fcde17360768f6c" member_type: VOTER last_known_addr { host: "127.4.165.194" port: 43407 } } peers { permanent_uuid: "78819980939640389e4ce38238e4ddcd" member_type: VOTER last_known_addr { host: "127.4.165.195" port: 43675 } }
I20260709 12:19:16.411162  5554 raft_consensus.cc:2468] T 1ccd4bce8255486881062cf43c6a8fc4 P 78819980939640389e4ce38238e4ddcd [term 1 FOLLOWER]: Leader election vote request: Granting yes vote for candidate e6ccae2b266b47808e6c66f813d39ac1 in term 1.
I20260709 12:19:16.412230  5599 tablet_bootstrap.cc:492] T 679c7d573a794e788287eedaed0a12c4 P 5e94da7625d04d9d8fcde17360768f6c: No bootstrap required, opened a new log
I20260709 12:19:16.412742  5555 tablet_service.cc:1917] Received RequestConsensusVote() RPC: tablet_id: "6160c6bf69a5430e9a72c9b974b84eed" candidate_uuid: "e6ccae2b266b47808e6c66f813d39ac1" candidate_term: 1 candidate_status { last_received { term: 0 index: 0 } } ignore_live_leader: false dest_uuid: "78819980939640389e4ce38238e4ddcd"
I20260709 12:19:16.412935  5599 ts_tablet_manager.cc:1403] T 679c7d573a794e788287eedaed0a12c4 P 5e94da7625d04d9d8fcde17360768f6c: Time spent bootstrapping tablet: real 0.020s	user 0.009s	sys 0.009s
I20260709 12:19:16.413362  5555 raft_consensus.cc:3060] T 6160c6bf69a5430e9a72c9b974b84eed P 78819980939640389e4ce38238e4ddcd [term 0 FOLLOWER]: Advancing to term 1
I20260709 12:19:16.410799  5595 ts_tablet_manager.cc:1434] T 9c299c7a47024bd2a2671fc8bc24119a P 78819980939640389e4ce38238e4ddcd: Time spent starting tablet: real 0.013s	user 0.007s	sys 0.005s
I20260709 12:19:16.376802  5629 leader_election.cc:290] T aeb893c81ba14e99bc33b302d31f2390 P 78819980939640389e4ce38238e4ddcd [CANDIDATE]: Term 1 election: Requested vote from peers e6ccae2b266b47808e6c66f813d39ac1 (127.4.165.193:42313), 5e94da7625d04d9d8fcde17360768f6c (127.4.165.194:43407)
I20260709 12:19:16.417502  5595 tablet_bootstrap.cc:492] T 98839e43bd6c4090a4afd82b909dc45b P 78819980939640389e4ce38238e4ddcd: Bootstrap starting.
I20260709 12:19:16.421559  5629 raft_consensus.cc:493] T 1ccd4bce8255486881062cf43c6a8fc4 P 78819980939640389e4ce38238e4ddcd [term 1 FOLLOWER]: Starting pre-election (no leader contacted us within the election timeout)
I20260709 12:19:16.422552  5603 raft_consensus.cc:493] T 98839e43bd6c4090a4afd82b909dc45b P 5e94da7625d04d9d8fcde17360768f6c [term 0 FOLLOWER]: Starting pre-election (no leader contacted us within the election timeout)
I20260709 12:19:16.423650  5629 raft_consensus.cc:515] T 1ccd4bce8255486881062cf43c6a8fc4 P 78819980939640389e4ce38238e4ddcd [term 1 FOLLOWER]: Starting pre-election with config: opid_index: -1 OBSOLETE_local: false peers { permanent_uuid: "e6ccae2b266b47808e6c66f813d39ac1" member_type: VOTER last_known_addr { host: "127.4.165.193" port: 42313 } } peers { permanent_uuid: "5e94da7625d04d9d8fcde17360768f6c" member_type: VOTER last_known_addr { host: "127.4.165.194" port: 43407 } } peers { permanent_uuid: "78819980939640389e4ce38238e4ddcd" member_type: VOTER last_known_addr { host: "127.4.165.195" port: 43675 } }
I20260709 12:19:16.423965  5603 raft_consensus.cc:515] T 98839e43bd6c4090a4afd82b909dc45b P 5e94da7625d04d9d8fcde17360768f6c [term 0 FOLLOWER]: Starting pre-election with config: opid_index: -1 OBSOLETE_local: false peers { permanent_uuid: "e6ccae2b266b47808e6c66f813d39ac1" member_type: VOTER last_known_addr { host: "127.4.165.193" port: 42313 } } peers { permanent_uuid: "5e94da7625d04d9d8fcde17360768f6c" member_type: VOTER last_known_addr { host: "127.4.165.194" port: 43407 } } peers { permanent_uuid: "78819980939640389e4ce38238e4ddcd" member_type: VOTER last_known_addr { host: "127.4.165.195" port: 43675 } }
I20260709 12:19:16.425978  5629 leader_election.cc:290] T 1ccd4bce8255486881062cf43c6a8fc4 P 78819980939640389e4ce38238e4ddcd [CANDIDATE]: Term 2 pre-election: Requested pre-vote from peers e6ccae2b266b47808e6c66f813d39ac1 (127.4.165.193:42313), 5e94da7625d04d9d8fcde17360768f6c (127.4.165.194:43407)
I20260709 12:19:16.427659  5603 leader_election.cc:290] T 98839e43bd6c4090a4afd82b909dc45b P 5e94da7625d04d9d8fcde17360768f6c [CANDIDATE]: Term 1 pre-election: Requested pre-vote from peers e6ccae2b266b47808e6c66f813d39ac1 (127.4.165.193:42313), 78819980939640389e4ce38238e4ddcd (127.4.165.195:43675)
I20260709 12:19:16.428046  5480 raft_consensus.cc:2468] T 6160c6bf69a5430e9a72c9b974b84eed P 5e94da7625d04d9d8fcde17360768f6c [term 1 FOLLOWER]: Leader election vote request: Granting yes vote for candidate e6ccae2b266b47808e6c66f813d39ac1 in term 1.
I20260709 12:19:16.429217  5405 tablet_service.cc:1917] Received RequestConsensusVote() RPC: tablet_id: "98839e43bd6c4090a4afd82b909dc45b" candidate_uuid: "5e94da7625d04d9d8fcde17360768f6c" candidate_term: 1 candidate_status { last_received { term: 0 index: 0 } } ignore_live_leader: false dest_uuid: "e6ccae2b266b47808e6c66f813d39ac1" is_pre_election: true
I20260709 12:19:16.429280  5369 leader_election.cc:304] T 6160c6bf69a5430e9a72c9b974b84eed P e6ccae2b266b47808e6c66f813d39ac1 [CANDIDATE]: Term 1 election: Election decided. Result: candidate won. Election summary: received 2 responses out of 3 voters: 2 yes votes; 0 no votes. yes voters: 5e94da7625d04d9d8fcde17360768f6c, e6ccae2b266b47808e6c66f813d39ac1; no voters: 
I20260709 12:19:16.430096  5553 tablet_service.cc:1917] Received RequestConsensusVote() RPC: tablet_id: "98839e43bd6c4090a4afd82b909dc45b" candidate_uuid: "5e94da7625d04d9d8fcde17360768f6c" candidate_term: 1 candidate_status { last_received { term: 0 index: 0 } } ignore_live_leader: false dest_uuid: "78819980939640389e4ce38238e4ddcd" is_pre_election: true
I20260709 12:19:16.430464  5595 tablet_bootstrap.cc:654] T 98839e43bd6c4090a4afd82b909dc45b P 78819980939640389e4ce38238e4ddcd: Neither blocks nor log segments found. Creating new log.
W20260709 12:19:16.431578  5444 leader_election.cc:343] T 98839e43bd6c4090a4afd82b909dc45b P 5e94da7625d04d9d8fcde17360768f6c [CANDIDATE]: Term 1 pre-election: Tablet error from VoteRequest() call to peer 78819980939640389e4ce38238e4ddcd (127.4.165.195:43675): Illegal state: must be running to vote when last-logged opid is not known
W20260709 12:19:16.432296  5444 leader_election.cc:343] T 98839e43bd6c4090a4afd82b909dc45b P 5e94da7625d04d9d8fcde17360768f6c [CANDIDATE]: Term 1 pre-election: Tablet error from VoteRequest() call to peer e6ccae2b266b47808e6c66f813d39ac1 (127.4.165.193:42313): Illegal state: must be running to vote when last-logged opid is not known
I20260709 12:19:16.433005  5612 raft_consensus.cc:2804] T 6160c6bf69a5430e9a72c9b974b84eed P e6ccae2b266b47808e6c66f813d39ac1 [term 1 FOLLOWER]: Leader election won for term 1
I20260709 12:19:16.432710  5444 leader_election.cc:304] T 98839e43bd6c4090a4afd82b909dc45b P 5e94da7625d04d9d8fcde17360768f6c [CANDIDATE]: Term 1 pre-election: Election decided. Result: candidate lost. Election summary: received 3 responses out of 3 voters: 1 yes votes; 2 no votes. yes voters: 5e94da7625d04d9d8fcde17360768f6c; no voters: 78819980939640389e4ce38238e4ddcd, e6ccae2b266b47808e6c66f813d39ac1
I20260709 12:19:16.431710  5599 raft_consensus.cc:359] T 679c7d573a794e788287eedaed0a12c4 P 5e94da7625d04d9d8fcde17360768f6c [term 0 FOLLOWER]: Replica starting. Triggering 0 pending ops. Active config: opid_index: -1 OBSOLETE_local: false peers { permanent_uuid: "e6ccae2b266b47808e6c66f813d39ac1" member_type: VOTER last_known_addr { host: "127.4.165.193" port: 42313 } } peers { permanent_uuid: "5e94da7625d04d9d8fcde17360768f6c" member_type: VOTER last_known_addr { host: "127.4.165.194" port: 43407 } } peers { permanent_uuid: "78819980939640389e4ce38238e4ddcd" member_type: VOTER last_known_addr { host: "127.4.165.195" port: 43675 } }
I20260709 12:19:16.434561  5599 raft_consensus.cc:385] T 679c7d573a794e788287eedaed0a12c4 P 5e94da7625d04d9d8fcde17360768f6c [term 0 FOLLOWER]: Consensus starting up: Expiring failure detector timer to make a prompt election more likely
I20260709 12:19:16.434976  5599 raft_consensus.cc:740] T 679c7d573a794e788287eedaed0a12c4 P 5e94da7625d04d9d8fcde17360768f6c [term 0 FOLLOWER]: Becoming Follower/Learner. State: Replica: 5e94da7625d04d9d8fcde17360768f6c, State: Initialized, Role: FOLLOWER
I20260709 12:19:16.440300  5406 raft_consensus.cc:2468] T 5203ccde1e9045f1a0c3e7b14d934a48 P e6ccae2b266b47808e6c66f813d39ac1 [term 1 FOLLOWER]: Leader election vote request: Granting yes vote for candidate 5e94da7625d04d9d8fcde17360768f6c in term 1.
I20260709 12:19:16.437125  5603 raft_consensus.cc:2749] T 98839e43bd6c4090a4afd82b909dc45b P 5e94da7625d04d9d8fcde17360768f6c [term 0 FOLLOWER]: Leader pre-election lost for term 1. Reason: could not achieve majority
I20260709 12:19:16.441901  5444 leader_election.cc:304] T 5203ccde1e9045f1a0c3e7b14d934a48 P 5e94da7625d04d9d8fcde17360768f6c [CANDIDATE]: Term 1 election: Election decided. Result: candidate won. Election summary: received 2 responses out of 3 voters: 2 yes votes; 0 no votes. yes voters: 5e94da7625d04d9d8fcde17360768f6c, e6ccae2b266b47808e6c66f813d39ac1; no voters: 
I20260709 12:19:16.442881  5596 tablet_bootstrap.cc:654] T 9c299c7a47024bd2a2671fc8bc24119a P e6ccae2b266b47808e6c66f813d39ac1: Neither blocks nor log segments found. Creating new log.
I20260709 12:19:16.442703  5554 tablet_service.cc:1917] Received RequestConsensusVote() RPC: tablet_id: "5203ccde1e9045f1a0c3e7b14d934a48" candidate_uuid: "5e94da7625d04d9d8fcde17360768f6c" candidate_term: 1 candidate_status { last_received { term: 0 index: 0 } } ignore_live_leader: false dest_uuid: "78819980939640389e4ce38238e4ddcd"
I20260709 12:19:16.443383  5603 raft_consensus.cc:2804] T 5203ccde1e9045f1a0c3e7b14d934a48 P 5e94da7625d04d9d8fcde17360768f6c [term 1 FOLLOWER]: Leader election won for term 1
W20260709 12:19:16.445065  5444 leader_election.cc:343] T 5203ccde1e9045f1a0c3e7b14d934a48 P 5e94da7625d04d9d8fcde17360768f6c [CANDIDATE]: Term 1 election: Tablet error from VoteRequest() call to peer 78819980939640389e4ce38238e4ddcd (127.4.165.195:43675): Illegal state: must be running to vote when last-logged opid is not known
I20260709 12:19:16.435737  5612 raft_consensus.cc:697] T 6160c6bf69a5430e9a72c9b974b84eed P e6ccae2b266b47808e6c66f813d39ac1 [term 1 LEADER]: Becoming Leader. State: Replica: e6ccae2b266b47808e6c66f813d39ac1, State: Running, Role: LEADER
W20260709 12:19:16.423043  5518 leader_election.cc:343] T 679c7d573a794e788287eedaed0a12c4 P 78819980939640389e4ce38238e4ddcd [CANDIDATE]: Term 1 pre-election: Tablet error from VoteRequest() call to peer 5e94da7625d04d9d8fcde17360768f6c (127.4.165.194:43407): Illegal state: must be running to vote when last-logged opid is not known
I20260709 12:19:16.449127  5555 raft_consensus.cc:2468] T 6160c6bf69a5430e9a72c9b974b84eed P 78819980939640389e4ce38238e4ddcd [term 1 FOLLOWER]: Leader election vote request: Granting yes vote for candidate e6ccae2b266b47808e6c66f813d39ac1 in term 1.
W20260709 12:19:16.450400  5518 leader_election.cc:343] T 679c7d573a794e788287eedaed0a12c4 P 78819980939640389e4ce38238e4ddcd [CANDIDATE]: Term 1 election: Tablet error from VoteRequest() call to peer 5e94da7625d04d9d8fcde17360768f6c (127.4.165.194:43407): Illegal state: must be running to vote when last-logged opid is not known
I20260709 12:19:16.452587  5406 tablet_service.cc:1917] Received RequestConsensusVote() RPC: tablet_id: "aeb893c81ba14e99bc33b302d31f2390" candidate_uuid: "78819980939640389e4ce38238e4ddcd" candidate_term: 1 candidate_status { last_received { term: 0 index: 0 } } ignore_live_leader: false dest_uuid: "e6ccae2b266b47808e6c66f813d39ac1"
I20260709 12:19:16.452939  5369 leader_election.cc:304] T 532f5e56cb164f61856abc94b3ccbb70 P e6ccae2b266b47808e6c66f813d39ac1 [CANDIDATE]: Term 1 pre-election: Election decided. Result: candidate won. Election summary: received 3 responses out of 3 voters: 2 yes votes; 1 no votes. yes voters: 78819980939640389e4ce38238e4ddcd, e6ccae2b266b47808e6c66f813d39ac1; no voters: 5e94da7625d04d9d8fcde17360768f6c
I20260709 12:19:16.453229  5406 raft_consensus.cc:3060] T aeb893c81ba14e99bc33b302d31f2390 P e6ccae2b266b47808e6c66f813d39ac1 [term 0 FOLLOWER]: Advancing to term 1
I20260709 12:19:16.446830  5599 consensus_queue.cc:260] T 679c7d573a794e788287eedaed0a12c4 P 5e94da7625d04d9d8fcde17360768f6c [NON_LEADER]: Queue going to NON_LEADER mode. State: All replicated index: 0, Majority replicated index: 0, Committed index: 0, Last appended: 0.0, Last appended by leader: 0, Current term: 0, Majority size: -1, State: 0, Mode: NON_LEADER, active raft config: opid_index: -1 OBSOLETE_local: false peers { permanent_uuid: "e6ccae2b266b47808e6c66f813d39ac1" member_type: VOTER last_known_addr { host: "127.4.165.193" port: 42313 } } peers { permanent_uuid: "5e94da7625d04d9d8fcde17360768f6c" member_type: VOTER last_known_addr { host: "127.4.165.194" port: 43407 } } peers { permanent_uuid: "78819980939640389e4ce38238e4ddcd" member_type: VOTER last_known_addr { host: "127.4.165.195" port: 43675 } }
I20260709 12:19:16.448354  5612 consensus_queue.cc:237] T 6160c6bf69a5430e9a72c9b974b84eed P e6ccae2b266b47808e6c66f813d39ac1 [LEADER]: Queue going to LEADER mode. State: All replicated index: 0, Majority replicated index: 0, Committed index: 0, Last appended: 0.0, Last appended by leader: 0, Current term: 1, Majority size: 2, State: 0, Mode: LEADER, active raft config: opid_index: -1 OBSOLETE_local: false peers { permanent_uuid: "78819980939640389e4ce38238e4ddcd" member_type: VOTER last_known_addr { host: "127.4.165.195" port: 43675 } } peers { permanent_uuid: "e6ccae2b266b47808e6c66f813d39ac1" member_type: VOTER last_known_addr { host: "127.4.165.193" port: 42313 } } peers { permanent_uuid: "5e94da7625d04d9d8fcde17360768f6c" member_type: VOTER last_known_addr { host: "127.4.165.194" port: 43407 } }
I20260709 12:19:16.454604  5602 raft_consensus.cc:2804] T 532f5e56cb164f61856abc94b3ccbb70 P e6ccae2b266b47808e6c66f813d39ac1 [term 0 FOLLOWER]: Leader pre-election won for term 1
I20260709 12:19:16.455826  5480 tablet_service.cc:1917] Received RequestConsensusVote() RPC: tablet_id: "aeb893c81ba14e99bc33b302d31f2390" candidate_uuid: "78819980939640389e4ce38238e4ddcd" candidate_term: 1 candidate_status { last_received { term: 0 index: 0 } } ignore_live_leader: false dest_uuid: "5e94da7625d04d9d8fcde17360768f6c"
I20260709 12:19:16.463649  5602 raft_consensus.cc:493] T 532f5e56cb164f61856abc94b3ccbb70 P e6ccae2b266b47808e6c66f813d39ac1 [term 0 FOLLOWER]: Starting leader election (no leader contacted us within the election timeout)
I20260709 12:19:16.463822  5480 raft_consensus.cc:3060] T aeb893c81ba14e99bc33b302d31f2390 P 5e94da7625d04d9d8fcde17360768f6c [term 0 FOLLOWER]: Advancing to term 1
I20260709 12:19:16.464232  5602 raft_consensus.cc:3060] T 532f5e56cb164f61856abc94b3ccbb70 P e6ccae2b266b47808e6c66f813d39ac1 [term 0 FOLLOWER]: Advancing to term 1
I20260709 12:19:16.461514  5603 raft_consensus.cc:697] T 5203ccde1e9045f1a0c3e7b14d934a48 P 5e94da7625d04d9d8fcde17360768f6c [term 1 LEADER]: Becoming Leader. State: Replica: 5e94da7625d04d9d8fcde17360768f6c, State: Running, Role: LEADER
I20260709 12:19:16.468453  5603 consensus_queue.cc:237] T 5203ccde1e9045f1a0c3e7b14d934a48 P 5e94da7625d04d9d8fcde17360768f6c [LEADER]: Queue going to LEADER mode. State: All replicated index: 0, Majority replicated index: 0, Committed index: 0, Last appended: 0.0, Last appended by leader: 0, Current term: 1, Majority size: 2, State: 0, Mode: LEADER, active raft config: opid_index: -1 OBSOLETE_local: false peers { permanent_uuid: "e6ccae2b266b47808e6c66f813d39ac1" member_type: VOTER last_known_addr { host: "127.4.165.193" port: 42313 } } peers { permanent_uuid: "5e94da7625d04d9d8fcde17360768f6c" member_type: VOTER last_known_addr { host: "127.4.165.194" port: 43407 } } peers { permanent_uuid: "78819980939640389e4ce38238e4ddcd" member_type: VOTER last_known_addr { host: "127.4.165.195" port: 43675 } }
I20260709 12:19:16.456820  5405 tablet_service.cc:1917] Received RequestConsensusVote() RPC: tablet_id: "1ccd4bce8255486881062cf43c6a8fc4" candidate_uuid: "78819980939640389e4ce38238e4ddcd" candidate_term: 2 candidate_status { last_received { term: 0 index: 0 } } ignore_live_leader: false dest_uuid: "e6ccae2b266b47808e6c66f813d39ac1" is_pre_election: true
I20260709 12:19:16.434201  5601 raft_consensus.cc:697] T 679c7d573a794e788287eedaed0a12c4 P 78819980939640389e4ce38238e4ddcd [term 1 LEADER]: Becoming Leader. State: Replica: 78819980939640389e4ce38238e4ddcd, State: Running, Role: LEADER
I20260709 12:19:16.456158  5481 tablet_service.cc:1917] Received RequestConsensusVote() RPC: tablet_id: "1ccd4bce8255486881062cf43c6a8fc4" candidate_uuid: "78819980939640389e4ce38238e4ddcd" candidate_term: 2 candidate_status { last_received { term: 0 index: 0 } } ignore_live_leader: false dest_uuid: "5e94da7625d04d9d8fcde17360768f6c" is_pre_election: true
I20260709 12:19:16.474081  5481 raft_consensus.cc:2468] T 1ccd4bce8255486881062cf43c6a8fc4 P 5e94da7625d04d9d8fcde17360768f6c [term 1 FOLLOWER]: Leader pre-election vote request: Granting yes vote for candidate 78819980939640389e4ce38238e4ddcd in term 1.
I20260709 12:19:16.455607  5637 raft_consensus.cc:493] T ffdf4a8ea9e24d79b37fed245eedc873 P 78819980939640389e4ce38238e4ddcd [term 0 FOLLOWER]: Starting pre-election (no leader contacted us within the election timeout)
I20260709 12:19:16.476063  5518 leader_election.cc:304] T 1ccd4bce8255486881062cf43c6a8fc4 P 78819980939640389e4ce38238e4ddcd [CANDIDATE]: Term 2 pre-election: Election decided. Result: candidate won. Election summary: received 3 responses out of 3 voters: 2 yes votes; 1 no votes. yes voters: 5e94da7625d04d9d8fcde17360768f6c, 78819980939640389e4ce38238e4ddcd; no voters: e6ccae2b266b47808e6c66f813d39ac1
I20260709 12:19:16.475874  5637 raft_consensus.cc:515] T ffdf4a8ea9e24d79b37fed245eedc873 P 78819980939640389e4ce38238e4ddcd [term 0 FOLLOWER]: Starting pre-election with config: opid_index: -1 OBSOLETE_local: false peers { permanent_uuid: "e6ccae2b266b47808e6c66f813d39ac1" member_type: VOTER last_known_addr { host: "127.4.165.193" port: 42313 } } peers { permanent_uuid: "5e94da7625d04d9d8fcde17360768f6c" member_type: VOTER last_known_addr { host: "127.4.165.194" port: 43407 } } peers { permanent_uuid: "78819980939640389e4ce38238e4ddcd" member_type: VOTER last_known_addr { host: "127.4.165.195" port: 43675 } }
I20260709 12:19:16.477620  5638 raft_consensus.cc:2804] T 1ccd4bce8255486881062cf43c6a8fc4 P 78819980939640389e4ce38238e4ddcd [term 1 FOLLOWER]: Leader pre-election won for term 2
I20260709 12:19:16.478050  5638 raft_consensus.cc:493] T 1ccd4bce8255486881062cf43c6a8fc4 P 78819980939640389e4ce38238e4ddcd [term 1 FOLLOWER]: Starting leader election (no leader contacted us within the election timeout)
I20260709 12:19:16.478386  5638 raft_consensus.cc:3060] T 1ccd4bce8255486881062cf43c6a8fc4 P 78819980939640389e4ce38238e4ddcd [term 1 FOLLOWER]: Advancing to term 2
I20260709 12:19:16.478556  5637 leader_election.cc:290] T ffdf4a8ea9e24d79b37fed245eedc873 P 78819980939640389e4ce38238e4ddcd [CANDIDATE]: Term 1 pre-election: Requested pre-vote from peers e6ccae2b266b47808e6c66f813d39ac1 (127.4.165.193:42313), 5e94da7625d04d9d8fcde17360768f6c (127.4.165.194:43407)
I20260709 12:19:16.481389  5599 ts_tablet_manager.cc:1434] T 679c7d573a794e788287eedaed0a12c4 P 5e94da7625d04d9d8fcde17360768f6c: Time spent starting tablet: real 0.068s	user 0.008s	sys 0.007s
I20260709 12:19:16.482396  5599 tablet_bootstrap.cc:492] T 9c299c7a47024bd2a2671fc8bc24119a P 5e94da7625d04d9d8fcde17360768f6c: Bootstrap starting.
I20260709 12:19:16.482501  5405 tablet_service.cc:1917] Received RequestConsensusVote() RPC: tablet_id: "ffdf4a8ea9e24d79b37fed245eedc873" candidate_uuid: "78819980939640389e4ce38238e4ddcd" candidate_term: 1 candidate_status { last_received { term: 0 index: 0 } } ignore_live_leader: false dest_uuid: "e6ccae2b266b47808e6c66f813d39ac1" is_pre_election: true
I20260709 12:19:16.483148  5406 raft_consensus.cc:2468] T aeb893c81ba14e99bc33b302d31f2390 P e6ccae2b266b47808e6c66f813d39ac1 [term 1 FOLLOWER]: Leader election vote request: Granting yes vote for candidate 78819980939640389e4ce38238e4ddcd in term 1.
W20260709 12:19:16.483932  5518 leader_election.cc:343] T ffdf4a8ea9e24d79b37fed245eedc873 P 78819980939640389e4ce38238e4ddcd [CANDIDATE]: Term 1 pre-election: Tablet error from VoteRequest() call to peer e6ccae2b266b47808e6c66f813d39ac1 (127.4.165.193:42313): Illegal state: must be running to vote when last-logged opid is not known
I20260709 12:19:16.484907  5518 leader_election.cc:304] T aeb893c81ba14e99bc33b302d31f2390 P 78819980939640389e4ce38238e4ddcd [CANDIDATE]: Term 1 election: Election decided. Result: candidate won. Election summary: received 2 responses out of 3 voters: 2 yes votes; 0 no votes. yes voters: 78819980939640389e4ce38238e4ddcd, e6ccae2b266b47808e6c66f813d39ac1; no voters: 
I20260709 12:19:16.485956  5481 tablet_service.cc:1917] Received RequestConsensusVote() RPC: tablet_id: "ffdf4a8ea9e24d79b37fed245eedc873" candidate_uuid: "78819980939640389e4ce38238e4ddcd" candidate_term: 1 candidate_status { last_received { term: 0 index: 0 } } ignore_live_leader: false dest_uuid: "5e94da7625d04d9d8fcde17360768f6c" is_pre_election: true
I20260709 12:19:16.486219  5637 raft_consensus.cc:2804] T aeb893c81ba14e99bc33b302d31f2390 P 78819980939640389e4ce38238e4ddcd [term 1 FOLLOWER]: Leader election won for term 1
I20260709 12:19:16.486634  5481 raft_consensus.cc:2468] T ffdf4a8ea9e24d79b37fed245eedc873 P 5e94da7625d04d9d8fcde17360768f6c [term 0 FOLLOWER]: Leader pre-election vote request: Granting yes vote for candidate 78819980939640389e4ce38238e4ddcd in term 0.
I20260709 12:19:16.487324  5637 raft_consensus.cc:697] T aeb893c81ba14e99bc33b302d31f2390 P 78819980939640389e4ce38238e4ddcd [term 1 LEADER]: Becoming Leader. State: Replica: 78819980939640389e4ce38238e4ddcd, State: Running, Role: LEADER
I20260709 12:19:16.488013  5518 leader_election.cc:304] T ffdf4a8ea9e24d79b37fed245eedc873 P 78819980939640389e4ce38238e4ddcd [CANDIDATE]: Term 1 pre-election: Election decided. Result: candidate won. Election summary: received 3 responses out of 3 voters: 2 yes votes; 1 no votes. yes voters: 5e94da7625d04d9d8fcde17360768f6c, 78819980939640389e4ce38238e4ddcd; no voters: e6ccae2b266b47808e6c66f813d39ac1
