I20260709 12:19:13.910612 20940 tablet_service.cc:1917] Received RequestConsensusVote() RPC: tablet_id: "f5462a2cb76743c8a49b36d3a51e19f6" candidate_uuid: "b0ec0808c8a04c9e92658bad766d8109" candidate_term: 1 candidate_status { last_received { term: 0 index: 0 } } ignore_live_leader: false dest_uuid: "cbcc24d19ce8430b8b72290b4b511329" is_pre_election: true
I20260709 12:19:13.911710 21170 raft_consensus.cc:2804] T d203b3ae208446578dae86cf75aa7941 P 6e2f02cecd8745a4bdbbb14b05db6913 [term 1 FOLLOWER]: Leader election won for term 1
I20260709 12:19:13.909554 21178 consensus_queue.cc:237] T 4df85ea2f5d94e1f8500a32117832347 P b0ec0808c8a04c9e92658bad766d8109 [LEADER]: Queue going to LEADER mode. State: All replicated index: 0, Majority replicated index: 0, Committed index: 0, Last appended: 0.0, Last appended by leader: 0, Current term: 1, Majority size: 2, State: 0, Mode: LEADER, active raft config: opid_index: -1 OBSOLETE_local: false peers { permanent_uuid: "cbcc24d19ce8430b8b72290b4b511329" member_type: VOTER last_known_addr { host: "127.19.211.193" port: 41755 } } peers { permanent_uuid: "b0ec0808c8a04c9e92658bad766d8109" member_type: VOTER last_known_addr { host: "127.19.211.194" port: 36707 } } peers { permanent_uuid: "6e2f02cecd8745a4bdbbb14b05db6913" member_type: VOTER last_known_addr { host: "127.19.211.195" port: 44281 } }
I20260709 12:19:13.912421 21170 raft_consensus.cc:697] T d203b3ae208446578dae86cf75aa7941 P 6e2f02cecd8745a4bdbbb14b05db6913 [term 1 LEADER]: Becoming Leader. State: Replica: 6e2f02cecd8745a4bdbbb14b05db6913, State: Running, Role: LEADER
W20260709 12:19:13.912640 20981 leader_election.cc:343] T e28fbacfdfc6447dbe3e25f9cfd2d5f3 P b0ec0808c8a04c9e92658bad766d8109 [CANDIDATE]: Term 1 pre-election: Tablet error from VoteRequest() call to peer 6e2f02cecd8745a4bdbbb14b05db6913 (127.19.211.195:44281): Illegal state: must be running to vote when last-logged opid is not known
W20260709 12:19:13.913410 20981 leader_election.cc:343] T f5462a2cb76743c8a49b36d3a51e19f6 P b0ec0808c8a04c9e92658bad766d8109 [CANDIDATE]: Term 1 pre-election: Tablet error from VoteRequest() call to peer 6e2f02cecd8745a4bdbbb14b05db6913 (127.19.211.195:44281): Illegal state: must be running to vote when last-logged opid is not known
I20260709 12:19:13.918066 21091 raft_consensus.cc:2468] T c089b7ee072d44e3b1391fd4be0f4da5 P 6e2f02cecd8745a4bdbbb14b05db6913 [term 1 FOLLOWER]: Leader election vote request: Granting yes vote for candidate b0ec0808c8a04c9e92658bad766d8109 in term 1.
I20260709 12:19:13.913259 21170 consensus_queue.cc:237] T d203b3ae208446578dae86cf75aa7941 P 6e2f02cecd8745a4bdbbb14b05db6913 [LEADER]: Queue going to LEADER mode. State: All replicated index: 0, Majority replicated index: 0, Committed index: 0, Last appended: 0.0, Last appended by leader: 0, Current term: 1, Majority size: 2, State: 0, Mode: LEADER, active raft config: opid_index: -1 OBSOLETE_local: false peers { permanent_uuid: "cbcc24d19ce8430b8b72290b4b511329" member_type: VOTER last_known_addr { host: "127.19.211.193" port: 41755 } } peers { permanent_uuid: "b0ec0808c8a04c9e92658bad766d8109" member_type: VOTER last_known_addr { host: "127.19.211.194" port: 36707 } } peers { permanent_uuid: "6e2f02cecd8745a4bdbbb14b05db6913" member_type: VOTER last_known_addr { host: "127.19.211.195" port: 44281 } }
I20260709 12:19:13.914611 21017 tablet_service.cc:1917] Received RequestConsensusVote() RPC: tablet_id: "d203b3ae208446578dae86cf75aa7941" candidate_uuid: "6e2f02cecd8745a4bdbbb14b05db6913" candidate_term: 1 candidate_status { last_received { term: 0 index: 0 } } ignore_live_leader: false dest_uuid: "b0ec0808c8a04c9e92658bad766d8109"
I20260709 12:19:13.918812 21017 raft_consensus.cc:3060] T d203b3ae208446578dae86cf75aa7941 P b0ec0808c8a04c9e92658bad766d8109 [term 0 FOLLOWER]: Advancing to term 1
I20260709 12:19:13.916035 20940 raft_consensus.cc:2468] T f5462a2cb76743c8a49b36d3a51e19f6 P cbcc24d19ce8430b8b72290b4b511329 [term 0 FOLLOWER]: Leader pre-election vote request: Granting yes vote for candidate b0ec0808c8a04c9e92658bad766d8109 in term 0.
I20260709 12:19:13.916474 21157 raft_consensus.cc:2804] T e28fbacfdfc6447dbe3e25f9cfd2d5f3 P b0ec0808c8a04c9e92658bad766d8109 [term 0 FOLLOWER]: Leader pre-election won for term 1
I20260709 12:19:13.921325 21157 raft_consensus.cc:493] T e28fbacfdfc6447dbe3e25f9cfd2d5f3 P b0ec0808c8a04c9e92658bad766d8109 [term 0 FOLLOWER]: Starting leader election (no leader contacted us within the election timeout)
I20260709 12:19:13.921680 21157 raft_consensus.cc:3060] T e28fbacfdfc6447dbe3e25f9cfd2d5f3 P b0ec0808c8a04c9e92658bad766d8109 [term 0 FOLLOWER]: Advancing to term 1
I20260709 12:19:13.922261 21137 tablet_bootstrap.cc:492] T 7b345076996149c3b3986bcc5e11a5c7 P 6e2f02cecd8745a4bdbbb14b05db6913: No bootstrap required, opened a new log
I20260709 12:19:13.922694 21137 ts_tablet_manager.cc:1403] T 7b345076996149c3b3986bcc5e11a5c7 P 6e2f02cecd8745a4bdbbb14b05db6913: Time spent bootstrapping tablet: real 0.033s	user 0.009s	sys 0.007s
I20260709 12:19:13.923401 20981 leader_election.cc:304] T c089b7ee072d44e3b1391fd4be0f4da5 P b0ec0808c8a04c9e92658bad766d8109 [CANDIDATE]: Term 1 election: Election decided. Result: candidate won. Election summary: received 2 responses out of 3 voters: 2 yes votes; 0 no votes. yes voters: 6e2f02cecd8745a4bdbbb14b05db6913, b0ec0808c8a04c9e92658bad766d8109; no voters: 
I20260709 12:19:13.925649 21017 raft_consensus.cc:2468] T d203b3ae208446578dae86cf75aa7941 P b0ec0808c8a04c9e92658bad766d8109 [term 1 FOLLOWER]: Leader election vote request: Granting yes vote for candidate 6e2f02cecd8745a4bdbbb14b05db6913 in term 1.
I20260709 12:19:13.917915 20941 raft_consensus.cc:2468] T c089b7ee072d44e3b1391fd4be0f4da5 P cbcc24d19ce8430b8b72290b4b511329 [term 1 FOLLOWER]: Leader election vote request: Granting yes vote for candidate b0ec0808c8a04c9e92658bad766d8109 in term 1.
I20260709 12:19:13.925896 21177 raft_consensus.cc:2804] T c089b7ee072d44e3b1391fd4be0f4da5 P b0ec0808c8a04c9e92658bad766d8109 [term 1 FOLLOWER]: Leader election won for term 1
I20260709 12:19:13.927810 21177 raft_consensus.cc:697] T c089b7ee072d44e3b1391fd4be0f4da5 P b0ec0808c8a04c9e92658bad766d8109 [term 1 LEADER]: Becoming Leader. State: Replica: b0ec0808c8a04c9e92658bad766d8109, State: Running, Role: LEADER
I20260709 12:19:13.928591 21177 consensus_queue.cc:237] T c089b7ee072d44e3b1391fd4be0f4da5 P b0ec0808c8a04c9e92658bad766d8109 [LEADER]: Queue going to LEADER mode. State: All replicated index: 0, Majority replicated index: 0, Committed index: 0, Last appended: 0.0, Last appended by leader: 0, Current term: 1, Majority size: 2, State: 0, Mode: LEADER, active raft config: opid_index: -1 OBSOLETE_local: false peers { permanent_uuid: "cbcc24d19ce8430b8b72290b4b511329" member_type: VOTER last_known_addr { host: "127.19.211.193" port: 41755 } } peers { permanent_uuid: "b0ec0808c8a04c9e92658bad766d8109" member_type: VOTER last_known_addr { host: "127.19.211.194" port: 36707 } } peers { permanent_uuid: "6e2f02cecd8745a4bdbbb14b05db6913" member_type: VOTER last_known_addr { host: "127.19.211.195" port: 44281 } }
I20260709 12:19:13.926412 21137 raft_consensus.cc:359] T 7b345076996149c3b3986bcc5e11a5c7 P 6e2f02cecd8745a4bdbbb14b05db6913 [term 0 FOLLOWER]: Replica starting. Triggering 0 pending ops. Active config: opid_index: -1 OBSOLETE_local: false peers { permanent_uuid: "cbcc24d19ce8430b8b72290b4b511329" member_type: VOTER last_known_addr { host: "127.19.211.193" port: 41755 } } peers { permanent_uuid: "b0ec0808c8a04c9e92658bad766d8109" member_type: VOTER last_known_addr { host: "127.19.211.194" port: 36707 } } peers { permanent_uuid: "6e2f02cecd8745a4bdbbb14b05db6913" member_type: VOTER last_known_addr { host: "127.19.211.195" port: 44281 } }
I20260709 12:19:13.929755 21137 raft_consensus.cc:385] T 7b345076996149c3b3986bcc5e11a5c7 P 6e2f02cecd8745a4bdbbb14b05db6913 [term 0 FOLLOWER]: Consensus starting up: Expiring failure detector timer to make a prompt election more likely
I20260709 12:19:13.930050 21137 raft_consensus.cc:740] T 7b345076996149c3b3986bcc5e11a5c7 P 6e2f02cecd8745a4bdbbb14b05db6913 [term 0 FOLLOWER]: Becoming Follower/Learner. State: Replica: 6e2f02cecd8745a4bdbbb14b05db6913, State: Initialized, Role: FOLLOWER
I20260709 12:19:13.926302 20980 leader_election.cc:304] T f5462a2cb76743c8a49b36d3a51e19f6 P b0ec0808c8a04c9e92658bad766d8109 [CANDIDATE]: Term 1 pre-election: Election decided. Result: candidate won. Election summary: received 3 responses out of 3 voters: 2 yes votes; 1 no votes. yes voters: b0ec0808c8a04c9e92658bad766d8109, cbcc24d19ce8430b8b72290b4b511329; no voters: 6e2f02cecd8745a4bdbbb14b05db6913
I20260709 12:19:13.930917 21157 raft_consensus.cc:515] T e28fbacfdfc6447dbe3e25f9cfd2d5f3 P b0ec0808c8a04c9e92658bad766d8109 [term 1 FOLLOWER]: Starting leader election with config: opid_index: -1 OBSOLETE_local: false peers { permanent_uuid: "cbcc24d19ce8430b8b72290b4b511329" member_type: VOTER last_known_addr { host: "127.19.211.193" port: 41755 } } peers { permanent_uuid: "b0ec0808c8a04c9e92658bad766d8109" member_type: VOTER last_known_addr { host: "127.19.211.194" port: 36707 } } peers { permanent_uuid: "6e2f02cecd8745a4bdbbb14b05db6913" member_type: VOTER last_known_addr { host: "127.19.211.195" port: 44281 } }
I20260709 12:19:13.931417 21135 raft_consensus.cc:2804] T f5462a2cb76743c8a49b36d3a51e19f6 P b0ec0808c8a04c9e92658bad766d8109 [term 0 FOLLOWER]: Leader pre-election won for term 1
I20260709 12:19:13.931782 21135 raft_consensus.cc:493] T f5462a2cb76743c8a49b36d3a51e19f6 P b0ec0808c8a04c9e92658bad766d8109 [term 0 FOLLOWER]: Starting leader election (no leader contacted us within the election timeout)
I20260709 12:19:13.932103 21135 raft_consensus.cc:3060] T f5462a2cb76743c8a49b36d3a51e19f6 P b0ec0808c8a04c9e92658bad766d8109 [term 0 FOLLOWER]: Advancing to term 1
I20260709 12:19:13.932461 21142 raft_consensus.cc:493] T 8e966d4452c447cfb25629c799e86ebd P 6e2f02cecd8745a4bdbbb14b05db6913 [term 0 FOLLOWER]: Starting pre-election (no leader contacted us within the election timeout)
I20260709 12:19:13.932974 21142 raft_consensus.cc:515] T 8e966d4452c447cfb25629c799e86ebd P 6e2f02cecd8745a4bdbbb14b05db6913 [term 0 FOLLOWER]: Starting pre-election with config: opid_index: -1 OBSOLETE_local: false peers { permanent_uuid: "cbcc24d19ce8430b8b72290b4b511329" member_type: VOTER last_known_addr { host: "127.19.211.193" port: 41755 } } peers { permanent_uuid: "b0ec0808c8a04c9e92658bad766d8109" member_type: VOTER last_known_addr { host: "127.19.211.194" port: 36707 } } peers { permanent_uuid: "6e2f02cecd8745a4bdbbb14b05db6913" member_type: VOTER last_known_addr { host: "127.19.211.195" port: 44281 } }
I20260709 12:19:13.934898 21142 leader_election.cc:290] T 8e966d4452c447cfb25629c799e86ebd P 6e2f02cecd8745a4bdbbb14b05db6913 [CANDIDATE]: Term 1 pre-election: Requested pre-vote from peers cbcc24d19ce8430b8b72290b4b511329 (127.19.211.193:41755), b0ec0808c8a04c9e92658bad766d8109 (127.19.211.194:36707)
I20260709 12:19:13.937137 20941 tablet_service.cc:1917] Received RequestConsensusVote() RPC: tablet_id: "8e966d4452c447cfb25629c799e86ebd" candidate_uuid: "6e2f02cecd8745a4bdbbb14b05db6913" candidate_term: 1 candidate_status { last_received { term: 0 index: 0 } } ignore_live_leader: false dest_uuid: "cbcc24d19ce8430b8b72290b4b511329" is_pre_election: true
I20260709 12:19:13.937754 20941 raft_consensus.cc:2468] T 8e966d4452c447cfb25629c799e86ebd P cbcc24d19ce8430b8b72290b4b511329 [term 0 FOLLOWER]: Leader pre-election vote request: Granting yes vote for candidate 6e2f02cecd8745a4bdbbb14b05db6913 in term 0.
I20260709 12:19:13.938340 21135 raft_consensus.cc:515] T f5462a2cb76743c8a49b36d3a51e19f6 P b0ec0808c8a04c9e92658bad766d8109 [term 1 FOLLOWER]: Starting leader election with config: opid_index: -1 OBSOLETE_local: false peers { permanent_uuid: "cbcc24d19ce8430b8b72290b4b511329" member_type: VOTER last_known_addr { host: "127.19.211.193" port: 41755 } } peers { permanent_uuid: "b0ec0808c8a04c9e92658bad766d8109" member_type: VOTER last_known_addr { host: "127.19.211.194" port: 36707 } } peers { permanent_uuid: "6e2f02cecd8745a4bdbbb14b05db6913" member_type: VOTER last_known_addr { host: "127.19.211.195" port: 44281 } }
I20260709 12:19:13.938906 21137 consensus_queue.cc:260] T 7b345076996149c3b3986bcc5e11a5c7 P 6e2f02cecd8745a4bdbbb14b05db6913 [NON_LEADER]: Queue going to NON_LEADER mode. State: All replicated index: 0, Majority replicated index: 0, Committed index: 0, Last appended: 0.0, Last appended by leader: 0, Current term: 0, Majority size: -1, State: 0, Mode: NON_LEADER, active raft config: opid_index: -1 OBSOLETE_local: false peers { permanent_uuid: "cbcc24d19ce8430b8b72290b4b511329" member_type: VOTER last_known_addr { host: "127.19.211.193" port: 41755 } } peers { permanent_uuid: "b0ec0808c8a04c9e92658bad766d8109" member_type: VOTER last_known_addr { host: "127.19.211.194" port: 36707 } } peers { permanent_uuid: "6e2f02cecd8745a4bdbbb14b05db6913" member_type: VOTER last_known_addr { host: "127.19.211.195" port: 44281 } }
I20260709 12:19:13.939652 21054 leader_election.cc:304] T 8e966d4452c447cfb25629c799e86ebd P 6e2f02cecd8745a4bdbbb14b05db6913 [CANDIDATE]: Term 1 pre-election: Election decided. Result: candidate won. Election summary: received 2 responses out of 3 voters: 2 yes votes; 0 no votes. yes voters: 6e2f02cecd8745a4bdbbb14b05db6913, cbcc24d19ce8430b8b72290b4b511329; no voters: 
I20260709 12:19:13.942044 20941 tablet_service.cc:1917] Received RequestConsensusVote() RPC: tablet_id: "e28fbacfdfc6447dbe3e25f9cfd2d5f3" candidate_uuid: "b0ec0808c8a04c9e92658bad766d8109" candidate_term: 1 candidate_status { last_received { term: 0 index: 0 } } ignore_live_leader: false dest_uuid: "cbcc24d19ce8430b8b72290b4b511329"
I20260709 12:19:13.940397 21142 raft_consensus.cc:2804] T 8e966d4452c447cfb25629c799e86ebd P 6e2f02cecd8745a4bdbbb14b05db6913 [term 0 FOLLOWER]: Leader pre-election won for term 1
I20260709 12:19:13.942610 20941 raft_consensus.cc:3060] T e28fbacfdfc6447dbe3e25f9cfd2d5f3 P cbcc24d19ce8430b8b72290b4b511329 [term 0 FOLLOWER]: Advancing to term 1
I20260709 12:19:13.942782 21142 raft_consensus.cc:493] T 8e966d4452c447cfb25629c799e86ebd P 6e2f02cecd8745a4bdbbb14b05db6913 [term 0 FOLLOWER]: Starting leader election (no leader contacted us within the election timeout)
I20260709 12:19:13.938992 21017 tablet_service.cc:1917] Received RequestConsensusVote() RPC: tablet_id: "8e966d4452c447cfb25629c799e86ebd" candidate_uuid: "6e2f02cecd8745a4bdbbb14b05db6913" candidate_term: 1 candidate_status { last_received { term: 0 index: 0 } } ignore_live_leader: false dest_uuid: "b0ec0808c8a04c9e92658bad766d8109" is_pre_election: true
I20260709 12:19:13.943686 21142 raft_consensus.cc:3060] T 8e966d4452c447cfb25629c799e86ebd P 6e2f02cecd8745a4bdbbb14b05db6913 [term 0 FOLLOWER]: Advancing to term 1
I20260709 12:19:13.944883 21137 ts_tablet_manager.cc:1434] T 7b345076996149c3b3986bcc5e11a5c7 P 6e2f02cecd8745a4bdbbb14b05db6913: Time spent starting tablet: real 0.022s	user 0.006s	sys 0.000s
I20260709 12:19:13.945013 21091 tablet_service.cc:1917] Received RequestConsensusVote() RPC: tablet_id: "e28fbacfdfc6447dbe3e25f9cfd2d5f3" candidate_uuid: "b0ec0808c8a04c9e92658bad766d8109" candidate_term: 1 candidate_status { last_received { term: 0 index: 0 } } ignore_live_leader: false dest_uuid: "6e2f02cecd8745a4bdbbb14b05db6913"
I20260709 12:19:13.945924 21137 tablet_bootstrap.cc:492] T e28fbacfdfc6447dbe3e25f9cfd2d5f3 P 6e2f02cecd8745a4bdbbb14b05db6913: Bootstrap starting.
W20260709 12:19:13.946310 20981 leader_election.cc:343] T e28fbacfdfc6447dbe3e25f9cfd2d5f3 P b0ec0808c8a04c9e92658bad766d8109 [CANDIDATE]: Term 1 election: Tablet error from VoteRequest() call to peer 6e2f02cecd8745a4bdbbb14b05db6913 (127.19.211.195:44281): Illegal state: must be running to vote when last-logged opid is not known
I20260709 12:19:13.947458 21157 leader_election.cc:290] T e28fbacfdfc6447dbe3e25f9cfd2d5f3 P b0ec0808c8a04c9e92658bad766d8109 [CANDIDATE]: Term 1 election: Requested vote from peers cbcc24d19ce8430b8b72290b4b511329 (127.19.211.193:41755), 6e2f02cecd8745a4bdbbb14b05db6913 (127.19.211.195:44281)
I20260709 12:19:13.945786 21017 raft_consensus.cc:2468] T 8e966d4452c447cfb25629c799e86ebd P b0ec0808c8a04c9e92658bad766d8109 [term 0 FOLLOWER]: Leader pre-election vote request: Granting yes vote for candidate 6e2f02cecd8745a4bdbbb14b05db6913 in term 0.
I20260709 12:19:13.951705 21142 raft_consensus.cc:515] T 8e966d4452c447cfb25629c799e86ebd P 6e2f02cecd8745a4bdbbb14b05db6913 [term 1 FOLLOWER]: Starting leader election with config: opid_index: -1 OBSOLETE_local: false peers { permanent_uuid: "cbcc24d19ce8430b8b72290b4b511329" member_type: VOTER last_known_addr { host: "127.19.211.193" port: 41755 } } peers { permanent_uuid: "b0ec0808c8a04c9e92658bad766d8109" member_type: VOTER last_known_addr { host: "127.19.211.194" port: 36707 } } peers { permanent_uuid: "6e2f02cecd8745a4bdbbb14b05db6913" member_type: VOTER last_known_addr { host: "127.19.211.195" port: 44281 } }
I20260709 12:19:13.952315 20941 raft_consensus.cc:2468] T e28fbacfdfc6447dbe3e25f9cfd2d5f3 P cbcc24d19ce8430b8b72290b4b511329 [term 1 FOLLOWER]: Leader election vote request: Granting yes vote for candidate b0ec0808c8a04c9e92658bad766d8109 in term 1.
I20260709 12:19:13.953500 20839 catalog_manager.cc:5697] T d203b3ae208446578dae86cf75aa7941 P 6e2f02cecd8745a4bdbbb14b05db6913 reported cstate change: term changed from 0 to 1, leader changed from <none> to 6e2f02cecd8745a4bdbbb14b05db6913 (127.19.211.195). New cstate: current_term: 1 leader_uuid: "6e2f02cecd8745a4bdbbb14b05db6913" committed_config { opid_index: -1 OBSOLETE_local: false peers { permanent_uuid: "cbcc24d19ce8430b8b72290b4b511329" member_type: VOTER last_known_addr { host: "127.19.211.193" port: 41755 } health_report { overall_health: UNKNOWN } } peers { permanent_uuid: "b0ec0808c8a04c9e92658bad766d8109" member_type: VOTER last_known_addr { host: "127.19.211.194" port: 36707 } health_report { overall_health: UNKNOWN } } peers { permanent_uuid: "6e2f02cecd8745a4bdbbb14b05db6913" member_type: VOTER last_known_addr { host: "127.19.211.195" port: 44281 } health_report { overall_health: HEALTHY } } }
I20260709 12:19:13.954634 20980 leader_election.cc:304] T e28fbacfdfc6447dbe3e25f9cfd2d5f3 P b0ec0808c8a04c9e92658bad766d8109 [CANDIDATE]: Term 1 election: Election decided. Result: candidate won. Election summary: received 3 responses out of 3 voters: 2 yes votes; 1 no votes. yes voters: b0ec0808c8a04c9e92658bad766d8109, cbcc24d19ce8430b8b72290b4b511329; no voters: 6e2f02cecd8745a4bdbbb14b05db6913
I20260709 12:19:13.955631 21142 leader_election.cc:290] T 8e966d4452c447cfb25629c799e86ebd P 6e2f02cecd8745a4bdbbb14b05db6913 [CANDIDATE]: Term 1 election: Requested vote from peers cbcc24d19ce8430b8b72290b4b511329 (127.19.211.193:41755), b0ec0808c8a04c9e92658bad766d8109 (127.19.211.194:36707)
I20260709 12:19:13.955891 21157 raft_consensus.cc:2804] T e28fbacfdfc6447dbe3e25f9cfd2d5f3 P b0ec0808c8a04c9e92658bad766d8109 [term 1 FOLLOWER]: Leader election won for term 1
I20260709 12:19:13.956368 21157 raft_consensus.cc:697] T e28fbacfdfc6447dbe3e25f9cfd2d5f3 P b0ec0808c8a04c9e92658bad766d8109 [term 1 LEADER]: Becoming Leader. State: Replica: b0ec0808c8a04c9e92658bad766d8109, State: Running, Role: LEADER
I20260709 12:19:13.956305 21017 tablet_service.cc:1917] Received RequestConsensusVote() RPC: tablet_id: "8e966d4452c447cfb25629c799e86ebd" candidate_uuid: "6e2f02cecd8745a4bdbbb14b05db6913" candidate_term: 1 candidate_status { last_received { term: 0 index: 0 } } ignore_live_leader: false dest_uuid: "b0ec0808c8a04c9e92658bad766d8109"
I20260709 12:19:13.956962 21017 raft_consensus.cc:3060] T 8e966d4452c447cfb25629c799e86ebd P b0ec0808c8a04c9e92658bad766d8109 [term 0 FOLLOWER]: Advancing to term 1
I20260709 12:19:13.956806 20837 catalog_manager.cc:5697] T 4df85ea2f5d94e1f8500a32117832347 P b0ec0808c8a04c9e92658bad766d8109 reported cstate change: term changed from 0 to 1, leader changed from <none> to b0ec0808c8a04c9e92658bad766d8109 (127.19.211.194). New cstate: current_term: 1 leader_uuid: "b0ec0808c8a04c9e92658bad766d8109" committed_config { opid_index: -1 OBSOLETE_local: false peers { permanent_uuid: "cbcc24d19ce8430b8b72290b4b511329" member_type: VOTER last_known_addr { host: "127.19.211.193" port: 41755 } health_report { overall_health: UNKNOWN } } peers { permanent_uuid: "b0ec0808c8a04c9e92658bad766d8109" member_type: VOTER last_known_addr { host: "127.19.211.194" port: 36707 } health_report { overall_health: HEALTHY } } peers { permanent_uuid: "6e2f02cecd8745a4bdbbb14b05db6913" member_type: VOTER last_known_addr { host: "127.19.211.195" port: 44281 } health_report { overall_health: UNKNOWN } } }
I20260709 12:19:13.957273 21157 consensus_queue.cc:237] T e28fbacfdfc6447dbe3e25f9cfd2d5f3 P b0ec0808c8a04c9e92658bad766d8109 [LEADER]: Queue going to LEADER mode. State: All replicated index: 0, Majority replicated index: 0, Committed index: 0, Last appended: 0.0, Last appended by leader: 0, Current term: 1, Majority size: 2, State: 0, Mode: LEADER, active raft config: opid_index: -1 OBSOLETE_local: false peers { permanent_uuid: "cbcc24d19ce8430b8b72290b4b511329" member_type: VOTER last_known_addr { host: "127.19.211.193" port: 41755 } } peers { permanent_uuid: "b0ec0808c8a04c9e92658bad766d8109" member_type: VOTER last_known_addr { host: "127.19.211.194" port: 36707 } } peers { permanent_uuid: "6e2f02cecd8745a4bdbbb14b05db6913" member_type: VOTER last_known_addr { host: "127.19.211.195" port: 44281 } }
I20260709 12:19:13.963296 21017 raft_consensus.cc:2468] T 8e966d4452c447cfb25629c799e86ebd P b0ec0808c8a04c9e92658bad766d8109 [term 1 FOLLOWER]: Leader election vote request: Granting yes vote for candidate 6e2f02cecd8745a4bdbbb14b05db6913 in term 1.
I20260709 12:19:13.964453 21057 leader_election.cc:304] T 8e966d4452c447cfb25629c799e86ebd P 6e2f02cecd8745a4bdbbb14b05db6913 [CANDIDATE]: Term 1 election: Election decided. Result: candidate won. Election summary: received 2 responses out of 3 voters: 2 yes votes; 0 no votes. yes voters: 6e2f02cecd8745a4bdbbb14b05db6913, b0ec0808c8a04c9e92658bad766d8109; no voters: 
I20260709 12:19:13.967571 20941 tablet_service.cc:1917] Received RequestConsensusVote() RPC: tablet_id: "8e966d4452c447cfb25629c799e86ebd" candidate_uuid: "6e2f02cecd8745a4bdbbb14b05db6913" candidate_term: 1 candidate_status { last_received { term: 0 index: 0 } } ignore_live_leader: false dest_uuid: "cbcc24d19ce8430b8b72290b4b511329"
I20260709 12:19:13.967991 20941 raft_consensus.cc:3060] T 8e966d4452c447cfb25629c799e86ebd P cbcc24d19ce8430b8b72290b4b511329 [term 0 FOLLOWER]: Advancing to term 1
I20260709 12:19:13.969013 21137 tablet_bootstrap.cc:654] T e28fbacfdfc6447dbe3e25f9cfd2d5f3 P 6e2f02cecd8745a4bdbbb14b05db6913: Neither blocks nor log segments found. Creating new log.
I20260709 12:19:13.971843 21142 raft_consensus.cc:2804] T 8e966d4452c447cfb25629c799e86ebd P 6e2f02cecd8745a4bdbbb14b05db6913 [term 1 FOLLOWER]: Leader election won for term 1
I20260709 12:19:13.972484 21142 raft_consensus.cc:697] T 8e966d4452c447cfb25629c799e86ebd P 6e2f02cecd8745a4bdbbb14b05db6913 [term 1 LEADER]: Becoming Leader. State: Replica: 6e2f02cecd8745a4bdbbb14b05db6913, State: Running, Role: LEADER
I20260709 12:19:13.973330 21135 leader_election.cc:290] T f5462a2cb76743c8a49b36d3a51e19f6 P b0ec0808c8a04c9e92658bad766d8109 [CANDIDATE]: Term 1 election: Requested vote from peers cbcc24d19ce8430b8b72290b4b511329 (127.19.211.193:41755), 6e2f02cecd8745a4bdbbb14b05db6913 (127.19.211.195:44281)
I20260709 12:19:13.973263 21142 consensus_queue.cc:237] T 8e966d4452c447cfb25629c799e86ebd P 6e2f02cecd8745a4bdbbb14b05db6913 [LEADER]: Queue going to LEADER mode. State: All replicated index: 0, Majority replicated index: 0, Committed index: 0, Last appended: 0.0, Last appended by leader: 0, Current term: 1, Majority size: 2, State: 0, Mode: LEADER, active raft config: opid_index: -1 OBSOLETE_local: false peers { permanent_uuid: "cbcc24d19ce8430b8b72290b4b511329" member_type: VOTER last_known_addr { host: "127.19.211.193" port: 41755 } } peers { permanent_uuid: "b0ec0808c8a04c9e92658bad766d8109" member_type: VOTER last_known_addr { host: "127.19.211.194" port: 36707 } } peers { permanent_uuid: "6e2f02cecd8745a4bdbbb14b05db6913" member_type: VOTER last_known_addr { host: "127.19.211.195" port: 44281 } }
I20260709 12:19:13.973999 21091 tablet_service.cc:1917] Received RequestConsensusVote() RPC: tablet_id: "f5462a2cb76743c8a49b36d3a51e19f6" candidate_uuid: "b0ec0808c8a04c9e92658bad766d8109" candidate_term: 1 candidate_status { last_received { term: 0 index: 0 } } ignore_live_leader: false dest_uuid: "6e2f02cecd8745a4bdbbb14b05db6913"
I20260709 12:19:13.975463 20940 tablet_service.cc:1917] Received RequestConsensusVote() RPC: tablet_id: "f5462a2cb76743c8a49b36d3a51e19f6" candidate_uuid: "b0ec0808c8a04c9e92658bad766d8109" candidate_term: 1 candidate_status { last_received { term: 0 index: 0 } } ignore_live_leader: false dest_uuid: "cbcc24d19ce8430b8b72290b4b511329"
I20260709 12:19:13.975971 20940 raft_consensus.cc:3060] T f5462a2cb76743c8a49b36d3a51e19f6 P cbcc24d19ce8430b8b72290b4b511329 [term 0 FOLLOWER]: Advancing to term 1
W20260709 12:19:13.978055 20981 leader_election.cc:343] T f5462a2cb76743c8a49b36d3a51e19f6 P b0ec0808c8a04c9e92658bad766d8109 [CANDIDATE]: Term 1 election: Tablet error from VoteRequest() call to peer 6e2f02cecd8745a4bdbbb14b05db6913 (127.19.211.195:44281): Illegal state: must be running to vote when last-logged opid is not known
I20260709 12:19:13.978652 20941 raft_consensus.cc:2468] T 8e966d4452c447cfb25629c799e86ebd P cbcc24d19ce8430b8b72290b4b511329 [term 1 FOLLOWER]: Leader election vote request: Granting yes vote for candidate 6e2f02cecd8745a4bdbbb14b05db6913 in term 1.
I20260709 12:19:13.979471 21137 tablet_bootstrap.cc:492] T e28fbacfdfc6447dbe3e25f9cfd2d5f3 P 6e2f02cecd8745a4bdbbb14b05db6913: No bootstrap required, opened a new log
I20260709 12:19:13.979892 21137 ts_tablet_manager.cc:1403] T e28fbacfdfc6447dbe3e25f9cfd2d5f3 P 6e2f02cecd8745a4bdbbb14b05db6913: Time spent bootstrapping tablet: real 0.034s	user 0.010s	sys 0.005s
I20260709 12:19:13.979215 20839 catalog_manager.cc:5697] T c089b7ee072d44e3b1391fd4be0f4da5 P b0ec0808c8a04c9e92658bad766d8109 reported cstate change: term changed from 0 to 1, leader changed from <none> to b0ec0808c8a04c9e92658bad766d8109 (127.19.211.194). New cstate: current_term: 1 leader_uuid: "b0ec0808c8a04c9e92658bad766d8109" committed_config { opid_index: -1 OBSOLETE_local: false peers { permanent_uuid: "cbcc24d19ce8430b8b72290b4b511329" member_type: VOTER last_known_addr { host: "127.19.211.193" port: 41755 } health_report { overall_health: UNKNOWN } } peers { permanent_uuid: "b0ec0808c8a04c9e92658bad766d8109" member_type: VOTER last_known_addr { host: "127.19.211.194" port: 36707 } health_report { overall_health: HEALTHY } } peers { permanent_uuid: "6e2f02cecd8745a4bdbbb14b05db6913" member_type: VOTER last_known_addr { host: "127.19.211.195" port: 44281 } health_report { overall_health: UNKNOWN } } }
I20260709 12:19:13.981930 20940 raft_consensus.cc:2468] T f5462a2cb76743c8a49b36d3a51e19f6 P cbcc24d19ce8430b8b72290b4b511329 [term 1 FOLLOWER]: Leader election vote request: Granting yes vote for candidate b0ec0808c8a04c9e92658bad766d8109 in term 1.
I20260709 12:19:13.982271 21137 raft_consensus.cc:359] T e28fbacfdfc6447dbe3e25f9cfd2d5f3 P 6e2f02cecd8745a4bdbbb14b05db6913 [term 0 FOLLOWER]: Replica starting. Triggering 0 pending ops. Active config: opid_index: -1 OBSOLETE_local: false peers { permanent_uuid: "cbcc24d19ce8430b8b72290b4b511329" member_type: VOTER last_known_addr { host: "127.19.211.193" port: 41755 } } peers { permanent_uuid: "b0ec0808c8a04c9e92658bad766d8109" member_type: VOTER last_known_addr { host: "127.19.211.194" port: 36707 } } peers { permanent_uuid: "6e2f02cecd8745a4bdbbb14b05db6913" member_type: VOTER last_known_addr { host: "127.19.211.195" port: 44281 } }
I20260709 12:19:13.982868 21137 raft_consensus.cc:385] T e28fbacfdfc6447dbe3e25f9cfd2d5f3 P 6e2f02cecd8745a4bdbbb14b05db6913 [term 0 FOLLOWER]: Consensus starting up: Expiring failure detector timer to make a prompt election more likely
I20260709 12:19:13.983098 20980 leader_election.cc:304] T f5462a2cb76743c8a49b36d3a51e19f6 P b0ec0808c8a04c9e92658bad766d8109 [CANDIDATE]: Term 1 election: Election decided. Result: candidate won. Election summary: received 3 responses out of 3 voters: 2 yes votes; 1 no votes. yes voters: b0ec0808c8a04c9e92658bad766d8109, cbcc24d19ce8430b8b72290b4b511329; no voters: 6e2f02cecd8745a4bdbbb14b05db6913
I20260709 12:19:13.983114 21137 raft_consensus.cc:740] T e28fbacfdfc6447dbe3e25f9cfd2d5f3 P 6e2f02cecd8745a4bdbbb14b05db6913 [term 0 FOLLOWER]: Becoming Follower/Learner. State: Replica: 6e2f02cecd8745a4bdbbb14b05db6913, State: Initialized, Role: FOLLOWER
I20260709 12:19:13.983871 21135 raft_consensus.cc:2804] T f5462a2cb76743c8a49b36d3a51e19f6 P b0ec0808c8a04c9e92658bad766d8109 [term 1 FOLLOWER]: Leader election won for term 1
I20260709 12:19:13.984340 21135 raft_consensus.cc:697] T f5462a2cb76743c8a49b36d3a51e19f6 P b0ec0808c8a04c9e92658bad766d8109 [term 1 LEADER]: Becoming Leader. State: Replica: b0ec0808c8a04c9e92658bad766d8109, State: Running, Role: LEADER
I20260709 12:19:13.984628 21137 consensus_queue.cc:260] T e28fbacfdfc6447dbe3e25f9cfd2d5f3 P 6e2f02cecd8745a4bdbbb14b05db6913 [NON_LEADER]: Queue going to NON_LEADER mode. State: All replicated index: 0, Majority replicated index: 0, Committed index: 0, Last appended: 0.0, Last appended by leader: 0, Current term: 0, Majority size: -1, State: 0, Mode: NON_LEADER, active raft config: opid_index: -1 OBSOLETE_local: false peers { permanent_uuid: "cbcc24d19ce8430b8b72290b4b511329" member_type: VOTER last_known_addr { host: "127.19.211.193" port: 41755 } } peers { permanent_uuid: "b0ec0808c8a04c9e92658bad766d8109" member_type: VOTER last_known_addr { host: "127.19.211.194" port: 36707 } } peers { permanent_uuid: "6e2f02cecd8745a4bdbbb14b05db6913" member_type: VOTER last_known_addr { host: "127.19.211.195" port: 44281 } }
I20260709 12:19:13.985172 21135 consensus_queue.cc:237] T f5462a2cb76743c8a49b36d3a51e19f6 P b0ec0808c8a04c9e92658bad766d8109 [LEADER]: Queue going to LEADER mode. State: All replicated index: 0, Majority replicated index: 0, Committed index: 0, Last appended: 0.0, Last appended by leader: 0, Current term: 1, Majority size: 2, State: 0, Mode: LEADER, active raft config: opid_index: -1 OBSOLETE_local: false peers { permanent_uuid: "cbcc24d19ce8430b8b72290b4b511329" member_type: VOTER last_known_addr { host: "127.19.211.193" port: 41755 } } peers { permanent_uuid: "b0ec0808c8a04c9e92658bad766d8109" member_type: VOTER last_known_addr { host: "127.19.211.194" port: 36707 } } peers { permanent_uuid: "6e2f02cecd8745a4bdbbb14b05db6913" member_type: VOTER last_known_addr { host: "127.19.211.195" port: 44281 } }
I20260709 12:19:13.986599 21137 ts_tablet_manager.cc:1434] T e28fbacfdfc6447dbe3e25f9cfd2d5f3 P 6e2f02cecd8745a4bdbbb14b05db6913: Time spent starting tablet: real 0.006s	user 0.004s	sys 0.000s
I20260709 12:19:13.987444 21137 tablet_bootstrap.cc:492] T 4df85ea2f5d94e1f8500a32117832347 P 6e2f02cecd8745a4bdbbb14b05db6913: Bootstrap starting.
I20260709 12:19:13.991777 20837 catalog_manager.cc:5697] T 8e966d4452c447cfb25629c799e86ebd P 6e2f02cecd8745a4bdbbb14b05db6913 reported cstate change: term changed from 0 to 1, leader changed from <none> to 6e2f02cecd8745a4bdbbb14b05db6913 (127.19.211.195). New cstate: current_term: 1 leader_uuid: "6e2f02cecd8745a4bdbbb14b05db6913" committed_config { opid_index: -1 OBSOLETE_local: false peers { permanent_uuid: "cbcc24d19ce8430b8b72290b4b511329" member_type: VOTER last_known_addr { host: "127.19.211.193" port: 41755 } health_report { overall_health: UNKNOWN } } peers { permanent_uuid: "b0ec0808c8a04c9e92658bad766d8109" member_type: VOTER last_known_addr { host: "127.19.211.194" port: 36707 } health_report { overall_health: UNKNOWN } } peers { permanent_uuid: "6e2f02cecd8745a4bdbbb14b05db6913" member_type: VOTER last_known_addr { host: "127.19.211.195" port: 44281 } health_report { overall_health: HEALTHY } } }
I20260709 12:19:13.992754 21137 tablet_bootstrap.cc:654] T 4df85ea2f5d94e1f8500a32117832347 P 6e2f02cecd8745a4bdbbb14b05db6913: Neither blocks nor log segments found. Creating new log.
I20260709 12:19:13.996959 20839 catalog_manager.cc:5697] T e28fbacfdfc6447dbe3e25f9cfd2d5f3 P b0ec0808c8a04c9e92658bad766d8109 reported cstate change: term changed from 0 to 1, leader changed from <none> to b0ec0808c8a04c9e92658bad766d8109 (127.19.211.194). New cstate: current_term: 1 leader_uuid: "b0ec0808c8a04c9e92658bad766d8109" committed_config { opid_index: -1 OBSOLETE_local: false peers { permanent_uuid: "cbcc24d19ce8430b8b72290b4b511329" member_type: VOTER last_known_addr { host: "127.19.211.193" port: 41755 } health_report { overall_health: UNKNOWN } } peers { permanent_uuid: "b0ec0808c8a04c9e92658bad766d8109" member_type: VOTER last_known_addr { host: "127.19.211.194" port: 36707 } health_report { overall_health: HEALTHY } } peers { permanent_uuid: "6e2f02cecd8745a4bdbbb14b05db6913" member_type: VOTER last_known_addr { host: "127.19.211.195" port: 44281 } health_report { overall_health: UNKNOWN } } }
I20260709 12:19:13.998596 20839 catalog_manager.cc:5697] T f5462a2cb76743c8a49b36d3a51e19f6 P b0ec0808c8a04c9e92658bad766d8109 reported cstate change: term changed from 0 to 1, leader changed from <none> to b0ec0808c8a04c9e92658bad766d8109 (127.19.211.194). New cstate: current_term: 1 leader_uuid: "b0ec0808c8a04c9e92658bad766d8109" committed_config { opid_index: -1 OBSOLETE_local: false peers { permanent_uuid: "cbcc24d19ce8430b8b72290b4b511329" member_type: VOTER last_known_addr { host: "127.19.211.193" port: 41755 } health_report { overall_health: UNKNOWN } } peers { permanent_uuid: "b0ec0808c8a04c9e92658bad766d8109" member_type: VOTER last_known_addr { host: "127.19.211.194" port: 36707 } health_report { overall_health: HEALTHY } } peers { permanent_uuid: "6e2f02cecd8745a4bdbbb14b05db6913" member_type: VOTER last_known_addr { host: "127.19.211.195" port: 44281 } health_report { overall_health: UNKNOWN } } }
I20260709 12:19:14.003144 21137 tablet_bootstrap.cc:492] T 4df85ea2f5d94e1f8500a32117832347 P 6e2f02cecd8745a4bdbbb14b05db6913: No bootstrap required, opened a new log
I20260709 12:19:14.003584 21137 ts_tablet_manager.cc:1403] T 4df85ea2f5d94e1f8500a32117832347 P 6e2f02cecd8745a4bdbbb14b05db6913: Time spent bootstrapping tablet: real 0.016s	user 0.007s	sys 0.007s
I20260709 12:19:14.005910 21137 raft_consensus.cc:359] T 4df85ea2f5d94e1f8500a32117832347 P 6e2f02cecd8745a4bdbbb14b05db6913 [term 0 FOLLOWER]: Replica starting. Triggering 0 pending ops. Active config: opid_index: -1 OBSOLETE_local: false peers { permanent_uuid: "cbcc24d19ce8430b8b72290b4b511329" member_type: VOTER last_known_addr { host: "127.19.211.193" port: 41755 } } peers { permanent_uuid: "b0ec0808c8a04c9e92658bad766d8109" member_type: VOTER last_known_addr { host: "127.19.211.194" port: 36707 } } peers { permanent_uuid: "6e2f02cecd8745a4bdbbb14b05db6913" member_type: VOTER last_known_addr { host: "127.19.211.195" port: 44281 } }
I20260709 12:19:14.006485 21137 raft_consensus.cc:385] T 4df85ea2f5d94e1f8500a32117832347 P 6e2f02cecd8745a4bdbbb14b05db6913 [term 0 FOLLOWER]: Consensus starting up: Expiring failure detector timer to make a prompt election more likely
I20260709 12:19:14.006733 21137 raft_consensus.cc:740] T 4df85ea2f5d94e1f8500a32117832347 P 6e2f02cecd8745a4bdbbb14b05db6913 [term 0 FOLLOWER]: Becoming Follower/Learner. State: Replica: 6e2f02cecd8745a4bdbbb14b05db6913, State: Initialized, Role: FOLLOWER
I20260709 12:19:14.007571 21137 consensus_queue.cc:260] T 4df85ea2f5d94e1f8500a32117832347 P 6e2f02cecd8745a4bdbbb14b05db6913 [NON_LEADER]: Queue going to NON_LEADER mode. State: All replicated index: 0, Majority replicated index: 0, Committed index: 0, Last appended: 0.0, Last appended by leader: 0, Current term: 0, Majority size: -1, State: 0, Mode: NON_LEADER, active raft config: opid_index: -1 OBSOLETE_local: false peers { permanent_uuid: "cbcc24d19ce8430b8b72290b4b511329" member_type: VOTER last_known_addr { host: "127.19.211.193" port: 41755 } } peers { permanent_uuid: "b0ec0808c8a04c9e92658bad766d8109" member_type: VOTER last_known_addr { host: "127.19.211.194" port: 36707 } } peers { permanent_uuid: "6e2f02cecd8745a4bdbbb14b05db6913" member_type: VOTER last_known_addr { host: "127.19.211.195" port: 44281 } }
I20260709 12:19:14.009287 21137 ts_tablet_manager.cc:1434] T 4df85ea2f5d94e1f8500a32117832347 P 6e2f02cecd8745a4bdbbb14b05db6913: Time spent starting tablet: real 0.005s	user 0.004s	sys 0.000s
I20260709 12:19:14.010063 21137 tablet_bootstrap.cc:492] T f5462a2cb76743c8a49b36d3a51e19f6 P 6e2f02cecd8745a4bdbbb14b05db6913: Bootstrap starting.
I20260709 12:19:14.015369 21137 tablet_bootstrap.cc:654] T f5462a2cb76743c8a49b36d3a51e19f6 P 6e2f02cecd8745a4bdbbb14b05db6913: Neither blocks nor log segments found. Creating new log.
I20260709 12:19:14.021613 21137 tablet_bootstrap.cc:492] T f5462a2cb76743c8a49b36d3a51e19f6 P 6e2f02cecd8745a4bdbbb14b05db6913: No bootstrap required, opened a new log
I20260709 12:19:14.021932 21137 ts_tablet_manager.cc:1403] T f5462a2cb76743c8a49b36d3a51e19f6 P 6e2f02cecd8745a4bdbbb14b05db6913: Time spent bootstrapping tablet: real 0.012s	user 0.011s	sys 0.000s
I20260709 12:19:14.023885 21137 raft_consensus.cc:359] T f5462a2cb76743c8a49b36d3a51e19f6 P 6e2f02cecd8745a4bdbbb14b05db6913 [term 0 FOLLOWER]: Replica starting. Triggering 0 pending ops. Active config: opid_index: -1 OBSOLETE_local: false peers { permanent_uuid: "cbcc24d19ce8430b8b72290b4b511329" member_type: VOTER last_known_addr { host: "127.19.211.193" port: 41755 } } peers { permanent_uuid: "b0ec0808c8a04c9e92658bad766d8109" member_type: VOTER last_known_addr { host: "127.19.211.194" port: 36707 } } peers { permanent_uuid: "6e2f02cecd8745a4bdbbb14b05db6913" member_type: VOTER last_known_addr { host: "127.19.211.195" port: 44281 } }
I20260709 12:19:14.024320 21137 raft_consensus.cc:385] T f5462a2cb76743c8a49b36d3a51e19f6 P 6e2f02cecd8745a4bdbbb14b05db6913 [term 0 FOLLOWER]: Consensus starting up: Expiring failure detector timer to make a prompt election more likely
I20260709 12:19:14.024508 21137 raft_consensus.cc:740] T f5462a2cb76743c8a49b36d3a51e19f6 P 6e2f02cecd8745a4bdbbb14b05db6913 [term 0 FOLLOWER]: Becoming Follower/Learner. State: Replica: 6e2f02cecd8745a4bdbbb14b05db6913, State: Initialized, Role: FOLLOWER
I20260709 12:19:14.024959 21137 consensus_queue.cc:260] T f5462a2cb76743c8a49b36d3a51e19f6 P 6e2f02cecd8745a4bdbbb14b05db6913 [NON_LEADER]: Queue going to NON_LEADER mode. State: All replicated index: 0, Majority replicated index: 0, Committed index: 0, Last appended: 0.0, Last appended by leader: 0, Current term: 0, Majority size: -1, State: 0, Mode: NON_LEADER, active raft config: opid_index: -1 OBSOLETE_local: false peers { permanent_uuid: "cbcc24d19ce8430b8b72290b4b511329" member_type: VOTER last_known_addr { host: "127.19.211.193" port: 41755 } } peers { permanent_uuid: "b0ec0808c8a04c9e92658bad766d8109" member_type: VOTER last_known_addr { host: "127.19.211.194" port: 36707 } } peers { permanent_uuid: "6e2f02cecd8745a4bdbbb14b05db6913" member_type: VOTER last_known_addr { host: "127.19.211.195" port: 44281 } }
I20260709 12:19:14.026731 21137 ts_tablet_manager.cc:1434] T f5462a2cb76743c8a49b36d3a51e19f6 P 6e2f02cecd8745a4bdbbb14b05db6913: Time spent starting tablet: real 0.005s	user 0.004s	sys 0.000s
I20260709 12:19:14.035467 21017 tablet_service.cc:2072] Received LeaderStepDown RPC: tablet_id: "4df85ea2f5d94e1f8500a32117832347"
dest_uuid: "b0ec0808c8a04c9e92658bad766d8109"
mode: GRACEFUL
new_leader_uuid: "cbcc24d19ce8430b8b72290b4b511329"
 from {username='slave'} at 127.0.0.1:35798
I20260709 12:19:14.035983 21017 raft_consensus.cc:606] T 4df85ea2f5d94e1f8500a32117832347 P b0ec0808c8a04c9e92658bad766d8109 [term 1 LEADER]: Received request to transfer leadership to TS cbcc24d19ce8430b8b72290b4b511329
I20260709 12:19:14.040166 21017 tablet_service.cc:2072] Received LeaderStepDown RPC: tablet_id: "7b345076996149c3b3986bcc5e11a5c7"
dest_uuid: "b0ec0808c8a04c9e92658bad766d8109"
mode: GRACEFUL
new_leader_uuid: "cbcc24d19ce8430b8b72290b4b511329"
 from {username='slave'} at 127.0.0.1:35798
I20260709 12:19:14.040612 21017 raft_consensus.cc:606] T 7b345076996149c3b3986bcc5e11a5c7 P b0ec0808c8a04c9e92658bad766d8109 [term 1 LEADER]: Received request to transfer leadership to TS cbcc24d19ce8430b8b72290b4b511329
I20260709 12:19:14.048985 21017 tablet_service.cc:2072] Received LeaderStepDown RPC: tablet_id: "f5462a2cb76743c8a49b36d3a51e19f6"
dest_uuid: "b0ec0808c8a04c9e92658bad766d8109"
mode: GRACEFUL
new_leader_uuid: "cbcc24d19ce8430b8b72290b4b511329"
 from {username='slave'} at 127.0.0.1:35798
I20260709 12:19:14.049361 21017 raft_consensus.cc:606] T f5462a2cb76743c8a49b36d3a51e19f6 P b0ec0808c8a04c9e92658bad766d8109 [term 1 LEADER]: Received request to transfer leadership to TS cbcc24d19ce8430b8b72290b4b511329
I20260709 12:19:14.059685 21091 tablet_service.cc:2072] Received LeaderStepDown RPC: tablet_id: "d203b3ae208446578dae86cf75aa7941"
dest_uuid: "6e2f02cecd8745a4bdbbb14b05db6913"
mode: GRACEFUL
new_leader_uuid: "b0ec0808c8a04c9e92658bad766d8109"
 from {username='slave'} at 127.0.0.1:37630
I20260709 12:19:14.060089 21091 raft_consensus.cc:606] T d203b3ae208446578dae86cf75aa7941 P 6e2f02cecd8745a4bdbbb14b05db6913 [term 1 LEADER]: Received request to transfer leadership to TS b0ec0808c8a04c9e92658bad766d8109
I20260709 12:19:14.068536 21091 tablet_service.cc:2072] Received LeaderStepDown RPC: tablet_id: "8e966d4452c447cfb25629c799e86ebd"
dest_uuid: "6e2f02cecd8745a4bdbbb14b05db6913"
mode: GRACEFUL
new_leader_uuid: "b0ec0808c8a04c9e92658bad766d8109"
 from {username='slave'} at 127.0.0.1:37630
I20260709 12:19:14.068929 21091 raft_consensus.cc:606] T 8e966d4452c447cfb25629c799e86ebd P 6e2f02cecd8745a4bdbbb14b05db6913 [term 1 LEADER]: Received request to transfer leadership to TS b0ec0808c8a04c9e92658bad766d8109
I20260709 12:19:14.108258 21136 consensus_queue.cc:1048] T 0290611386804b7d8a5ce60712c5b305 P cbcc24d19ce8430b8b72290b4b511329 [LEADER]: Connected to new peer: Peer: permanent_uuid: "b0ec0808c8a04c9e92658bad766d8109" member_type: VOTER last_known_addr { host: "127.19.211.194" port: 36707 }, Status: LMP_MISMATCH, Last received: 0.0, Next index: 1, Last known committed idx: 0, Time since last communication: 0.000s
I20260709 12:19:14.110278 21142 raft_consensus.cc:493] T f5462a2cb76743c8a49b36d3a51e19f6 P 6e2f02cecd8745a4bdbbb14b05db6913 [term 0 FOLLOWER]: Starting pre-election (no leader contacted us within the election timeout)
I20260709 12:19:14.110654 21142 raft_consensus.cc:515] T f5462a2cb76743c8a49b36d3a51e19f6 P 6e2f02cecd8745a4bdbbb14b05db6913 [term 0 FOLLOWER]: Starting pre-election with config: opid_index: -1 OBSOLETE_local: false peers { permanent_uuid: "cbcc24d19ce8430b8b72290b4b511329" member_type: VOTER last_known_addr { host: "127.19.211.193" port: 41755 } } peers { permanent_uuid: "b0ec0808c8a04c9e92658bad766d8109" member_type: VOTER last_known_addr { host: "127.19.211.194" port: 36707 } } peers { permanent_uuid: "6e2f02cecd8745a4bdbbb14b05db6913" member_type: VOTER last_known_addr { host: "127.19.211.195" port: 44281 } }
I20260709 12:19:14.112640 21142 leader_election.cc:290] T f5462a2cb76743c8a49b36d3a51e19f6 P 6e2f02cecd8745a4bdbbb14b05db6913 [CANDIDATE]: Term 1 pre-election: Requested pre-vote from peers cbcc24d19ce8430b8b72290b4b511329 (127.19.211.193:41755), b0ec0808c8a04c9e92658bad766d8109 (127.19.211.194:36707)
I20260709 12:19:14.113360 20940 tablet_service.cc:1917] Received RequestConsensusVote() RPC: tablet_id: "f5462a2cb76743c8a49b36d3a51e19f6" candidate_uuid: "6e2f02cecd8745a4bdbbb14b05db6913" candidate_term: 1 candidate_status { last_received { term: 0 index: 0 } } ignore_live_leader: false dest_uuid: "cbcc24d19ce8430b8b72290b4b511329" is_pre_election: true
I20260709 12:19:14.114079 20940 raft_consensus.cc:2393] T f5462a2cb76743c8a49b36d3a51e19f6 P cbcc24d19ce8430b8b72290b4b511329 [term 1 FOLLOWER]: Leader pre-election vote request: Denying vote to candidate 6e2f02cecd8745a4bdbbb14b05db6913 in current term 1: Already voted for candidate b0ec0808c8a04c9e92658bad766d8109 in this term.
I20260709 12:19:14.114428 21016 tablet_service.cc:1917] Received RequestConsensusVote() RPC: tablet_id: "f5462a2cb76743c8a49b36d3a51e19f6" candidate_uuid: "6e2f02cecd8745a4bdbbb14b05db6913" candidate_term: 1 candidate_status { last_received { term: 0 index: 0 } } ignore_live_leader: false dest_uuid: "b0ec0808c8a04c9e92658bad766d8109" is_pre_election: true
I20260709 12:19:14.115696 21057 leader_election.cc:304] T f5462a2cb76743c8a49b36d3a51e19f6 P 6e2f02cecd8745a4bdbbb14b05db6913 [CANDIDATE]: Term 1 pre-election: Election decided. Result: candidate lost. Election summary: received 3 responses out of 3 voters: 1 yes votes; 2 no votes. yes voters: 6e2f02cecd8745a4bdbbb14b05db6913; no voters: b0ec0808c8a04c9e92658bad766d8109, cbcc24d19ce8430b8b72290b4b511329
I20260709 12:19:14.116643 21142 raft_consensus.cc:3060] T f5462a2cb76743c8a49b36d3a51e19f6 P 6e2f02cecd8745a4bdbbb14b05db6913 [term 0 FOLLOWER]: Advancing to term 1
I20260709 12:19:14.123184 21142 raft_consensus.cc:2749] T f5462a2cb76743c8a49b36d3a51e19f6 P 6e2f02cecd8745a4bdbbb14b05db6913 [term 1 FOLLOWER]: Leader pre-election lost for term 1. Reason: could not achieve majority
I20260709 12:19:14.124387 21091 raft_consensus.cc:3060] T 0290611386804b7d8a5ce60712c5b305 P 6e2f02cecd8745a4bdbbb14b05db6913 [term 0 FOLLOWER]: Advancing to term 1
I20260709 12:19:14.127187 21142 raft_consensus.cc:493] T 8c90d756798d49068004dd18c21d81ad P 6e2f02cecd8745a4bdbbb14b05db6913 [term 0 FOLLOWER]: Starting pre-election (no leader contacted us within the election timeout)
I20260709 12:19:14.127600 21142 raft_consensus.cc:515] T 8c90d756798d49068004dd18c21d81ad P 6e2f02cecd8745a4bdbbb14b05db6913 [term 0 FOLLOWER]: Starting pre-election with config: opid_index: -1 OBSOLETE_local: false peers { permanent_uuid: "cbcc24d19ce8430b8b72290b4b511329" member_type: VOTER last_known_addr { host: "127.19.211.193" port: 41755 } } peers { permanent_uuid: "b0ec0808c8a04c9e92658bad766d8109" member_type: VOTER last_known_addr { host: "127.19.211.194" port: 36707 } } peers { permanent_uuid: "6e2f02cecd8745a4bdbbb14b05db6913" member_type: VOTER last_known_addr { host: "127.19.211.195" port: 44281 } }
I20260709 12:19:14.129118 21142 leader_election.cc:290] T 8c90d756798d49068004dd18c21d81ad P 6e2f02cecd8745a4bdbbb14b05db6913 [CANDIDATE]: Term 1 pre-election: Requested pre-vote from peers cbcc24d19ce8430b8b72290b4b511329 (127.19.211.193:41755), b0ec0808c8a04c9e92658bad766d8109 (127.19.211.194:36707)
I20260709 12:19:14.129750 20940 tablet_service.cc:1917] Received RequestConsensusVote() RPC: tablet_id: "8c90d756798d49068004dd18c21d81ad" candidate_uuid: "6e2f02cecd8745a4bdbbb14b05db6913" candidate_term: 1 candidate_status { last_received { term: 0 index: 0 } } ignore_live_leader: false dest_uuid: "cbcc24d19ce8430b8b72290b4b511329" is_pre_election: true
I20260709 12:19:14.130541 21017 tablet_service.cc:1917] Received RequestConsensusVote() RPC: tablet_id: "8c90d756798d49068004dd18c21d81ad" candidate_uuid: "6e2f02cecd8745a4bdbbb14b05db6913" candidate_term: 1 candidate_status { last_received { term: 0 index: 0 } } ignore_live_leader: false dest_uuid: "b0ec0808c8a04c9e92658bad766d8109" is_pre_election: true
I20260709 12:19:14.131234 21017 raft_consensus.cc:2393] T 8c90d756798d49068004dd18c21d81ad P b0ec0808c8a04c9e92658bad766d8109 [term 1 FOLLOWER]: Leader pre-election vote request: Denying vote to candidate 6e2f02cecd8745a4bdbbb14b05db6913 in current term 1: Already voted for candidate cbcc24d19ce8430b8b72290b4b511329 in this term.
I20260709 12:19:14.131942 21153 consensus_queue.cc:1048] T 0290611386804b7d8a5ce60712c5b305 P cbcc24d19ce8430b8b72290b4b511329 [LEADER]: Connected to new peer: Peer: permanent_uuid: "6e2f02cecd8745a4bdbbb14b05db6913" member_type: VOTER last_known_addr { host: "127.19.211.195" port: 44281 }, Status: LMP_MISMATCH, Last received: 0.0, Next index: 1, Last known committed idx: 0, Time since last communication: 0.000s
I20260709 12:19:14.132139 21057 leader_election.cc:304] T 8c90d756798d49068004dd18c21d81ad P 6e2f02cecd8745a4bdbbb14b05db6913 [CANDIDATE]: Term 1 pre-election: Election decided. Result: candidate lost. Election summary: received 3 responses out of 3 voters: 1 yes votes; 2 no votes. yes voters: 6e2f02cecd8745a4bdbbb14b05db6913; no voters: b0ec0808c8a04c9e92658bad766d8109, cbcc24d19ce8430b8b72290b4b511329
I20260709 12:19:14.132823 21142 raft_consensus.cc:3060] T 8c90d756798d49068004dd18c21d81ad P 6e2f02cecd8745a4bdbbb14b05db6913 [term 0 FOLLOWER]: Advancing to term 1
I20260709 12:19:14.138953 21142 raft_consensus.cc:2749] T 8c90d756798d49068004dd18c21d81ad P 6e2f02cecd8745a4bdbbb14b05db6913 [term 1 FOLLOWER]: Leader pre-election lost for term 1. Reason: could not achieve majority
I20260709 12:19:14.151149 21135 consensus_queue.cc:1048] T 7b345076996149c3b3986bcc5e11a5c7 P b0ec0808c8a04c9e92658bad766d8109 [LEADER]: Connected to new peer: Peer: permanent_uuid: "cbcc24d19ce8430b8b72290b4b511329" member_type: VOTER last_known_addr { host: "127.19.211.193" port: 41755 }, Status: LMP_MISMATCH, Last received: 0.0, Next index: 1, Last known committed idx: 0, Time since last communication: 0.000s
I20260709 12:19:14.156315 21178 raft_consensus.cc:993] T 7b345076996149c3b3986bcc5e11a5c7 P b0ec0808c8a04c9e92658bad766d8109: : Instructing follower cbcc24d19ce8430b8b72290b4b511329 to start an election
I20260709 12:19:14.156723 21157 raft_consensus.cc:1081] T 7b345076996149c3b3986bcc5e11a5c7 P b0ec0808c8a04c9e92658bad766d8109 [term 1 LEADER]: Signalling peer cbcc24d19ce8430b8b72290b4b511329 to start an election
