I20260709 12:09:09.994158 23155 raft_consensus.cc:740] T 770917831bdf40179e5f478538a96ad6 P 4273270621964f1189b760de9ddd2715 [term 0 FOLLOWER]: Becoming Follower/Learner. State: Replica: 4273270621964f1189b760de9ddd2715, State: Initialized, Role: FOLLOWER
I20260709 12:09:09.991470 23156 raft_consensus.cc:359] T 52c1f0bf633d4faf946f3013cf42a01e P a72b5d3eed8e4dff82f9da9245612cf5 [term 0 FOLLOWER]: Replica starting. Triggering 0 pending ops. Active config: opid_index: -1 OBSOLETE_local: false peers { permanent_uuid: "4273270621964f1189b760de9ddd2715" member_type: VOTER last_known_addr { host: "127.21.74.129" port: 43221 } } peers { permanent_uuid: "709bbfbce8a54990be3a3fc0e19201f0" member_type: VOTER last_known_addr { host: "127.21.74.130" port: 42333 } } peers { permanent_uuid: "a72b5d3eed8e4dff82f9da9245612cf5" member_type: VOTER last_known_addr { host: "127.21.74.131" port: 43511 } }
I20260709 12:09:09.994839 23155 consensus_queue.cc:260] T 770917831bdf40179e5f478538a96ad6 P 4273270621964f1189b760de9ddd2715 [NON_LEADER]: Queue going to NON_LEADER mode. State: All replicated index: 0, Majority replicated index: 0, Committed index: 0, Last appended: 0.0, Last appended by leader: 0, Current term: 0, Majority size: -1, State: 0, Mode: NON_LEADER, active raft config: opid_index: -1 OBSOLETE_local: false peers { permanent_uuid: "4273270621964f1189b760de9ddd2715" member_type: VOTER last_known_addr { host: "127.21.74.129" port: 43221 } } peers { permanent_uuid: "709bbfbce8a54990be3a3fc0e19201f0" member_type: VOTER last_known_addr { host: "127.21.74.130" port: 42333 } } peers { permanent_uuid: "a72b5d3eed8e4dff82f9da9245612cf5" member_type: VOTER last_known_addr { host: "127.21.74.131" port: 43511 } }
I20260709 12:09:09.995380 23156 raft_consensus.cc:385] T 52c1f0bf633d4faf946f3013cf42a01e P a72b5d3eed8e4dff82f9da9245612cf5 [term 0 FOLLOWER]: Consensus starting up: Expiring failure detector timer to make a prompt election more likely
I20260709 12:09:09.995669 23156 raft_consensus.cc:740] T 52c1f0bf633d4faf946f3013cf42a01e P a72b5d3eed8e4dff82f9da9245612cf5 [term 0 FOLLOWER]: Becoming Follower/Learner. State: Replica: a72b5d3eed8e4dff82f9da9245612cf5, State: Initialized, Role: FOLLOWER
I20260709 12:09:09.996312 23156 consensus_queue.cc:260] T 52c1f0bf633d4faf946f3013cf42a01e P a72b5d3eed8e4dff82f9da9245612cf5 [NON_LEADER]: Queue going to NON_LEADER mode. State: All replicated index: 0, Majority replicated index: 0, Committed index: 0, Last appended: 0.0, Last appended by leader: 0, Current term: 0, Majority size: -1, State: 0, Mode: NON_LEADER, active raft config: opid_index: -1 OBSOLETE_local: false peers { permanent_uuid: "4273270621964f1189b760de9ddd2715" member_type: VOTER last_known_addr { host: "127.21.74.129" port: 43221 } } peers { permanent_uuid: "709bbfbce8a54990be3a3fc0e19201f0" member_type: VOTER last_known_addr { host: "127.21.74.130" port: 42333 } } peers { permanent_uuid: "a72b5d3eed8e4dff82f9da9245612cf5" member_type: VOTER last_known_addr { host: "127.21.74.131" port: 43511 } }
I20260709 12:09:09.997077 23155 ts_tablet_manager.cc:1434] T 770917831bdf40179e5f478538a96ad6 P 4273270621964f1189b760de9ddd2715: Time spent starting tablet: real 0.009s	user 0.007s	sys 0.000s
I20260709 12:09:09.997283 23115 tablet_service.cc:1917] Received RequestConsensusVote() RPC: tablet_id: "a2d068ee5cea4d86a87869d76f768987" candidate_uuid: "709bbfbce8a54990be3a3fc0e19201f0" candidate_term: 1 candidate_status { last_received { term: 0 index: 0 } } ignore_live_leader: false dest_uuid: "a72b5d3eed8e4dff82f9da9245612cf5"
I20260709 12:09:09.997936 23155 tablet_bootstrap.cc:492] T cc907987246942f8b8ac161e1c9d0617 P 4273270621964f1189b760de9ddd2715: Bootstrap starting.
I20260709 12:09:09.998432 23156 ts_tablet_manager.cc:1434] T 52c1f0bf633d4faf946f3013cf42a01e P a72b5d3eed8e4dff82f9da9245612cf5: Time spent starting tablet: real 0.013s	user 0.002s	sys 0.003s
I20260709 12:09:09.998553 23114 raft_consensus.cc:2468] T 52c1f0bf633d4faf946f3013cf42a01e P a72b5d3eed8e4dff82f9da9245612cf5 [term 0 FOLLOWER]: Leader pre-election vote request: Granting yes vote for candidate 4273270621964f1189b760de9ddd2715 in term 0.
I20260709 12:09:09.999261 23156 tablet_bootstrap.cc:492] T a2d068ee5cea4d86a87869d76f768987 P a72b5d3eed8e4dff82f9da9245612cf5: Bootstrap starting.
I20260709 12:09:10.002079 22931 leader_election.cc:304] T 52c1f0bf633d4faf946f3013cf42a01e P 4273270621964f1189b760de9ddd2715 [CANDIDATE]: Term 1 pre-election: Election decided. Result: candidate won. Election summary: received 2 responses out of 3 voters: 2 yes votes; 0 no votes. yes voters: 4273270621964f1189b760de9ddd2715, a72b5d3eed8e4dff82f9da9245612cf5; no voters: 
I20260709 12:09:10.002880 23189 raft_consensus.cc:2804] T 52c1f0bf633d4faf946f3013cf42a01e P 4273270621964f1189b760de9ddd2715 [term 0 FOLLOWER]: Leader pre-election won for term 1
I20260709 12:09:10.003219 23189 raft_consensus.cc:493] T 52c1f0bf633d4faf946f3013cf42a01e P 4273270621964f1189b760de9ddd2715 [term 0 FOLLOWER]: Starting leader election (no leader contacted us within the election timeout)
I20260709 12:09:10.003592 23155 tablet_bootstrap.cc:654] T cc907987246942f8b8ac161e1c9d0617 P 4273270621964f1189b760de9ddd2715: Neither blocks nor log segments found. Creating new log.
I20260709 12:09:10.003545 23189 raft_consensus.cc:3060] T 52c1f0bf633d4faf946f3013cf42a01e P 4273270621964f1189b760de9ddd2715 [term 0 FOLLOWER]: Advancing to term 1
I20260709 12:09:10.004714 23156 tablet_bootstrap.cc:654] T a2d068ee5cea4d86a87869d76f768987 P a72b5d3eed8e4dff82f9da9245612cf5: Neither blocks nor log segments found. Creating new log.
I20260709 12:09:10.010228 23189 raft_consensus.cc:515] T 52c1f0bf633d4faf946f3013cf42a01e P 4273270621964f1189b760de9ddd2715 [term 1 FOLLOWER]: Starting leader election with config: opid_index: -1 OBSOLETE_local: false peers { permanent_uuid: "4273270621964f1189b760de9ddd2715" member_type: VOTER last_known_addr { host: "127.21.74.129" port: 43221 } } peers { permanent_uuid: "709bbfbce8a54990be3a3fc0e19201f0" member_type: VOTER last_known_addr { host: "127.21.74.130" port: 42333 } } peers { permanent_uuid: "a72b5d3eed8e4dff82f9da9245612cf5" member_type: VOTER last_known_addr { host: "127.21.74.131" port: 43511 } }
I20260709 12:09:10.013415 23114 tablet_service.cc:1917] Received RequestConsensusVote() RPC: tablet_id: "52c1f0bf633d4faf946f3013cf42a01e" candidate_uuid: "4273270621964f1189b760de9ddd2715" candidate_term: 1 candidate_status { last_received { term: 0 index: 0 } } ignore_live_leader: false dest_uuid: "a72b5d3eed8e4dff82f9da9245612cf5"
I20260709 12:09:10.013981 23114 raft_consensus.cc:3060] T 52c1f0bf633d4faf946f3013cf42a01e P a72b5d3eed8e4dff82f9da9245612cf5 [term 0 FOLLOWER]: Advancing to term 1
I20260709 12:09:10.016083 23155 tablet_bootstrap.cc:492] T cc907987246942f8b8ac161e1c9d0617 P 4273270621964f1189b760de9ddd2715: No bootstrap required, opened a new log
I20260709 12:09:10.016587 23155 ts_tablet_manager.cc:1403] T cc907987246942f8b8ac161e1c9d0617 P 4273270621964f1189b760de9ddd2715: Time spent bootstrapping tablet: real 0.019s	user 0.011s	sys 0.006s
I20260709 12:09:10.017314 23040 tablet_service.cc:1917] Received RequestConsensusVote() RPC: tablet_id: "52c1f0bf633d4faf946f3013cf42a01e" candidate_uuid: "4273270621964f1189b760de9ddd2715" candidate_term: 1 candidate_status { last_received { term: 0 index: 0 } } ignore_live_leader: false dest_uuid: "709bbfbce8a54990be3a3fc0e19201f0" is_pre_election: true
I20260709 12:09:10.019210 23155 raft_consensus.cc:359] T cc907987246942f8b8ac161e1c9d0617 P 4273270621964f1189b760de9ddd2715 [term 0 FOLLOWER]: Replica starting. Triggering 0 pending ops. Active config: opid_index: -1 OBSOLETE_local: false peers { permanent_uuid: "4273270621964f1189b760de9ddd2715" member_type: VOTER last_known_addr { host: "127.21.74.129" port: 43221 } } peers { permanent_uuid: "709bbfbce8a54990be3a3fc0e19201f0" member_type: VOTER last_known_addr { host: "127.21.74.130" port: 42333 } } peers { permanent_uuid: "a72b5d3eed8e4dff82f9da9245612cf5" member_type: VOTER last_known_addr { host: "127.21.74.131" port: 43511 } }
I20260709 12:09:10.019881 23155 raft_consensus.cc:385] T cc907987246942f8b8ac161e1c9d0617 P 4273270621964f1189b760de9ddd2715 [term 0 FOLLOWER]: Consensus starting up: Expiring failure detector timer to make a prompt election more likely
I20260709 12:09:10.020191 23155 raft_consensus.cc:740] T cc907987246942f8b8ac161e1c9d0617 P 4273270621964f1189b760de9ddd2715 [term 0 FOLLOWER]: Becoming Follower/Learner. State: Replica: 4273270621964f1189b760de9ddd2715, State: Initialized, Role: FOLLOWER
I20260709 12:09:10.020395 23114 raft_consensus.cc:2468] T 52c1f0bf633d4faf946f3013cf42a01e P a72b5d3eed8e4dff82f9da9245612cf5 [term 1 FOLLOWER]: Leader election vote request: Granting yes vote for candidate 4273270621964f1189b760de9ddd2715 in term 1.
I20260709 12:09:10.020984 23155 consensus_queue.cc:260] T cc907987246942f8b8ac161e1c9d0617 P 4273270621964f1189b760de9ddd2715 [NON_LEADER]: Queue going to NON_LEADER mode. State: All replicated index: 0, Majority replicated index: 0, Committed index: 0, Last appended: 0.0, Last appended by leader: 0, Current term: 0, Majority size: -1, State: 0, Mode: NON_LEADER, active raft config: opid_index: -1 OBSOLETE_local: false peers { permanent_uuid: "4273270621964f1189b760de9ddd2715" member_type: VOTER last_known_addr { host: "127.21.74.129" port: 43221 } } peers { permanent_uuid: "709bbfbce8a54990be3a3fc0e19201f0" member_type: VOTER last_known_addr { host: "127.21.74.130" port: 42333 } } peers { permanent_uuid: "a72b5d3eed8e4dff82f9da9245612cf5" member_type: VOTER last_known_addr { host: "127.21.74.131" port: 43511 } }
I20260709 12:09:10.021484 22931 leader_election.cc:304] T 52c1f0bf633d4faf946f3013cf42a01e P 4273270621964f1189b760de9ddd2715 [CANDIDATE]: Term 1 election: Election decided. Result: candidate won. Election summary: received 2 responses out of 3 voters: 2 yes votes; 0 no votes. yes voters: 4273270621964f1189b760de9ddd2715, a72b5d3eed8e4dff82f9da9245612cf5; no voters: 
I20260709 12:09:10.022086 23040 tablet_service.cc:1917] Received RequestConsensusVote() RPC: tablet_id: "52c1f0bf633d4faf946f3013cf42a01e" candidate_uuid: "4273270621964f1189b760de9ddd2715" candidate_term: 1 candidate_status { last_received { term: 0 index: 0 } } ignore_live_leader: false dest_uuid: "709bbfbce8a54990be3a3fc0e19201f0"
I20260709 12:09:10.022435 23197 raft_consensus.cc:2804] T 52c1f0bf633d4faf946f3013cf42a01e P 4273270621964f1189b760de9ddd2715 [term 1 FOLLOWER]: Leader election won for term 1
I20260709 12:09:10.022936 23197 raft_consensus.cc:697] T 52c1f0bf633d4faf946f3013cf42a01e P 4273270621964f1189b760de9ddd2715 [term 1 LEADER]: Becoming Leader. State: Replica: 4273270621964f1189b760de9ddd2715, State: Running, Role: LEADER
W20260709 12:09:10.023238 22929 leader_election.cc:343] T 52c1f0bf633d4faf946f3013cf42a01e P 4273270621964f1189b760de9ddd2715 [CANDIDATE]: Term 1 pre-election: Tablet error from VoteRequest() call to peer 709bbfbce8a54990be3a3fc0e19201f0 (127.21.74.130:42333): Illegal state: must be running to vote when last-logged opid is not known
I20260709 12:09:10.023694 23197 consensus_queue.cc:237] T 52c1f0bf633d4faf946f3013cf42a01e P 4273270621964f1189b760de9ddd2715 [LEADER]: Queue going to LEADER mode. State: All replicated index: 0, Majority replicated index: 0, Committed index: 0, Last appended: 0.0, Last appended by leader: 0, Current term: 1, Majority size: 2, State: 0, Mode: LEADER, active raft config: opid_index: -1 OBSOLETE_local: false peers { permanent_uuid: "4273270621964f1189b760de9ddd2715" member_type: VOTER last_known_addr { host: "127.21.74.129" port: 43221 } } peers { permanent_uuid: "709bbfbce8a54990be3a3fc0e19201f0" member_type: VOTER last_known_addr { host: "127.21.74.130" port: 42333 } } peers { permanent_uuid: "a72b5d3eed8e4dff82f9da9245612cf5" member_type: VOTER last_known_addr { host: "127.21.74.131" port: 43511 } }
W20260709 12:09:10.024385 22929 leader_election.cc:343] T 52c1f0bf633d4faf946f3013cf42a01e P 4273270621964f1189b760de9ddd2715 [CANDIDATE]: Term 1 election: Tablet error from VoteRequest() call to peer 709bbfbce8a54990be3a3fc0e19201f0 (127.21.74.130:42333): Illegal state: must be running to vote when last-logged opid is not known
I20260709 12:09:10.024742 23156 tablet_bootstrap.cc:492] T a2d068ee5cea4d86a87869d76f768987 P a72b5d3eed8e4dff82f9da9245612cf5: No bootstrap required, opened a new log
I20260709 12:09:10.025249 23156 ts_tablet_manager.cc:1403] T a2d068ee5cea4d86a87869d76f768987 P a72b5d3eed8e4dff82f9da9245612cf5: Time spent bootstrapping tablet: real 0.026s	user 0.005s	sys 0.008s
I20260709 12:09:10.025625 23155 ts_tablet_manager.cc:1434] T cc907987246942f8b8ac161e1c9d0617 P 4273270621964f1189b760de9ddd2715: Time spent starting tablet: real 0.009s	user 0.006s	sys 0.000s
W20260709 12:09:10.025537 23006 leader_election.cc:343] T a2d068ee5cea4d86a87869d76f768987 P 709bbfbce8a54990be3a3fc0e19201f0 [CANDIDATE]: Term 1 election: Tablet error from VoteRequest() call to peer a72b5d3eed8e4dff82f9da9245612cf5 (127.21.74.131:43511): Illegal state: must be running to vote when last-logged opid is not known
I20260709 12:09:10.026587 23155 tablet_bootstrap.cc:492] T 779918c7a4564430be21590b24b76668 P 4273270621964f1189b760de9ddd2715: Bootstrap starting.
I20260709 12:09:10.028823 23156 raft_consensus.cc:359] T a2d068ee5cea4d86a87869d76f768987 P a72b5d3eed8e4dff82f9da9245612cf5 [term 0 FOLLOWER]: Replica starting. Triggering 0 pending ops. Active config: opid_index: -1 OBSOLETE_local: false peers { permanent_uuid: "4273270621964f1189b760de9ddd2715" member_type: VOTER last_known_addr { host: "127.21.74.129" port: 43221 } } peers { permanent_uuid: "709bbfbce8a54990be3a3fc0e19201f0" member_type: VOTER last_known_addr { host: "127.21.74.130" port: 42333 } } peers { permanent_uuid: "a72b5d3eed8e4dff82f9da9245612cf5" member_type: VOTER last_known_addr { host: "127.21.74.131" port: 43511 } }
I20260709 12:09:10.029465 23156 raft_consensus.cc:385] T a2d068ee5cea4d86a87869d76f768987 P a72b5d3eed8e4dff82f9da9245612cf5 [term 0 FOLLOWER]: Consensus starting up: Expiring failure detector timer to make a prompt election more likely
I20260709 12:09:10.029742 23156 raft_consensus.cc:740] T a2d068ee5cea4d86a87869d76f768987 P a72b5d3eed8e4dff82f9da9245612cf5 [term 0 FOLLOWER]: Becoming Follower/Learner. State: Replica: a72b5d3eed8e4dff82f9da9245612cf5, State: Initialized, Role: FOLLOWER
I20260709 12:09:10.030365 23156 consensus_queue.cc:260] T a2d068ee5cea4d86a87869d76f768987 P a72b5d3eed8e4dff82f9da9245612cf5 [NON_LEADER]: Queue going to NON_LEADER mode. State: All replicated index: 0, Majority replicated index: 0, Committed index: 0, Last appended: 0.0, Last appended by leader: 0, Current term: 0, Majority size: -1, State: 0, Mode: NON_LEADER, active raft config: opid_index: -1 OBSOLETE_local: false peers { permanent_uuid: "4273270621964f1189b760de9ddd2715" member_type: VOTER last_known_addr { host: "127.21.74.129" port: 43221 } } peers { permanent_uuid: "709bbfbce8a54990be3a3fc0e19201f0" member_type: VOTER last_known_addr { host: "127.21.74.130" port: 42333 } } peers { permanent_uuid: "a72b5d3eed8e4dff82f9da9245612cf5" member_type: VOTER last_known_addr { host: "127.21.74.131" port: 43511 } }
I20260709 12:09:10.033843 23155 tablet_bootstrap.cc:654] T 779918c7a4564430be21590b24b76668 P 4273270621964f1189b760de9ddd2715: Neither blocks nor log segments found. Creating new log.
I20260709 12:09:10.012373 23189 leader_election.cc:290] T 52c1f0bf633d4faf946f3013cf42a01e P 4273270621964f1189b760de9ddd2715 [CANDIDATE]: Term 1 election: Requested vote from peers 709bbfbce8a54990be3a3fc0e19201f0 (127.21.74.130:42333), a72b5d3eed8e4dff82f9da9245612cf5 (127.21.74.131:43511)
I20260709 12:09:10.042111 23156 ts_tablet_manager.cc:1434] T a2d068ee5cea4d86a87869d76f768987 P a72b5d3eed8e4dff82f9da9245612cf5: Time spent starting tablet: real 0.017s	user 0.004s	sys 0.001s
I20260709 12:09:10.043071 23156 tablet_bootstrap.cc:492] T 779918c7a4564430be21590b24b76668 P a72b5d3eed8e4dff82f9da9245612cf5: Bootstrap starting.
I20260709 12:09:10.046572 23155 tablet_bootstrap.cc:492] T 779918c7a4564430be21590b24b76668 P 4273270621964f1189b760de9ddd2715: No bootstrap required, opened a new log
I20260709 12:09:10.046937 23157 tablet_bootstrap.cc:492] T 770917831bdf40179e5f478538a96ad6 P 709bbfbce8a54990be3a3fc0e19201f0: No bootstrap required, opened a new log
I20260709 12:09:10.047052 23155 ts_tablet_manager.cc:1403] T 779918c7a4564430be21590b24b76668 P 4273270621964f1189b760de9ddd2715: Time spent bootstrapping tablet: real 0.021s	user 0.006s	sys 0.010s
I20260709 12:09:10.047348 23157 ts_tablet_manager.cc:1403] T 770917831bdf40179e5f478538a96ad6 P 709bbfbce8a54990be3a3fc0e19201f0: Time spent bootstrapping tablet: real 0.172s	user 0.006s	sys 0.006s
I20260709 12:09:10.049755 23157 raft_consensus.cc:359] T 770917831bdf40179e5f478538a96ad6 P 709bbfbce8a54990be3a3fc0e19201f0 [term 0 FOLLOWER]: Replica starting. Triggering 0 pending ops. Active config: opid_index: -1 OBSOLETE_local: false peers { permanent_uuid: "4273270621964f1189b760de9ddd2715" member_type: VOTER last_known_addr { host: "127.21.74.129" port: 43221 } } peers { permanent_uuid: "709bbfbce8a54990be3a3fc0e19201f0" member_type: VOTER last_known_addr { host: "127.21.74.130" port: 42333 } } peers { permanent_uuid: "a72b5d3eed8e4dff82f9da9245612cf5" member_type: VOTER last_known_addr { host: "127.21.74.131" port: 43511 } }
I20260709 12:09:10.050366 23157 raft_consensus.cc:385] T 770917831bdf40179e5f478538a96ad6 P 709bbfbce8a54990be3a3fc0e19201f0 [term 0 FOLLOWER]: Consensus starting up: Expiring failure detector timer to make a prompt election more likely
I20260709 12:09:10.050614 23157 raft_consensus.cc:740] T 770917831bdf40179e5f478538a96ad6 P 709bbfbce8a54990be3a3fc0e19201f0 [term 0 FOLLOWER]: Becoming Follower/Learner. State: Replica: 709bbfbce8a54990be3a3fc0e19201f0, State: Initialized, Role: FOLLOWER
I20260709 12:09:10.051299 23157 consensus_queue.cc:260] T 770917831bdf40179e5f478538a96ad6 P 709bbfbce8a54990be3a3fc0e19201f0 [NON_LEADER]: Queue going to NON_LEADER mode. State: All replicated index: 0, Majority replicated index: 0, Committed index: 0, Last appended: 0.0, Last appended by leader: 0, Current term: 0, Majority size: -1, State: 0, Mode: NON_LEADER, active raft config: opid_index: -1 OBSOLETE_local: false peers { permanent_uuid: "4273270621964f1189b760de9ddd2715" member_type: VOTER last_known_addr { host: "127.21.74.129" port: 43221 } } peers { permanent_uuid: "709bbfbce8a54990be3a3fc0e19201f0" member_type: VOTER last_known_addr { host: "127.21.74.130" port: 42333 } } peers { permanent_uuid: "a72b5d3eed8e4dff82f9da9245612cf5" member_type: VOTER last_known_addr { host: "127.21.74.131" port: 43511 } }
I20260709 12:09:10.053408 23157 ts_tablet_manager.cc:1434] T 770917831bdf40179e5f478538a96ad6 P 709bbfbce8a54990be3a3fc0e19201f0: Time spent starting tablet: real 0.006s	user 0.005s	sys 0.000s
I20260709 12:09:10.054515 23157 tablet_bootstrap.cc:492] T 52c1f0bf633d4faf946f3013cf42a01e P 709bbfbce8a54990be3a3fc0e19201f0: Bootstrap starting.
I20260709 12:09:10.055058 23156 tablet_bootstrap.cc:654] T 779918c7a4564430be21590b24b76668 P a72b5d3eed8e4dff82f9da9245612cf5: Neither blocks nor log segments found. Creating new log.
I20260709 12:09:10.055655 23155 raft_consensus.cc:359] T 779918c7a4564430be21590b24b76668 P 4273270621964f1189b760de9ddd2715 [term 0 FOLLOWER]: Replica starting. Triggering 0 pending ops. Active config: opid_index: -1 OBSOLETE_local: false peers { permanent_uuid: "4273270621964f1189b760de9ddd2715" member_type: VOTER last_known_addr { host: "127.21.74.129" port: 43221 } } peers { permanent_uuid: "709bbfbce8a54990be3a3fc0e19201f0" member_type: VOTER last_known_addr { host: "127.21.74.130" port: 42333 } } peers { permanent_uuid: "a72b5d3eed8e4dff82f9da9245612cf5" member_type: VOTER last_known_addr { host: "127.21.74.131" port: 43511 } }
I20260709 12:09:10.056349 23155 raft_consensus.cc:385] T 779918c7a4564430be21590b24b76668 P 4273270621964f1189b760de9ddd2715 [term 0 FOLLOWER]: Consensus starting up: Expiring failure detector timer to make a prompt election more likely
I20260709 12:09:10.056654 23155 raft_consensus.cc:740] T 779918c7a4564430be21590b24b76668 P 4273270621964f1189b760de9ddd2715 [term 0 FOLLOWER]: Becoming Follower/Learner. State: Replica: 4273270621964f1189b760de9ddd2715, State: Initialized, Role: FOLLOWER
I20260709 12:09:10.057729 23155 consensus_queue.cc:260] T 779918c7a4564430be21590b24b76668 P 4273270621964f1189b760de9ddd2715 [NON_LEADER]: Queue going to NON_LEADER mode. State: All replicated index: 0, Majority replicated index: 0, Committed index: 0, Last appended: 0.0, Last appended by leader: 0, Current term: 0, Majority size: -1, State: 0, Mode: NON_LEADER, active raft config: opid_index: -1 OBSOLETE_local: false peers { permanent_uuid: "4273270621964f1189b760de9ddd2715" member_type: VOTER last_known_addr { host: "127.21.74.129" port: 43221 } } peers { permanent_uuid: "709bbfbce8a54990be3a3fc0e19201f0" member_type: VOTER last_known_addr { host: "127.21.74.130" port: 42333 } } peers { permanent_uuid: "a72b5d3eed8e4dff82f9da9245612cf5" member_type: VOTER last_known_addr { host: "127.21.74.131" port: 43511 } }
I20260709 12:09:10.059836 23155 ts_tablet_manager.cc:1434] T 779918c7a4564430be21590b24b76668 P 4273270621964f1189b760de9ddd2715: Time spent starting tablet: real 0.012s	user 0.005s	sys 0.000s
I20260709 12:09:10.060734 23155 tablet_bootstrap.cc:492] T 83ae2c3c6fde4973aec451c1596ca397 P 4273270621964f1189b760de9ddd2715: Bootstrap starting.
I20260709 12:09:10.063536 23157 tablet_bootstrap.cc:654] T 52c1f0bf633d4faf946f3013cf42a01e P 709bbfbce8a54990be3a3fc0e19201f0: Neither blocks nor log segments found. Creating new log.
I20260709 12:09:10.064108 22863 catalog_manager.cc:5697] T 52c1f0bf633d4faf946f3013cf42a01e P 4273270621964f1189b760de9ddd2715 reported cstate change: term changed from 0 to 1, leader changed from <none> to 4273270621964f1189b760de9ddd2715 (127.21.74.129). New cstate: current_term: 1 leader_uuid: "4273270621964f1189b760de9ddd2715" committed_config { opid_index: -1 OBSOLETE_local: false peers { permanent_uuid: "4273270621964f1189b760de9ddd2715" member_type: VOTER last_known_addr { host: "127.21.74.129" port: 43221 } health_report { overall_health: HEALTHY } } peers { permanent_uuid: "709bbfbce8a54990be3a3fc0e19201f0" member_type: VOTER last_known_addr { host: "127.21.74.130" port: 42333 } health_report { overall_health: UNKNOWN } } peers { permanent_uuid: "a72b5d3eed8e4dff82f9da9245612cf5" member_type: VOTER last_known_addr { host: "127.21.74.131" port: 43511 } health_report { overall_health: UNKNOWN } } }
I20260709 12:09:10.066542 23155 tablet_bootstrap.cc:654] T 83ae2c3c6fde4973aec451c1596ca397 P 4273270621964f1189b760de9ddd2715: Neither blocks nor log segments found. Creating new log.
I20260709 12:09:10.092161 23157 tablet_bootstrap.cc:492] T 52c1f0bf633d4faf946f3013cf42a01e P 709bbfbce8a54990be3a3fc0e19201f0: No bootstrap required, opened a new log
I20260709 12:09:10.092581 23157 ts_tablet_manager.cc:1403] T 52c1f0bf633d4faf946f3013cf42a01e P 709bbfbce8a54990be3a3fc0e19201f0: Time spent bootstrapping tablet: real 0.039s	user 0.019s	sys 0.016s
I20260709 12:09:10.093796 23155 tablet_bootstrap.cc:492] T 83ae2c3c6fde4973aec451c1596ca397 P 4273270621964f1189b760de9ddd2715: No bootstrap required, opened a new log
I20260709 12:09:10.094271 23155 ts_tablet_manager.cc:1403] T 83ae2c3c6fde4973aec451c1596ca397 P 4273270621964f1189b760de9ddd2715: Time spent bootstrapping tablet: real 0.034s	user 0.013s	sys 0.019s
I20260709 12:09:10.094442 23156 tablet_bootstrap.cc:492] T 779918c7a4564430be21590b24b76668 P a72b5d3eed8e4dff82f9da9245612cf5: No bootstrap required, opened a new log
I20260709 12:09:10.094873 23156 ts_tablet_manager.cc:1403] T 779918c7a4564430be21590b24b76668 P a72b5d3eed8e4dff82f9da9245612cf5: Time spent bootstrapping tablet: real 0.052s	user 0.017s	sys 0.022s
I20260709 12:09:10.095043 23157 raft_consensus.cc:359] T 52c1f0bf633d4faf946f3013cf42a01e P 709bbfbce8a54990be3a3fc0e19201f0 [term 0 FOLLOWER]: Replica starting. Triggering 0 pending ops. Active config: opid_index: -1 OBSOLETE_local: false peers { permanent_uuid: "4273270621964f1189b760de9ddd2715" member_type: VOTER last_known_addr { host: "127.21.74.129" port: 43221 } } peers { permanent_uuid: "709bbfbce8a54990be3a3fc0e19201f0" member_type: VOTER last_known_addr { host: "127.21.74.130" port: 42333 } } peers { permanent_uuid: "a72b5d3eed8e4dff82f9da9245612cf5" member_type: VOTER last_known_addr { host: "127.21.74.131" port: 43511 } }
I20260709 12:09:10.095731 23157 raft_consensus.cc:385] T 52c1f0bf633d4faf946f3013cf42a01e P 709bbfbce8a54990be3a3fc0e19201f0 [term 0 FOLLOWER]: Consensus starting up: Expiring failure detector timer to make a prompt election more likely
I20260709 12:09:10.096016 23157 raft_consensus.cc:740] T 52c1f0bf633d4faf946f3013cf42a01e P 709bbfbce8a54990be3a3fc0e19201f0 [term 0 FOLLOWER]: Becoming Follower/Learner. State: Replica: 709bbfbce8a54990be3a3fc0e19201f0, State: Initialized, Role: FOLLOWER
I20260709 12:09:10.096824 23157 consensus_queue.cc:260] T 52c1f0bf633d4faf946f3013cf42a01e P 709bbfbce8a54990be3a3fc0e19201f0 [NON_LEADER]: Queue going to NON_LEADER mode. State: All replicated index: 0, Majority replicated index: 0, Committed index: 0, Last appended: 0.0, Last appended by leader: 0, Current term: 0, Majority size: -1, State: 0, Mode: NON_LEADER, active raft config: opid_index: -1 OBSOLETE_local: false peers { permanent_uuid: "4273270621964f1189b760de9ddd2715" member_type: VOTER last_known_addr { host: "127.21.74.129" port: 43221 } } peers { permanent_uuid: "709bbfbce8a54990be3a3fc0e19201f0" member_type: VOTER last_known_addr { host: "127.21.74.130" port: 42333 } } peers { permanent_uuid: "a72b5d3eed8e4dff82f9da9245612cf5" member_type: VOTER last_known_addr { host: "127.21.74.131" port: 43511 } }
I20260709 12:09:10.097440 23156 raft_consensus.cc:359] T 779918c7a4564430be21590b24b76668 P a72b5d3eed8e4dff82f9da9245612cf5 [term 0 FOLLOWER]: Replica starting. Triggering 0 pending ops. Active config: opid_index: -1 OBSOLETE_local: false peers { permanent_uuid: "4273270621964f1189b760de9ddd2715" member_type: VOTER last_known_addr { host: "127.21.74.129" port: 43221 } } peers { permanent_uuid: "709bbfbce8a54990be3a3fc0e19201f0" member_type: VOTER last_known_addr { host: "127.21.74.130" port: 42333 } } peers { permanent_uuid: "a72b5d3eed8e4dff82f9da9245612cf5" member_type: VOTER last_known_addr { host: "127.21.74.131" port: 43511 } }
I20260709 12:09:10.096588 22862 catalog_manager.cc:5697] T a2d068ee5cea4d86a87869d76f768987 P 709bbfbce8a54990be3a3fc0e19201f0 reported cstate change: term changed from 0 to 1, leader changed from <none> to 709bbfbce8a54990be3a3fc0e19201f0 (127.21.74.130). New cstate: current_term: 1 leader_uuid: "709bbfbce8a54990be3a3fc0e19201f0" committed_config { opid_index: -1 OBSOLETE_local: false peers { permanent_uuid: "4273270621964f1189b760de9ddd2715" member_type: VOTER last_known_addr { host: "127.21.74.129" port: 43221 } health_report { overall_health: UNKNOWN } } peers { permanent_uuid: "709bbfbce8a54990be3a3fc0e19201f0" member_type: VOTER last_known_addr { host: "127.21.74.130" port: 42333 } health_report { overall_health: HEALTHY } } peers { permanent_uuid: "a72b5d3eed8e4dff82f9da9245612cf5" member_type: VOTER last_known_addr { host: "127.21.74.131" port: 43511 } health_report { overall_health: UNKNOWN } } }
I20260709 12:09:10.097528 23155 raft_consensus.cc:359] T 83ae2c3c6fde4973aec451c1596ca397 P 4273270621964f1189b760de9ddd2715 [term 0 FOLLOWER]: Replica starting. Triggering 0 pending ops. Active config: opid_index: -1 OBSOLETE_local: false peers { permanent_uuid: "4273270621964f1189b760de9ddd2715" member_type: VOTER last_known_addr { host: "127.21.74.129" port: 43221 } } peers { permanent_uuid: "709bbfbce8a54990be3a3fc0e19201f0" member_type: VOTER last_known_addr { host: "127.21.74.130" port: 42333 } } peers { permanent_uuid: "a72b5d3eed8e4dff82f9da9245612cf5" member_type: VOTER last_known_addr { host: "127.21.74.131" port: 43511 } }
I20260709 12:09:10.098094 23156 raft_consensus.cc:385] T 779918c7a4564430be21590b24b76668 P a72b5d3eed8e4dff82f9da9245612cf5 [term 0 FOLLOWER]: Consensus starting up: Expiring failure detector timer to make a prompt election more likely
I20260709 12:09:10.098433 23155 raft_consensus.cc:385] T 83ae2c3c6fde4973aec451c1596ca397 P 4273270621964f1189b760de9ddd2715 [term 0 FOLLOWER]: Consensus starting up: Expiring failure detector timer to make a prompt election more likely
I20260709 12:09:10.098429 23156 raft_consensus.cc:740] T 779918c7a4564430be21590b24b76668 P a72b5d3eed8e4dff82f9da9245612cf5 [term 0 FOLLOWER]: Becoming Follower/Learner. State: Replica: a72b5d3eed8e4dff82f9da9245612cf5, State: Initialized, Role: FOLLOWER
I20260709 12:09:10.098949 23157 ts_tablet_manager.cc:1434] T 52c1f0bf633d4faf946f3013cf42a01e P 709bbfbce8a54990be3a3fc0e19201f0: Time spent starting tablet: real 0.006s	user 0.005s	sys 0.000s
I20260709 12:09:10.098963 23155 raft_consensus.cc:740] T 83ae2c3c6fde4973aec451c1596ca397 P 4273270621964f1189b760de9ddd2715 [term 0 FOLLOWER]: Becoming Follower/Learner. State: Replica: 4273270621964f1189b760de9ddd2715, State: Initialized, Role: FOLLOWER
I20260709 12:09:10.099370 23156 consensus_queue.cc:260] T 779918c7a4564430be21590b24b76668 P a72b5d3eed8e4dff82f9da9245612cf5 [NON_LEADER]: Queue going to NON_LEADER mode. State: All replicated index: 0, Majority replicated index: 0, Committed index: 0, Last appended: 0.0, Last appended by leader: 0, Current term: 0, Majority size: -1, State: 0, Mode: NON_LEADER, active raft config: opid_index: -1 OBSOLETE_local: false peers { permanent_uuid: "4273270621964f1189b760de9ddd2715" member_type: VOTER last_known_addr { host: "127.21.74.129" port: 43221 } } peers { permanent_uuid: "709bbfbce8a54990be3a3fc0e19201f0" member_type: VOTER last_known_addr { host: "127.21.74.130" port: 42333 } } peers { permanent_uuid: "a72b5d3eed8e4dff82f9da9245612cf5" member_type: VOTER last_known_addr { host: "127.21.74.131" port: 43511 } }
I20260709 12:09:10.099871 23157 tablet_bootstrap.cc:492] T cc907987246942f8b8ac161e1c9d0617 P 709bbfbce8a54990be3a3fc0e19201f0: Bootstrap starting.
I20260709 12:09:10.099809 23155 consensus_queue.cc:260] T 83ae2c3c6fde4973aec451c1596ca397 P 4273270621964f1189b760de9ddd2715 [NON_LEADER]: Queue going to NON_LEADER mode. State: All replicated index: 0, Majority replicated index: 0, Committed index: 0, Last appended: 0.0, Last appended by leader: 0, Current term: 0, Majority size: -1, State: 0, Mode: NON_LEADER, active raft config: opid_index: -1 OBSOLETE_local: false peers { permanent_uuid: "4273270621964f1189b760de9ddd2715" member_type: VOTER last_known_addr { host: "127.21.74.129" port: 43221 } } peers { permanent_uuid: "709bbfbce8a54990be3a3fc0e19201f0" member_type: VOTER last_known_addr { host: "127.21.74.130" port: 42333 } } peers { permanent_uuid: "a72b5d3eed8e4dff82f9da9245612cf5" member_type: VOTER last_known_addr { host: "127.21.74.131" port: 43511 } }
I20260709 12:09:10.102155 23155 ts_tablet_manager.cc:1434] T 83ae2c3c6fde4973aec451c1596ca397 P 4273270621964f1189b760de9ddd2715: Time spent starting tablet: real 0.008s	user 0.003s	sys 0.003s
I20260709 12:09:10.103080 23155 tablet_bootstrap.cc:492] T d80283572e6842c0886b2ffe34cbc5e2 P 4273270621964f1189b760de9ddd2715: Bootstrap starting.
I20260709 12:09:10.106019 23157 tablet_bootstrap.cc:654] T cc907987246942f8b8ac161e1c9d0617 P 709bbfbce8a54990be3a3fc0e19201f0: Neither blocks nor log segments found. Creating new log.
I20260709 12:09:10.108239 23155 tablet_bootstrap.cc:654] T d80283572e6842c0886b2ffe34cbc5e2 P 4273270621964f1189b760de9ddd2715: Neither blocks nor log segments found. Creating new log.
I20260709 12:09:10.108737 23156 ts_tablet_manager.cc:1434] T 779918c7a4564430be21590b24b76668 P a72b5d3eed8e4dff82f9da9245612cf5: Time spent starting tablet: real 0.014s	user 0.006s	sys 0.001s
I20260709 12:09:10.116004 23156 tablet_bootstrap.cc:492] T cc907987246942f8b8ac161e1c9d0617 P a72b5d3eed8e4dff82f9da9245612cf5: Bootstrap starting.
I20260709 12:09:10.118973 23155 tablet_bootstrap.cc:492] T d80283572e6842c0886b2ffe34cbc5e2 P 4273270621964f1189b760de9ddd2715: No bootstrap required, opened a new log
I20260709 12:09:10.119415 23155 ts_tablet_manager.cc:1403] T d80283572e6842c0886b2ffe34cbc5e2 P 4273270621964f1189b760de9ddd2715: Time spent bootstrapping tablet: real 0.017s	user 0.010s	sys 0.004s
I20260709 12:09:10.119625 23157 tablet_bootstrap.cc:492] T cc907987246942f8b8ac161e1c9d0617 P 709bbfbce8a54990be3a3fc0e19201f0: No bootstrap required, opened a new log
I20260709 12:09:10.119997 23157 ts_tablet_manager.cc:1403] T cc907987246942f8b8ac161e1c9d0617 P 709bbfbce8a54990be3a3fc0e19201f0: Time spent bootstrapping tablet: real 0.020s	user 0.011s	sys 0.007s
I20260709 12:09:10.121842 23155 raft_consensus.cc:359] T d80283572e6842c0886b2ffe34cbc5e2 P 4273270621964f1189b760de9ddd2715 [term 0 FOLLOWER]: Replica starting. Triggering 0 pending ops. Active config: opid_index: -1 OBSOLETE_local: false peers { permanent_uuid: "4273270621964f1189b760de9ddd2715" member_type: VOTER last_known_addr { host: "127.21.74.129" port: 43221 } } peers { permanent_uuid: "709bbfbce8a54990be3a3fc0e19201f0" member_type: VOTER last_known_addr { host: "127.21.74.130" port: 42333 } } peers { permanent_uuid: "a72b5d3eed8e4dff82f9da9245612cf5" member_type: VOTER last_known_addr { host: "127.21.74.131" port: 43511 } }
I20260709 12:09:10.122606 23155 raft_consensus.cc:385] T d80283572e6842c0886b2ffe34cbc5e2 P 4273270621964f1189b760de9ddd2715 [term 0 FOLLOWER]: Consensus starting up: Expiring failure detector timer to make a prompt election more likely
I20260709 12:09:10.122313 23157 raft_consensus.cc:359] T cc907987246942f8b8ac161e1c9d0617 P 709bbfbce8a54990be3a3fc0e19201f0 [term 0 FOLLOWER]: Replica starting. Triggering 0 pending ops. Active config: opid_index: -1 OBSOLETE_local: false peers { permanent_uuid: "4273270621964f1189b760de9ddd2715" member_type: VOTER last_known_addr { host: "127.21.74.129" port: 43221 } } peers { permanent_uuid: "709bbfbce8a54990be3a3fc0e19201f0" member_type: VOTER last_known_addr { host: "127.21.74.130" port: 42333 } } peers { permanent_uuid: "a72b5d3eed8e4dff82f9da9245612cf5" member_type: VOTER last_known_addr { host: "127.21.74.131" port: 43511 } }
I20260709 12:09:10.122998 23157 raft_consensus.cc:385] T cc907987246942f8b8ac161e1c9d0617 P 709bbfbce8a54990be3a3fc0e19201f0 [term 0 FOLLOWER]: Consensus starting up: Expiring failure detector timer to make a prompt election more likely
I20260709 12:09:10.122968 23155 raft_consensus.cc:740] T d80283572e6842c0886b2ffe34cbc5e2 P 4273270621964f1189b760de9ddd2715 [term 0 FOLLOWER]: Becoming Follower/Learner. State: Replica: 4273270621964f1189b760de9ddd2715, State: Initialized, Role: FOLLOWER
I20260709 12:09:10.123337 23157 raft_consensus.cc:740] T cc907987246942f8b8ac161e1c9d0617 P 709bbfbce8a54990be3a3fc0e19201f0 [term 0 FOLLOWER]: Becoming Follower/Learner. State: Replica: 709bbfbce8a54990be3a3fc0e19201f0, State: Initialized, Role: FOLLOWER
I20260709 12:09:10.123932 23155 consensus_queue.cc:260] T d80283572e6842c0886b2ffe34cbc5e2 P 4273270621964f1189b760de9ddd2715 [NON_LEADER]: Queue going to NON_LEADER mode. State: All replicated index: 0, Majority replicated index: 0, Committed index: 0, Last appended: 0.0, Last appended by leader: 0, Current term: 0, Majority size: -1, State: 0, Mode: NON_LEADER, active raft config: opid_index: -1 OBSOLETE_local: false peers { permanent_uuid: "4273270621964f1189b760de9ddd2715" member_type: VOTER last_known_addr { host: "127.21.74.129" port: 43221 } } peers { permanent_uuid: "709bbfbce8a54990be3a3fc0e19201f0" member_type: VOTER last_known_addr { host: "127.21.74.130" port: 42333 } } peers { permanent_uuid: "a72b5d3eed8e4dff82f9da9245612cf5" member_type: VOTER last_known_addr { host: "127.21.74.131" port: 43511 } }
I20260709 12:09:10.124035 23157 consensus_queue.cc:260] T cc907987246942f8b8ac161e1c9d0617 P 709bbfbce8a54990be3a3fc0e19201f0 [NON_LEADER]: Queue going to NON_LEADER mode. State: All replicated index: 0, Majority replicated index: 0, Committed index: 0, Last appended: 0.0, Last appended by leader: 0, Current term: 0, Majority size: -1, State: 0, Mode: NON_LEADER, active raft config: opid_index: -1 OBSOLETE_local: false peers { permanent_uuid: "4273270621964f1189b760de9ddd2715" member_type: VOTER last_known_addr { host: "127.21.74.129" port: 43221 } } peers { permanent_uuid: "709bbfbce8a54990be3a3fc0e19201f0" member_type: VOTER last_known_addr { host: "127.21.74.130" port: 42333 } } peers { permanent_uuid: "a72b5d3eed8e4dff82f9da9245612cf5" member_type: VOTER last_known_addr { host: "127.21.74.131" port: 43511 } }
I20260709 12:09:10.125397 23156 tablet_bootstrap.cc:654] T cc907987246942f8b8ac161e1c9d0617 P a72b5d3eed8e4dff82f9da9245612cf5: Neither blocks nor log segments found. Creating new log.
I20260709 12:09:10.126273 23157 ts_tablet_manager.cc:1434] T cc907987246942f8b8ac161e1c9d0617 P 709bbfbce8a54990be3a3fc0e19201f0: Time spent starting tablet: real 0.006s	user 0.003s	sys 0.003s
I20260709 12:09:10.127133 23157 tablet_bootstrap.cc:492] T d80283572e6842c0886b2ffe34cbc5e2 P 709bbfbce8a54990be3a3fc0e19201f0: Bootstrap starting.
I20260709 12:09:10.128958 23155 ts_tablet_manager.cc:1434] T d80283572e6842c0886b2ffe34cbc5e2 P 4273270621964f1189b760de9ddd2715: Time spent starting tablet: real 0.009s	user 0.005s	sys 0.000s
I20260709 12:09:10.129767 23155 tablet_bootstrap.cc:492] T e665b55da1ce4d89b2d0fe2ca8409037 P 4273270621964f1189b760de9ddd2715: Bootstrap starting.
I20260709 12:09:10.132614 23157 tablet_bootstrap.cc:654] T d80283572e6842c0886b2ffe34cbc5e2 P 709bbfbce8a54990be3a3fc0e19201f0: Neither blocks nor log segments found. Creating new log.
I20260709 12:09:10.135275 23155 tablet_bootstrap.cc:654] T e665b55da1ce4d89b2d0fe2ca8409037 P 4273270621964f1189b760de9ddd2715: Neither blocks nor log segments found. Creating new log.
I20260709 12:09:10.136179 23203 raft_consensus.cc:493] T cc907987246942f8b8ac161e1c9d0617 P 709bbfbce8a54990be3a3fc0e19201f0 [term 0 FOLLOWER]: Starting pre-election (no leader contacted us within the election timeout)
I20260709 12:09:10.136914 23203 raft_consensus.cc:515] T cc907987246942f8b8ac161e1c9d0617 P 709bbfbce8a54990be3a3fc0e19201f0 [term 0 FOLLOWER]: Starting pre-election with config: opid_index: -1 OBSOLETE_local: false peers { permanent_uuid: "4273270621964f1189b760de9ddd2715" member_type: VOTER last_known_addr { host: "127.21.74.129" port: 43221 } } peers { permanent_uuid: "709bbfbce8a54990be3a3fc0e19201f0" member_type: VOTER last_known_addr { host: "127.21.74.130" port: 42333 } } peers { permanent_uuid: "a72b5d3eed8e4dff82f9da9245612cf5" member_type: VOTER last_known_addr { host: "127.21.74.131" port: 43511 } }
I20260709 12:09:10.138841 23203 leader_election.cc:290] T cc907987246942f8b8ac161e1c9d0617 P 709bbfbce8a54990be3a3fc0e19201f0 [CANDIDATE]: Term 1 pre-election: Requested pre-vote from peers 4273270621964f1189b760de9ddd2715 (127.21.74.129:43221), a72b5d3eed8e4dff82f9da9245612cf5 (127.21.74.131:43511)
I20260709 12:09:10.139739 22965 tablet_service.cc:1917] Received RequestConsensusVote() RPC: tablet_id: "cc907987246942f8b8ac161e1c9d0617" candidate_uuid: "709bbfbce8a54990be3a3fc0e19201f0" candidate_term: 1 candidate_status { last_received { term: 0 index: 0 } } ignore_live_leader: false dest_uuid: "4273270621964f1189b760de9ddd2715" is_pre_election: true
I20260709 12:09:10.140213 23113 tablet_service.cc:1917] Received RequestConsensusVote() RPC: tablet_id: "cc907987246942f8b8ac161e1c9d0617" candidate_uuid: "709bbfbce8a54990be3a3fc0e19201f0" candidate_term: 1 candidate_status { last_received { term: 0 index: 0 } } ignore_live_leader: false dest_uuid: "a72b5d3eed8e4dff82f9da9245612cf5" is_pre_election: true
I20260709 12:09:10.140311 22965 raft_consensus.cc:2468] T cc907987246942f8b8ac161e1c9d0617 P 4273270621964f1189b760de9ddd2715 [term 0 FOLLOWER]: Leader pre-election vote request: Granting yes vote for candidate 709bbfbce8a54990be3a3fc0e19201f0 in term 0.
W20260709 12:09:10.144229 23006 leader_election.cc:343] T cc907987246942f8b8ac161e1c9d0617 P 709bbfbce8a54990be3a3fc0e19201f0 [CANDIDATE]: Term 1 pre-election: Tablet error from VoteRequest() call to peer a72b5d3eed8e4dff82f9da9245612cf5 (127.21.74.131:43511): Illegal state: must be running to vote when last-logged opid is not known
I20260709 12:09:10.145147 23007 leader_election.cc:304] T cc907987246942f8b8ac161e1c9d0617 P 709bbfbce8a54990be3a3fc0e19201f0 [CANDIDATE]: Term 1 pre-election: Election decided. Result: candidate won. Election summary: received 3 responses out of 3 voters: 2 yes votes; 1 no votes. yes voters: 4273270621964f1189b760de9ddd2715, 709bbfbce8a54990be3a3fc0e19201f0; no voters: a72b5d3eed8e4dff82f9da9245612cf5
I20260709 12:09:10.146256 23203 raft_consensus.cc:2804] T cc907987246942f8b8ac161e1c9d0617 P 709bbfbce8a54990be3a3fc0e19201f0 [term 0 FOLLOWER]: Leader pre-election won for term 1
I20260709 12:09:10.146606 23203 raft_consensus.cc:493] T cc907987246942f8b8ac161e1c9d0617 P 709bbfbce8a54990be3a3fc0e19201f0 [term 0 FOLLOWER]: Starting leader election (no leader contacted us within the election timeout)
I20260709 12:09:10.146905 23203 raft_consensus.cc:3060] T cc907987246942f8b8ac161e1c9d0617 P 709bbfbce8a54990be3a3fc0e19201f0 [term 0 FOLLOWER]: Advancing to term 1
I20260709 12:09:10.147434 23156 tablet_bootstrap.cc:492] T cc907987246942f8b8ac161e1c9d0617 P a72b5d3eed8e4dff82f9da9245612cf5: No bootstrap required, opened a new log
I20260709 12:09:10.147802 23156 ts_tablet_manager.cc:1403] T cc907987246942f8b8ac161e1c9d0617 P a72b5d3eed8e4dff82f9da9245612cf5: Time spent bootstrapping tablet: real 0.032s	user 0.012s	sys 0.014s
I20260709 12:09:10.149750 23157 tablet_bootstrap.cc:492] T d80283572e6842c0886b2ffe34cbc5e2 P 709bbfbce8a54990be3a3fc0e19201f0: No bootstrap required, opened a new log
I20260709 12:09:10.150146 23157 ts_tablet_manager.cc:1403] T d80283572e6842c0886b2ffe34cbc5e2 P 709bbfbce8a54990be3a3fc0e19201f0: Time spent bootstrapping tablet: real 0.023s	user 0.013s	sys 0.002s
I20260709 12:09:10.151121 23156 raft_consensus.cc:359] T cc907987246942f8b8ac161e1c9d0617 P a72b5d3eed8e4dff82f9da9245612cf5 [term 0 FOLLOWER]: Replica starting. Triggering 0 pending ops. Active config: opid_index: -1 OBSOLETE_local: false peers { permanent_uuid: "4273270621964f1189b760de9ddd2715" member_type: VOTER last_known_addr { host: "127.21.74.129" port: 43221 } } peers { permanent_uuid: "709bbfbce8a54990be3a3fc0e19201f0" member_type: VOTER last_known_addr { host: "127.21.74.130" port: 42333 } } peers { permanent_uuid: "a72b5d3eed8e4dff82f9da9245612cf5" member_type: VOTER last_known_addr { host: "127.21.74.131" port: 43511 } }
I20260709 12:09:10.151731 23156 raft_consensus.cc:385] T cc907987246942f8b8ac161e1c9d0617 P a72b5d3eed8e4dff82f9da9245612cf5 [term 0 FOLLOWER]: Consensus starting up: Expiring failure detector timer to make a prompt election more likely
I20260709 12:09:10.151969 23156 raft_consensus.cc:740] T cc907987246942f8b8ac161e1c9d0617 P a72b5d3eed8e4dff82f9da9245612cf5 [term 0 FOLLOWER]: Becoming Follower/Learner. State: Replica: a72b5d3eed8e4dff82f9da9245612cf5, State: Initialized, Role: FOLLOWER
I20260709 12:09:10.152526 23157 raft_consensus.cc:359] T d80283572e6842c0886b2ffe34cbc5e2 P 709bbfbce8a54990be3a3fc0e19201f0 [term 0 FOLLOWER]: Replica starting. Triggering 0 pending ops. Active config: opid_index: -1 OBSOLETE_local: false peers { permanent_uuid: "4273270621964f1189b760de9ddd2715" member_type: VOTER last_known_addr { host: "127.21.74.129" port: 43221 } } peers { permanent_uuid: "709bbfbce8a54990be3a3fc0e19201f0" member_type: VOTER last_known_addr { host: "127.21.74.130" port: 42333 } } peers { permanent_uuid: "a72b5d3eed8e4dff82f9da9245612cf5" member_type: VOTER last_known_addr { host: "127.21.74.131" port: 43511 } }
I20260709 12:09:10.152689 23156 consensus_queue.cc:260] T cc907987246942f8b8ac161e1c9d0617 P a72b5d3eed8e4dff82f9da9245612cf5 [NON_LEADER]: Queue going to NON_LEADER mode. State: All replicated index: 0, Majority replicated index: 0, Committed index: 0, Last appended: 0.0, Last appended by leader: 0, Current term: 0, Majority size: -1, State: 0, Mode: NON_LEADER, active raft config: opid_index: -1 OBSOLETE_local: false peers { permanent_uuid: "4273270621964f1189b760de9ddd2715" member_type: VOTER last_known_addr { host: "127.21.74.129" port: 43221 } } peers { permanent_uuid: "709bbfbce8a54990be3a3fc0e19201f0" member_type: VOTER last_known_addr { host: "127.21.74.130" port: 42333 } } peers { permanent_uuid: "a72b5d3eed8e4dff82f9da9245612cf5" member_type: VOTER last_known_addr { host: "127.21.74.131" port: 43511 } }
I20260709 12:09:10.153170 23157 raft_consensus.cc:385] T d80283572e6842c0886b2ffe34cbc5e2 P 709bbfbce8a54990be3a3fc0e19201f0 [term 0 FOLLOWER]: Consensus starting up: Expiring failure detector timer to make a prompt election more likely
I20260709 12:09:10.153426 23157 raft_consensus.cc:740] T d80283572e6842c0886b2ffe34cbc5e2 P 709bbfbce8a54990be3a3fc0e19201f0 [term 0 FOLLOWER]: Becoming Follower/Learner. State: Replica: 709bbfbce8a54990be3a3fc0e19201f0, State: Initialized, Role: FOLLOWER
I20260709 12:09:10.154034 23157 consensus_queue.cc:260] T d80283572e6842c0886b2ffe34cbc5e2 P 709bbfbce8a54990be3a3fc0e19201f0 [NON_LEADER]: Queue going to NON_LEADER mode. State: All replicated index: 0, Majority replicated index: 0, Committed index: 0, Last appended: 0.0, Last appended by leader: 0, Current term: 0, Majority size: -1, State: 0, Mode: NON_LEADER, active raft config: opid_index: -1 OBSOLETE_local: false peers { permanent_uuid: "4273270621964f1189b760de9ddd2715" member_type: VOTER last_known_addr { host: "127.21.74.129" port: 43221 } } peers { permanent_uuid: "709bbfbce8a54990be3a3fc0e19201f0" member_type: VOTER last_known_addr { host: "127.21.74.130" port: 42333 } } peers { permanent_uuid: "a72b5d3eed8e4dff82f9da9245612cf5" member_type: VOTER last_known_addr { host: "127.21.74.131" port: 43511 } }
I20260709 12:09:10.155910 23157 ts_tablet_manager.cc:1434] T d80283572e6842c0886b2ffe34cbc5e2 P 709bbfbce8a54990be3a3fc0e19201f0: Time spent starting tablet: real 0.006s	user 0.002s	sys 0.002s
I20260709 12:09:10.159014 23157 tablet_bootstrap.cc:492] T 83ae2c3c6fde4973aec451c1596ca397 P 709bbfbce8a54990be3a3fc0e19201f0: Bootstrap starting.
I20260709 12:09:10.159601 23156 ts_tablet_manager.cc:1434] T cc907987246942f8b8ac161e1c9d0617 P a72b5d3eed8e4dff82f9da9245612cf5: Time spent starting tablet: real 0.012s	user 0.003s	sys 0.003s
I20260709 12:09:10.160451 23156 tablet_bootstrap.cc:492] T 7cbd95d8f6234943a1e5d35409f5d3c6 P a72b5d3eed8e4dff82f9da9245612cf5: Bootstrap starting.
I20260709 12:09:10.165218 23157 tablet_bootstrap.cc:654] T 83ae2c3c6fde4973aec451c1596ca397 P 709bbfbce8a54990be3a3fc0e19201f0: Neither blocks nor log segments found. Creating new log.
I20260709 12:09:10.170017 23156 tablet_bootstrap.cc:654] T 7cbd95d8f6234943a1e5d35409f5d3c6 P a72b5d3eed8e4dff82f9da9245612cf5: Neither blocks nor log segments found. Creating new log.
I20260709 12:09:10.176159 23203 raft_consensus.cc:515] T cc907987246942f8b8ac161e1c9d0617 P 709bbfbce8a54990be3a3fc0e19201f0 [term 1 FOLLOWER]: Starting leader election with config: opid_index: -1 OBSOLETE_local: false peers { permanent_uuid: "4273270621964f1189b760de9ddd2715" member_type: VOTER last_known_addr { host: "127.21.74.129" port: 43221 } } peers { permanent_uuid: "709bbfbce8a54990be3a3fc0e19201f0" member_type: VOTER last_known_addr { host: "127.21.74.130" port: 42333 } } peers { permanent_uuid: "a72b5d3eed8e4dff82f9da9245612cf5" member_type: VOTER last_known_addr { host: "127.21.74.131" port: 43511 } }
I20260709 12:09:10.180675 22965 tablet_service.cc:1917] Received RequestConsensusVote() RPC: tablet_id: "cc907987246942f8b8ac161e1c9d0617" candidate_uuid: "709bbfbce8a54990be3a3fc0e19201f0" candidate_term: 1 candidate_status { last_received { term: 0 index: 0 } } ignore_live_leader: false dest_uuid: "4273270621964f1189b760de9ddd2715"
I20260709 12:09:10.181257 22965 raft_consensus.cc:3060] T cc907987246942f8b8ac161e1c9d0617 P 4273270621964f1189b760de9ddd2715 [term 0 FOLLOWER]: Advancing to term 1
I20260709 12:09:10.187305 23204 consensus_queue.cc:1048] T 550cfad4f7cf410aaf338993c6f5331c P a72b5d3eed8e4dff82f9da9245612cf5 [LEADER]: Connected to new peer: Peer: permanent_uuid: "4273270621964f1189b760de9ddd2715" member_type: VOTER last_known_addr { host: "127.21.74.129" port: 43221 }, Status: LMP_MISMATCH, Last received: 0.0, Next index: 1, Last known committed idx: 0, Time since last communication: 0.001s
I20260709 12:09:10.194172 23204 consensus_queue.cc:1048] T 550cfad4f7cf410aaf338993c6f5331c P a72b5d3eed8e4dff82f9da9245612cf5 [LEADER]: Connected to new peer: Peer: permanent_uuid: "709bbfbce8a54990be3a3fc0e19201f0" member_type: VOTER last_known_addr { host: "127.21.74.130" port: 42333 }, Status: LMP_MISMATCH, Last received: 0.0, Next index: 1, Last known committed idx: 0, Time since last communication: 0.000s
I20260709 12:09:10.202152 22965 raft_consensus.cc:2468] T cc907987246942f8b8ac161e1c9d0617 P 4273270621964f1189b760de9ddd2715 [term 1 FOLLOWER]: Leader election vote request: Granting yes vote for candidate 709bbfbce8a54990be3a3fc0e19201f0 in term 1.
I20260709 12:09:10.204453 23007 leader_election.cc:304] T cc907987246942f8b8ac161e1c9d0617 P 709bbfbce8a54990be3a3fc0e19201f0 [CANDIDATE]: Term 1 election: Election decided. Result: candidate won. Election summary: received 2 responses out of 3 voters: 2 yes votes; 0 no votes. yes voters: 4273270621964f1189b760de9ddd2715, 709bbfbce8a54990be3a3fc0e19201f0; no voters: 
I20260709 12:09:10.205210 23167 raft_consensus.cc:2804] T cc907987246942f8b8ac161e1c9d0617 P 709bbfbce8a54990be3a3fc0e19201f0 [term 1 FOLLOWER]: Leader election won for term 1
