I20260709 12:19:13.646428  3656 catalog_manager.cc:5697] T f069ca0004f14127a2fdc22c83309afb P ff6ce19804ba4b7eaae7fa0f3c81bfe2 reported cstate change: term changed from 0 to 1, leader changed from <none> to ff6ce19804ba4b7eaae7fa0f3c81bfe2 (127.3.7.129). New cstate: current_term: 1 leader_uuid: "ff6ce19804ba4b7eaae7fa0f3c81bfe2" committed_config { opid_index: -1 OBSOLETE_local: false peers { permanent_uuid: "ff6ce19804ba4b7eaae7fa0f3c81bfe2" member_type: VOTER last_known_addr { host: "127.3.7.129" port: 40631 } health_report { overall_health: HEALTHY } } peers { permanent_uuid: "33cbf294014c4ca68c6c734bfa199528" member_type: VOTER last_known_addr { host: "127.3.7.131" port: 34675 } health_report { overall_health: UNKNOWN } } peers { permanent_uuid: "50379fa2025d4df3b13dccaec8cfb9a8" member_type: VOTER last_known_addr { host: "127.3.7.130" port: 33239 } health_report { overall_health: UNKNOWN } } }
I20260709 12:19:13.647768  3981 raft_consensus.cc:515] T b0bbaa925fbc460fa76bae4616b9a951 P ff6ce19804ba4b7eaae7fa0f3c81bfe2 [term 1 FOLLOWER]: Starting leader election with config: opid_index: -1 OBSOLETE_local: false peers { permanent_uuid: "ff6ce19804ba4b7eaae7fa0f3c81bfe2" member_type: VOTER last_known_addr { host: "127.3.7.129" port: 40631 } } peers { permanent_uuid: "50379fa2025d4df3b13dccaec8cfb9a8" member_type: VOTER last_known_addr { host: "127.3.7.130" port: 33239 } } peers { permanent_uuid: "33cbf294014c4ca68c6c734bfa199528" member_type: VOTER last_known_addr { host: "127.3.7.131" port: 34675 } }
I20260709 12:19:13.649499  3990 leader_election.cc:290] T 9a32525d311d4dda9aac5066bd68d0d9 P 50379fa2025d4df3b13dccaec8cfb9a8 [CANDIDATE]: Term 1 election: Requested vote from peers ff6ce19804ba4b7eaae7fa0f3c81bfe2 (127.3.7.129:40631), 33cbf294014c4ca68c6c734bfa199528 (127.3.7.131:34675)
I20260709 12:19:13.650688  3758 tablet_service.cc:1917] Received RequestConsensusVote() RPC: tablet_id: "9a32525d311d4dda9aac5066bd68d0d9" candidate_uuid: "50379fa2025d4df3b13dccaec8cfb9a8" candidate_term: 1 candidate_status { last_received { term: 0 index: 0 } } ignore_live_leader: false dest_uuid: "ff6ce19804ba4b7eaae7fa0f3c81bfe2"
I20260709 12:19:13.651275  3758 raft_consensus.cc:3060] T 9a32525d311d4dda9aac5066bd68d0d9 P ff6ce19804ba4b7eaae7fa0f3c81bfe2 [term 0 FOLLOWER]: Advancing to term 1
I20260709 12:19:13.652086  3981 leader_election.cc:290] T b0bbaa925fbc460fa76bae4616b9a951 P ff6ce19804ba4b7eaae7fa0f3c81bfe2 [CANDIDATE]: Term 1 election: Requested vote from peers 50379fa2025d4df3b13dccaec8cfb9a8 (127.3.7.130:33239), 33cbf294014c4ca68c6c734bfa199528 (127.3.7.131:34675)
I20260709 12:19:13.652763  3906 tablet_service.cc:1917] Received RequestConsensusVote() RPC: tablet_id: "b0bbaa925fbc460fa76bae4616b9a951" candidate_uuid: "ff6ce19804ba4b7eaae7fa0f3c81bfe2" candidate_term: 1 candidate_status { last_received { term: 0 index: 0 } } ignore_live_leader: false dest_uuid: "33cbf294014c4ca68c6c734bfa199528"
I20260709 12:19:13.652971  3909 tablet_service.cc:1917] Received RequestConsensusVote() RPC: tablet_id: "9a32525d311d4dda9aac5066bd68d0d9" candidate_uuid: "50379fa2025d4df3b13dccaec8cfb9a8" candidate_term: 1 candidate_status { last_received { term: 0 index: 0 } } ignore_live_leader: false dest_uuid: "33cbf294014c4ca68c6c734bfa199528"
W20260709 12:19:13.654116  3723 leader_election.cc:343] T b0bbaa925fbc460fa76bae4616b9a951 P ff6ce19804ba4b7eaae7fa0f3c81bfe2 [CANDIDATE]: Term 1 election: Tablet error from VoteRequest() call to peer 33cbf294014c4ca68c6c734bfa199528 (127.3.7.131:34675): Illegal state: must be running to vote when last-logged opid is not known
W20260709 12:19:13.654516  3798 leader_election.cc:343] T 9a32525d311d4dda9aac5066bd68d0d9 P 50379fa2025d4df3b13dccaec8cfb9a8 [CANDIDATE]: Term 1 election: Tablet error from VoteRequest() call to peer 33cbf294014c4ca68c6c734bfa199528 (127.3.7.131:34675): Illegal state: must be running to vote when last-logged opid is not known
I20260709 12:19:13.652895  3834 tablet_service.cc:1917] Received RequestConsensusVote() RPC: tablet_id: "b0bbaa925fbc460fa76bae4616b9a951" candidate_uuid: "ff6ce19804ba4b7eaae7fa0f3c81bfe2" candidate_term: 1 candidate_status { last_received { term: 0 index: 0 } } ignore_live_leader: false dest_uuid: "50379fa2025d4df3b13dccaec8cfb9a8"
I20260709 12:19:13.655033  3949 tablet_bootstrap.cc:654] T 952845377b324f77a8f9f02fdbb998bc P ff6ce19804ba4b7eaae7fa0f3c81bfe2: Neither blocks nor log segments found. Creating new log.
I20260709 12:19:13.655268  3834 raft_consensus.cc:3060] T b0bbaa925fbc460fa76bae4616b9a951 P 50379fa2025d4df3b13dccaec8cfb9a8 [term 0 FOLLOWER]: Advancing to term 1
I20260709 12:19:13.655860  3951 tablet_bootstrap.cc:492] T 952845377b324f77a8f9f02fdbb998bc P 33cbf294014c4ca68c6c734bfa199528: No bootstrap required, opened a new log
I20260709 12:19:13.656344  3951 ts_tablet_manager.cc:1403] T 952845377b324f77a8f9f02fdbb998bc P 33cbf294014c4ca68c6c734bfa199528: Time spent bootstrapping tablet: real 0.152s	user 0.042s	sys 0.048s
I20260709 12:19:13.661300  3758 raft_consensus.cc:2468] T 9a32525d311d4dda9aac5066bd68d0d9 P ff6ce19804ba4b7eaae7fa0f3c81bfe2 [term 1 FOLLOWER]: Leader election vote request: Granting yes vote for candidate 50379fa2025d4df3b13dccaec8cfb9a8 in term 1.
I20260709 12:19:13.663625  3834 raft_consensus.cc:2468] T b0bbaa925fbc460fa76bae4616b9a951 P 50379fa2025d4df3b13dccaec8cfb9a8 [term 1 FOLLOWER]: Leader election vote request: Granting yes vote for candidate ff6ce19804ba4b7eaae7fa0f3c81bfe2 in term 1.
I20260709 12:19:13.663825  3908 raft_consensus.cc:2468] T 9480d6d5004349f493257180b9dca416 P 33cbf294014c4ca68c6c734bfa199528 [term 1 FOLLOWER]: Leader election vote request: Granting yes vote for candidate ff6ce19804ba4b7eaae7fa0f3c81bfe2 in term 1.
I20260709 12:19:13.667665  3951 raft_consensus.cc:359] T 952845377b324f77a8f9f02fdbb998bc P 33cbf294014c4ca68c6c734bfa199528 [term 0 FOLLOWER]: Replica starting. Triggering 0 pending ops. Active config: opid_index: -1 OBSOLETE_local: false peers { permanent_uuid: "ff6ce19804ba4b7eaae7fa0f3c81bfe2" member_type: VOTER last_known_addr { host: "127.3.7.129" port: 40631 } } peers { permanent_uuid: "50379fa2025d4df3b13dccaec8cfb9a8" member_type: VOTER last_known_addr { host: "127.3.7.130" port: 33239 } } peers { permanent_uuid: "33cbf294014c4ca68c6c734bfa199528" member_type: VOTER last_known_addr { host: "127.3.7.131" port: 34675 } }
I20260709 12:19:13.668125  3799 leader_election.cc:304] T 9a32525d311d4dda9aac5066bd68d0d9 P 50379fa2025d4df3b13dccaec8cfb9a8 [CANDIDATE]: Term 1 election: Election decided. Result: candidate won. Election summary: received 3 responses out of 3 voters: 2 yes votes; 1 no votes. yes voters: 50379fa2025d4df3b13dccaec8cfb9a8, ff6ce19804ba4b7eaae7fa0f3c81bfe2; no voters: 33cbf294014c4ca68c6c734bfa199528
I20260709 12:19:13.665287  3722 leader_election.cc:304] T b0bbaa925fbc460fa76bae4616b9a951 P ff6ce19804ba4b7eaae7fa0f3c81bfe2 [CANDIDATE]: Term 1 election: Election decided. Result: candidate won. Election summary: received 3 responses out of 3 voters: 2 yes votes; 1 no votes. yes voters: 50379fa2025d4df3b13dccaec8cfb9a8, ff6ce19804ba4b7eaae7fa0f3c81bfe2; no voters: 33cbf294014c4ca68c6c734bfa199528
I20260709 12:19:13.669234  3990 raft_consensus.cc:2804] T 9a32525d311d4dda9aac5066bd68d0d9 P 50379fa2025d4df3b13dccaec8cfb9a8 [term 1 FOLLOWER]: Leader election won for term 1
I20260709 12:19:13.668568  3951 raft_consensus.cc:385] T 952845377b324f77a8f9f02fdbb998bc P 33cbf294014c4ca68c6c734bfa199528 [term 0 FOLLOWER]: Consensus starting up: Expiring failure detector timer to make a prompt election more likely
I20260709 12:19:13.669723  3990 raft_consensus.cc:697] T 9a32525d311d4dda9aac5066bd68d0d9 P 50379fa2025d4df3b13dccaec8cfb9a8 [term 1 LEADER]: Becoming Leader. State: Replica: 50379fa2025d4df3b13dccaec8cfb9a8, State: Running, Role: LEADER
I20260709 12:19:13.671356  3723 leader_election.cc:304] T 9480d6d5004349f493257180b9dca416 P ff6ce19804ba4b7eaae7fa0f3c81bfe2 [CANDIDATE]: Term 1 election: Election decided. Result: candidate won. Election summary: received 3 responses out of 3 voters: 2 yes votes; 1 no votes. yes voters: 33cbf294014c4ca68c6c734bfa199528, ff6ce19804ba4b7eaae7fa0f3c81bfe2; no voters: 50379fa2025d4df3b13dccaec8cfb9a8
I20260709 12:19:13.671453  3990 consensus_queue.cc:237] T 9a32525d311d4dda9aac5066bd68d0d9 P 50379fa2025d4df3b13dccaec8cfb9a8 [LEADER]: Queue going to LEADER mode. State: All replicated index: 0, Majority replicated index: 0, Committed index: 0, Last appended: 0.0, Last appended by leader: 0, Current term: 1, Majority size: 2, State: 0, Mode: LEADER, active raft config: opid_index: -1 OBSOLETE_local: false peers { permanent_uuid: "ff6ce19804ba4b7eaae7fa0f3c81bfe2" member_type: VOTER last_known_addr { host: "127.3.7.129" port: 40631 } } peers { permanent_uuid: "50379fa2025d4df3b13dccaec8cfb9a8" member_type: VOTER last_known_addr { host: "127.3.7.130" port: 33239 } } peers { permanent_uuid: "33cbf294014c4ca68c6c734bfa199528" member_type: VOTER last_known_addr { host: "127.3.7.131" port: 34675 } }
I20260709 12:19:13.673177  3983 raft_consensus.cc:2804] T 9480d6d5004349f493257180b9dca416 P ff6ce19804ba4b7eaae7fa0f3c81bfe2 [term 1 FOLLOWER]: Leader election won for term 1
I20260709 12:19:13.673794  3983 raft_consensus.cc:697] T 9480d6d5004349f493257180b9dca416 P ff6ce19804ba4b7eaae7fa0f3c81bfe2 [term 1 LEADER]: Becoming Leader. State: Replica: ff6ce19804ba4b7eaae7fa0f3c81bfe2, State: Running, Role: LEADER
I20260709 12:19:13.674873  3983 consensus_queue.cc:237] T 9480d6d5004349f493257180b9dca416 P ff6ce19804ba4b7eaae7fa0f3c81bfe2 [LEADER]: Queue going to LEADER mode. State: All replicated index: 0, Majority replicated index: 0, Committed index: 0, Last appended: 0.0, Last appended by leader: 0, Current term: 1, Majority size: 2, State: 0, Mode: LEADER, active raft config: opid_index: -1 OBSOLETE_local: false peers { permanent_uuid: "ff6ce19804ba4b7eaae7fa0f3c81bfe2" member_type: VOTER last_known_addr { host: "127.3.7.129" port: 40631 } } peers { permanent_uuid: "50379fa2025d4df3b13dccaec8cfb9a8" member_type: VOTER last_known_addr { host: "127.3.7.130" port: 33239 } } peers { permanent_uuid: "33cbf294014c4ca68c6c734bfa199528" member_type: VOTER last_known_addr { host: "127.3.7.131" port: 34675 } }
I20260709 12:19:13.675856  3951 raft_consensus.cc:740] T 952845377b324f77a8f9f02fdbb998bc P 33cbf294014c4ca68c6c734bfa199528 [term 0 FOLLOWER]: Becoming Follower/Learner. State: Replica: 33cbf294014c4ca68c6c734bfa199528, State: Initialized, Role: FOLLOWER
I20260709 12:19:13.669852  3981 raft_consensus.cc:2804] T b0bbaa925fbc460fa76bae4616b9a951 P ff6ce19804ba4b7eaae7fa0f3c81bfe2 [term 1 FOLLOWER]: Leader election won for term 1
I20260709 12:19:13.678701  3981 raft_consensus.cc:697] T b0bbaa925fbc460fa76bae4616b9a951 P ff6ce19804ba4b7eaae7fa0f3c81bfe2 [term 1 LEADER]: Becoming Leader. State: Replica: ff6ce19804ba4b7eaae7fa0f3c81bfe2, State: Running, Role: LEADER
I20260709 12:19:13.680225  3981 consensus_queue.cc:237] T b0bbaa925fbc460fa76bae4616b9a951 P ff6ce19804ba4b7eaae7fa0f3c81bfe2 [LEADER]: Queue going to LEADER mode. State: All replicated index: 0, Majority replicated index: 0, Committed index: 0, Last appended: 0.0, Last appended by leader: 0, Current term: 1, Majority size: 2, State: 0, Mode: LEADER, active raft config: opid_index: -1 OBSOLETE_local: false peers { permanent_uuid: "ff6ce19804ba4b7eaae7fa0f3c81bfe2" member_type: VOTER last_known_addr { host: "127.3.7.129" port: 40631 } } peers { permanent_uuid: "50379fa2025d4df3b13dccaec8cfb9a8" member_type: VOTER last_known_addr { host: "127.3.7.130" port: 33239 } } peers { permanent_uuid: "33cbf294014c4ca68c6c734bfa199528" member_type: VOTER last_known_addr { host: "127.3.7.131" port: 34675 } }
I20260709 12:19:13.677350  3951 consensus_queue.cc:260] T 952845377b324f77a8f9f02fdbb998bc P 33cbf294014c4ca68c6c734bfa199528 [NON_LEADER]: Queue going to NON_LEADER mode. State: All replicated index: 0, Majority replicated index: 0, Committed index: 0, Last appended: 0.0, Last appended by leader: 0, Current term: 0, Majority size: -1, State: 0, Mode: NON_LEADER, active raft config: opid_index: -1 OBSOLETE_local: false peers { permanent_uuid: "ff6ce19804ba4b7eaae7fa0f3c81bfe2" member_type: VOTER last_known_addr { host: "127.3.7.129" port: 40631 } } peers { permanent_uuid: "50379fa2025d4df3b13dccaec8cfb9a8" member_type: VOTER last_known_addr { host: "127.3.7.130" port: 33239 } } peers { permanent_uuid: "33cbf294014c4ca68c6c734bfa199528" member_type: VOTER last_known_addr { host: "127.3.7.131" port: 34675 } }
I20260709 12:19:13.687676  3951 ts_tablet_manager.cc:1434] T 952845377b324f77a8f9f02fdbb998bc P 33cbf294014c4ca68c6c734bfa199528: Time spent starting tablet: real 0.031s	user 0.008s	sys 0.000s
I20260709 12:19:13.689018  3951 tablet_bootstrap.cc:492] T b0bbaa925fbc460fa76bae4616b9a951 P 33cbf294014c4ca68c6c734bfa199528: Bootstrap starting.
I20260709 12:19:13.692354  3653 catalog_manager.cc:5697] T 9a32525d311d4dda9aac5066bd68d0d9 P 50379fa2025d4df3b13dccaec8cfb9a8 reported cstate change: term changed from 0 to 1, leader changed from <none> to 50379fa2025d4df3b13dccaec8cfb9a8 (127.3.7.130). New cstate: current_term: 1 leader_uuid: "50379fa2025d4df3b13dccaec8cfb9a8" committed_config { opid_index: -1 OBSOLETE_local: false peers { permanent_uuid: "ff6ce19804ba4b7eaae7fa0f3c81bfe2" member_type: VOTER last_known_addr { host: "127.3.7.129" port: 40631 } health_report { overall_health: UNKNOWN } } peers { permanent_uuid: "50379fa2025d4df3b13dccaec8cfb9a8" member_type: VOTER last_known_addr { host: "127.3.7.130" port: 33239 } health_report { overall_health: HEALTHY } } peers { permanent_uuid: "33cbf294014c4ca68c6c734bfa199528" member_type: VOTER last_known_addr { host: "127.3.7.131" port: 34675 } health_report { overall_health: UNKNOWN } } }
I20260709 12:19:13.696893  3951 tablet_bootstrap.cc:654] T b0bbaa925fbc460fa76bae4616b9a951 P 33cbf294014c4ca68c6c734bfa199528: Neither blocks nor log segments found. Creating new log.
I20260709 12:19:13.718640  3950 tablet_bootstrap.cc:492] T 2101615869fc4b94b4a1422a57277ae9 P 50379fa2025d4df3b13dccaec8cfb9a8: No bootstrap required, opened a new log
I20260709 12:19:13.719163  3950 ts_tablet_manager.cc:1403] T 2101615869fc4b94b4a1422a57277ae9 P 50379fa2025d4df3b13dccaec8cfb9a8: Time spent bootstrapping tablet: real 0.120s	user 0.055s	sys 0.035s
I20260709 12:19:13.720907  3949 tablet_bootstrap.cc:492] T 952845377b324f77a8f9f02fdbb998bc P ff6ce19804ba4b7eaae7fa0f3c81bfe2: No bootstrap required, opened a new log
I20260709 12:19:13.721367  3949 ts_tablet_manager.cc:1403] T 952845377b324f77a8f9f02fdbb998bc P ff6ce19804ba4b7eaae7fa0f3c81bfe2: Time spent bootstrapping tablet: real 0.114s	user 0.023s	sys 0.018s
I20260709 12:19:13.722950  3950 raft_consensus.cc:359] T 2101615869fc4b94b4a1422a57277ae9 P 50379fa2025d4df3b13dccaec8cfb9a8 [term 0 FOLLOWER]: Replica starting. Triggering 0 pending ops. Active config: opid_index: -1 OBSOLETE_local: false peers { permanent_uuid: "ff6ce19804ba4b7eaae7fa0f3c81bfe2" member_type: VOTER last_known_addr { host: "127.3.7.129" port: 40631 } } peers { permanent_uuid: "50379fa2025d4df3b13dccaec8cfb9a8" member_type: VOTER last_known_addr { host: "127.3.7.130" port: 33239 } } peers { permanent_uuid: "33cbf294014c4ca68c6c734bfa199528" member_type: VOTER last_known_addr { host: "127.3.7.131" port: 34675 } }
I20260709 12:19:13.723944  3950 raft_consensus.cc:385] T 2101615869fc4b94b4a1422a57277ae9 P 50379fa2025d4df3b13dccaec8cfb9a8 [term 0 FOLLOWER]: Consensus starting up: Expiring failure detector timer to make a prompt election more likely
I20260709 12:19:13.723866  3949 raft_consensus.cc:359] T 952845377b324f77a8f9f02fdbb998bc P ff6ce19804ba4b7eaae7fa0f3c81bfe2 [term 0 FOLLOWER]: Replica starting. Triggering 0 pending ops. Active config: opid_index: -1 OBSOLETE_local: false peers { permanent_uuid: "ff6ce19804ba4b7eaae7fa0f3c81bfe2" member_type: VOTER last_known_addr { host: "127.3.7.129" port: 40631 } } peers { permanent_uuid: "50379fa2025d4df3b13dccaec8cfb9a8" member_type: VOTER last_known_addr { host: "127.3.7.130" port: 33239 } } peers { permanent_uuid: "33cbf294014c4ca68c6c734bfa199528" member_type: VOTER last_known_addr { host: "127.3.7.131" port: 34675 } }
I20260709 12:19:13.724452  3950 raft_consensus.cc:740] T 2101615869fc4b94b4a1422a57277ae9 P 50379fa2025d4df3b13dccaec8cfb9a8 [term 0 FOLLOWER]: Becoming Follower/Learner. State: Replica: 50379fa2025d4df3b13dccaec8cfb9a8, State: Initialized, Role: FOLLOWER
I20260709 12:19:13.724655  3949 raft_consensus.cc:385] T 952845377b324f77a8f9f02fdbb998bc P ff6ce19804ba4b7eaae7fa0f3c81bfe2 [term 0 FOLLOWER]: Consensus starting up: Expiring failure detector timer to make a prompt election more likely
I20260709 12:19:13.725003  3949 raft_consensus.cc:740] T 952845377b324f77a8f9f02fdbb998bc P ff6ce19804ba4b7eaae7fa0f3c81bfe2 [term 0 FOLLOWER]: Becoming Follower/Learner. State: Replica: ff6ce19804ba4b7eaae7fa0f3c81bfe2, State: Initialized, Role: FOLLOWER
I20260709 12:19:13.725838  3949 consensus_queue.cc:260] T 952845377b324f77a8f9f02fdbb998bc P ff6ce19804ba4b7eaae7fa0f3c81bfe2 [NON_LEADER]: Queue going to NON_LEADER mode. State: All replicated index: 0, Majority replicated index: 0, Committed index: 0, Last appended: 0.0, Last appended by leader: 0, Current term: 0, Majority size: -1, State: 0, Mode: NON_LEADER, active raft config: opid_index: -1 OBSOLETE_local: false peers { permanent_uuid: "ff6ce19804ba4b7eaae7fa0f3c81bfe2" member_type: VOTER last_known_addr { host: "127.3.7.129" port: 40631 } } peers { permanent_uuid: "50379fa2025d4df3b13dccaec8cfb9a8" member_type: VOTER last_known_addr { host: "127.3.7.130" port: 33239 } } peers { permanent_uuid: "33cbf294014c4ca68c6c734bfa199528" member_type: VOTER last_known_addr { host: "127.3.7.131" port: 34675 } }
I20260709 12:19:13.725600  3950 consensus_queue.cc:260] T 2101615869fc4b94b4a1422a57277ae9 P 50379fa2025d4df3b13dccaec8cfb9a8 [NON_LEADER]: Queue going to NON_LEADER mode. State: All replicated index: 0, Majority replicated index: 0, Committed index: 0, Last appended: 0.0, Last appended by leader: 0, Current term: 0, Majority size: -1, State: 0, Mode: NON_LEADER, active raft config: opid_index: -1 OBSOLETE_local: false peers { permanent_uuid: "ff6ce19804ba4b7eaae7fa0f3c81bfe2" member_type: VOTER last_known_addr { host: "127.3.7.129" port: 40631 } } peers { permanent_uuid: "50379fa2025d4df3b13dccaec8cfb9a8" member_type: VOTER last_known_addr { host: "127.3.7.130" port: 33239 } } peers { permanent_uuid: "33cbf294014c4ca68c6c734bfa199528" member_type: VOTER last_known_addr { host: "127.3.7.131" port: 34675 } }
I20260709 12:19:13.728659  3950 ts_tablet_manager.cc:1434] T 2101615869fc4b94b4a1422a57277ae9 P 50379fa2025d4df3b13dccaec8cfb9a8: Time spent starting tablet: real 0.009s	user 0.006s	sys 0.002s
I20260709 12:19:13.728242  3949 ts_tablet_manager.cc:1434] T 952845377b324f77a8f9f02fdbb998bc P ff6ce19804ba4b7eaae7fa0f3c81bfe2: Time spent starting tablet: real 0.007s	user 0.006s	sys 0.001s
I20260709 12:19:13.726783  3656 catalog_manager.cc:5697] T 9480d6d5004349f493257180b9dca416 P ff6ce19804ba4b7eaae7fa0f3c81bfe2 reported cstate change: term changed from 0 to 1, leader changed from <none> to ff6ce19804ba4b7eaae7fa0f3c81bfe2 (127.3.7.129). New cstate: current_term: 1 leader_uuid: "ff6ce19804ba4b7eaae7fa0f3c81bfe2" committed_config { opid_index: -1 OBSOLETE_local: false peers { permanent_uuid: "ff6ce19804ba4b7eaae7fa0f3c81bfe2" member_type: VOTER last_known_addr { host: "127.3.7.129" port: 40631 } health_report { overall_health: HEALTHY } } peers { permanent_uuid: "50379fa2025d4df3b13dccaec8cfb9a8" member_type: VOTER last_known_addr { host: "127.3.7.130" port: 33239 } health_report { overall_health: UNKNOWN } } peers { permanent_uuid: "33cbf294014c4ca68c6c734bfa199528" member_type: VOTER last_known_addr { host: "127.3.7.131" port: 34675 } health_report { overall_health: UNKNOWN } } }
I20260709 12:19:13.730065  3950 tablet_bootstrap.cc:492] T 9480d6d5004349f493257180b9dca416 P 50379fa2025d4df3b13dccaec8cfb9a8: Bootstrap starting.
I20260709 12:19:13.730218  3949 tablet_bootstrap.cc:492] T 156a9f83969749be9bc1f71dbd9e6fc9 P ff6ce19804ba4b7eaae7fa0f3c81bfe2: Bootstrap starting.
I20260709 12:19:13.730845  3656 catalog_manager.cc:5697] T 2101615869fc4b94b4a1422a57277ae9 P ff6ce19804ba4b7eaae7fa0f3c81bfe2 reported cstate change: term changed from 0 to 1, leader changed from <none> to ff6ce19804ba4b7eaae7fa0f3c81bfe2 (127.3.7.129). New cstate: current_term: 1 leader_uuid: "ff6ce19804ba4b7eaae7fa0f3c81bfe2" committed_config { opid_index: -1 OBSOLETE_local: false peers { permanent_uuid: "ff6ce19804ba4b7eaae7fa0f3c81bfe2" member_type: VOTER last_known_addr { host: "127.3.7.129" port: 40631 } health_report { overall_health: HEALTHY } } peers { permanent_uuid: "50379fa2025d4df3b13dccaec8cfb9a8" member_type: VOTER last_known_addr { host: "127.3.7.130" port: 33239 } health_report { overall_health: UNKNOWN } } peers { permanent_uuid: "33cbf294014c4ca68c6c734bfa199528" member_type: VOTER last_known_addr { host: "127.3.7.131" port: 34675 } health_report { overall_health: UNKNOWN } } }
I20260709 12:19:13.732740  3951 tablet_bootstrap.cc:492] T b0bbaa925fbc460fa76bae4616b9a951 P 33cbf294014c4ca68c6c734bfa199528: No bootstrap required, opened a new log
I20260709 12:19:13.733245  3951 ts_tablet_manager.cc:1403] T b0bbaa925fbc460fa76bae4616b9a951 P 33cbf294014c4ca68c6c734bfa199528: Time spent bootstrapping tablet: real 0.044s	user 0.027s	sys 0.011s
I20260709 12:19:13.732558  3656 catalog_manager.cc:5697] T b0bbaa925fbc460fa76bae4616b9a951 P ff6ce19804ba4b7eaae7fa0f3c81bfe2 reported cstate change: term changed from 0 to 1, leader changed from <none> to ff6ce19804ba4b7eaae7fa0f3c81bfe2 (127.3.7.129). New cstate: current_term: 1 leader_uuid: "ff6ce19804ba4b7eaae7fa0f3c81bfe2" committed_config { opid_index: -1 OBSOLETE_local: false peers { permanent_uuid: "ff6ce19804ba4b7eaae7fa0f3c81bfe2" member_type: VOTER last_known_addr { host: "127.3.7.129" port: 40631 } health_report { overall_health: HEALTHY } } peers { permanent_uuid: "50379fa2025d4df3b13dccaec8cfb9a8" member_type: VOTER last_known_addr { host: "127.3.7.130" port: 33239 } health_report { overall_health: UNKNOWN } } peers { permanent_uuid: "33cbf294014c4ca68c6c734bfa199528" member_type: VOTER last_known_addr { host: "127.3.7.131" port: 34675 } health_report { overall_health: UNKNOWN } } }
I20260709 12:19:13.736227  3949 tablet_bootstrap.cc:654] T 156a9f83969749be9bc1f71dbd9e6fc9 P ff6ce19804ba4b7eaae7fa0f3c81bfe2: Neither blocks nor log segments found. Creating new log.
I20260709 12:19:13.736023  3951 raft_consensus.cc:359] T b0bbaa925fbc460fa76bae4616b9a951 P 33cbf294014c4ca68c6c734bfa199528 [term 0 FOLLOWER]: Replica starting. Triggering 0 pending ops. Active config: opid_index: -1 OBSOLETE_local: false peers { permanent_uuid: "ff6ce19804ba4b7eaae7fa0f3c81bfe2" member_type: VOTER last_known_addr { host: "127.3.7.129" port: 40631 } } peers { permanent_uuid: "50379fa2025d4df3b13dccaec8cfb9a8" member_type: VOTER last_known_addr { host: "127.3.7.130" port: 33239 } } peers { permanent_uuid: "33cbf294014c4ca68c6c734bfa199528" member_type: VOTER last_known_addr { host: "127.3.7.131" port: 34675 } }
I20260709 12:19:13.736631  3950 tablet_bootstrap.cc:654] T 9480d6d5004349f493257180b9dca416 P 50379fa2025d4df3b13dccaec8cfb9a8: Neither blocks nor log segments found. Creating new log.
I20260709 12:19:13.736871  3951 raft_consensus.cc:385] T b0bbaa925fbc460fa76bae4616b9a951 P 33cbf294014c4ca68c6c734bfa199528 [term 0 FOLLOWER]: Consensus starting up: Expiring failure detector timer to make a prompt election more likely
I20260709 12:19:13.737208  3951 raft_consensus.cc:740] T b0bbaa925fbc460fa76bae4616b9a951 P 33cbf294014c4ca68c6c734bfa199528 [term 0 FOLLOWER]: Becoming Follower/Learner. State: Replica: 33cbf294014c4ca68c6c734bfa199528, State: Initialized, Role: FOLLOWER
I20260709 12:19:13.738178  3951 consensus_queue.cc:260] T b0bbaa925fbc460fa76bae4616b9a951 P 33cbf294014c4ca68c6c734bfa199528 [NON_LEADER]: Queue going to NON_LEADER mode. State: All replicated index: 0, Majority replicated index: 0, Committed index: 0, Last appended: 0.0, Last appended by leader: 0, Current term: 0, Majority size: -1, State: 0, Mode: NON_LEADER, active raft config: opid_index: -1 OBSOLETE_local: false peers { permanent_uuid: "ff6ce19804ba4b7eaae7fa0f3c81bfe2" member_type: VOTER last_known_addr { host: "127.3.7.129" port: 40631 } } peers { permanent_uuid: "50379fa2025d4df3b13dccaec8cfb9a8" member_type: VOTER last_known_addr { host: "127.3.7.130" port: 33239 } } peers { permanent_uuid: "33cbf294014c4ca68c6c734bfa199528" member_type: VOTER last_known_addr { host: "127.3.7.131" port: 34675 } }
I20260709 12:19:13.746845  3951 ts_tablet_manager.cc:1434] T b0bbaa925fbc460fa76bae4616b9a951 P 33cbf294014c4ca68c6c734bfa199528: Time spent starting tablet: real 0.013s	user 0.006s	sys 0.000s
I20260709 12:19:13.748236  3951 tablet_bootstrap.cc:492] T 9a32525d311d4dda9aac5066bd68d0d9 P 33cbf294014c4ca68c6c734bfa199528: Bootstrap starting.
I20260709 12:19:13.756062  3951 tablet_bootstrap.cc:654] T 9a32525d311d4dda9aac5066bd68d0d9 P 33cbf294014c4ca68c6c734bfa199528: Neither blocks nor log segments found. Creating new log.
I20260709 12:19:13.766968  3965 raft_consensus.cc:493] T 952845377b324f77a8f9f02fdbb998bc P 33cbf294014c4ca68c6c734bfa199528 [term 0 FOLLOWER]: Starting pre-election (no leader contacted us within the election timeout)
I20260709 12:19:13.767558  3965 raft_consensus.cc:515] T 952845377b324f77a8f9f02fdbb998bc P 33cbf294014c4ca68c6c734bfa199528 [term 0 FOLLOWER]: Starting pre-election with config: opid_index: -1 OBSOLETE_local: false peers { permanent_uuid: "ff6ce19804ba4b7eaae7fa0f3c81bfe2" member_type: VOTER last_known_addr { host: "127.3.7.129" port: 40631 } } peers { permanent_uuid: "50379fa2025d4df3b13dccaec8cfb9a8" member_type: VOTER last_known_addr { host: "127.3.7.130" port: 33239 } } peers { permanent_uuid: "33cbf294014c4ca68c6c734bfa199528" member_type: VOTER last_known_addr { host: "127.3.7.131" port: 34675 } }
I20260709 12:19:13.768007  3950 tablet_bootstrap.cc:492] T 9480d6d5004349f493257180b9dca416 P 50379fa2025d4df3b13dccaec8cfb9a8: No bootstrap required, opened a new log
I20260709 12:19:13.768497  3950 ts_tablet_manager.cc:1403] T 9480d6d5004349f493257180b9dca416 P 50379fa2025d4df3b13dccaec8cfb9a8: Time spent bootstrapping tablet: real 0.039s	user 0.017s	sys 0.020s
I20260709 12:19:13.768741  3949 tablet_bootstrap.cc:492] T 156a9f83969749be9bc1f71dbd9e6fc9 P ff6ce19804ba4b7eaae7fa0f3c81bfe2: No bootstrap required, opened a new log
I20260709 12:19:13.769168  3949 ts_tablet_manager.cc:1403] T 156a9f83969749be9bc1f71dbd9e6fc9 P ff6ce19804ba4b7eaae7fa0f3c81bfe2: Time spent bootstrapping tablet: real 0.039s	user 0.009s	sys 0.028s
I20260709 12:19:13.769749  3965 leader_election.cc:290] T 952845377b324f77a8f9f02fdbb998bc P 33cbf294014c4ca68c6c734bfa199528 [CANDIDATE]: Term 1 pre-election: Requested pre-vote from peers ff6ce19804ba4b7eaae7fa0f3c81bfe2 (127.3.7.129:40631), 50379fa2025d4df3b13dccaec8cfb9a8 (127.3.7.130:33239)
I20260709 12:19:13.771127  3950 raft_consensus.cc:359] T 9480d6d5004349f493257180b9dca416 P 50379fa2025d4df3b13dccaec8cfb9a8 [term 0 FOLLOWER]: Replica starting. Triggering 0 pending ops. Active config: opid_index: -1 OBSOLETE_local: false peers { permanent_uuid: "ff6ce19804ba4b7eaae7fa0f3c81bfe2" member_type: VOTER last_known_addr { host: "127.3.7.129" port: 40631 } } peers { permanent_uuid: "50379fa2025d4df3b13dccaec8cfb9a8" member_type: VOTER last_known_addr { host: "127.3.7.130" port: 33239 } } peers { permanent_uuid: "33cbf294014c4ca68c6c734bfa199528" member_type: VOTER last_known_addr { host: "127.3.7.131" port: 34675 } }
I20260709 12:19:13.771557  3758 tablet_service.cc:1917] Received RequestConsensusVote() RPC: tablet_id: "952845377b324f77a8f9f02fdbb998bc" candidate_uuid: "33cbf294014c4ca68c6c734bfa199528" candidate_term: 1 candidate_status { last_received { term: 0 index: 0 } } ignore_live_leader: false dest_uuid: "ff6ce19804ba4b7eaae7fa0f3c81bfe2" is_pre_election: true
I20260709 12:19:13.771804  3950 raft_consensus.cc:385] T 9480d6d5004349f493257180b9dca416 P 50379fa2025d4df3b13dccaec8cfb9a8 [term 0 FOLLOWER]: Consensus starting up: Expiring failure detector timer to make a prompt election more likely
I20260709 12:19:13.771761  3949 raft_consensus.cc:359] T 156a9f83969749be9bc1f71dbd9e6fc9 P ff6ce19804ba4b7eaae7fa0f3c81bfe2 [term 0 FOLLOWER]: Replica starting. Triggering 0 pending ops. Active config: opid_index: -1 OBSOLETE_local: false peers { permanent_uuid: "ff6ce19804ba4b7eaae7fa0f3c81bfe2" member_type: VOTER last_known_addr { host: "127.3.7.129" port: 40631 } } peers { permanent_uuid: "50379fa2025d4df3b13dccaec8cfb9a8" member_type: VOTER last_known_addr { host: "127.3.7.130" port: 33239 } } peers { permanent_uuid: "33cbf294014c4ca68c6c734bfa199528" member_type: VOTER last_known_addr { host: "127.3.7.131" port: 34675 } }
I20260709 12:19:13.772181  3758 raft_consensus.cc:2468] T 952845377b324f77a8f9f02fdbb998bc P ff6ce19804ba4b7eaae7fa0f3c81bfe2 [term 0 FOLLOWER]: Leader pre-election vote request: Granting yes vote for candidate 33cbf294014c4ca68c6c734bfa199528 in term 0.
I20260709 12:19:13.772330  3950 raft_consensus.cc:740] T 9480d6d5004349f493257180b9dca416 P 50379fa2025d4df3b13dccaec8cfb9a8 [term 0 FOLLOWER]: Becoming Follower/Learner. State: Replica: 50379fa2025d4df3b13dccaec8cfb9a8, State: Initialized, Role: FOLLOWER
I20260709 12:19:13.772567  3949 raft_consensus.cc:385] T 156a9f83969749be9bc1f71dbd9e6fc9 P ff6ce19804ba4b7eaae7fa0f3c81bfe2 [term 0 FOLLOWER]: Consensus starting up: Expiring failure detector timer to make a prompt election more likely
I20260709 12:19:13.772960  3949 raft_consensus.cc:740] T 156a9f83969749be9bc1f71dbd9e6fc9 P ff6ce19804ba4b7eaae7fa0f3c81bfe2 [term 0 FOLLOWER]: Becoming Follower/Learner. State: Replica: ff6ce19804ba4b7eaae7fa0f3c81bfe2, State: Initialized, Role: FOLLOWER
I20260709 12:19:13.773159  3950 consensus_queue.cc:260] T 9480d6d5004349f493257180b9dca416 P 50379fa2025d4df3b13dccaec8cfb9a8 [NON_LEADER]: Queue going to NON_LEADER mode. State: All replicated index: 0, Majority replicated index: 0, Committed index: 0, Last appended: 0.0, Last appended by leader: 0, Current term: 0, Majority size: -1, State: 0, Mode: NON_LEADER, active raft config: opid_index: -1 OBSOLETE_local: false peers { permanent_uuid: "ff6ce19804ba4b7eaae7fa0f3c81bfe2" member_type: VOTER last_known_addr { host: "127.3.7.129" port: 40631 } } peers { permanent_uuid: "50379fa2025d4df3b13dccaec8cfb9a8" member_type: VOTER last_known_addr { host: "127.3.7.130" port: 33239 } } peers { permanent_uuid: "33cbf294014c4ca68c6c734bfa199528" member_type: VOTER last_known_addr { host: "127.3.7.131" port: 34675 } }
I20260709 12:19:13.773701  3949 consensus_queue.cc:260] T 156a9f83969749be9bc1f71dbd9e6fc9 P ff6ce19804ba4b7eaae7fa0f3c81bfe2 [NON_LEADER]: Queue going to NON_LEADER mode. State: All replicated index: 0, Majority replicated index: 0, Committed index: 0, Last appended: 0.0, Last appended by leader: 0, Current term: 0, Majority size: -1, State: 0, Mode: NON_LEADER, active raft config: opid_index: -1 OBSOLETE_local: false peers { permanent_uuid: "ff6ce19804ba4b7eaae7fa0f3c81bfe2" member_type: VOTER last_known_addr { host: "127.3.7.129" port: 40631 } } peers { permanent_uuid: "50379fa2025d4df3b13dccaec8cfb9a8" member_type: VOTER last_known_addr { host: "127.3.7.130" port: 33239 } } peers { permanent_uuid: "33cbf294014c4ca68c6c734bfa199528" member_type: VOTER last_known_addr { host: "127.3.7.131" port: 34675 } }
I20260709 12:19:13.774394  3834 tablet_service.cc:1917] Received RequestConsensusVote() RPC: tablet_id: "952845377b324f77a8f9f02fdbb998bc" candidate_uuid: "33cbf294014c4ca68c6c734bfa199528" candidate_term: 1 candidate_status { last_received { term: 0 index: 0 } } ignore_live_leader: false dest_uuid: "50379fa2025d4df3b13dccaec8cfb9a8" is_pre_election: true
I20260709 12:19:13.775668  3949 ts_tablet_manager.cc:1434] T 156a9f83969749be9bc1f71dbd9e6fc9 P ff6ce19804ba4b7eaae7fa0f3c81bfe2: Time spent starting tablet: real 0.006s	user 0.006s	sys 0.000s
I20260709 12:19:13.777691  3950 ts_tablet_manager.cc:1434] T 9480d6d5004349f493257180b9dca416 P 50379fa2025d4df3b13dccaec8cfb9a8: Time spent starting tablet: real 0.009s	user 0.006s	sys 0.000s
I20260709 12:19:13.778745  3950 tablet_bootstrap.cc:492] T 156a9f83969749be9bc1f71dbd9e6fc9 P 50379fa2025d4df3b13dccaec8cfb9a8: Bootstrap starting.
I20260709 12:19:13.781270  3874 leader_election.cc:304] T 952845377b324f77a8f9f02fdbb998bc P 33cbf294014c4ca68c6c734bfa199528 [CANDIDATE]: Term 1 pre-election: Election decided. Result: candidate won. Election summary: received 2 responses out of 3 voters: 2 yes votes; 0 no votes. yes voters: 33cbf294014c4ca68c6c734bfa199528, ff6ce19804ba4b7eaae7fa0f3c81bfe2; no voters: 
I20260709 12:19:13.781939  3965 raft_consensus.cc:2804] T 952845377b324f77a8f9f02fdbb998bc P 33cbf294014c4ca68c6c734bfa199528 [term 0 FOLLOWER]: Leader pre-election won for term 1
I20260709 12:19:13.782292  3965 raft_consensus.cc:493] T 952845377b324f77a8f9f02fdbb998bc P 33cbf294014c4ca68c6c734bfa199528 [term 0 FOLLOWER]: Starting leader election (no leader contacted us within the election timeout)
W20260709 12:19:13.782333  3872 leader_election.cc:343] T 952845377b324f77a8f9f02fdbb998bc P 33cbf294014c4ca68c6c734bfa199528 [CANDIDATE]: Term 1 pre-election: Tablet error from VoteRequest() call to peer 50379fa2025d4df3b13dccaec8cfb9a8 (127.3.7.130:33239): Illegal state: must be running to vote when last-logged opid is not known
I20260709 12:19:13.782730  3965 raft_consensus.cc:3060] T 952845377b324f77a8f9f02fdbb998bc P 33cbf294014c4ca68c6c734bfa199528 [term 0 FOLLOWER]: Advancing to term 1
I20260709 12:19:13.784386  3983 raft_consensus.cc:493] T 156a9f83969749be9bc1f71dbd9e6fc9 P ff6ce19804ba4b7eaae7fa0f3c81bfe2 [term 0 FOLLOWER]: Starting pre-election (no leader contacted us within the election timeout)
I20260709 12:19:13.784837  3983 raft_consensus.cc:515] T 156a9f83969749be9bc1f71dbd9e6fc9 P ff6ce19804ba4b7eaae7fa0f3c81bfe2 [term 0 FOLLOWER]: Starting pre-election with config: opid_index: -1 OBSOLETE_local: false peers { permanent_uuid: "ff6ce19804ba4b7eaae7fa0f3c81bfe2" member_type: VOTER last_known_addr { host: "127.3.7.129" port: 40631 } } peers { permanent_uuid: "50379fa2025d4df3b13dccaec8cfb9a8" member_type: VOTER last_known_addr { host: "127.3.7.130" port: 33239 } } peers { permanent_uuid: "33cbf294014c4ca68c6c734bfa199528" member_type: VOTER last_known_addr { host: "127.3.7.131" port: 34675 } }
I20260709 12:19:13.786895  3983 leader_election.cc:290] T 156a9f83969749be9bc1f71dbd9e6fc9 P ff6ce19804ba4b7eaae7fa0f3c81bfe2 [CANDIDATE]: Term 1 pre-election: Requested pre-vote from peers 50379fa2025d4df3b13dccaec8cfb9a8 (127.3.7.130:33239), 33cbf294014c4ca68c6c734bfa199528 (127.3.7.131:34675)
I20260709 12:19:13.787163  3950 tablet_bootstrap.cc:654] T 156a9f83969749be9bc1f71dbd9e6fc9 P 50379fa2025d4df3b13dccaec8cfb9a8: Neither blocks nor log segments found. Creating new log.
I20260709 12:19:13.788797  3834 tablet_service.cc:1917] Received RequestConsensusVote() RPC: tablet_id: "156a9f83969749be9bc1f71dbd9e6fc9" candidate_uuid: "ff6ce19804ba4b7eaae7fa0f3c81bfe2" candidate_term: 1 candidate_status { last_received { term: 0 index: 0 } } ignore_live_leader: false dest_uuid: "50379fa2025d4df3b13dccaec8cfb9a8" is_pre_election: true
W20260709 12:19:13.790405  3722 leader_election.cc:343] T 156a9f83969749be9bc1f71dbd9e6fc9 P ff6ce19804ba4b7eaae7fa0f3c81bfe2 [CANDIDATE]: Term 1 pre-election: Tablet error from VoteRequest() call to peer 50379fa2025d4df3b13dccaec8cfb9a8 (127.3.7.130:33239): Illegal state: must be running to vote when last-logged opid is not known
I20260709 12:19:13.790118  3965 raft_consensus.cc:515] T 952845377b324f77a8f9f02fdbb998bc P 33cbf294014c4ca68c6c734bfa199528 [term 1 FOLLOWER]: Starting leader election with config: opid_index: -1 OBSOLETE_local: false peers { permanent_uuid: "ff6ce19804ba4b7eaae7fa0f3c81bfe2" member_type: VOTER last_known_addr { host: "127.3.7.129" port: 40631 } } peers { permanent_uuid: "50379fa2025d4df3b13dccaec8cfb9a8" member_type: VOTER last_known_addr { host: "127.3.7.130" port: 33239 } } peers { permanent_uuid: "33cbf294014c4ca68c6c734bfa199528" member_type: VOTER last_known_addr { host: "127.3.7.131" port: 34675 } }
I20260709 12:19:13.791687  3908 tablet_service.cc:1917] Received RequestConsensusVote() RPC: tablet_id: "156a9f83969749be9bc1f71dbd9e6fc9" candidate_uuid: "ff6ce19804ba4b7eaae7fa0f3c81bfe2" candidate_term: 1 candidate_status { last_received { term: 0 index: 0 } } ignore_live_leader: false dest_uuid: "33cbf294014c4ca68c6c734bfa199528" is_pre_election: true
I20260709 12:19:13.792291  3965 leader_election.cc:290] T 952845377b324f77a8f9f02fdbb998bc P 33cbf294014c4ca68c6c734bfa199528 [CANDIDATE]: Term 1 election: Requested vote from peers ff6ce19804ba4b7eaae7fa0f3c81bfe2 (127.3.7.129:40631), 50379fa2025d4df3b13dccaec8cfb9a8 (127.3.7.130:33239)
I20260709 12:19:13.792337  3908 raft_consensus.cc:2468] T 156a9f83969749be9bc1f71dbd9e6fc9 P 33cbf294014c4ca68c6c734bfa199528 [term 0 FOLLOWER]: Leader pre-election vote request: Granting yes vote for candidate ff6ce19804ba4b7eaae7fa0f3c81bfe2 in term 0.
I20260709 12:19:13.795673  3951 tablet_bootstrap.cc:492] T 9a32525d311d4dda9aac5066bd68d0d9 P 33cbf294014c4ca68c6c734bfa199528: No bootstrap required, opened a new log
I20260709 12:19:13.796294  3951 ts_tablet_manager.cc:1403] T 9a32525d311d4dda9aac5066bd68d0d9 P 33cbf294014c4ca68c6c734bfa199528: Time spent bootstrapping tablet: real 0.048s	user 0.018s	sys 0.000s
I20260709 12:19:13.796767  3758 tablet_service.cc:1917] Received RequestConsensusVote() RPC: tablet_id: "952845377b324f77a8f9f02fdbb998bc" candidate_uuid: "33cbf294014c4ca68c6c734bfa199528" candidate_term: 1 candidate_status { last_received { term: 0 index: 0 } } ignore_live_leader: false dest_uuid: "ff6ce19804ba4b7eaae7fa0f3c81bfe2"
I20260709 12:19:13.797344  3758 raft_consensus.cc:3060] T 952845377b324f77a8f9f02fdbb998bc P ff6ce19804ba4b7eaae7fa0f3c81bfe2 [term 0 FOLLOWER]: Advancing to term 1
I20260709 12:19:13.797348  3723 leader_election.cc:304] T 156a9f83969749be9bc1f71dbd9e6fc9 P ff6ce19804ba4b7eaae7fa0f3c81bfe2 [CANDIDATE]: Term 1 pre-election: Election decided. Result: candidate won. Election summary: received 3 responses out of 3 voters: 2 yes votes; 1 no votes. yes voters: 33cbf294014c4ca68c6c734bfa199528, ff6ce19804ba4b7eaae7fa0f3c81bfe2; no voters: 50379fa2025d4df3b13dccaec8cfb9a8
I20260709 12:19:13.799111  3834 tablet_service.cc:1917] Received RequestConsensusVote() RPC: tablet_id: "952845377b324f77a8f9f02fdbb998bc" candidate_uuid: "33cbf294014c4ca68c6c734bfa199528" candidate_term: 1 candidate_status { last_received { term: 0 index: 0 } } ignore_live_leader: false dest_uuid: "50379fa2025d4df3b13dccaec8cfb9a8"
I20260709 12:19:13.799974  3951 raft_consensus.cc:359] T 9a32525d311d4dda9aac5066bd68d0d9 P 33cbf294014c4ca68c6c734bfa199528 [term 0 FOLLOWER]: Replica starting. Triggering 0 pending ops. Active config: opid_index: -1 OBSOLETE_local: false peers { permanent_uuid: "ff6ce19804ba4b7eaae7fa0f3c81bfe2" member_type: VOTER last_known_addr { host: "127.3.7.129" port: 40631 } } peers { permanent_uuid: "50379fa2025d4df3b13dccaec8cfb9a8" member_type: VOTER last_known_addr { host: "127.3.7.130" port: 33239 } } peers { permanent_uuid: "33cbf294014c4ca68c6c734bfa199528" member_type: VOTER last_known_addr { host: "127.3.7.131" port: 34675 } }
W20260709 12:19:13.800508  3872 leader_election.cc:343] T 952845377b324f77a8f9f02fdbb998bc P 33cbf294014c4ca68c6c734bfa199528 [CANDIDATE]: Term 1 election: Tablet error from VoteRequest() call to peer 50379fa2025d4df3b13dccaec8cfb9a8 (127.3.7.130:33239): Illegal state: must be running to vote when last-logged opid is not known
I20260709 12:19:13.800880  3951 raft_consensus.cc:385] T 9a32525d311d4dda9aac5066bd68d0d9 P 33cbf294014c4ca68c6c734bfa199528 [term 0 FOLLOWER]: Consensus starting up: Expiring failure detector timer to make a prompt election more likely
I20260709 12:19:13.801201  3983 raft_consensus.cc:2804] T 156a9f83969749be9bc1f71dbd9e6fc9 P ff6ce19804ba4b7eaae7fa0f3c81bfe2 [term 0 FOLLOWER]: Leader pre-election won for term 1
I20260709 12:19:13.801256  3951 raft_consensus.cc:740] T 9a32525d311d4dda9aac5066bd68d0d9 P 33cbf294014c4ca68c6c734bfa199528 [term 0 FOLLOWER]: Becoming Follower/Learner. State: Replica: 33cbf294014c4ca68c6c734bfa199528, State: Initialized, Role: FOLLOWER
I20260709 12:19:13.801690  3983 raft_consensus.cc:493] T 156a9f83969749be9bc1f71dbd9e6fc9 P ff6ce19804ba4b7eaae7fa0f3c81bfe2 [term 0 FOLLOWER]: Starting leader election (no leader contacted us within the election timeout)
I20260709 12:19:13.802109  3983 raft_consensus.cc:3060] T 156a9f83969749be9bc1f71dbd9e6fc9 P ff6ce19804ba4b7eaae7fa0f3c81bfe2 [term 0 FOLLOWER]: Advancing to term 1
I20260709 12:19:13.802469  3951 consensus_queue.cc:260] T 9a32525d311d4dda9aac5066bd68d0d9 P 33cbf294014c4ca68c6c734bfa199528 [NON_LEADER]: Queue going to NON_LEADER mode. State: All replicated index: 0, Majority replicated index: 0, Committed index: 0, Last appended: 0.0, Last appended by leader: 0, Current term: 0, Majority size: -1, State: 0, Mode: NON_LEADER, active raft config: opid_index: -1 OBSOLETE_local: false peers { permanent_uuid: "ff6ce19804ba4b7eaae7fa0f3c81bfe2" member_type: VOTER last_known_addr { host: "127.3.7.129" port: 40631 } } peers { permanent_uuid: "50379fa2025d4df3b13dccaec8cfb9a8" member_type: VOTER last_known_addr { host: "127.3.7.130" port: 33239 } } peers { permanent_uuid: "33cbf294014c4ca68c6c734bfa199528" member_type: VOTER last_known_addr { host: "127.3.7.131" port: 34675 } }
I20260709 12:19:13.805214  3951 ts_tablet_manager.cc:1434] T 9a32525d311d4dda9aac5066bd68d0d9 P 33cbf294014c4ca68c6c734bfa199528: Time spent starting tablet: real 0.009s	user 0.008s	sys 0.000s
I20260709 12:19:13.805600  3758 raft_consensus.cc:2468] T 952845377b324f77a8f9f02fdbb998bc P ff6ce19804ba4b7eaae7fa0f3c81bfe2 [term 1 FOLLOWER]: Leader election vote request: Granting yes vote for candidate 33cbf294014c4ca68c6c734bfa199528 in term 1.
I20260709 12:19:13.806887  3874 leader_election.cc:304] T 952845377b324f77a8f9f02fdbb998bc P 33cbf294014c4ca68c6c734bfa199528 [CANDIDATE]: Term 1 election: Election decided. Result: candidate won. Election summary: received 3 responses out of 3 voters: 2 yes votes; 1 no votes. yes voters: 33cbf294014c4ca68c6c734bfa199528, ff6ce19804ba4b7eaae7fa0f3c81bfe2; no voters: 50379fa2025d4df3b13dccaec8cfb9a8
I20260709 12:19:13.807781  3965 raft_consensus.cc:2804] T 952845377b324f77a8f9f02fdbb998bc P 33cbf294014c4ca68c6c734bfa199528 [term 1 FOLLOWER]: Leader election won for term 1
I20260709 12:19:13.808403  3965 raft_consensus.cc:697] T 952845377b324f77a8f9f02fdbb998bc P 33cbf294014c4ca68c6c734bfa199528 [term 1 LEADER]: Becoming Leader. State: Replica: 33cbf294014c4ca68c6c734bfa199528, State: Running, Role: LEADER
I20260709 12:19:13.809486  3965 consensus_queue.cc:237] T 952845377b324f77a8f9f02fdbb998bc P 33cbf294014c4ca68c6c734bfa199528 [LEADER]: Queue going to LEADER mode. State: All replicated index: 0, Majority replicated index: 0, Committed index: 0, Last appended: 0.0, Last appended by leader: 0, Current term: 1, Majority size: 2, State: 0, Mode: LEADER, active raft config: opid_index: -1 OBSOLETE_local: false peers { permanent_uuid: "ff6ce19804ba4b7eaae7fa0f3c81bfe2" member_type: VOTER last_known_addr { host: "127.3.7.129" port: 40631 } } peers { permanent_uuid: "50379fa2025d4df3b13dccaec8cfb9a8" member_type: VOTER last_known_addr { host: "127.3.7.130" port: 33239 } } peers { permanent_uuid: "33cbf294014c4ca68c6c734bfa199528" member_type: VOTER last_known_addr { host: "127.3.7.131" port: 34675 } }
I20260709 12:19:13.812003  3983 raft_consensus.cc:515] T 156a9f83969749be9bc1f71dbd9e6fc9 P ff6ce19804ba4b7eaae7fa0f3c81bfe2 [term 1 FOLLOWER]: Starting leader election with config: opid_index: -1 OBSOLETE_local: false peers { permanent_uuid: "ff6ce19804ba4b7eaae7fa0f3c81bfe2" member_type: VOTER last_known_addr { host: "127.3.7.129" port: 40631 } } peers { permanent_uuid: "50379fa2025d4df3b13dccaec8cfb9a8" member_type: VOTER last_known_addr { host: "127.3.7.130" port: 33239 } } peers { permanent_uuid: "33cbf294014c4ca68c6c734bfa199528" member_type: VOTER last_known_addr { host: "127.3.7.131" port: 34675 } }
I20260709 12:19:13.814489  3834 tablet_service.cc:1917] Received RequestConsensusVote() RPC: tablet_id: "156a9f83969749be9bc1f71dbd9e6fc9" candidate_uuid: "ff6ce19804ba4b7eaae7fa0f3c81bfe2" candidate_term: 1 candidate_status { last_received { term: 0 index: 0 } } ignore_live_leader: false dest_uuid: "50379fa2025d4df3b13dccaec8cfb9a8"
W20260709 12:19:13.815725  3722 leader_election.cc:343] T 156a9f83969749be9bc1f71dbd9e6fc9 P ff6ce19804ba4b7eaae7fa0f3c81bfe2 [CANDIDATE]: Term 1 election: Tablet error from VoteRequest() call to peer 50379fa2025d4df3b13dccaec8cfb9a8 (127.3.7.130:33239): Illegal state: must be running to vote when last-logged opid is not known
I20260709 12:19:13.815832  3908 tablet_service.cc:1917] Received RequestConsensusVote() RPC: tablet_id: "156a9f83969749be9bc1f71dbd9e6fc9" candidate_uuid: "ff6ce19804ba4b7eaae7fa0f3c81bfe2" candidate_term: 1 candidate_status { last_received { term: 0 index: 0 } } ignore_live_leader: false dest_uuid: "33cbf294014c4ca68c6c734bfa199528"
I20260709 12:19:13.816349  3908 raft_consensus.cc:3060] T 156a9f83969749be9bc1f71dbd9e6fc9 P 33cbf294014c4ca68c6c734bfa199528 [term 0 FOLLOWER]: Advancing to term 1
I20260709 12:19:13.819512  3983 leader_election.cc:290] T 156a9f83969749be9bc1f71dbd9e6fc9 P ff6ce19804ba4b7eaae7fa0f3c81bfe2 [CANDIDATE]: Term 1 election: Requested vote from peers 50379fa2025d4df3b13dccaec8cfb9a8 (127.3.7.130:33239), 33cbf294014c4ca68c6c734bfa199528 (127.3.7.131:34675)
I20260709 12:19:13.822926  3908 raft_consensus.cc:2468] T 156a9f83969749be9bc1f71dbd9e6fc9 P 33cbf294014c4ca68c6c734bfa199528 [term 1 FOLLOWER]: Leader election vote request: Granting yes vote for candidate ff6ce19804ba4b7eaae7fa0f3c81bfe2 in term 1.
I20260709 12:19:13.824311  3723 leader_election.cc:304] T 156a9f83969749be9bc1f71dbd9e6fc9 P ff6ce19804ba4b7eaae7fa0f3c81bfe2 [CANDIDATE]: Term 1 election: Election decided. Result: candidate won. Election summary: received 3 responses out of 3 voters: 2 yes votes; 1 no votes. yes voters: 33cbf294014c4ca68c6c734bfa199528, ff6ce19804ba4b7eaae7fa0f3c81bfe2; no voters: 50379fa2025d4df3b13dccaec8cfb9a8
I20260709 12:19:13.824582  3950 tablet_bootstrap.cc:492] T 156a9f83969749be9bc1f71dbd9e6fc9 P 50379fa2025d4df3b13dccaec8cfb9a8: No bootstrap required, opened a new log
I20260709 12:19:13.825052  3950 ts_tablet_manager.cc:1403] T 156a9f83969749be9bc1f71dbd9e6fc9 P 50379fa2025d4df3b13dccaec8cfb9a8: Time spent bootstrapping tablet: real 0.047s	user 0.031s	sys 0.011s
I20260709 12:19:13.825073  3983 raft_consensus.cc:2804] T 156a9f83969749be9bc1f71dbd9e6fc9 P ff6ce19804ba4b7eaae7fa0f3c81bfe2 [term 1 FOLLOWER]: Leader election won for term 1
I20260709 12:19:13.825735  3983 raft_consensus.cc:697] T 156a9f83969749be9bc1f71dbd9e6fc9 P ff6ce19804ba4b7eaae7fa0f3c81bfe2 [term 1 LEADER]: Becoming Leader. State: Replica: ff6ce19804ba4b7eaae7fa0f3c81bfe2, State: Running, Role: LEADER
I20260709 12:19:13.826622  3983 consensus_queue.cc:237] T 156a9f83969749be9bc1f71dbd9e6fc9 P ff6ce19804ba4b7eaae7fa0f3c81bfe2 [LEADER]: Queue going to LEADER mode. State: All replicated index: 0, Majority replicated index: 0, Committed index: 0, Last appended: 0.0, Last appended by leader: 0, Current term: 1, Majority size: 2, State: 0, Mode: LEADER, active raft config: opid_index: -1 OBSOLETE_local: false peers { permanent_uuid: "ff6ce19804ba4b7eaae7fa0f3c81bfe2" member_type: VOTER last_known_addr { host: "127.3.7.129" port: 40631 } } peers { permanent_uuid: "50379fa2025d4df3b13dccaec8cfb9a8" member_type: VOTER last_known_addr { host: "127.3.7.130" port: 33239 } } peers { permanent_uuid: "33cbf294014c4ca68c6c734bfa199528" member_type: VOTER last_known_addr { host: "127.3.7.131" port: 34675 } }
I20260709 12:19:13.827478  3655 catalog_manager.cc:5697] T 952845377b324f77a8f9f02fdbb998bc P 33cbf294014c4ca68c6c734bfa199528 reported cstate change: term changed from 0 to 1, leader changed from <none> to 33cbf294014c4ca68c6c734bfa199528 (127.3.7.131). New cstate: current_term: 1 leader_uuid: "33cbf294014c4ca68c6c734bfa199528" committed_config { opid_index: -1 OBSOLETE_local: false peers { permanent_uuid: "ff6ce19804ba4b7eaae7fa0f3c81bfe2" member_type: VOTER last_known_addr { host: "127.3.7.129" port: 40631 } health_report { overall_health: UNKNOWN } } peers { permanent_uuid: "50379fa2025d4df3b13dccaec8cfb9a8" member_type: VOTER last_known_addr { host: "127.3.7.130" port: 33239 } health_report { overall_health: UNKNOWN } } peers { permanent_uuid: "33cbf294014c4ca68c6c734bfa199528" member_type: VOTER last_known_addr { host: "127.3.7.131" port: 34675 } health_report { overall_health: HEALTHY } } }
I20260709 12:19:13.828205  3950 raft_consensus.cc:359] T 156a9f83969749be9bc1f71dbd9e6fc9 P 50379fa2025d4df3b13dccaec8cfb9a8 [term 0 FOLLOWER]: Replica starting. Triggering 0 pending ops. Active config: opid_index: -1 OBSOLETE_local: false peers { permanent_uuid: "ff6ce19804ba4b7eaae7fa0f3c81bfe2" member_type: VOTER last_known_addr { host: "127.3.7.129" port: 40631 } } peers { permanent_uuid: "50379fa2025d4df3b13dccaec8cfb9a8" member_type: VOTER last_known_addr { host: "127.3.7.130" port: 33239 } } peers { permanent_uuid: "33cbf294014c4ca68c6c734bfa199528" member_type: VOTER last_known_addr { host: "127.3.7.131" port: 34675 } }
I20260709 12:19:13.828823  3950 raft_consensus.cc:385] T 156a9f83969749be9bc1f71dbd9e6fc9 P 50379fa2025d4df3b13dccaec8cfb9a8 [term 0 FOLLOWER]: Consensus starting up: Expiring failure detector timer to make a prompt election more likely
