I20260709 12:19:07.164798 32393 tablet_replica.cc:333] T 8c03d3c095224b8482e97e93966591b7 P 7447a39a57e244b198dc2cbd5ed266aa: stopping tablet replica
I20260709 12:19:07.165268 32393 raft_consensus.cc:2243] T 8c03d3c095224b8482e97e93966591b7 P 7447a39a57e244b198dc2cbd5ed266aa [term 3 FOLLOWER]: Raft consensus shutting down.
I20260709 12:19:07.165663 32393 raft_consensus.cc:2272] T 8c03d3c095224b8482e97e93966591b7 P 7447a39a57e244b198dc2cbd5ed266aa [term 3 FOLLOWER]: Raft consensus is shut down!
I20260709 12:19:07.167685 32393 tablet_replica.cc:333] T 33f67ac9eadc41edad18a6bfe6d51951 P 7447a39a57e244b198dc2cbd5ed266aa: stopping tablet replica
I20260709 12:19:07.168159 32393 raft_consensus.cc:2243] T 33f67ac9eadc41edad18a6bfe6d51951 P 7447a39a57e244b198dc2cbd5ed266aa [term 1 LEADER]: Raft consensus shutting down.
I20260709 12:19:07.168846 32393 raft_consensus.cc:2272] T 33f67ac9eadc41edad18a6bfe6d51951 P 7447a39a57e244b198dc2cbd5ed266aa [term 1 FOLLOWER]: Raft consensus is shut down!
I20260709 12:19:07.170418 32393 tablet_replica.cc:333] T b6bbdbaddb534ae9bffcf48500c3fc9a P 7447a39a57e244b198dc2cbd5ed266aa: stopping tablet replica
I20260709 12:19:07.170873 32393 raft_consensus.cc:2243] T b6bbdbaddb534ae9bffcf48500c3fc9a P 7447a39a57e244b198dc2cbd5ed266aa [term 3 LEADER]: Raft consensus shutting down.
I20260709 12:19:07.171536 32393 raft_consensus.cc:2272] T b6bbdbaddb534ae9bffcf48500c3fc9a P 7447a39a57e244b198dc2cbd5ed266aa [term 3 FOLLOWER]: Raft consensus is shut down!
I20260709 12:19:07.173097 32393 tablet_replica.cc:333] T 0edef7dc539f499c9ced3091cff41149 P 7447a39a57e244b198dc2cbd5ed266aa: stopping tablet replica
I20260709 12:19:07.173545 32393 raft_consensus.cc:2243] T 0edef7dc539f499c9ced3091cff41149 P 7447a39a57e244b198dc2cbd5ed266aa [term 4 FOLLOWER]: Raft consensus shutting down.
I20260709 12:19:07.173986 32393 raft_consensus.cc:2272] T 0edef7dc539f499c9ced3091cff41149 P 7447a39a57e244b198dc2cbd5ed266aa [term 4 FOLLOWER]: Raft consensus is shut down!
I20260709 12:19:07.175551 32393 tablet_replica.cc:333] T 379ec418117343b1adefff3630aed720 P 7447a39a57e244b198dc2cbd5ed266aa: stopping tablet replica
I20260709 12:19:07.175990 32393 raft_consensus.cc:2243] T 379ec418117343b1adefff3630aed720 P 7447a39a57e244b198dc2cbd5ed266aa [term 3 FOLLOWER]: Raft consensus shutting down.
I20260709 12:19:07.176375 32393 raft_consensus.cc:2272] T 379ec418117343b1adefff3630aed720 P 7447a39a57e244b198dc2cbd5ed266aa [term 3 FOLLOWER]: Raft consensus is shut down!
I20260709 12:19:07.177838 32393 tablet_replica.cc:333] T e0966b7b662c45a6ab7640d26639e5da P 7447a39a57e244b198dc2cbd5ed266aa: stopping tablet replica
I20260709 12:19:07.178288 32393 raft_consensus.cc:2243] T e0966b7b662c45a6ab7640d26639e5da P 7447a39a57e244b198dc2cbd5ed266aa [term 4 LEADER]: Raft consensus shutting down.
I20260709 12:19:07.178939 32393 raft_consensus.cc:2272] T e0966b7b662c45a6ab7640d26639e5da P 7447a39a57e244b198dc2cbd5ed266aa [term 4 FOLLOWER]: Raft consensus is shut down!
I20260709 12:19:07.180981 32393 tablet_replica.cc:333] T 2512615e19f5462b93a592a4807c5a83 P 7447a39a57e244b198dc2cbd5ed266aa: stopping tablet replica
I20260709 12:19:07.181471 32393 raft_consensus.cc:2243] T 2512615e19f5462b93a592a4807c5a83 P 7447a39a57e244b198dc2cbd5ed266aa [term 5 LEADER]: Raft consensus shutting down.
I20260709 12:19:07.182139 32393 raft_consensus.cc:2272] T 2512615e19f5462b93a592a4807c5a83 P 7447a39a57e244b198dc2cbd5ed266aa [term 5 FOLLOWER]: Raft consensus is shut down!
I20260709 12:19:07.183604 32393 tablet_replica.cc:333] T 409176a889b944afa40622fe388f4b76 P 7447a39a57e244b198dc2cbd5ed266aa: stopping tablet replica
I20260709 12:19:07.183990 32393 raft_consensus.cc:2243] T 409176a889b944afa40622fe388f4b76 P 7447a39a57e244b198dc2cbd5ed266aa [term 2 FOLLOWER]: Raft consensus shutting down.
I20260709 12:19:07.184341 32393 raft_consensus.cc:2272] T 409176a889b944afa40622fe388f4b76 P 7447a39a57e244b198dc2cbd5ed266aa [term 2 FOLLOWER]: Raft consensus is shut down!
I20260709 12:19:07.209755 32393 tablet_server.cc:196] TabletServer@127.31.162.67:0 shutdown complete.
I20260709 12:19:07.226162 32393 master.cc:562] Master@127.31.162.126:32799 shutting down...
I20260709 12:19:07.416946 32393 raft_consensus.cc:2243] T 00000000000000000000000000000000 P c60f7acea723453991ea86182f8b25de [term 1 LEADER]: Raft consensus shutting down.
I20260709 12:19:07.417461 32393 raft_consensus.cc:2272] T 00000000000000000000000000000000 P c60f7acea723453991ea86182f8b25de [term 1 FOLLOWER]: Raft consensus is shut down!
I20260709 12:19:07.417760 32393 tablet_replica.cc:333] T 00000000000000000000000000000000 P c60f7acea723453991ea86182f8b25de: stopping tablet replica
I20260709 12:19:07.452409 32393 master.cc:584] Master@127.31.162.126:32799 shutdown complete.
7447a39a57e244b198dc2cbd5ed266aa  1
7cd799a6c73549bc9c402c9e8474d86e  4
a368cc2089234705abc1a2b20444ab7b  4
7447a39a57e244b198dc2cbd5ed266aa  3
7cd799a6c73549bc9c402c9e8474d86e  3
a368cc2089234705abc1a2b20444ab7b  3
7447a39a57e244b198dc2cbd5ed266aa  1
7cd799a6c73549bc9c402c9e8474d86e  8
a368cc2089234705abc1a2b20444ab7b  0
7447a39a57e244b198dc2cbd5ed266aa  3
7cd799a6c73549bc9c402c9e8474d86e  3
a368cc2089234705abc1a2b20444ab7b  3
[       OK ] LeaderRebalancerTest.FunctionalTestForDivided (33088 ms)
[ RUN      ] LeaderRebalancerTest.FunctionalTestForNotDivided
I20260709 12:19:07.490038 32393 internal_mini_cluster.cc:156] Creating distributed mini masters. Addrs: 127.31.162.126:35473
I20260709 12:19:07.491088 32393 file_cache.cc:504] Constructed file cache file cache with capacity 419430
W20260709 12:19:07.496291   462 instance_detector.cc:116] could not retrieve AWS instance metadata: Network error: curl error: HTTP response code said error: The requested URL returned error: 404
W20260709 12:19:07.496459   463 instance_detector.cc:116] could not retrieve Azure instance metadata: Network error: curl error: HTTP response code said error: The requested URL returned error: 404
I20260709 12:19:07.498908 32393 server_base.cc:1061] running on GCE node
W20260709 12:19:07.498924   465 instance_detector.cc:116] could not retrieve OpenStack instance metadata: Network error: curl error: HTTP response code said error: The requested URL returned error: 404
I20260709 12:19:07.500003 32393 hybrid_clock.cc:584] initializing the hybrid clock with 'system_unsync' time source
W20260709 12:19:07.500193 32393 system_unsync_time.cc:38] NTP support is disabled. Clock error bounds will not be accurate. This configuration is not suitable for distributed clusters.
I20260709 12:19:07.500360 32393 hybrid_clock.cc:648] HybridClock initialized: now 1783599547500342 us; error 0 us; skew 500 ppm
I20260709 12:19:07.500847 32393 server_base.cc:861] Flag tcmalloc_max_total_thread_cache_bytes is not working since tcmalloc is not enabled.
I20260709 12:19:07.503134 32393 webserver.cc:533] Webserver started at http://127.31.162.126:41053/ using document root <none> and password file <none>
I20260709 12:19:07.503607 32393 fs_manager.cc:362] Metadata directory not provided
I20260709 12:19:07.503782 32393 fs_manager.cc:368] Using write-ahead log directory (fs_wal_dir) as metadata directory
I20260709 12:19:07.504040 32393 server_base.cc:909] This appears to be a new deployment of Kudu; creating new FS layout
I20260709 12:19:07.505113 32393 fs_manager.cc:1068] Generated new instance metadata in path /tmp/dist-test-taskgw12fp/test-tmp/auto_leader_rebalancer-test.0.LeaderRebalancerTest.FunctionalTestForNotDivided.1783599514241633-32393-0/minicluster-data/master-0-root/instance:
uuid: "349c75d653444e508b9a99fc78d4496a"
format_stamp: "Formatted at 2026-07-09 12:19:07 on dist-test-slave-k71g"
I20260709 12:19:07.509857 32393 fs_manager.cc:696] Time spent creating directory manager: real 0.004s	user 0.006s	sys 0.000s
I20260709 12:19:07.513005   470 log_block_manager.cc:4127] Time spent loading block containers with low live blocks: real 0.000s	user 0.000s	sys 0.000s
I20260709 12:19:07.513664 32393 fs_manager.cc:730] Time spent opening block manager: real 0.002s	user 0.003s	sys 0.000s
I20260709 12:19:07.513954 32393 fs_manager.cc:647] Opened local filesystem: /tmp/dist-test-taskgw12fp/test-tmp/auto_leader_rebalancer-test.0.LeaderRebalancerTest.FunctionalTestForNotDivided.1783599514241633-32393-0/minicluster-data/master-0-root
uuid: "349c75d653444e508b9a99fc78d4496a"
format_stamp: "Formatted at 2026-07-09 12:19:07 on dist-test-slave-k71g"
I20260709 12:19:07.514206 32393 fs_report.cc:389] FS layout report
--------------------
wal directory: /tmp/dist-test-taskgw12fp/test-tmp/auto_leader_rebalancer-test.0.LeaderRebalancerTest.FunctionalTestForNotDivided.1783599514241633-32393-0/minicluster-data/master-0-root
metadata directory: /tmp/dist-test-taskgw12fp/test-tmp/auto_leader_rebalancer-test.0.LeaderRebalancerTest.FunctionalTestForNotDivided.1783599514241633-32393-0/minicluster-data/master-0-root
1 data directories: /tmp/dist-test-taskgw12fp/test-tmp/auto_leader_rebalancer-test.0.LeaderRebalancerTest.FunctionalTestForNotDivided.1783599514241633-32393-0/minicluster-data/master-0-root/data
Total live blocks: 0
Total live bytes: 0
Total live bytes (after alignment): 0
Total number of LBM containers: 0 (0 full)
Did not check for missing blocks
Did not check for orphaned blocks
Total full LBM containers with extra space: 0 (0 repaired)
Total full LBM container extra space in bytes: 0 (0 repaired)
Total incomplete LBM containers: 0 (0 repaired)
Total LBM partial records: 0 (0 repaired)
Total corrupted LBM metadata records in RocksDB: 0 (0 repaired)
I20260709 12:19:07.554989 32393 rpc_server.cc:225] running with OpenSSL 1.1.1  11 Sep 2018
I20260709 12:19:07.556180 32393 kserver.cc:163] Server-wide thread pool size limit: 3276
I20260709 12:19:07.593765 32393 rpc_server.cc:307] RPC server started. Bound to: 127.31.162.126:35473
I20260709 12:19:07.593900   521 acceptor_pool.cc:272] collecting diagnostics on the listening RPC socket 127.31.162.126:35473 every 8 connection(s)
I20260709 12:19:07.597489   522 data_dirs.cc:400] Could only allocate 1 dirs of requested 3 for tablet 00000000000000000000000000000000. 1 dirs total, 0 dirs full, 0 dirs failed
I20260709 12:19:07.606248   522 tablet_bootstrap.cc:492] T 00000000000000000000000000000000 P 349c75d653444e508b9a99fc78d4496a: Bootstrap starting.
I20260709 12:19:07.610740   522 tablet_bootstrap.cc:654] T 00000000000000000000000000000000 P 349c75d653444e508b9a99fc78d4496a: Neither blocks nor log segments found. Creating new log.
I20260709 12:19:07.614681   522 tablet_bootstrap.cc:492] T 00000000000000000000000000000000 P 349c75d653444e508b9a99fc78d4496a: No bootstrap required, opened a new log
I20260709 12:19:07.616804   522 raft_consensus.cc:359] T 00000000000000000000000000000000 P 349c75d653444e508b9a99fc78d4496a [term 0 FOLLOWER]: Replica starting. Triggering 0 pending ops. Active config: opid_index: -1 OBSOLETE_local: true peers { permanent_uuid: "349c75d653444e508b9a99fc78d4496a" member_type: VOTER }
I20260709 12:19:07.617158   522 raft_consensus.cc:385] T 00000000000000000000000000000000 P 349c75d653444e508b9a99fc78d4496a [term 0 FOLLOWER]: Consensus starting up: Expiring failure detector timer to make a prompt election more likely
I20260709 12:19:07.617381   522 raft_consensus.cc:740] T 00000000000000000000000000000000 P 349c75d653444e508b9a99fc78d4496a [term 0 FOLLOWER]: Becoming Follower/Learner. State: Replica: 349c75d653444e508b9a99fc78d4496a, State: Initialized, Role: FOLLOWER
I20260709 12:19:07.617901   522 consensus_queue.cc:260] T 00000000000000000000000000000000 P 349c75d653444e508b9a99fc78d4496a [NON_LEADER]: Queue going to NON_LEADER mode. State: All replicated index: 0, Majority replicated index: 0, Committed index: 0, Last appended: 0.0, Last appended by leader: 0, Current term: 0, Majority size: -1, State: 0, Mode: NON_LEADER, active raft config: opid_index: -1 OBSOLETE_local: true peers { permanent_uuid: "349c75d653444e508b9a99fc78d4496a" member_type: VOTER }
I20260709 12:19:07.618314   522 raft_consensus.cc:399] T 00000000000000000000000000000000 P 349c75d653444e508b9a99fc78d4496a [term 0 FOLLOWER]: Only one voter in the Raft config. Triggering election immediately
I20260709 12:19:07.618525   522 raft_consensus.cc:493] T 00000000000000000000000000000000 P 349c75d653444e508b9a99fc78d4496a [term 0 FOLLOWER]: Starting leader election (initial election of a single-replica configuration)
I20260709 12:19:07.618765   522 raft_consensus.cc:3060] T 00000000000000000000000000000000 P 349c75d653444e508b9a99fc78d4496a [term 0 FOLLOWER]: Advancing to term 1
I20260709 12:19:07.622524   522 raft_consensus.cc:515] T 00000000000000000000000000000000 P 349c75d653444e508b9a99fc78d4496a [term 1 FOLLOWER]: Starting leader election with config: opid_index: -1 OBSOLETE_local: true peers { permanent_uuid: "349c75d653444e508b9a99fc78d4496a" member_type: VOTER }
I20260709 12:19:07.622980   522 leader_election.cc:304] T 00000000000000000000000000000000 P 349c75d653444e508b9a99fc78d4496a [CANDIDATE]: Term 1 election: Election decided. Result: candidate won. Election summary: received 1 responses out of 1 voters: 1 yes votes; 0 no votes. yes voters: 349c75d653444e508b9a99fc78d4496a; no voters: 
I20260709 12:19:07.624081   522 leader_election.cc:290] T 00000000000000000000000000000000 P 349c75d653444e508b9a99fc78d4496a [CANDIDATE]: Term 1 election: Requested vote from peers 
I20260709 12:19:07.624504   525 raft_consensus.cc:2804] T 00000000000000000000000000000000 P 349c75d653444e508b9a99fc78d4496a [term 1 FOLLOWER]: Leader election won for term 1
I20260709 12:19:07.625792   525 raft_consensus.cc:697] T 00000000000000000000000000000000 P 349c75d653444e508b9a99fc78d4496a [term 1 LEADER]: Becoming Leader. State: Replica: 349c75d653444e508b9a99fc78d4496a, State: Running, Role: LEADER
I20260709 12:19:07.626519   525 consensus_queue.cc:237] T 00000000000000000000000000000000 P 349c75d653444e508b9a99fc78d4496a [LEADER]: Queue going to LEADER mode. State: All replicated index: 0, Majority replicated index: 0, Committed index: 0, Last appended: 0.0, Last appended by leader: 0, Current term: 1, Majority size: 1, State: 0, Mode: LEADER, active raft config: opid_index: -1 OBSOLETE_local: true peers { permanent_uuid: "349c75d653444e508b9a99fc78d4496a" member_type: VOTER }
I20260709 12:19:07.626807   522 sys_catalog.cc:565] T 00000000000000000000000000000000 P 349c75d653444e508b9a99fc78d4496a [sys.catalog]: configured and running, proceeding with master startup.
I20260709 12:19:07.631176   526 sys_catalog.cc:455] T 00000000000000000000000000000000 P 349c75d653444e508b9a99fc78d4496a [sys.catalog]: SysCatalogTable state changed. Reason: RaftConsensus started. Latest consensus state: current_term: 1 leader_uuid: "349c75d653444e508b9a99fc78d4496a" committed_config { opid_index: -1 OBSOLETE_local: true peers { permanent_uuid: "349c75d653444e508b9a99fc78d4496a" member_type: VOTER } }
I20260709 12:19:07.631837   526 sys_catalog.cc:458] T 00000000000000000000000000000000 P 349c75d653444e508b9a99fc78d4496a [sys.catalog]: This master's current role is: LEADER
I20260709 12:19:07.633427   527 sys_catalog.cc:455] T 00000000000000000000000000000000 P 349c75d653444e508b9a99fc78d4496a [sys.catalog]: SysCatalogTable state changed. Reason: New leader 349c75d653444e508b9a99fc78d4496a. Latest consensus state: current_term: 1 leader_uuid: "349c75d653444e508b9a99fc78d4496a" committed_config { opid_index: -1 OBSOLETE_local: true peers { permanent_uuid: "349c75d653444e508b9a99fc78d4496a" member_type: VOTER } }
I20260709 12:19:07.633919   527 sys_catalog.cc:458] T 00000000000000000000000000000000 P 349c75d653444e508b9a99fc78d4496a [sys.catalog]: This master's current role is: LEADER
I20260709 12:19:07.636469   533 catalog_manager.cc:1511] Loading table and tablet metadata into memory...
I20260709 12:19:07.643558   533 catalog_manager.cc:1520] Initializing Kudu cluster ID...
I20260709 12:19:07.644554 32393 internal_mini_cluster.cc:184] Waiting to initialize catalog manager on master 0
I20260709 12:19:07.651721   533 catalog_manager.cc:1383] Generated new cluster ID: c61ab40b54b244ce80d4f2f938e0de7d
I20260709 12:19:07.651963   533 catalog_manager.cc:1531] Initializing Kudu internal certificate authority...
I20260709 12:19:07.670009   533 catalog_manager.cc:1406] Generated new certificate authority record
I20260709 12:19:07.671139   533 catalog_manager.cc:1540] Loading token signing keys...
I20260709 12:19:07.682171   533 catalog_manager.cc:6070] T 00000000000000000000000000000000 P 349c75d653444e508b9a99fc78d4496a: Generated new TSK 0
I20260709 12:19:07.682678   533 catalog_manager.cc:1550] Initializing in-progress tserver states...
I20260709 12:19:07.711207 32393 file_cache.cc:504] Constructed file cache file cache with capacity 419430
W20260709 12:19:07.717123   543 instance_detector.cc:116] could not retrieve AWS instance metadata: Network error: curl error: HTTP response code said error: The requested URL returned error: 404
W20260709 12:19:07.718245   544 instance_detector.cc:116] could not retrieve Azure instance metadata: Network error: curl error: HTTP response code said error: The requested URL returned error: 404
I20260709 12:19:07.720101 32393 server_base.cc:1061] running on GCE node
W20260709 12:19:07.720127   546 instance_detector.cc:116] could not retrieve OpenStack instance metadata: Network error: curl error: HTTP response code said error: The requested URL returned error: 404
I20260709 12:19:07.721266 32393 hybrid_clock.cc:584] initializing the hybrid clock with 'system_unsync' time source
W20260709 12:19:07.721442 32393 system_unsync_time.cc:38] NTP support is disabled. Clock error bounds will not be accurate. This configuration is not suitable for distributed clusters.
I20260709 12:19:07.721567 32393 hybrid_clock.cc:648] HybridClock initialized: now 1783599547721554 us; error 0 us; skew 500 ppm
I20260709 12:19:07.722069 32393 server_base.cc:861] Flag tcmalloc_max_total_thread_cache_bytes is not working since tcmalloc is not enabled.
I20260709 12:19:07.724164 32393 webserver.cc:533] Webserver started at http://127.31.162.65:33889/ using document root <none> and password file <none>
I20260709 12:19:07.724596 32393 fs_manager.cc:362] Metadata directory not provided
I20260709 12:19:07.724758 32393 fs_manager.cc:368] Using write-ahead log directory (fs_wal_dir) as metadata directory
I20260709 12:19:07.724985 32393 server_base.cc:909] This appears to be a new deployment of Kudu; creating new FS layout
I20260709 12:19:07.726202 32393 fs_manager.cc:1068] Generated new instance metadata in path /tmp/dist-test-taskgw12fp/test-tmp/auto_leader_rebalancer-test.0.LeaderRebalancerTest.FunctionalTestForNotDivided.1783599514241633-32393-0/minicluster-data/ts-0-root/instance:
uuid: "e39d2043af3a499e95cf628097bfe069"
format_stamp: "Formatted at 2026-07-09 12:19:07 on dist-test-slave-k71g"
I20260709 12:19:07.730623 32393 fs_manager.cc:696] Time spent creating directory manager: real 0.004s	user 0.000s	sys 0.004s
I20260709 12:19:07.733830   551 log_block_manager.cc:4127] Time spent loading block containers with low live blocks: real 0.000s	user 0.000s	sys 0.000s
I20260709 12:19:07.734552 32393 fs_manager.cc:730] Time spent opening block manager: real 0.002s	user 0.001s	sys 0.002s
I20260709 12:19:07.734813 32393 fs_manager.cc:647] Opened local filesystem: /tmp/dist-test-taskgw12fp/test-tmp/auto_leader_rebalancer-test.0.LeaderRebalancerTest.FunctionalTestForNotDivided.1783599514241633-32393-0/minicluster-data/ts-0-root
uuid: "e39d2043af3a499e95cf628097bfe069"
format_stamp: "Formatted at 2026-07-09 12:19:07 on dist-test-slave-k71g"
I20260709 12:19:07.735075 32393 fs_report.cc:389] FS layout report
--------------------
wal directory: /tmp/dist-test-taskgw12fp/test-tmp/auto_leader_rebalancer-test.0.LeaderRebalancerTest.FunctionalTestForNotDivided.1783599514241633-32393-0/minicluster-data/ts-0-root
metadata directory: /tmp/dist-test-taskgw12fp/test-tmp/auto_leader_rebalancer-test.0.LeaderRebalancerTest.FunctionalTestForNotDivided.1783599514241633-32393-0/minicluster-data/ts-0-root
1 data directories: /tmp/dist-test-taskgw12fp/test-tmp/auto_leader_rebalancer-test.0.LeaderRebalancerTest.FunctionalTestForNotDivided.1783599514241633-32393-0/minicluster-data/ts-0-root/data
Total live blocks: 0
Total live bytes: 0
Total live bytes (after alignment): 0
Total number of LBM containers: 0 (0 full)
Did not check for missing blocks
Did not check for orphaned blocks
Total full LBM containers with extra space: 0 (0 repaired)
Total full LBM container extra space in bytes: 0 (0 repaired)
Total incomplete LBM containers: 0 (0 repaired)
Total LBM partial records: 0 (0 repaired)
Total corrupted LBM metadata records in RocksDB: 0 (0 repaired)
I20260709 12:19:07.743801 32393 rpc_server.cc:225] running with OpenSSL 1.1.1  11 Sep 2018
I20260709 12:19:07.744946 32393 kserver.cc:163] Server-wide thread pool size limit: 3276
I20260709 12:19:07.746366 32393 txn_system_client.cc:432] TxnSystemClient initialization is disabled...
I20260709 12:19:07.748669 32393 ts_tablet_manager.cc:585] Loaded tablet metadata (0 total tablets, 0 live tablets)
I20260709 12:19:07.748854 32393 ts_tablet_manager.cc:531] Time spent load tablet metadata: real 0.000s	user 0.000s	sys 0.000s
I20260709 12:19:07.749068 32393 ts_tablet_manager.cc:616] Registered 0 tablets
I20260709 12:19:07.749240 32393 ts_tablet_manager.cc:595] Time spent register tablets: real 0.000s	user 0.000s	sys 0.000s
I20260709 12:19:07.786514 32393 rpc_server.cc:307] RPC server started. Bound to: 127.31.162.65:34357
I20260709 12:19:07.786628   613 acceptor_pool.cc:272] collecting diagnostics on the listening RPC socket 127.31.162.65:34357 every 8 connection(s)
I20260709 12:19:07.791119 32393 file_cache.cc:504] Constructed file cache file cache with capacity 419430
W20260709 12:19:07.797720   618 instance_detector.cc:116] could not retrieve AWS instance metadata: Network error: curl error: HTTP response code said error: The requested URL returned error: 404
W20260709 12:19:07.799450   619 instance_detector.cc:116] could not retrieve Azure instance metadata: Network error: curl error: HTTP response code said error: The requested URL returned error: 404
W20260709 12:19:07.800843   621 instance_detector.cc:116] could not retrieve OpenStack instance metadata: Network error: curl error: HTTP response code said error: The requested URL returned error: 404
I20260709 12:19:07.802678 32393 server_base.cc:1061] running on GCE node
I20260709 12:19:07.803700 32393 hybrid_clock.cc:584] initializing the hybrid clock with 'system_unsync' time source
W20260709 12:19:07.803953 32393 system_unsync_time.cc:38] NTP support is disabled. Clock error bounds will not be accurate. This configuration is not suitable for distributed clusters.
I20260709 12:19:07.803995   614 heartbeater.cc:344] Connected to a master server at 127.31.162.126:35473
I20260709 12:19:07.804162 32393 hybrid_clock.cc:648] HybridClock initialized: now 1783599547804142 us; error 0 us; skew 500 ppm
I20260709 12:19:07.804397   614 heartbeater.cc:461] Registering TS with master...
I20260709 12:19:07.804745 32393 server_base.cc:861] Flag tcmalloc_max_total_thread_cache_bytes is not working since tcmalloc is not enabled.
I20260709 12:19:07.805090   614 heartbeater.cc:507] Master 127.31.162.126:35473 requested a full tablet report, sending...
I20260709 12:19:07.807289 32393 webserver.cc:533] Webserver started at http://127.31.162.66:46769/ using document root <none> and password file <none>
I20260709 12:19:07.807569   487 ts_manager.cc:194] Registered new tserver with Master: e39d2043af3a499e95cf628097bfe069 (127.31.162.65:34357)
I20260709 12:19:07.807950 32393 fs_manager.cc:362] Metadata directory not provided
I20260709 12:19:07.808195 32393 fs_manager.cc:368] Using write-ahead log directory (fs_wal_dir) as metadata directory
I20260709 12:19:07.808506 32393 server_base.cc:909] This appears to be a new deployment of Kudu; creating new FS layout
I20260709 12:19:07.809890   487 master_service.cc:502] Signed X509 certificate for tserver {username='slave'} at 127.0.0.1:49114
I20260709 12:19:07.809969 32393 fs_manager.cc:1068] Generated new instance metadata in path /tmp/dist-test-taskgw12fp/test-tmp/auto_leader_rebalancer-test.0.LeaderRebalancerTest.FunctionalTestForNotDivided.1783599514241633-32393-0/minicluster-data/ts-1-root/instance:
uuid: "0d646bc9a353487dbdbe2e548165d2d4"
format_stamp: "Formatted at 2026-07-09 12:19:07 on dist-test-slave-k71g"
I20260709 12:19:07.814570 32393 fs_manager.cc:696] Time spent creating directory manager: real 0.004s	user 0.004s	sys 0.000s
I20260709 12:19:07.817581   626 log_block_manager.cc:4127] Time spent loading block containers with low live blocks: real 0.000s	user 0.000s	sys 0.000s
I20260709 12:19:07.818341 32393 fs_manager.cc:730] Time spent opening block manager: real 0.002s	user 0.003s	sys 0.000s
I20260709 12:19:07.818606 32393 fs_manager.cc:647] Opened local filesystem: /tmp/dist-test-taskgw12fp/test-tmp/auto_leader_rebalancer-test.0.LeaderRebalancerTest.FunctionalTestForNotDivided.1783599514241633-32393-0/minicluster-data/ts-1-root
uuid: "0d646bc9a353487dbdbe2e548165d2d4"
format_stamp: "Formatted at 2026-07-09 12:19:07 on dist-test-slave-k71g"
I20260709 12:19:07.818893 32393 fs_report.cc:389] FS layout report
--------------------
wal directory: /tmp/dist-test-taskgw12fp/test-tmp/auto_leader_rebalancer-test.0.LeaderRebalancerTest.FunctionalTestForNotDivided.1783599514241633-32393-0/minicluster-data/ts-1-root
metadata directory: /tmp/dist-test-taskgw12fp/test-tmp/auto_leader_rebalancer-test.0.LeaderRebalancerTest.FunctionalTestForNotDivided.1783599514241633-32393-0/minicluster-data/ts-1-root
1 data directories: /tmp/dist-test-taskgw12fp/test-tmp/auto_leader_rebalancer-test.0.LeaderRebalancerTest.FunctionalTestForNotDivided.1783599514241633-32393-0/minicluster-data/ts-1-root/data
Total live blocks: 0
Total live bytes: 0
Total live bytes (after alignment): 0
Total number of LBM containers: 0 (0 full)
Did not check for missing blocks
Did not check for orphaned blocks
Total full LBM containers with extra space: 0 (0 repaired)
Total full LBM container extra space in bytes: 0 (0 repaired)
Total incomplete LBM containers: 0 (0 repaired)
Total LBM partial records: 0 (0 repaired)
Total corrupted LBM metadata records in RocksDB: 0 (0 repaired)
I20260709 12:19:07.839183 32393 rpc_server.cc:225] running with OpenSSL 1.1.1  11 Sep 2018
I20260709 12:19:07.840327 32393 kserver.cc:163] Server-wide thread pool size limit: 3276
I20260709 12:19:07.841692 32393 txn_system_client.cc:432] TxnSystemClient initialization is disabled...
I20260709 12:19:07.843765 32393 ts_tablet_manager.cc:585] Loaded tablet metadata (0 total tablets, 0 live tablets)
I20260709 12:19:07.843950 32393 ts_tablet_manager.cc:531] Time spent load tablet metadata: real 0.000s	user 0.000s	sys 0.000s
I20260709 12:19:07.844172 32393 ts_tablet_manager.cc:616] Registered 0 tablets
I20260709 12:19:07.844319 32393 ts_tablet_manager.cc:595] Time spent register tablets: real 0.000s	user 0.000s	sys 0.000s
I20260709 12:19:07.880779 32393 rpc_server.cc:307] RPC server started. Bound to: 127.31.162.66:41115
I20260709 12:19:07.880892   688 acceptor_pool.cc:272] collecting diagnostics on the listening RPC socket 127.31.162.66:41115 every 8 connection(s)
I20260709 12:19:07.885058 32393 file_cache.cc:504] Constructed file cache file cache with capacity 419430
W20260709 12:19:07.891263   692 instance_detector.cc:116] could not retrieve AWS instance metadata: Network error: curl error: HTTP response code said error: The requested URL returned error: 404
W20260709 12:19:07.891803   693 instance_detector.cc:116] could not retrieve Azure instance metadata: Network error: curl error: HTTP response code said error: The requested URL returned error: 404
I20260709 12:19:07.895911 32393 server_base.cc:1061] running on GCE node
W20260709 12:19:07.896489   695 instance_detector.cc:116] could not retrieve OpenStack instance metadata: Network error: curl error: HTTP response code said error: The requested URL returned error: 404
I20260709 12:19:07.897599   689 heartbeater.cc:344] Connected to a master server at 127.31.162.126:35473
I20260709 12:19:07.897598 32393 hybrid_clock.cc:584] initializing the hybrid clock with 'system_unsync' time source
I20260709 12:19:07.898056   689 heartbeater.cc:461] Registering TS with master...
W20260709 12:19:07.898098 32393 system_unsync_time.cc:38] NTP support is disabled. Clock error bounds will not be accurate. This configuration is not suitable for distributed clusters.
I20260709 12:19:07.898427 32393 hybrid_clock.cc:648] HybridClock initialized: now 1783599547898405 us; error 0 us; skew 500 ppm
I20260709 12:19:07.898957   689 heartbeater.cc:507] Master 127.31.162.126:35473 requested a full tablet report, sending...
I20260709 12:19:07.899072 32393 server_base.cc:861] Flag tcmalloc_max_total_thread_cache_bytes is not working since tcmalloc is not enabled.
I20260709 12:19:07.901125   487 ts_manager.cc:194] Registered new tserver with Master: 0d646bc9a353487dbdbe2e548165d2d4 (127.31.162.66:41115)
I20260709 12:19:07.901791 32393 webserver.cc:533] Webserver started at http://127.31.162.67:42777/ using document root <none> and password file <none>
I20260709 12:19:07.902426 32393 fs_manager.cc:362] Metadata directory not provided
I20260709 12:19:07.902664 32393 fs_manager.cc:368] Using write-ahead log directory (fs_wal_dir) as metadata directory
I20260709 12:19:07.902976 32393 server_base.cc:909] This appears to be a new deployment of Kudu; creating new FS layout
I20260709 12:19:07.902910   487 master_service.cc:502] Signed X509 certificate for tserver {username='slave'} at 127.0.0.1:49126
I20260709 12:19:07.904469 32393 fs_manager.cc:1068] Generated new instance metadata in path /tmp/dist-test-taskgw12fp/test-tmp/auto_leader_rebalancer-test.0.LeaderRebalancerTest.FunctionalTestForNotDivided.1783599514241633-32393-0/minicluster-data/ts-2-root/instance:
uuid: "d543861893224370acf855a059a852e8"
format_stamp: "Formatted at 2026-07-09 12:19:07 on dist-test-slave-k71g"
I20260709 12:19:07.909071 32393 fs_manager.cc:696] Time spent creating directory manager: real 0.004s	user 0.006s	sys 0.000s
I20260709 12:19:07.912369   700 log_block_manager.cc:4127] Time spent loading block containers with low live blocks: real 0.000s	user 0.000s	sys 0.000s
I20260709 12:19:07.913136 32393 fs_manager.cc:730] Time spent opening block manager: real 0.002s	user 0.002s	sys 0.000s
I20260709 12:19:07.913408 32393 fs_manager.cc:647] Opened local filesystem: /tmp/dist-test-taskgw12fp/test-tmp/auto_leader_rebalancer-test.0.LeaderRebalancerTest.FunctionalTestForNotDivided.1783599514241633-32393-0/minicluster-data/ts-2-root
uuid: "d543861893224370acf855a059a852e8"
format_stamp: "Formatted at 2026-07-09 12:19:07 on dist-test-slave-k71g"
I20260709 12:19:07.913653 32393 fs_report.cc:389] FS layout report
--------------------
wal directory: /tmp/dist-test-taskgw12fp/test-tmp/auto_leader_rebalancer-test.0.LeaderRebalancerTest.FunctionalTestForNotDivided.1783599514241633-32393-0/minicluster-data/ts-2-root
metadata directory: /tmp/dist-test-taskgw12fp/test-tmp/auto_leader_rebalancer-test.0.LeaderRebalancerTest.FunctionalTestForNotDivided.1783599514241633-32393-0/minicluster-data/ts-2-root
1 data directories: /tmp/dist-test-taskgw12fp/test-tmp/auto_leader_rebalancer-test.0.LeaderRebalancerTest.FunctionalTestForNotDivided.1783599514241633-32393-0/minicluster-data/ts-2-root/data
Total live blocks: 0
Total live bytes: 0
Total live bytes (after alignment): 0
Total number of LBM containers: 0 (0 full)
Did not check for missing blocks
Did not check for orphaned blocks
Total full LBM containers with extra space: 0 (0 repaired)
Total full LBM container extra space in bytes: 0 (0 repaired)
Total incomplete LBM containers: 0 (0 repaired)
Total LBM partial records: 0 (0 repaired)
Total corrupted LBM metadata records in RocksDB: 0 (0 repaired)
I20260709 12:19:07.940078 32393 rpc_server.cc:225] running with OpenSSL 1.1.1  11 Sep 2018
I20260709 12:19:07.941208 32393 kserver.cc:163] Server-wide thread pool size limit: 3276
I20260709 12:19:07.942639 32393 txn_system_client.cc:432] TxnSystemClient initialization is disabled...
I20260709 12:19:07.944723 32393 ts_tablet_manager.cc:585] Loaded tablet metadata (0 total tablets, 0 live tablets)
I20260709 12:19:07.944905 32393 ts_tablet_manager.cc:531] Time spent load tablet metadata: real 0.000s	user 0.000s	sys 0.000s
I20260709 12:19:07.945137 32393 ts_tablet_manager.cc:616] Registered 0 tablets
I20260709 12:19:07.945272 32393 ts_tablet_manager.cc:595] Time spent register tablets: real 0.000s	user 0.000s	sys 0.000s
I20260709 12:19:07.981807 32393 rpc_server.cc:307] RPC server started. Bound to: 127.31.162.67:43949
I20260709 12:19:07.981931   762 acceptor_pool.cc:272] collecting diagnostics on the listening RPC socket 127.31.162.67:43949 every 8 connection(s)
I20260709 12:19:07.995988   763 heartbeater.cc:344] Connected to a master server at 127.31.162.126:35473
I20260709 12:19:07.996410   763 heartbeater.cc:461] Registering TS with master...
I20260709 12:19:07.997090   763 heartbeater.cc:507] Master 127.31.162.126:35473 requested a full tablet report, sending...
I20260709 12:19:07.998960   487 ts_manager.cc:194] Registered new tserver with Master: d543861893224370acf855a059a852e8 (127.31.162.67:43949)
I20260709 12:19:07.999676 32393 internal_mini_cluster.cc:371] 3 TS(s) registered with all masters after 0.014920161s
I20260709 12:19:08.000263   487 master_service.cc:502] Signed X509 certificate for tserver {username='slave'} at 127.0.0.1:49142
I20260709 12:19:08.023355   487 catalog_manager.cc:2283] Servicing CreateTable request from {username='slave'} at 127.0.0.1:49144:
name: "test-workload"
schema {
  columns {
    name: "key"
    type: INT32
    is_key: true
    is_nullable: false
    encoding: AUTO_ENCODING
    compression: DEFAULT_COMPRESSION
    cfile_block_size: 0
    immutable: false
  }
  columns {
    name: "int_val"
    type: INT32
    is_key: false
    is_nullable: false
    encoding: AUTO_ENCODING
    compression: DEFAULT_COMPRESSION
    cfile_block_size: 0
    immutable: false
  }
  columns {
    name: "string_val"
    type: STRING
    is_key: false
    is_nullable: true
    encoding: AUTO_ENCODING
    compression: DEFAULT_COMPRESSION
    cfile_block_size: 0
    immutable: false
  }
}
num_replicas: 3
split_rows_range_bounds {
  rows: "\004\001\000\314\314\314\014\004\001\000\230\231\231\031\004\001\000dff&\004\001\0000333\004\001\000\374\377\377?\004\001\000\310\314\314L\004\001\000\224\231\231Y\004\001\000`fff\004\001\000,33s""\004\001\000\314\314\314\014\004\001\000\230\231\231\031\004\001\000dff&\004\001\0000333\004\001\000\374\377\377?\004\001\000\310\314\314L\004\001\000\224\231\231Y\004\001\000`fff\004\001\000,33s"
  indirect_data: """"
}
partition_schema {
  range_schema {
    columns {
      name: "key"
    }
  }
}
W20260709 12:19:08.026058   487 catalog_manager.cc:7077] The number of live tablet servers is not enough to re-replicate a tablet replica of the newly created table test-workload in case of a server failure: 4 tablet servers would be needed, 3 are available. Consider bringing up more tablet servers.
I20260709 12:19:08.088105   654 tablet_service.cc:1511] Processing CreateTablet for tablet ad7f90a7dea24e1c98f1b49351a69632 (DEFAULT_TABLE table=test-workload [id=8f8cd13fc3c94777995d85a229283ce4]), partition=RANGE (key) PARTITION VALUES < 214748364
I20260709 12:19:08.089597   654 data_dirs.cc:400] Could only allocate 1 dirs of requested 3 for tablet ad7f90a7dea24e1c98f1b49351a69632. 1 dirs total, 0 dirs full, 0 dirs failed
I20260709 12:19:08.097133   653 tablet_service.cc:1511] Processing CreateTablet for tablet 65f0f6895a724f8d9d589a22e60c654f (DEFAULT_TABLE table=test-workload [id=8f8cd13fc3c94777995d85a229283ce4]), partition=RANGE (key) PARTITION 214748364 <= VALUES < 429496728
I20260709 12:19:08.098495   653 data_dirs.cc:400] Could only allocate 1 dirs of requested 3 for tablet 65f0f6895a724f8d9d589a22e60c654f. 1 dirs total, 0 dirs full, 0 dirs failed
I20260709 12:19:08.103412   728 tablet_service.cc:1511] Processing CreateTablet for tablet ad7f90a7dea24e1c98f1b49351a69632 (DEFAULT_TABLE table=test-workload [id=8f8cd13fc3c94777995d85a229283ce4]), partition=RANGE (key) PARTITION VALUES < 214748364
I20260709 12:19:08.104041   652 tablet_service.cc:1511] Processing CreateTablet for tablet 067521c18024499c930d4789c39993fd (DEFAULT_TABLE table=test-workload [id=8f8cd13fc3c94777995d85a229283ce4]), partition=RANGE (key) PARTITION 429496728 <= VALUES < 644245092
I20260709 12:19:08.104874   728 data_dirs.cc:400] Could only allocate 1 dirs of requested 3 for tablet ad7f90a7dea24e1c98f1b49351a69632. 1 dirs total, 0 dirs full, 0 dirs failed
I20260709 12:19:08.105371   652 data_dirs.cc:400] Could only allocate 1 dirs of requested 3 for tablet 067521c18024499c930d4789c39993fd. 1 dirs total, 0 dirs full, 0 dirs failed
I20260709 12:19:08.108527   727 tablet_service.cc:1511] Processing CreateTablet for tablet 65f0f6895a724f8d9d589a22e60c654f (DEFAULT_TABLE table=test-workload [id=8f8cd13fc3c94777995d85a229283ce4]), partition=RANGE (key) PARTITION 214748364 <= VALUES < 429496728
I20260709 12:19:08.109858   727 data_dirs.cc:400] Could only allocate 1 dirs of requested 3 for tablet 65f0f6895a724f8d9d589a22e60c654f. 1 dirs total, 0 dirs full, 0 dirs failed
I20260709 12:19:08.115684   726 tablet_service.cc:1511] Processing CreateTablet for tablet 067521c18024499c930d4789c39993fd (DEFAULT_TABLE table=test-workload [id=8f8cd13fc3c94777995d85a229283ce4]), partition=RANGE (key) PARTITION 429496728 <= VALUES < 644245092
I20260709 12:19:08.117097   726 data_dirs.cc:400] Could only allocate 1 dirs of requested 3 for tablet 067521c18024499c930d4789c39993fd. 1 dirs total, 0 dirs full, 0 dirs failed
I20260709 12:19:08.117697   651 tablet_service.cc:1511] Processing CreateTablet for tablet c8fa09e472c5436db7b37d0b1c54cbaa (DEFAULT_TABLE table=test-workload [id=8f8cd13fc3c94777995d85a229283ce4]), partition=RANGE (key) PARTITION 644245092 <= VALUES < 858993456
I20260709 12:19:08.121815   650 tablet_service.cc:1511] Processing CreateTablet for tablet 4168d89285864cf5b07b00684aee6a89 (DEFAULT_TABLE table=test-workload [id=8f8cd13fc3c94777995d85a229283ce4]), partition=RANGE (key) PARTITION 858993456 <= VALUES < 1073741820
I20260709 12:19:08.125609   649 tablet_service.cc:1511] Processing CreateTablet for tablet 11753c4ba81e41189a264215b9d2f279 (DEFAULT_TABLE table=test-workload [id=8f8cd13fc3c94777995d85a229283ce4]), partition=RANGE (key) PARTITION 1073741820 <= VALUES < 1288490184
I20260709 12:19:08.127025   725 tablet_service.cc:1511] Processing CreateTablet for tablet c8fa09e472c5436db7b37d0b1c54cbaa (DEFAULT_TABLE table=test-workload [id=8f8cd13fc3c94777995d85a229283ce4]), partition=RANGE (key) PARTITION 644245092 <= VALUES < 858993456
I20260709 12:19:08.128326   725 data_dirs.cc:400] Could only allocate 1 dirs of requested 3 for tablet c8fa09e472c5436db7b37d0b1c54cbaa. 1 dirs total, 0 dirs full, 0 dirs failed
I20260709 12:19:08.129457   648 tablet_service.cc:1511] Processing CreateTablet for tablet d46f312b23f94f5d8dc1dbef3f715a4e (DEFAULT_TABLE table=test-workload [id=8f8cd13fc3c94777995d85a229283ce4]), partition=RANGE (key) PARTITION 1288490184 <= VALUES < 1503238548
I20260709 12:19:08.130515   579 tablet_service.cc:1511] Processing CreateTablet for tablet ad7f90a7dea24e1c98f1b49351a69632 (DEFAULT_TABLE table=test-workload [id=8f8cd13fc3c94777995d85a229283ce4]), partition=RANGE (key) PARTITION VALUES < 214748364
I20260709 12:19:08.131856   579 data_dirs.cc:400] Could only allocate 1 dirs of requested 3 for tablet ad7f90a7dea24e1c98f1b49351a69632. 1 dirs total, 0 dirs full, 0 dirs failed
I20260709 12:19:08.133457   647 tablet_service.cc:1511] Processing CreateTablet for tablet 81d69026f219434690ea1ac6cc3a4978 (DEFAULT_TABLE table=test-workload [id=8f8cd13fc3c94777995d85a229283ce4]), partition=RANGE (key) PARTITION 1503238548 <= VALUES < 1717986912
I20260709 12:19:08.137413   646 tablet_service.cc:1511] Processing CreateTablet for tablet 6943b6292188437f8fecb9dbeb84228f (DEFAULT_TABLE table=test-workload [id=8f8cd13fc3c94777995d85a229283ce4]), partition=RANGE (key) PARTITION 1717986912 <= VALUES < 1932735276
I20260709 12:19:08.138803   724 tablet_service.cc:1511] Processing CreateTablet for tablet 4168d89285864cf5b07b00684aee6a89 (DEFAULT_TABLE table=test-workload [id=8f8cd13fc3c94777995d85a229283ce4]), partition=RANGE (key) PARTITION 858993456 <= VALUES < 1073741820
I20260709 12:19:08.140185   724 data_dirs.cc:400] Could only allocate 1 dirs of requested 3 for tablet 4168d89285864cf5b07b00684aee6a89. 1 dirs total, 0 dirs full, 0 dirs failed
I20260709 12:19:08.141711   645 tablet_service.cc:1511] Processing CreateTablet for tablet 629f08e0c6ad40cf89764ac7073acf06 (DEFAULT_TABLE table=test-workload [id=8f8cd13fc3c94777995d85a229283ce4]), partition=RANGE (key) PARTITION 1932735276 <= VALUES
I20260709 12:19:08.143676   578 tablet_service.cc:1511] Processing CreateTablet for tablet 65f0f6895a724f8d9d589a22e60c654f (DEFAULT_TABLE table=test-workload [id=8f8cd13fc3c94777995d85a229283ce4]), partition=RANGE (key) PARTITION 214748364 <= VALUES < 429496728
I20260709 12:19:08.144953   578 data_dirs.cc:400] Could only allocate 1 dirs of requested 3 for tablet 65f0f6895a724f8d9d589a22e60c654f. 1 dirs total, 0 dirs full, 0 dirs failed
I20260709 12:19:08.147089   576 tablet_service.cc:1511] Processing CreateTablet for tablet c8fa09e472c5436db7b37d0b1c54cbaa (DEFAULT_TABLE table=test-workload [id=8f8cd13fc3c94777995d85a229283ce4]), partition=RANGE (key) PARTITION 644245092 <= VALUES < 858993456
I20260709 12:19:08.149407   575 tablet_service.cc:1511] Processing CreateTablet for tablet 4168d89285864cf5b07b00684aee6a89 (DEFAULT_TABLE table=test-workload [id=8f8cd13fc3c94777995d85a229283ce4]), partition=RANGE (key) PARTITION 858993456 <= VALUES < 1073741820
I20260709 12:19:08.151484   723 tablet_service.cc:1511] Processing CreateTablet for tablet 11753c4ba81e41189a264215b9d2f279 (DEFAULT_TABLE table=test-workload [id=8f8cd13fc3c94777995d85a229283ce4]), partition=RANGE (key) PARTITION 1073741820 <= VALUES < 1288490184
I20260709 12:19:08.152158   574 tablet_service.cc:1511] Processing CreateTablet for tablet 11753c4ba81e41189a264215b9d2f279 (DEFAULT_TABLE table=test-workload [id=8f8cd13fc3c94777995d85a229283ce4]), partition=RANGE (key) PARTITION 1073741820 <= VALUES < 1288490184
I20260709 12:19:08.152908   723 data_dirs.cc:400] Could only allocate 1 dirs of requested 3 for tablet 11753c4ba81e41189a264215b9d2f279. 1 dirs total, 0 dirs full, 0 dirs failed
I20260709 12:19:08.155076   572 tablet_service.cc:1511] Processing CreateTablet for tablet 81d69026f219434690ea1ac6cc3a4978 (DEFAULT_TABLE table=test-workload [id=8f8cd13fc3c94777995d85a229283ce4]), partition=RANGE (key) PARTITION 1503238548 <= VALUES < 1717986912
I20260709 12:19:08.159123   570 tablet_service.cc:1511] Processing CreateTablet for tablet 629f08e0c6ad40cf89764ac7073acf06 (DEFAULT_TABLE table=test-workload [id=8f8cd13fc3c94777995d85a229283ce4]), partition=RANGE (key) PARTITION 1932735276 <= VALUES
I20260709 12:19:08.161703   577 tablet_service.cc:1511] Processing CreateTablet for tablet 067521c18024499c930d4789c39993fd (DEFAULT_TABLE table=test-workload [id=8f8cd13fc3c94777995d85a229283ce4]), partition=RANGE (key) PARTITION 429496728 <= VALUES < 644245092
I20260709 12:19:08.163586   722 tablet_service.cc:1511] Processing CreateTablet for tablet d46f312b23f94f5d8dc1dbef3f715a4e (DEFAULT_TABLE table=test-workload [id=8f8cd13fc3c94777995d85a229283ce4]), partition=RANGE (key) PARTITION 1288490184 <= VALUES < 1503238548
I20260709 12:19:08.165110   722 data_dirs.cc:400] Could only allocate 1 dirs of requested 3 for tablet d46f312b23f94f5d8dc1dbef3f715a4e. 1 dirs total, 0 dirs full, 0 dirs failed
I20260709 12:19:08.157557   571 tablet_service.cc:1511] Processing CreateTablet for tablet 6943b6292188437f8fecb9dbeb84228f (DEFAULT_TABLE table=test-workload [id=8f8cd13fc3c94777995d85a229283ce4]), partition=RANGE (key) PARTITION 1717986912 <= VALUES < 1932735276
I20260709 12:19:08.163664   573 tablet_service.cc:1511] Processing CreateTablet for tablet d46f312b23f94f5d8dc1dbef3f715a4e (DEFAULT_TABLE table=test-workload [id=8f8cd13fc3c94777995d85a229283ce4]), partition=RANGE (key) PARTITION 1288490184 <= VALUES < 1503238548
I20260709 12:19:08.171384   779 tablet_bootstrap.cc:492] T ad7f90a7dea24e1c98f1b49351a69632 P e39d2043af3a499e95cf628097bfe069: Bootstrap starting.
I20260709 12:19:08.174119   780 tablet_bootstrap.cc:492] T 65f0f6895a724f8d9d589a22e60c654f P d543861893224370acf855a059a852e8: Bootstrap starting.
I20260709 12:19:08.174326   576 data_dirs.cc:400] Could only allocate 1 dirs of requested 3 for tablet c8fa09e472c5436db7b37d0b1c54cbaa. 1 dirs total, 0 dirs full, 0 dirs failed
I20260709 12:19:08.180328   721 tablet_service.cc:1511] Processing CreateTablet for tablet 629f08e0c6ad40cf89764ac7073acf06 (DEFAULT_TABLE table=test-workload [id=8f8cd13fc3c94777995d85a229283ce4]), partition=RANGE (key) PARTITION 1932735276 <= VALUES
I20260709 12:19:08.181387   574 data_dirs.cc:400] Could only allocate 1 dirs of requested 3 for tablet 11753c4ba81e41189a264215b9d2f279. 1 dirs total, 0 dirs full, 0 dirs failed
I20260709 12:19:08.181682   721 data_dirs.cc:400] Could only allocate 1 dirs of requested 3 for tablet 629f08e0c6ad40cf89764ac7073acf06. 1 dirs total, 0 dirs full, 0 dirs failed
I20260709 12:19:08.182271   651 data_dirs.cc:400] Could only allocate 1 dirs of requested 3 for tablet c8fa09e472c5436db7b37d0b1c54cbaa. 1 dirs total, 0 dirs full, 0 dirs failed
I20260709 12:19:08.183770   650 data_dirs.cc:400] Could only allocate 1 dirs of requested 3 for tablet 4168d89285864cf5b07b00684aee6a89. 1 dirs total, 0 dirs full, 0 dirs failed
I20260709 12:19:08.185242   649 data_dirs.cc:400] Could only allocate 1 dirs of requested 3 for tablet 11753c4ba81e41189a264215b9d2f279. 1 dirs total, 0 dirs full, 0 dirs failed
I20260709 12:19:08.186203   570 data_dirs.cc:400] Could only allocate 1 dirs of requested 3 for tablet 629f08e0c6ad40cf89764ac7073acf06. 1 dirs total, 0 dirs full, 0 dirs failed
I20260709 12:19:08.186753   648 data_dirs.cc:400] Could only allocate 1 dirs of requested 3 for tablet d46f312b23f94f5d8dc1dbef3f715a4e. 1 dirs total, 0 dirs full, 0 dirs failed
I20260709 12:19:08.188210   647 data_dirs.cc:400] Could only allocate 1 dirs of requested 3 for tablet 81d69026f219434690ea1ac6cc3a4978. 1 dirs total, 0 dirs full, 0 dirs failed
I20260709 12:19:08.189682   645 data_dirs.cc:400] Could only allocate 1 dirs of requested 3 for tablet 629f08e0c6ad40cf89764ac7073acf06. 1 dirs total, 0 dirs full, 0 dirs failed
I20260709 12:19:08.198237   646 data_dirs.cc:400] Could only allocate 1 dirs of requested 3 for tablet 6943b6292188437f8fecb9dbeb84228f. 1 dirs total, 0 dirs full, 0 dirs failed
I20260709 12:19:08.190198   571 data_dirs.cc:400] Could only allocate 1 dirs of requested 3 for tablet 6943b6292188437f8fecb9dbeb84228f. 1 dirs total, 0 dirs full, 0 dirs failed
I20260709 12:19:08.203836   572 data_dirs.cc:400] Could only allocate 1 dirs of requested 3 for tablet 81d69026f219434690ea1ac6cc3a4978. 1 dirs total, 0 dirs full, 0 dirs failed
I20260709 12:19:08.206224   573 data_dirs.cc:400] Could only allocate 1 dirs of requested 3 for tablet d46f312b23f94f5d8dc1dbef3f715a4e. 1 dirs total, 0 dirs full, 0 dirs failed
I20260709 12:19:08.207504   577 data_dirs.cc:400] Could only allocate 1 dirs of requested 3 for tablet 067521c18024499c930d4789c39993fd. 1 dirs total, 0 dirs full, 0 dirs failed
I20260709 12:19:08.184882   728 tablet_service.cc:1511] Processing CreateTablet for tablet 6943b6292188437f8fecb9dbeb84228f (DEFAULT_TABLE table=test-workload [id=8f8cd13fc3c94777995d85a229283ce4]), partition=RANGE (key) PARTITION 1717986912 <= VALUES < 1932735276
I20260709 12:19:08.208858   575 data_dirs.cc:400] Could only allocate 1 dirs of requested 3 for tablet 4168d89285864cf5b07b00684aee6a89. 1 dirs total, 0 dirs full, 0 dirs failed
I20260709 12:19:08.208940   728 data_dirs.cc:400] Could only allocate 1 dirs of requested 3 for tablet 6943b6292188437f8fecb9dbeb84228f. 1 dirs total, 0 dirs full, 0 dirs failed
I20260709 12:19:08.233547   780 tablet_bootstrap.cc:654] T 65f0f6895a724f8d9d589a22e60c654f P d543861893224370acf855a059a852e8: Neither blocks nor log segments found. Creating new log.
I20260709 12:19:08.242292   779 tablet_bootstrap.cc:654] T ad7f90a7dea24e1c98f1b49351a69632 P e39d2043af3a499e95cf628097bfe069: Neither blocks nor log segments found. Creating new log.
I20260709 12:19:08.186175   727 tablet_service.cc:1511] Processing CreateTablet for tablet 81d69026f219434690ea1ac6cc3a4978 (DEFAULT_TABLE table=test-workload [id=8f8cd13fc3c94777995d85a229283ce4]), partition=RANGE (key) PARTITION 1503238548 <= VALUES < 1717986912
I20260709 12:19:08.263059   727 data_dirs.cc:400] Could only allocate 1 dirs of requested 3 for tablet 81d69026f219434690ea1ac6cc3a4978. 1 dirs total, 0 dirs full, 0 dirs failed
I20260709 12:19:08.279834   779 tablet_bootstrap.cc:492] T ad7f90a7dea24e1c98f1b49351a69632 P e39d2043af3a499e95cf628097bfe069: No bootstrap required, opened a new log
I20260709 12:19:08.280344   779 ts_tablet_manager.cc:1403] T ad7f90a7dea24e1c98f1b49351a69632 P e39d2043af3a499e95cf628097bfe069: Time spent bootstrapping tablet: real 0.109s	user 0.000s	sys 0.012s
