I20260709 12:19:03.629362 26822 consensus_queue.cc:260] T 4a5edb6364ef407ea2d8231db56192a4 P ac563d2b8bfc4377b15212561a791b5d [NON_LEADER]: Queue going to NON_LEADER mode. State: All replicated index: 0, Majority replicated index: 0, Committed index: 0, Last appended: 0.0, Last appended by leader: 0, Current term: 0, Majority size: -1, State: 0, Mode: NON_LEADER, active raft config: opid_index: -1 OBSOLETE_local: false peers { permanent_uuid: "3468726c8180449680343e53f1ba9a9a" member_type: VOTER last_known_addr { host: "127.25.97.129" port: 37527 } } peers { permanent_uuid: "ac563d2b8bfc4377b15212561a791b5d" member_type: VOTER last_known_addr { host: "127.25.97.130" port: 44845 } } peers { permanent_uuid: "6b78ce8125f3404f855d5520f882e7a0" member_type: VOTER last_known_addr { host: "127.25.97.131" port: 33547 } }
I20260709 12:19:03.629729 26824 ts_tablet_manager.cc:1434] T 307120f228b042ca9706b722cfbdfe77 P 6b78ce8125f3404f855d5520f882e7a0: Time spent starting tablet: real 0.007s	user 0.005s	sys 0.000s
I20260709 12:19:03.630031 26823 raft_consensus.cc:740] T b9c930eeb9d041a18c79fb00d35ec6f6 P 3468726c8180449680343e53f1ba9a9a [term 0 FOLLOWER]: Becoming Follower/Learner. State: Replica: 3468726c8180449680343e53f1ba9a9a, State: Initialized, Role: FOLLOWER
I20260709 12:19:03.630029 26527 catalog_manager.cc:5697] T a4fc558e9b50459f9ebfb31fb8ae5772 P ac563d2b8bfc4377b15212561a791b5d reported cstate change: term changed from 0 to 1, leader changed from <none> to ac563d2b8bfc4377b15212561a791b5d (127.25.97.130). New cstate: current_term: 1 leader_uuid: "ac563d2b8bfc4377b15212561a791b5d" committed_config { opid_index: -1 OBSOLETE_local: false peers { permanent_uuid: "3468726c8180449680343e53f1ba9a9a" member_type: VOTER last_known_addr { host: "127.25.97.129" port: 37527 } health_report { overall_health: UNKNOWN } } peers { permanent_uuid: "ac563d2b8bfc4377b15212561a791b5d" member_type: VOTER last_known_addr { host: "127.25.97.130" port: 44845 } health_report { overall_health: HEALTHY } } peers { permanent_uuid: "6b78ce8125f3404f855d5520f882e7a0" member_type: VOTER last_known_addr { host: "127.25.97.131" port: 33547 } health_report { overall_health: UNKNOWN } } }
I20260709 12:19:03.630892 26823 consensus_queue.cc:260] T b9c930eeb9d041a18c79fb00d35ec6f6 P 3468726c8180449680343e53f1ba9a9a [NON_LEADER]: Queue going to NON_LEADER mode. State: All replicated index: 0, Majority replicated index: 0, Committed index: 0, Last appended: 0.0, Last appended by leader: 0, Current term: 0, Majority size: -1, State: 0, Mode: NON_LEADER, active raft config: opid_index: -1 OBSOLETE_local: false peers { permanent_uuid: "3468726c8180449680343e53f1ba9a9a" member_type: VOTER last_known_addr { host: "127.25.97.129" port: 37527 } } peers { permanent_uuid: "ac563d2b8bfc4377b15212561a791b5d" member_type: VOTER last_known_addr { host: "127.25.97.130" port: 44845 } } peers { permanent_uuid: "6b78ce8125f3404f855d5520f882e7a0" member_type: VOTER last_known_addr { host: "127.25.97.131" port: 33547 } }
I20260709 12:19:03.630914 26824 tablet_bootstrap.cc:492] T 4a5edb6364ef407ea2d8231db56192a4 P 6b78ce8125f3404f855d5520f882e7a0: Bootstrap starting.
I20260709 12:19:03.633461 26823 ts_tablet_manager.cc:1434] T b9c930eeb9d041a18c79fb00d35ec6f6 P 3468726c8180449680343e53f1ba9a9a: Time spent starting tablet: real 0.008s	user 0.006s	sys 0.000s
I20260709 12:19:03.632699 26822 ts_tablet_manager.cc:1434] T 4a5edb6364ef407ea2d8231db56192a4 P ac563d2b8bfc4377b15212561a791b5d: Time spent starting tablet: real 0.009s	user 0.003s	sys 0.003s
I20260709 12:19:03.634478 26822 tablet_bootstrap.cc:492] T a797ca98808c49efb5049bd180d795e2 P ac563d2b8bfc4377b15212561a791b5d: Bootstrap starting.
I20260709 12:19:03.639226 26824 tablet_bootstrap.cc:654] T 4a5edb6364ef407ea2d8231db56192a4 P 6b78ce8125f3404f855d5520f882e7a0: Neither blocks nor log segments found. Creating new log.
I20260709 12:19:03.640267 26822 tablet_bootstrap.cc:654] T a797ca98808c49efb5049bd180d795e2 P ac563d2b8bfc4377b15212561a791b5d: Neither blocks nor log segments found. Creating new log.
I20260709 12:19:03.641390 26829 raft_consensus.cc:493] T a65e09910b844b24b13a8a4dbce9779b P 3468726c8180449680343e53f1ba9a9a [term 0 FOLLOWER]: Starting pre-election (no leader contacted us within the election timeout)
I20260709 12:19:03.641830 26829 raft_consensus.cc:515] T a65e09910b844b24b13a8a4dbce9779b P 3468726c8180449680343e53f1ba9a9a [term 0 FOLLOWER]: Starting pre-election with config: opid_index: -1 OBSOLETE_local: false peers { permanent_uuid: "3468726c8180449680343e53f1ba9a9a" member_type: VOTER last_known_addr { host: "127.25.97.129" port: 37527 } } peers { permanent_uuid: "ac563d2b8bfc4377b15212561a791b5d" member_type: VOTER last_known_addr { host: "127.25.97.130" port: 44845 } } peers { permanent_uuid: "6b78ce8125f3404f855d5520f882e7a0" member_type: VOTER last_known_addr { host: "127.25.97.131" port: 33547 } }
I20260709 12:19:03.647728 26823 tablet_bootstrap.cc:492] T a797ca98808c49efb5049bd180d795e2 P 3468726c8180449680343e53f1ba9a9a: Bootstrap starting.
I20260709 12:19:03.650070 26829 leader_election.cc:290] T a65e09910b844b24b13a8a4dbce9779b P 3468726c8180449680343e53f1ba9a9a [CANDIDATE]: Term 1 pre-election: Requested pre-vote from peers ac563d2b8bfc4377b15212561a791b5d (127.25.97.130:44845), 6b78ce8125f3404f855d5520f882e7a0 (127.25.97.131:33547)
I20260709 12:19:03.651034 26822 tablet_bootstrap.cc:492] T a797ca98808c49efb5049bd180d795e2 P ac563d2b8bfc4377b15212561a791b5d: No bootstrap required, opened a new log
I20260709 12:19:03.651520 26822 ts_tablet_manager.cc:1403] T a797ca98808c49efb5049bd180d795e2 P ac563d2b8bfc4377b15212561a791b5d: Time spent bootstrapping tablet: real 0.017s	user 0.007s	sys 0.005s
I20260709 12:19:03.654210 26822 raft_consensus.cc:359] T a797ca98808c49efb5049bd180d795e2 P ac563d2b8bfc4377b15212561a791b5d [term 0 FOLLOWER]: Replica starting. Triggering 0 pending ops. Active config: opid_index: -1 OBSOLETE_local: false peers { permanent_uuid: "3468726c8180449680343e53f1ba9a9a" member_type: VOTER last_known_addr { host: "127.25.97.129" port: 37527 } } peers { permanent_uuid: "ac563d2b8bfc4377b15212561a791b5d" member_type: VOTER last_known_addr { host: "127.25.97.130" port: 44845 } } peers { permanent_uuid: "6b78ce8125f3404f855d5520f882e7a0" member_type: VOTER last_known_addr { host: "127.25.97.131" port: 33547 } }
I20260709 12:19:03.655067 26822 raft_consensus.cc:385] T a797ca98808c49efb5049bd180d795e2 P ac563d2b8bfc4377b15212561a791b5d [term 0 FOLLOWER]: Consensus starting up: Expiring failure detector timer to make a prompt election more likely
I20260709 12:19:03.655349 26822 raft_consensus.cc:740] T a797ca98808c49efb5049bd180d795e2 P ac563d2b8bfc4377b15212561a791b5d [term 0 FOLLOWER]: Becoming Follower/Learner. State: Replica: ac563d2b8bfc4377b15212561a791b5d, State: Initialized, Role: FOLLOWER
I20260709 12:19:03.655787 26824 tablet_bootstrap.cc:492] T 4a5edb6364ef407ea2d8231db56192a4 P 6b78ce8125f3404f855d5520f882e7a0: No bootstrap required, opened a new log
I20260709 12:19:03.656271 26824 ts_tablet_manager.cc:1403] T 4a5edb6364ef407ea2d8231db56192a4 P 6b78ce8125f3404f855d5520f882e7a0: Time spent bootstrapping tablet: real 0.026s	user 0.005s	sys 0.008s
I20260709 12:19:03.656085 26822 consensus_queue.cc:260] T a797ca98808c49efb5049bd180d795e2 P ac563d2b8bfc4377b15212561a791b5d [NON_LEADER]: Queue going to NON_LEADER mode. State: All replicated index: 0, Majority replicated index: 0, Committed index: 0, Last appended: 0.0, Last appended by leader: 0, Current term: 0, Majority size: -1, State: 0, Mode: NON_LEADER, active raft config: opid_index: -1 OBSOLETE_local: false peers { permanent_uuid: "3468726c8180449680343e53f1ba9a9a" member_type: VOTER last_known_addr { host: "127.25.97.129" port: 37527 } } peers { permanent_uuid: "ac563d2b8bfc4377b15212561a791b5d" member_type: VOTER last_known_addr { host: "127.25.97.130" port: 44845 } } peers { permanent_uuid: "6b78ce8125f3404f855d5520f882e7a0" member_type: VOTER last_known_addr { host: "127.25.97.131" port: 33547 } }
I20260709 12:19:03.658468 26822 ts_tablet_manager.cc:1434] T a797ca98808c49efb5049bd180d795e2 P ac563d2b8bfc4377b15212561a791b5d: Time spent starting tablet: real 0.007s	user 0.008s	sys 0.000s
I20260709 12:19:03.658980 26824 raft_consensus.cc:359] T 4a5edb6364ef407ea2d8231db56192a4 P 6b78ce8125f3404f855d5520f882e7a0 [term 0 FOLLOWER]: Replica starting. Triggering 0 pending ops. Active config: opid_index: -1 OBSOLETE_local: false peers { permanent_uuid: "3468726c8180449680343e53f1ba9a9a" member_type: VOTER last_known_addr { host: "127.25.97.129" port: 37527 } } peers { permanent_uuid: "ac563d2b8bfc4377b15212561a791b5d" member_type: VOTER last_known_addr { host: "127.25.97.130" port: 44845 } } peers { permanent_uuid: "6b78ce8125f3404f855d5520f882e7a0" member_type: VOTER last_known_addr { host: "127.25.97.131" port: 33547 } }
I20260709 12:19:03.659396 26822 tablet_bootstrap.cc:492] T 5b2a5da372bd4e5398d58b7daaf256c8 P ac563d2b8bfc4377b15212561a791b5d: Bootstrap starting.
I20260709 12:19:03.659678 26824 raft_consensus.cc:385] T 4a5edb6364ef407ea2d8231db56192a4 P 6b78ce8125f3404f855d5520f882e7a0 [term 0 FOLLOWER]: Consensus starting up: Expiring failure detector timer to make a prompt election more likely
I20260709 12:19:03.659982 26824 raft_consensus.cc:740] T 4a5edb6364ef407ea2d8231db56192a4 P 6b78ce8125f3404f855d5520f882e7a0 [term 0 FOLLOWER]: Becoming Follower/Learner. State: Replica: 6b78ce8125f3404f855d5520f882e7a0, State: Initialized, Role: FOLLOWER
I20260709 12:19:03.660944 26824 consensus_queue.cc:260] T 4a5edb6364ef407ea2d8231db56192a4 P 6b78ce8125f3404f855d5520f882e7a0 [NON_LEADER]: Queue going to NON_LEADER mode. State: All replicated index: 0, Majority replicated index: 0, Committed index: 0, Last appended: 0.0, Last appended by leader: 0, Current term: 0, Majority size: -1, State: 0, Mode: NON_LEADER, active raft config: opid_index: -1 OBSOLETE_local: false peers { permanent_uuid: "3468726c8180449680343e53f1ba9a9a" member_type: VOTER last_known_addr { host: "127.25.97.129" port: 37527 } } peers { permanent_uuid: "ac563d2b8bfc4377b15212561a791b5d" member_type: VOTER last_known_addr { host: "127.25.97.130" port: 44845 } } peers { permanent_uuid: "6b78ce8125f3404f855d5520f882e7a0" member_type: VOTER last_known_addr { host: "127.25.97.131" port: 33547 } }
I20260709 12:19:03.663041 26824 ts_tablet_manager.cc:1434] T 4a5edb6364ef407ea2d8231db56192a4 P 6b78ce8125f3404f855d5520f882e7a0: Time spent starting tablet: real 0.006s	user 0.005s	sys 0.000s
I20260709 12:19:03.664294 26824 tablet_bootstrap.cc:492] T fd2d6a2bdddb4f3ab067e6a8412ebff1 P 6b78ce8125f3404f855d5520f882e7a0: Bootstrap starting.
I20260709 12:19:03.666270 26822 tablet_bootstrap.cc:654] T 5b2a5da372bd4e5398d58b7daaf256c8 P ac563d2b8bfc4377b15212561a791b5d: Neither blocks nor log segments found. Creating new log.
I20260709 12:19:03.654211 26823 tablet_bootstrap.cc:654] T a797ca98808c49efb5049bd180d795e2 P 3468726c8180449680343e53f1ba9a9a: Neither blocks nor log segments found. Creating new log.
I20260709 12:19:03.669502 26829 raft_consensus.cc:493] T 307120f228b042ca9706b722cfbdfe77 P 3468726c8180449680343e53f1ba9a9a [term 0 FOLLOWER]: Starting pre-election (no leader contacted us within the election timeout)
I20260709 12:19:03.669946 26829 raft_consensus.cc:515] T 307120f228b042ca9706b722cfbdfe77 P 3468726c8180449680343e53f1ba9a9a [term 0 FOLLOWER]: Starting pre-election with config: opid_index: -1 OBSOLETE_local: false peers { permanent_uuid: "3468726c8180449680343e53f1ba9a9a" member_type: VOTER last_known_addr { host: "127.25.97.129" port: 37527 } } peers { permanent_uuid: "ac563d2b8bfc4377b15212561a791b5d" member_type: VOTER last_known_addr { host: "127.25.97.130" port: 44845 } } peers { permanent_uuid: "6b78ce8125f3404f855d5520f882e7a0" member_type: VOTER last_known_addr { host: "127.25.97.131" port: 33547 } }
I20260709 12:19:03.671857 26829 leader_election.cc:290] T 307120f228b042ca9706b722cfbdfe77 P 3468726c8180449680343e53f1ba9a9a [CANDIDATE]: Term 1 pre-election: Requested pre-vote from peers ac563d2b8bfc4377b15212561a791b5d (127.25.97.130:44845), 6b78ce8125f3404f855d5520f882e7a0 (127.25.97.131:33547)
I20260709 12:19:03.673358 26824 tablet_bootstrap.cc:654] T fd2d6a2bdddb4f3ab067e6a8412ebff1 P 6b78ce8125f3404f855d5520f882e7a0: Neither blocks nor log segments found. Creating new log.
I20260709 12:19:03.686969 26824 tablet_bootstrap.cc:492] T fd2d6a2bdddb4f3ab067e6a8412ebff1 P 6b78ce8125f3404f855d5520f882e7a0: No bootstrap required, opened a new log
I20260709 12:19:03.687376 26824 ts_tablet_manager.cc:1403] T fd2d6a2bdddb4f3ab067e6a8412ebff1 P 6b78ce8125f3404f855d5520f882e7a0: Time spent bootstrapping tablet: real 0.023s	user 0.007s	sys 0.011s
I20260709 12:19:03.689862 26782 tablet_service.cc:1917] Received RequestConsensusVote() RPC: tablet_id: "a65e09910b844b24b13a8a4dbce9779b" candidate_uuid: "3468726c8180449680343e53f1ba9a9a" candidate_term: 1 candidate_status { last_received { term: 0 index: 0 } } ignore_live_leader: false dest_uuid: "6b78ce8125f3404f855d5520f882e7a0" is_pre_election: true
I20260709 12:19:03.689908 26781 tablet_service.cc:1917] Received RequestConsensusVote() RPC: tablet_id: "307120f228b042ca9706b722cfbdfe77" candidate_uuid: "3468726c8180449680343e53f1ba9a9a" candidate_term: 1 candidate_status { last_received { term: 0 index: 0 } } ignore_live_leader: false dest_uuid: "6b78ce8125f3404f855d5520f882e7a0" is_pre_election: true
I20260709 12:19:03.690011 26824 raft_consensus.cc:359] T fd2d6a2bdddb4f3ab067e6a8412ebff1 P 6b78ce8125f3404f855d5520f882e7a0 [term 0 FOLLOWER]: Replica starting. Triggering 0 pending ops. Active config: opid_index: -1 OBSOLETE_local: false peers { permanent_uuid: "3468726c8180449680343e53f1ba9a9a" member_type: VOTER last_known_addr { host: "127.25.97.129" port: 37527 } } peers { permanent_uuid: "ac563d2b8bfc4377b15212561a791b5d" member_type: VOTER last_known_addr { host: "127.25.97.130" port: 44845 } } peers { permanent_uuid: "6b78ce8125f3404f855d5520f882e7a0" member_type: VOTER last_known_addr { host: "127.25.97.131" port: 33547 } }
I20260709 12:19:03.690721 26781 raft_consensus.cc:2468] T 307120f228b042ca9706b722cfbdfe77 P 6b78ce8125f3404f855d5520f882e7a0 [term 0 FOLLOWER]: Leader pre-election vote request: Granting yes vote for candidate 3468726c8180449680343e53f1ba9a9a in term 0.
I20260709 12:19:03.690884 26824 raft_consensus.cc:385] T fd2d6a2bdddb4f3ab067e6a8412ebff1 P 6b78ce8125f3404f855d5520f882e7a0 [term 0 FOLLOWER]: Consensus starting up: Expiring failure detector timer to make a prompt election more likely
I20260709 12:19:03.691216 26824 raft_consensus.cc:740] T fd2d6a2bdddb4f3ab067e6a8412ebff1 P 6b78ce8125f3404f855d5520f882e7a0 [term 0 FOLLOWER]: Becoming Follower/Learner. State: Replica: 6b78ce8125f3404f855d5520f882e7a0, State: Initialized, Role: FOLLOWER
W20260709 12:19:03.691679 26598 leader_election.cc:343] T a65e09910b844b24b13a8a4dbce9779b P 3468726c8180449680343e53f1ba9a9a [CANDIDATE]: Term 1 pre-election: Tablet error from VoteRequest() call to peer 6b78ce8125f3404f855d5520f882e7a0 (127.25.97.131:33547): Illegal state: must be running to vote when last-logged opid is not known
I20260709 12:19:03.692023 26824 consensus_queue.cc:260] T fd2d6a2bdddb4f3ab067e6a8412ebff1 P 6b78ce8125f3404f855d5520f882e7a0 [NON_LEADER]: Queue going to NON_LEADER mode. State: All replicated index: 0, Majority replicated index: 0, Committed index: 0, Last appended: 0.0, Last appended by leader: 0, Current term: 0, Majority size: -1, State: 0, Mode: NON_LEADER, active raft config: opid_index: -1 OBSOLETE_local: false peers { permanent_uuid: "3468726c8180449680343e53f1ba9a9a" member_type: VOTER last_known_addr { host: "127.25.97.129" port: 37527 } } peers { permanent_uuid: "ac563d2b8bfc4377b15212561a791b5d" member_type: VOTER last_known_addr { host: "127.25.97.130" port: 44845 } } peers { permanent_uuid: "6b78ce8125f3404f855d5520f882e7a0" member_type: VOTER last_known_addr { host: "127.25.97.131" port: 33547 } }
I20260709 12:19:03.692546 26598 leader_election.cc:304] T 307120f228b042ca9706b722cfbdfe77 P 3468726c8180449680343e53f1ba9a9a [CANDIDATE]: Term 1 pre-election: Election decided. Result: candidate won. Election summary: received 2 responses out of 3 voters: 2 yes votes; 0 no votes. yes voters: 3468726c8180449680343e53f1ba9a9a, 6b78ce8125f3404f855d5520f882e7a0; no voters: 
I20260709 12:19:03.693409 26829 raft_consensus.cc:2804] T 307120f228b042ca9706b722cfbdfe77 P 3468726c8180449680343e53f1ba9a9a [term 0 FOLLOWER]: Leader pre-election won for term 1
I20260709 12:19:03.693766 26829 raft_consensus.cc:493] T 307120f228b042ca9706b722cfbdfe77 P 3468726c8180449680343e53f1ba9a9a [term 0 FOLLOWER]: Starting leader election (no leader contacted us within the election timeout)
I20260709 12:19:03.694087 26829 raft_consensus.cc:3060] T 307120f228b042ca9706b722cfbdfe77 P 3468726c8180449680343e53f1ba9a9a [term 0 FOLLOWER]: Advancing to term 1
I20260709 12:19:03.697225 26824 ts_tablet_manager.cc:1434] T fd2d6a2bdddb4f3ab067e6a8412ebff1 P 6b78ce8125f3404f855d5520f882e7a0: Time spent starting tablet: real 0.009s	user 0.006s	sys 0.000s
I20260709 12:19:03.698273 26824 tablet_bootstrap.cc:492] T a797ca98808c49efb5049bd180d795e2 P 6b78ce8125f3404f855d5520f882e7a0: Bootstrap starting.
I20260709 12:19:03.704756 26824 tablet_bootstrap.cc:654] T a797ca98808c49efb5049bd180d795e2 P 6b78ce8125f3404f855d5520f882e7a0: Neither blocks nor log segments found. Creating new log.
I20260709 12:19:03.711796 26829 raft_consensus.cc:515] T 307120f228b042ca9706b722cfbdfe77 P 3468726c8180449680343e53f1ba9a9a [term 1 FOLLOWER]: Starting leader election with config: opid_index: -1 OBSOLETE_local: false peers { permanent_uuid: "3468726c8180449680343e53f1ba9a9a" member_type: VOTER last_known_addr { host: "127.25.97.129" port: 37527 } } peers { permanent_uuid: "ac563d2b8bfc4377b15212561a791b5d" member_type: VOTER last_known_addr { host: "127.25.97.130" port: 44845 } } peers { permanent_uuid: "6b78ce8125f3404f855d5520f882e7a0" member_type: VOTER last_known_addr { host: "127.25.97.131" port: 33547 } }
I20260709 12:19:03.715034 26781 tablet_service.cc:1917] Received RequestConsensusVote() RPC: tablet_id: "307120f228b042ca9706b722cfbdfe77" candidate_uuid: "3468726c8180449680343e53f1ba9a9a" candidate_term: 1 candidate_status { last_received { term: 0 index: 0 } } ignore_live_leader: false dest_uuid: "6b78ce8125f3404f855d5520f882e7a0"
I20260709 12:19:03.715582 26781 raft_consensus.cc:3060] T 307120f228b042ca9706b722cfbdfe77 P 6b78ce8125f3404f855d5520f882e7a0 [term 0 FOLLOWER]: Advancing to term 1
I20260709 12:19:03.716224 26829 leader_election.cc:290] T 307120f228b042ca9706b722cfbdfe77 P 3468726c8180449680343e53f1ba9a9a [CANDIDATE]: Term 1 election: Requested vote from peers ac563d2b8bfc4377b15212561a791b5d (127.25.97.130:44845), 6b78ce8125f3404f855d5520f882e7a0 (127.25.97.131:33547)
I20260709 12:19:03.716342 26824 tablet_bootstrap.cc:492] T a797ca98808c49efb5049bd180d795e2 P 6b78ce8125f3404f855d5520f882e7a0: No bootstrap required, opened a new log
I20260709 12:19:03.716770 26829 raft_consensus.cc:493] T fd2d6a2bdddb4f3ab067e6a8412ebff1 P 3468726c8180449680343e53f1ba9a9a [term 0 FOLLOWER]: Starting pre-election (no leader contacted us within the election timeout)
I20260709 12:19:03.716966 26824 ts_tablet_manager.cc:1403] T a797ca98808c49efb5049bd180d795e2 P 6b78ce8125f3404f855d5520f882e7a0: Time spent bootstrapping tablet: real 0.019s	user 0.017s	sys 0.000s
I20260709 12:19:03.719941 26824 raft_consensus.cc:359] T a797ca98808c49efb5049bd180d795e2 P 6b78ce8125f3404f855d5520f882e7a0 [term 0 FOLLOWER]: Replica starting. Triggering 0 pending ops. Active config: opid_index: -1 OBSOLETE_local: false peers { permanent_uuid: "3468726c8180449680343e53f1ba9a9a" member_type: VOTER last_known_addr { host: "127.25.97.129" port: 37527 } } peers { permanent_uuid: "ac563d2b8bfc4377b15212561a791b5d" member_type: VOTER last_known_addr { host: "127.25.97.130" port: 44845 } } peers { permanent_uuid: "6b78ce8125f3404f855d5520f882e7a0" member_type: VOTER last_known_addr { host: "127.25.97.131" port: 33547 } }
I20260709 12:19:03.720655 26824 raft_consensus.cc:385] T a797ca98808c49efb5049bd180d795e2 P 6b78ce8125f3404f855d5520f882e7a0 [term 0 FOLLOWER]: Consensus starting up: Expiring failure detector timer to make a prompt election more likely
I20260709 12:19:03.720947 26824 raft_consensus.cc:740] T a797ca98808c49efb5049bd180d795e2 P 6b78ce8125f3404f855d5520f882e7a0 [term 0 FOLLOWER]: Becoming Follower/Learner. State: Replica: 6b78ce8125f3404f855d5520f882e7a0, State: Initialized, Role: FOLLOWER
I20260709 12:19:03.721624 26829 raft_consensus.cc:515] T fd2d6a2bdddb4f3ab067e6a8412ebff1 P 3468726c8180449680343e53f1ba9a9a [term 0 FOLLOWER]: Starting pre-election with config: opid_index: -1 OBSOLETE_local: false peers { permanent_uuid: "3468726c8180449680343e53f1ba9a9a" member_type: VOTER last_known_addr { host: "127.25.97.129" port: 37527 } } peers { permanent_uuid: "ac563d2b8bfc4377b15212561a791b5d" member_type: VOTER last_known_addr { host: "127.25.97.130" port: 44845 } } peers { permanent_uuid: "6b78ce8125f3404f855d5520f882e7a0" member_type: VOTER last_known_addr { host: "127.25.97.131" port: 33547 } }
I20260709 12:19:03.721817 26824 consensus_queue.cc:260] T a797ca98808c49efb5049bd180d795e2 P 6b78ce8125f3404f855d5520f882e7a0 [NON_LEADER]: Queue going to NON_LEADER mode. State: All replicated index: 0, Majority replicated index: 0, Committed index: 0, Last appended: 0.0, Last appended by leader: 0, Current term: 0, Majority size: -1, State: 0, Mode: NON_LEADER, active raft config: opid_index: -1 OBSOLETE_local: false peers { permanent_uuid: "3468726c8180449680343e53f1ba9a9a" member_type: VOTER last_known_addr { host: "127.25.97.129" port: 37527 } } peers { permanent_uuid: "ac563d2b8bfc4377b15212561a791b5d" member_type: VOTER last_known_addr { host: "127.25.97.130" port: 44845 } } peers { permanent_uuid: "6b78ce8125f3404f855d5520f882e7a0" member_type: VOTER last_known_addr { host: "127.25.97.131" port: 33547 } }
I20260709 12:19:03.722735 26781 raft_consensus.cc:2468] T 307120f228b042ca9706b722cfbdfe77 P 6b78ce8125f3404f855d5520f882e7a0 [term 1 FOLLOWER]: Leader election vote request: Granting yes vote for candidate 3468726c8180449680343e53f1ba9a9a in term 1.
I20260709 12:19:03.723503 26829 leader_election.cc:290] T fd2d6a2bdddb4f3ab067e6a8412ebff1 P 3468726c8180449680343e53f1ba9a9a [CANDIDATE]: Term 1 pre-election: Requested pre-vote from peers ac563d2b8bfc4377b15212561a791b5d (127.25.97.130:44845), 6b78ce8125f3404f855d5520f882e7a0 (127.25.97.131:33547)
I20260709 12:19:03.724248 26598 leader_election.cc:304] T 307120f228b042ca9706b722cfbdfe77 P 3468726c8180449680343e53f1ba9a9a [CANDIDATE]: Term 1 election: Election decided. Result: candidate won. Election summary: received 2 responses out of 3 voters: 2 yes votes; 0 no votes. yes voters: 3468726c8180449680343e53f1ba9a9a, 6b78ce8125f3404f855d5520f882e7a0; no voters: 
I20260709 12:19:03.725162 26850 raft_consensus.cc:2804] T 307120f228b042ca9706b722cfbdfe77 P 3468726c8180449680343e53f1ba9a9a [term 1 FOLLOWER]: Leader election won for term 1
I20260709 12:19:03.725253 26782 tablet_service.cc:1917] Received RequestConsensusVote() RPC: tablet_id: "fd2d6a2bdddb4f3ab067e6a8412ebff1" candidate_uuid: "3468726c8180449680343e53f1ba9a9a" candidate_term: 1 candidate_status { last_received { term: 0 index: 0 } } ignore_live_leader: false dest_uuid: "6b78ce8125f3404f855d5520f882e7a0" is_pre_election: true
I20260709 12:19:03.725891 26782 raft_consensus.cc:2468] T fd2d6a2bdddb4f3ab067e6a8412ebff1 P 6b78ce8125f3404f855d5520f882e7a0 [term 0 FOLLOWER]: Leader pre-election vote request: Granting yes vote for candidate 3468726c8180449680343e53f1ba9a9a in term 0.
I20260709 12:19:03.726329 26850 raft_consensus.cc:697] T 307120f228b042ca9706b722cfbdfe77 P 3468726c8180449680343e53f1ba9a9a [term 1 LEADER]: Becoming Leader. State: Replica: 3468726c8180449680343e53f1ba9a9a, State: Running, Role: LEADER
I20260709 12:19:03.726919 26598 leader_election.cc:304] T fd2d6a2bdddb4f3ab067e6a8412ebff1 P 3468726c8180449680343e53f1ba9a9a [CANDIDATE]: Term 1 pre-election: Election decided. Result: candidate won. Election summary: received 2 responses out of 3 voters: 2 yes votes; 0 no votes. yes voters: 3468726c8180449680343e53f1ba9a9a, 6b78ce8125f3404f855d5520f882e7a0; no voters: 
I20260709 12:19:03.727655 26829 raft_consensus.cc:2804] T fd2d6a2bdddb4f3ab067e6a8412ebff1 P 3468726c8180449680343e53f1ba9a9a [term 0 FOLLOWER]: Leader pre-election won for term 1
I20260709 12:19:03.727828 26708 tablet_service.cc:1917] Received RequestConsensusVote() RPC: tablet_id: "a65e09910b844b24b13a8a4dbce9779b" candidate_uuid: "3468726c8180449680343e53f1ba9a9a" candidate_term: 1 candidate_status { last_received { term: 0 index: 0 } } ignore_live_leader: false dest_uuid: "ac563d2b8bfc4377b15212561a791b5d" is_pre_election: true
I20260709 12:19:03.728029 26829 raft_consensus.cc:493] T fd2d6a2bdddb4f3ab067e6a8412ebff1 P 3468726c8180449680343e53f1ba9a9a [term 0 FOLLOWER]: Starting leader election (no leader contacted us within the election timeout)
I20260709 12:19:03.728525 26829 raft_consensus.cc:3060] T fd2d6a2bdddb4f3ab067e6a8412ebff1 P 3468726c8180449680343e53f1ba9a9a [term 0 FOLLOWER]: Advancing to term 1
I20260709 12:19:03.729777 26708 tablet_service.cc:1917] Received RequestConsensusVote() RPC: tablet_id: "307120f228b042ca9706b722cfbdfe77" candidate_uuid: "3468726c8180449680343e53f1ba9a9a" candidate_term: 1 candidate_status { last_received { term: 0 index: 0 } } ignore_live_leader: false dest_uuid: "ac563d2b8bfc4377b15212561a791b5d" is_pre_election: true
I20260709 12:19:03.730814 26824 ts_tablet_manager.cc:1434] T a797ca98808c49efb5049bd180d795e2 P 6b78ce8125f3404f855d5520f882e7a0: Time spent starting tablet: real 0.013s	user 0.006s	sys 0.000s
I20260709 12:19:03.731673 26822 tablet_bootstrap.cc:492] T 5b2a5da372bd4e5398d58b7daaf256c8 P ac563d2b8bfc4377b15212561a791b5d: No bootstrap required, opened a new log
I20260709 12:19:03.731628 26708 tablet_service.cc:1917] Received RequestConsensusVote() RPC: tablet_id: "307120f228b042ca9706b722cfbdfe77" candidate_uuid: "3468726c8180449680343e53f1ba9a9a" candidate_term: 1 candidate_status { last_received { term: 0 index: 0 } } ignore_live_leader: false dest_uuid: "ac563d2b8bfc4377b15212561a791b5d"
I20260709 12:19:03.732234 26822 ts_tablet_manager.cc:1403] T 5b2a5da372bd4e5398d58b7daaf256c8 P ac563d2b8bfc4377b15212561a791b5d: Time spent bootstrapping tablet: real 0.073s	user 0.022s	sys 0.008s
I20260709 12:19:03.733520 26708 tablet_service.cc:1917] Received RequestConsensusVote() RPC: tablet_id: "fd2d6a2bdddb4f3ab067e6a8412ebff1" candidate_uuid: "3468726c8180449680343e53f1ba9a9a" candidate_term: 1 candidate_status { last_received { term: 0 index: 0 } } ignore_live_leader: false dest_uuid: "ac563d2b8bfc4377b15212561a791b5d" is_pre_election: true
I20260709 12:19:03.734191 26850 consensus_queue.cc:237] T 307120f228b042ca9706b722cfbdfe77 P 3468726c8180449680343e53f1ba9a9a [LEADER]: Queue going to LEADER mode. State: All replicated index: 0, Majority replicated index: 0, Committed index: 0, Last appended: 0.0, Last appended by leader: 0, Current term: 1, Majority size: 2, State: 0, Mode: LEADER, active raft config: opid_index: -1 OBSOLETE_local: false peers { permanent_uuid: "3468726c8180449680343e53f1ba9a9a" member_type: VOTER last_known_addr { host: "127.25.97.129" port: 37527 } } peers { permanent_uuid: "ac563d2b8bfc4377b15212561a791b5d" member_type: VOTER last_known_addr { host: "127.25.97.130" port: 44845 } } peers { permanent_uuid: "6b78ce8125f3404f855d5520f882e7a0" member_type: VOTER last_known_addr { host: "127.25.97.131" port: 33547 } }
I20260709 12:19:03.729806 26823 tablet_bootstrap.cc:492] T a797ca98808c49efb5049bd180d795e2 P 3468726c8180449680343e53f1ba9a9a: No bootstrap required, opened a new log
I20260709 12:19:03.735169 26822 raft_consensus.cc:359] T 5b2a5da372bd4e5398d58b7daaf256c8 P ac563d2b8bfc4377b15212561a791b5d [term 0 FOLLOWER]: Replica starting. Triggering 0 pending ops. Active config: opid_index: -1 OBSOLETE_local: false peers { permanent_uuid: "3468726c8180449680343e53f1ba9a9a" member_type: VOTER last_known_addr { host: "127.25.97.129" port: 37527 } } peers { permanent_uuid: "ac563d2b8bfc4377b15212561a791b5d" member_type: VOTER last_known_addr { host: "127.25.97.130" port: 44845 } } peers { permanent_uuid: "6b78ce8125f3404f855d5520f882e7a0" member_type: VOTER last_known_addr { host: "127.25.97.131" port: 33547 } }
W20260709 12:19:03.735086 26597 leader_election.cc:343] T a65e09910b844b24b13a8a4dbce9779b P 3468726c8180449680343e53f1ba9a9a [CANDIDATE]: Term 1 pre-election: Tablet error from VoteRequest() call to peer ac563d2b8bfc4377b15212561a791b5d (127.25.97.130:44845): Illegal state: must be running to vote when last-logged opid is not known
I20260709 12:19:03.736455 26597 leader_election.cc:304] T a65e09910b844b24b13a8a4dbce9779b P 3468726c8180449680343e53f1ba9a9a [CANDIDATE]: Term 1 pre-election: Election decided. Result: candidate lost. Election summary: received 3 responses out of 3 voters: 1 yes votes; 2 no votes. yes voters: 3468726c8180449680343e53f1ba9a9a; no voters: 6b78ce8125f3404f855d5520f882e7a0, ac563d2b8bfc4377b15212561a791b5d
I20260709 12:19:03.735984 26822 raft_consensus.cc:385] T 5b2a5da372bd4e5398d58b7daaf256c8 P ac563d2b8bfc4377b15212561a791b5d [term 0 FOLLOWER]: Consensus starting up: Expiring failure detector timer to make a prompt election more likely
I20260709 12:19:03.737689 26822 raft_consensus.cc:740] T 5b2a5da372bd4e5398d58b7daaf256c8 P ac563d2b8bfc4377b15212561a791b5d [term 0 FOLLOWER]: Becoming Follower/Learner. State: Replica: ac563d2b8bfc4377b15212561a791b5d, State: Initialized, Role: FOLLOWER
I20260709 12:19:03.737437 26829 raft_consensus.cc:515] T fd2d6a2bdddb4f3ab067e6a8412ebff1 P 3468726c8180449680343e53f1ba9a9a [term 1 FOLLOWER]: Starting leader election with config: opid_index: -1 OBSOLETE_local: false peers { permanent_uuid: "3468726c8180449680343e53f1ba9a9a" member_type: VOTER last_known_addr { host: "127.25.97.129" port: 37527 } } peers { permanent_uuid: "ac563d2b8bfc4377b15212561a791b5d" member_type: VOTER last_known_addr { host: "127.25.97.130" port: 44845 } } peers { permanent_uuid: "6b78ce8125f3404f855d5520f882e7a0" member_type: VOTER last_known_addr { host: "127.25.97.131" port: 33547 } }
I20260709 12:19:03.738708 26822 consensus_queue.cc:260] T 5b2a5da372bd4e5398d58b7daaf256c8 P ac563d2b8bfc4377b15212561a791b5d [NON_LEADER]: Queue going to NON_LEADER mode. State: All replicated index: 0, Majority replicated index: 0, Committed index: 0, Last appended: 0.0, Last appended by leader: 0, Current term: 0, Majority size: -1, State: 0, Mode: NON_LEADER, active raft config: opid_index: -1 OBSOLETE_local: false peers { permanent_uuid: "3468726c8180449680343e53f1ba9a9a" member_type: VOTER last_known_addr { host: "127.25.97.129" port: 37527 } } peers { permanent_uuid: "ac563d2b8bfc4377b15212561a791b5d" member_type: VOTER last_known_addr { host: "127.25.97.130" port: 44845 } } peers { permanent_uuid: "6b78ce8125f3404f855d5520f882e7a0" member_type: VOTER last_known_addr { host: "127.25.97.131" port: 33547 } }
I20260709 12:19:03.739579 26829 leader_election.cc:290] T fd2d6a2bdddb4f3ab067e6a8412ebff1 P 3468726c8180449680343e53f1ba9a9a [CANDIDATE]: Term 1 election: Requested vote from peers ac563d2b8bfc4377b15212561a791b5d (127.25.97.130:44845), 6b78ce8125f3404f855d5520f882e7a0 (127.25.97.131:33547)
I20260709 12:19:03.740054 26829 raft_consensus.cc:2749] T a65e09910b844b24b13a8a4dbce9779b P 3468726c8180449680343e53f1ba9a9a [term 0 FOLLOWER]: Leader pre-election lost for term 1. Reason: could not achieve majority
I20260709 12:19:03.737881 26824 tablet_bootstrap.cc:492] T 5b2a5da372bd4e5398d58b7daaf256c8 P 6b78ce8125f3404f855d5520f882e7a0: Bootstrap starting.
I20260709 12:19:03.735853 26823 ts_tablet_manager.cc:1403] T a797ca98808c49efb5049bd180d795e2 P 3468726c8180449680343e53f1ba9a9a: Time spent bootstrapping tablet: real 0.088s	user 0.000s	sys 0.030s
I20260709 12:19:03.740679 26781 tablet_service.cc:1917] Received RequestConsensusVote() RPC: tablet_id: "fd2d6a2bdddb4f3ab067e6a8412ebff1" candidate_uuid: "3468726c8180449680343e53f1ba9a9a" candidate_term: 1 candidate_status { last_received { term: 0 index: 0 } } ignore_live_leader: false dest_uuid: "6b78ce8125f3404f855d5520f882e7a0"
I20260709 12:19:03.741199 26781 raft_consensus.cc:3060] T fd2d6a2bdddb4f3ab067e6a8412ebff1 P 6b78ce8125f3404f855d5520f882e7a0 [term 0 FOLLOWER]: Advancing to term 1
I20260709 12:19:03.742152 26827 raft_consensus.cc:493] T 4a5edb6364ef407ea2d8231db56192a4 P 6b78ce8125f3404f855d5520f882e7a0 [term 0 FOLLOWER]: Starting pre-election (no leader contacted us within the election timeout)
I20260709 12:19:03.742595 26827 raft_consensus.cc:515] T 4a5edb6364ef407ea2d8231db56192a4 P 6b78ce8125f3404f855d5520f882e7a0 [term 0 FOLLOWER]: Starting pre-election with config: opid_index: -1 OBSOLETE_local: false peers { permanent_uuid: "3468726c8180449680343e53f1ba9a9a" member_type: VOTER last_known_addr { host: "127.25.97.129" port: 37527 } } peers { permanent_uuid: "ac563d2b8bfc4377b15212561a791b5d" member_type: VOTER last_known_addr { host: "127.25.97.130" port: 44845 } } peers { permanent_uuid: "6b78ce8125f3404f855d5520f882e7a0" member_type: VOTER last_known_addr { host: "127.25.97.131" port: 33547 } }
I20260709 12:19:03.744607 26827 leader_election.cc:290] T 4a5edb6364ef407ea2d8231db56192a4 P 6b78ce8125f3404f855d5520f882e7a0 [CANDIDATE]: Term 1 pre-election: Requested pre-vote from peers 3468726c8180449680343e53f1ba9a9a (127.25.97.129:37527), ac563d2b8bfc4377b15212561a791b5d (127.25.97.130:44845)
I20260709 12:19:03.745290 26632 tablet_service.cc:1917] Received RequestConsensusVote() RPC: tablet_id: "4a5edb6364ef407ea2d8231db56192a4" candidate_uuid: "6b78ce8125f3404f855d5520f882e7a0" candidate_term: 1 candidate_status { last_received { term: 0 index: 0 } } ignore_live_leader: false dest_uuid: "3468726c8180449680343e53f1ba9a9a" is_pre_election: true
I20260709 12:19:03.746598 26824 tablet_bootstrap.cc:654] T 5b2a5da372bd4e5398d58b7daaf256c8 P 6b78ce8125f3404f855d5520f882e7a0: Neither blocks nor log segments found. Creating new log.
I20260709 12:19:03.746270 26823 raft_consensus.cc:359] T a797ca98808c49efb5049bd180d795e2 P 3468726c8180449680343e53f1ba9a9a [term 0 FOLLOWER]: Replica starting. Triggering 0 pending ops. Active config: opid_index: -1 OBSOLETE_local: false peers { permanent_uuid: "3468726c8180449680343e53f1ba9a9a" member_type: VOTER last_known_addr { host: "127.25.97.129" port: 37527 } } peers { permanent_uuid: "ac563d2b8bfc4377b15212561a791b5d" member_type: VOTER last_known_addr { host: "127.25.97.130" port: 44845 } } peers { permanent_uuid: "6b78ce8125f3404f855d5520f882e7a0" member_type: VOTER last_known_addr { host: "127.25.97.131" port: 33547 } }
I20260709 12:19:03.746958 26823 raft_consensus.cc:385] T a797ca98808c49efb5049bd180d795e2 P 3468726c8180449680343e53f1ba9a9a [term 0 FOLLOWER]: Consensus starting up: Expiring failure detector timer to make a prompt election more likely
I20260709 12:19:03.747309 26823 raft_consensus.cc:740] T a797ca98808c49efb5049bd180d795e2 P 3468726c8180449680343e53f1ba9a9a [term 0 FOLLOWER]: Becoming Follower/Learner. State: Replica: 3468726c8180449680343e53f1ba9a9a, State: Initialized, Role: FOLLOWER
I20260709 12:19:03.747665 26822 ts_tablet_manager.cc:1434] T 5b2a5da372bd4e5398d58b7daaf256c8 P ac563d2b8bfc4377b15212561a791b5d: Time spent starting tablet: real 0.015s	user 0.007s	sys 0.000s
I20260709 12:19:03.748189 26708 tablet_service.cc:1917] Received RequestConsensusVote() RPC: tablet_id: "4a5edb6364ef407ea2d8231db56192a4" candidate_uuid: "6b78ce8125f3404f855d5520f882e7a0" candidate_term: 1 candidate_status { last_received { term: 0 index: 0 } } ignore_live_leader: false dest_uuid: "ac563d2b8bfc4377b15212561a791b5d" is_pre_election: true
I20260709 12:19:03.748018 26823 consensus_queue.cc:260] T a797ca98808c49efb5049bd180d795e2 P 3468726c8180449680343e53f1ba9a9a [NON_LEADER]: Queue going to NON_LEADER mode. State: All replicated index: 0, Majority replicated index: 0, Committed index: 0, Last appended: 0.0, Last appended by leader: 0, Current term: 0, Majority size: -1, State: 0, Mode: NON_LEADER, active raft config: opid_index: -1 OBSOLETE_local: false peers { permanent_uuid: "3468726c8180449680343e53f1ba9a9a" member_type: VOTER last_known_addr { host: "127.25.97.129" port: 37527 } } peers { permanent_uuid: "ac563d2b8bfc4377b15212561a791b5d" member_type: VOTER last_known_addr { host: "127.25.97.130" port: 44845 } } peers { permanent_uuid: "6b78ce8125f3404f855d5520f882e7a0" member_type: VOTER last_known_addr { host: "127.25.97.131" port: 33547 } }
I20260709 12:19:03.748771 26708 raft_consensus.cc:2468] T 4a5edb6364ef407ea2d8231db56192a4 P ac563d2b8bfc4377b15212561a791b5d [term 0 FOLLOWER]: Leader pre-election vote request: Granting yes vote for candidate 6b78ce8125f3404f855d5520f882e7a0 in term 0.
I20260709 12:19:03.750497 26823 ts_tablet_manager.cc:1434] T a797ca98808c49efb5049bd180d795e2 P 3468726c8180449680343e53f1ba9a9a: Time spent starting tablet: real 0.010s	user 0.004s	sys 0.002s
I20260709 12:19:03.751411 26823 tablet_bootstrap.cc:492] T 4a5edb6364ef407ea2d8231db56192a4 P 3468726c8180449680343e53f1ba9a9a: Bootstrap starting.
W20260709 12:19:03.746874 26746 leader_election.cc:343] T 4a5edb6364ef407ea2d8231db56192a4 P 6b78ce8125f3404f855d5520f882e7a0 [CANDIDATE]: Term 1 pre-election: Tablet error from VoteRequest() call to peer 3468726c8180449680343e53f1ba9a9a (127.25.97.129:37527): Illegal state: must be running to vote when last-logged opid is not known
I20260709 12:19:03.752837 26746 leader_election.cc:304] T 4a5edb6364ef407ea2d8231db56192a4 P 6b78ce8125f3404f855d5520f882e7a0 [CANDIDATE]: Term 1 pre-election: Election decided. Result: candidate won. Election summary: received 3 responses out of 3 voters: 2 yes votes; 1 no votes. yes voters: 6b78ce8125f3404f855d5520f882e7a0, ac563d2b8bfc4377b15212561a791b5d; no voters: 3468726c8180449680343e53f1ba9a9a
I20260709 12:19:03.753970 26827 raft_consensus.cc:493] T a797ca98808c49efb5049bd180d795e2 P 6b78ce8125f3404f855d5520f882e7a0 [term 0 FOLLOWER]: Starting pre-election (no leader contacted us within the election timeout)
I20260709 12:19:03.754413 26827 raft_consensus.cc:515] T a797ca98808c49efb5049bd180d795e2 P 6b78ce8125f3404f855d5520f882e7a0 [term 0 FOLLOWER]: Starting pre-election with config: opid_index: -1 OBSOLETE_local: false peers { permanent_uuid: "3468726c8180449680343e53f1ba9a9a" member_type: VOTER last_known_addr { host: "127.25.97.129" port: 37527 } } peers { permanent_uuid: "ac563d2b8bfc4377b15212561a791b5d" member_type: VOTER last_known_addr { host: "127.25.97.130" port: 44845 } } peers { permanent_uuid: "6b78ce8125f3404f855d5520f882e7a0" member_type: VOTER last_known_addr { host: "127.25.97.131" port: 33547 } }
I20260709 12:19:03.754891 26822 tablet_bootstrap.cc:492] T a65e09910b844b24b13a8a4dbce9779b P ac563d2b8bfc4377b15212561a791b5d: Bootstrap starting.
W20260709 12:19:03.756616 26597 leader_election.cc:343] T 307120f228b042ca9706b722cfbdfe77 P 3468726c8180449680343e53f1ba9a9a [CANDIDATE]: Term 1 pre-election: Tablet error from VoteRequest() call to peer ac563d2b8bfc4377b15212561a791b5d (127.25.97.130:44845): Illegal state: must be running to vote when last-logged opid is not known
W20260709 12:19:03.757642 26597 leader_election.cc:343] T 307120f228b042ca9706b722cfbdfe77 P 3468726c8180449680343e53f1ba9a9a [CANDIDATE]: Term 1 election: Tablet error from VoteRequest() call to peer ac563d2b8bfc4377b15212561a791b5d (127.25.97.130:44845): Illegal state: must be running to vote when last-logged opid is not known
W20260709 12:19:03.758486 26597 leader_election.cc:343] T fd2d6a2bdddb4f3ab067e6a8412ebff1 P 3468726c8180449680343e53f1ba9a9a [CANDIDATE]: Term 1 pre-election: Tablet error from VoteRequest() call to peer ac563d2b8bfc4377b15212561a791b5d (127.25.97.130:44845): Illegal state: must be running to vote when last-logged opid is not known
I20260709 12:19:03.758569 26781 raft_consensus.cc:2468] T fd2d6a2bdddb4f3ab067e6a8412ebff1 P 6b78ce8125f3404f855d5520f882e7a0 [term 1 FOLLOWER]: Leader election vote request: Granting yes vote for candidate 3468726c8180449680343e53f1ba9a9a in term 1.
I20260709 12:19:03.756668 26827 leader_election.cc:290] T a797ca98808c49efb5049bd180d795e2 P 6b78ce8125f3404f855d5520f882e7a0 [CANDIDATE]: Term 1 pre-election: Requested pre-vote from peers 3468726c8180449680343e53f1ba9a9a (127.25.97.129:37527), ac563d2b8bfc4377b15212561a791b5d (127.25.97.130:44845)
I20260709 12:19:03.759690 26855 raft_consensus.cc:2804] T 4a5edb6364ef407ea2d8231db56192a4 P 6b78ce8125f3404f855d5520f882e7a0 [term 0 FOLLOWER]: Leader pre-election won for term 1
I20260709 12:19:03.760998 26855 raft_consensus.cc:493] T 4a5edb6364ef407ea2d8231db56192a4 P 6b78ce8125f3404f855d5520f882e7a0 [term 0 FOLLOWER]: Starting leader election (no leader contacted us within the election timeout)
I20260709 12:19:03.761359 26855 raft_consensus.cc:3060] T 4a5edb6364ef407ea2d8231db56192a4 P 6b78ce8125f3404f855d5520f882e7a0 [term 0 FOLLOWER]: Advancing to term 1
I20260709 12:19:03.762032 26632 tablet_service.cc:1917] Received RequestConsensusVote() RPC: tablet_id: "a797ca98808c49efb5049bd180d795e2" candidate_uuid: "6b78ce8125f3404f855d5520f882e7a0" candidate_term: 1 candidate_status { last_received { term: 0 index: 0 } } ignore_live_leader: false dest_uuid: "3468726c8180449680343e53f1ba9a9a" is_pre_election: true
I20260709 12:19:03.762789 26822 tablet_bootstrap.cc:654] T a65e09910b844b24b13a8a4dbce9779b P ac563d2b8bfc4377b15212561a791b5d: Neither blocks nor log segments found. Creating new log.
I20260709 12:19:03.764302 26707 tablet_service.cc:1917] Received RequestConsensusVote() RPC: tablet_id: "a797ca98808c49efb5049bd180d795e2" candidate_uuid: "6b78ce8125f3404f855d5520f882e7a0" candidate_term: 1 candidate_status { last_received { term: 0 index: 0 } } ignore_live_leader: false dest_uuid: "ac563d2b8bfc4377b15212561a791b5d" is_pre_election: true
I20260709 12:19:03.760680 26823 tablet_bootstrap.cc:654] T 4a5edb6364ef407ea2d8231db56192a4 P 3468726c8180449680343e53f1ba9a9a: Neither blocks nor log segments found. Creating new log.
I20260709 12:19:03.765010 26707 raft_consensus.cc:2468] T a797ca98808c49efb5049bd180d795e2 P ac563d2b8bfc4377b15212561a791b5d [term 0 FOLLOWER]: Leader pre-election vote request: Granting yes vote for candidate 6b78ce8125f3404f855d5520f882e7a0 in term 0.
I20260709 12:19:03.762672 26632 raft_consensus.cc:2468] T a797ca98808c49efb5049bd180d795e2 P 3468726c8180449680343e53f1ba9a9a [term 0 FOLLOWER]: Leader pre-election vote request: Granting yes vote for candidate 6b78ce8125f3404f855d5520f882e7a0 in term 0.
I20260709 12:19:03.760259 26708 tablet_service.cc:1917] Received RequestConsensusVote() RPC: tablet_id: "fd2d6a2bdddb4f3ab067e6a8412ebff1" candidate_uuid: "3468726c8180449680343e53f1ba9a9a" candidate_term: 1 candidate_status { last_received { term: 0 index: 0 } } ignore_live_leader: false dest_uuid: "ac563d2b8bfc4377b15212561a791b5d"
W20260709 12:19:03.767704 26597 leader_election.cc:343] T fd2d6a2bdddb4f3ab067e6a8412ebff1 P 3468726c8180449680343e53f1ba9a9a [CANDIDATE]: Term 1 election: Tablet error from VoteRequest() call to peer ac563d2b8bfc4377b15212561a791b5d (127.25.97.130:44845): Illegal state: must be running to vote when last-logged opid is not known
I20260709 12:19:03.768759 26598 leader_election.cc:304] T fd2d6a2bdddb4f3ab067e6a8412ebff1 P 3468726c8180449680343e53f1ba9a9a [CANDIDATE]: Term 1 election: Election decided. Result: candidate won. Election summary: received 3 responses out of 3 voters: 2 yes votes; 1 no votes. yes voters: 3468726c8180449680343e53f1ba9a9a, 6b78ce8125f3404f855d5520f882e7a0; no voters: ac563d2b8bfc4377b15212561a791b5d
I20260709 12:19:03.770112 26746 leader_election.cc:304] T a797ca98808c49efb5049bd180d795e2 P 6b78ce8125f3404f855d5520f882e7a0 [CANDIDATE]: Term 1 pre-election: Election decided. Result: candidate won. Election summary: received 2 responses out of 3 voters: 2 yes votes; 0 no votes. yes voters: 3468726c8180449680343e53f1ba9a9a, 6b78ce8125f3404f855d5520f882e7a0; no voters: 
I20260709 12:19:03.770504 26824 tablet_bootstrap.cc:492] T 5b2a5da372bd4e5398d58b7daaf256c8 P 6b78ce8125f3404f855d5520f882e7a0: No bootstrap required, opened a new log
I20260709 12:19:03.770959 26824 ts_tablet_manager.cc:1403] T 5b2a5da372bd4e5398d58b7daaf256c8 P 6b78ce8125f3404f855d5520f882e7a0: Time spent bootstrapping tablet: real 0.033s	user 0.012s	sys 0.014s
I20260709 12:19:03.767959 26855 raft_consensus.cc:515] T 4a5edb6364ef407ea2d8231db56192a4 P 6b78ce8125f3404f855d5520f882e7a0 [term 1 FOLLOWER]: Starting leader election with config: opid_index: -1 OBSOLETE_local: false peers { permanent_uuid: "3468726c8180449680343e53f1ba9a9a" member_type: VOTER last_known_addr { host: "127.25.97.129" port: 37527 } } peers { permanent_uuid: "ac563d2b8bfc4377b15212561a791b5d" member_type: VOTER last_known_addr { host: "127.25.97.130" port: 44845 } } peers { permanent_uuid: "6b78ce8125f3404f855d5520f882e7a0" member_type: VOTER last_known_addr { host: "127.25.97.131" port: 33547 } }
I20260709 12:19:03.773487 26824 raft_consensus.cc:359] T 5b2a5da372bd4e5398d58b7daaf256c8 P 6b78ce8125f3404f855d5520f882e7a0 [term 0 FOLLOWER]: Replica starting. Triggering 0 pending ops. Active config: opid_index: -1 OBSOLETE_local: false peers { permanent_uuid: "3468726c8180449680343e53f1ba9a9a" member_type: VOTER last_known_addr { host: "127.25.97.129" port: 37527 } } peers { permanent_uuid: "ac563d2b8bfc4377b15212561a791b5d" member_type: VOTER last_known_addr { host: "127.25.97.130" port: 44845 } } peers { permanent_uuid: "6b78ce8125f3404f855d5520f882e7a0" member_type: VOTER last_known_addr { host: "127.25.97.131" port: 33547 } }
I20260709 12:19:03.773991 26632 tablet_service.cc:1917] Received RequestConsensusVote() RPC: tablet_id: "4a5edb6364ef407ea2d8231db56192a4" candidate_uuid: "6b78ce8125f3404f855d5520f882e7a0" candidate_term: 1 candidate_status { last_received { term: 0 index: 0 } } ignore_live_leader: false dest_uuid: "3468726c8180449680343e53f1ba9a9a"
I20260709 12:19:03.774293 26824 raft_consensus.cc:385] T 5b2a5da372bd4e5398d58b7daaf256c8 P 6b78ce8125f3404f855d5520f882e7a0 [term 0 FOLLOWER]: Consensus starting up: Expiring failure detector timer to make a prompt election more likely
I20260709 12:19:03.773511 26530 catalog_manager.cc:5697] T 307120f228b042ca9706b722cfbdfe77 P 3468726c8180449680343e53f1ba9a9a reported cstate change: term changed from 0 to 1, leader changed from <none> to 3468726c8180449680343e53f1ba9a9a (127.25.97.129). New cstate: current_term: 1 leader_uuid: "3468726c8180449680343e53f1ba9a9a" committed_config { opid_index: -1 OBSOLETE_local: false peers { permanent_uuid: "3468726c8180449680343e53f1ba9a9a" member_type: VOTER last_known_addr { host: "127.25.97.129" port: 37527 } health_report { overall_health: HEALTHY } } peers { permanent_uuid: "ac563d2b8bfc4377b15212561a791b5d" member_type: VOTER last_known_addr { host: "127.25.97.130" port: 44845 } health_report { overall_health: UNKNOWN } } peers { permanent_uuid: "6b78ce8125f3404f855d5520f882e7a0" member_type: VOTER last_known_addr { host: "127.25.97.131" port: 33547 } health_report { overall_health: UNKNOWN } } }
I20260709 12:19:03.774601 26824 raft_consensus.cc:740] T 5b2a5da372bd4e5398d58b7daaf256c8 P 6b78ce8125f3404f855d5520f882e7a0 [term 0 FOLLOWER]: Becoming Follower/Learner. State: Replica: 6b78ce8125f3404f855d5520f882e7a0, State: Initialized, Role: FOLLOWER
I20260709 12:19:03.771010 26827 raft_consensus.cc:2804] T a797ca98808c49efb5049bd180d795e2 P 6b78ce8125f3404f855d5520f882e7a0 [term 0 FOLLOWER]: Leader pre-election won for term 1
I20260709 12:19:03.775072 26827 raft_consensus.cc:493] T a797ca98808c49efb5049bd180d795e2 P 6b78ce8125f3404f855d5520f882e7a0 [term 0 FOLLOWER]: Starting leader election (no leader contacted us within the election timeout)
W20260709 12:19:03.775377 26746 leader_election.cc:343] T 4a5edb6364ef407ea2d8231db56192a4 P 6b78ce8125f3404f855d5520f882e7a0 [CANDIDATE]: Term 1 election: Tablet error from VoteRequest() call to peer 3468726c8180449680343e53f1ba9a9a (127.25.97.129:37527): Illegal state: must be running to vote when last-logged opid is not known
I20260709 12:19:03.775300 26824 consensus_queue.cc:260] T 5b2a5da372bd4e5398d58b7daaf256c8 P 6b78ce8125f3404f855d5520f882e7a0 [NON_LEADER]: Queue going to NON_LEADER mode. State: All replicated index: 0, Majority replicated index: 0, Committed index: 0, Last appended: 0.0, Last appended by leader: 0, Current term: 0, Majority size: -1, State: 0, Mode: NON_LEADER, active raft config: opid_index: -1 OBSOLETE_local: false peers { permanent_uuid: "3468726c8180449680343e53f1ba9a9a" member_type: VOTER last_known_addr { host: "127.25.97.129" port: 37527 } } peers { permanent_uuid: "ac563d2b8bfc4377b15212561a791b5d" member_type: VOTER last_known_addr { host: "127.25.97.130" port: 44845 } } peers { permanent_uuid: "6b78ce8125f3404f855d5520f882e7a0" member_type: VOTER last_known_addr { host: "127.25.97.131" port: 33547 } }
I20260709 12:19:03.777204 26708 tablet_service.cc:1917] Received RequestConsensusVote() RPC: tablet_id: "4a5edb6364ef407ea2d8231db56192a4" candidate_uuid: "6b78ce8125f3404f855d5520f882e7a0" candidate_term: 1 candidate_status { last_received { term: 0 index: 0 } } ignore_live_leader: false dest_uuid: "ac563d2b8bfc4377b15212561a791b5d"
I20260709 12:19:03.777719 26708 raft_consensus.cc:3060] T 4a5edb6364ef407ea2d8231db56192a4 P ac563d2b8bfc4377b15212561a791b5d [term 0 FOLLOWER]: Advancing to term 1
I20260709 12:19:03.784284 26708 raft_consensus.cc:2468] T 4a5edb6364ef407ea2d8231db56192a4 P ac563d2b8bfc4377b15212561a791b5d [term 1 FOLLOWER]: Leader election vote request: Granting yes vote for candidate 6b78ce8125f3404f855d5520f882e7a0 in term 1.
