I20260709 12:19:27.777552  6614 consensus_queue.cc:237] T 1e3f6e85cc52466eb2a7430fdfba9dc9 P 0842411b346b486398f960af77da8f08 [LEADER]: Queue going to LEADER mode. State: All replicated index: 0, Majority replicated index: 0, Committed index: 0, Last appended: 0.0, Last appended by leader: 0, Current term: 1, Majority size: 2, State: 0, Mode: LEADER, active raft config: opid_index: -1 OBSOLETE_local: false peers { permanent_uuid: "5528228a67554229ba43cb2bff93982d" member_type: VOTER last_known_addr { host: "127.4.241.193" port: 39957 } } peers { permanent_uuid: "0842411b346b486398f960af77da8f08" member_type: VOTER last_known_addr { host: "127.4.241.194" port: 38493 } } peers { permanent_uuid: "477be60d778f4eef854ba1b80ffc708f" member_type: VOTER last_known_addr { host: "127.4.241.195" port: 38021 } }
I20260709 12:19:27.778403  6410 ts_tablet_manager.cc:1403] T 056b696e2e6e499ba0163fdcaaef5e76 P 5528228a67554229ba43cb2bff93982d: Time spent bootstrapping tablet: real 0.070s	user 0.032s	sys 0.028s
I20260709 12:19:27.779970  6411 tablet_bootstrap.cc:654] T 55c226b964a2472db9826152b5d7b8e8 P 0842411b346b486398f960af77da8f08: Neither blocks nor log segments found. Creating new log.
I20260709 12:19:27.781378  6410 raft_consensus.cc:359] T 056b696e2e6e499ba0163fdcaaef5e76 P 5528228a67554229ba43cb2bff93982d [term 0 FOLLOWER]: Replica starting. Triggering 0 pending ops. Active config: opid_index: -1 OBSOLETE_local: false peers { permanent_uuid: "5528228a67554229ba43cb2bff93982d" member_type: VOTER last_known_addr { host: "127.4.241.193" port: 39957 } } peers { permanent_uuid: "0842411b346b486398f960af77da8f08" member_type: VOTER last_known_addr { host: "127.4.241.194" port: 38493 } } peers { permanent_uuid: "477be60d778f4eef854ba1b80ffc708f" member_type: VOTER last_known_addr { host: "127.4.241.195" port: 38021 } }
I20260709 12:19:27.782027  6410 raft_consensus.cc:385] T 056b696e2e6e499ba0163fdcaaef5e76 P 5528228a67554229ba43cb2bff93982d [term 0 FOLLOWER]: Consensus starting up: Expiring failure detector timer to make a prompt election more likely
I20260709 12:19:27.782298  6410 raft_consensus.cc:740] T 056b696e2e6e499ba0163fdcaaef5e76 P 5528228a67554229ba43cb2bff93982d [term 0 FOLLOWER]: Becoming Follower/Learner. State: Replica: 5528228a67554229ba43cb2bff93982d, State: Initialized, Role: FOLLOWER
I20260709 12:19:27.782934  6410 consensus_queue.cc:260] T 056b696e2e6e499ba0163fdcaaef5e76 P 5528228a67554229ba43cb2bff93982d [NON_LEADER]: Queue going to NON_LEADER mode. State: All replicated index: 0, Majority replicated index: 0, Committed index: 0, Last appended: 0.0, Last appended by leader: 0, Current term: 0, Majority size: -1, State: 0, Mode: NON_LEADER, active raft config: opid_index: -1 OBSOLETE_local: false peers { permanent_uuid: "5528228a67554229ba43cb2bff93982d" member_type: VOTER last_known_addr { host: "127.4.241.193" port: 39957 } } peers { permanent_uuid: "0842411b346b486398f960af77da8f08" member_type: VOTER last_known_addr { host: "127.4.241.194" port: 38493 } } peers { permanent_uuid: "477be60d778f4eef854ba1b80ffc708f" member_type: VOTER last_known_addr { host: "127.4.241.195" port: 38021 } }
I20260709 12:19:27.785470  6410 ts_tablet_manager.cc:1434] T 056b696e2e6e499ba0163fdcaaef5e76 P 5528228a67554229ba43cb2bff93982d: Time spent starting tablet: real 0.007s	user 0.005s	sys 0.001s
I20260709 12:19:27.786614  6410 tablet_bootstrap.cc:492] T 6762241f1e234fcc847dca45008571eb P 5528228a67554229ba43cb2bff93982d: Bootstrap starting.
I20260709 12:19:27.791426  6369 tablet_service.cc:1917] Received RequestConsensusVote() RPC: tablet_id: "1e3f6e85cc52466eb2a7430fdfba9dc9" candidate_uuid: "0842411b346b486398f960af77da8f08" candidate_term: 1 candidate_status { last_received { term: 0 index: 0 } } ignore_live_leader: false dest_uuid: "477be60d778f4eef854ba1b80ffc708f"
W20260709 12:19:27.792876  6260 leader_election.cc:343] T 1e3f6e85cc52466eb2a7430fdfba9dc9 P 0842411b346b486398f960af77da8f08 [CANDIDATE]: Term 1 election: Tablet error from VoteRequest() call to peer 477be60d778f4eef854ba1b80ffc708f (127.4.241.195:38021): Illegal state: must be running to vote when last-logged opid is not known
I20260709 12:19:27.798450  6410 tablet_bootstrap.cc:654] T 6762241f1e234fcc847dca45008571eb P 5528228a67554229ba43cb2bff93982d: Neither blocks nor log segments found. Creating new log.
I20260709 12:19:27.785449  6421 leader_election.cc:290] T 1e3f6e85cc52466eb2a7430fdfba9dc9 P 0842411b346b486398f960af77da8f08 [CANDIDATE]: Term 1 election: Requested vote from peers 5528228a67554229ba43cb2bff93982d (127.4.241.193:39957), 477be60d778f4eef854ba1b80ffc708f (127.4.241.195:38021)
I20260709 12:19:27.816162  6411 tablet_bootstrap.cc:492] T 55c226b964a2472db9826152b5d7b8e8 P 0842411b346b486398f960af77da8f08: No bootstrap required, opened a new log
I20260709 12:19:27.816668  6411 ts_tablet_manager.cc:1403] T 55c226b964a2472db9826152b5d7b8e8 P 0842411b346b486398f960af77da8f08: Time spent bootstrapping tablet: real 0.056s	user 0.012s	sys 0.008s
I20260709 12:19:27.818145  6116 catalog_manager.cc:5697] T 1e3f6e85cc52466eb2a7430fdfba9dc9 P 0842411b346b486398f960af77da8f08 reported cstate change: term changed from 0 to 1, leader changed from <none> to 0842411b346b486398f960af77da8f08 (127.4.241.194). New cstate: current_term: 1 leader_uuid: "0842411b346b486398f960af77da8f08" committed_config { opid_index: -1 OBSOLETE_local: false peers { permanent_uuid: "5528228a67554229ba43cb2bff93982d" member_type: VOTER last_known_addr { host: "127.4.241.193" port: 39957 } health_report { overall_health: UNKNOWN } } peers { permanent_uuid: "0842411b346b486398f960af77da8f08" member_type: VOTER last_known_addr { host: "127.4.241.194" port: 38493 } health_report { overall_health: HEALTHY } } peers { permanent_uuid: "477be60d778f4eef854ba1b80ffc708f" member_type: VOTER last_known_addr { host: "127.4.241.195" port: 38021 } health_report { overall_health: UNKNOWN } } }
I20260709 12:19:27.819303  6411 raft_consensus.cc:359] T 55c226b964a2472db9826152b5d7b8e8 P 0842411b346b486398f960af77da8f08 [term 0 FOLLOWER]: Replica starting. Triggering 0 pending ops. Active config: opid_index: -1 OBSOLETE_local: false peers { permanent_uuid: "5528228a67554229ba43cb2bff93982d" member_type: VOTER last_known_addr { host: "127.4.241.193" port: 39957 } } peers { permanent_uuid: "0842411b346b486398f960af77da8f08" member_type: VOTER last_known_addr { host: "127.4.241.194" port: 38493 } } peers { permanent_uuid: "477be60d778f4eef854ba1b80ffc708f" member_type: VOTER last_known_addr { host: "127.4.241.195" port: 38021 } }
I20260709 12:19:27.822570  6411 raft_consensus.cc:385] T 55c226b964a2472db9826152b5d7b8e8 P 0842411b346b486398f960af77da8f08 [term 0 FOLLOWER]: Consensus starting up: Expiring failure detector timer to make a prompt election more likely
I20260709 12:19:27.822158  6410 tablet_bootstrap.cc:492] T 6762241f1e234fcc847dca45008571eb P 5528228a67554229ba43cb2bff93982d: No bootstrap required, opened a new log
I20260709 12:19:27.822857  6411 raft_consensus.cc:740] T 55c226b964a2472db9826152b5d7b8e8 P 0842411b346b486398f960af77da8f08 [term 0 FOLLOWER]: Becoming Follower/Learner. State: Replica: 0842411b346b486398f960af77da8f08, State: Initialized, Role: FOLLOWER
I20260709 12:19:27.823293  6410 ts_tablet_manager.cc:1403] T 6762241f1e234fcc847dca45008571eb P 5528228a67554229ba43cb2bff93982d: Time spent bootstrapping tablet: real 0.037s	user 0.017s	sys 0.009s
I20260709 12:19:27.824198  6409 tablet_bootstrap.cc:492] T 8ba68d802cf149e8bd73db09616caa2d P 477be60d778f4eef854ba1b80ffc708f: No bootstrap required, opened a new log
I20260709 12:19:27.823525  6411 consensus_queue.cc:260] T 55c226b964a2472db9826152b5d7b8e8 P 0842411b346b486398f960af77da8f08 [NON_LEADER]: Queue going to NON_LEADER mode. State: All replicated index: 0, Majority replicated index: 0, Committed index: 0, Last appended: 0.0, Last appended by leader: 0, Current term: 0, Majority size: -1, State: 0, Mode: NON_LEADER, active raft config: opid_index: -1 OBSOLETE_local: false peers { permanent_uuid: "5528228a67554229ba43cb2bff93982d" member_type: VOTER last_known_addr { host: "127.4.241.193" port: 39957 } } peers { permanent_uuid: "0842411b346b486398f960af77da8f08" member_type: VOTER last_known_addr { host: "127.4.241.194" port: 38493 } } peers { permanent_uuid: "477be60d778f4eef854ba1b80ffc708f" member_type: VOTER last_known_addr { host: "127.4.241.195" port: 38021 } }
I20260709 12:19:27.824637  6409 ts_tablet_manager.cc:1403] T 8ba68d802cf149e8bd73db09616caa2d P 477be60d778f4eef854ba1b80ffc708f: Time spent bootstrapping tablet: real 0.056s	user 0.009s	sys 0.000s
I20260709 12:19:27.826635  6411 ts_tablet_manager.cc:1434] T 55c226b964a2472db9826152b5d7b8e8 P 0842411b346b486398f960af77da8f08: Time spent starting tablet: real 0.010s	user 0.008s	sys 0.000s
I20260709 12:19:27.826362  6410 raft_consensus.cc:359] T 6762241f1e234fcc847dca45008571eb P 5528228a67554229ba43cb2bff93982d [term 0 FOLLOWER]: Replica starting. Triggering 0 pending ops. Active config: opid_index: -1 OBSOLETE_local: false peers { permanent_uuid: "5528228a67554229ba43cb2bff93982d" member_type: VOTER last_known_addr { host: "127.4.241.193" port: 39957 } } peers { permanent_uuid: "0842411b346b486398f960af77da8f08" member_type: VOTER last_known_addr { host: "127.4.241.194" port: 38493 } } peers { permanent_uuid: "477be60d778f4eef854ba1b80ffc708f" member_type: VOTER last_known_addr { host: "127.4.241.195" port: 38021 } }
I20260709 12:19:27.827065  6410 raft_consensus.cc:385] T 6762241f1e234fcc847dca45008571eb P 5528228a67554229ba43cb2bff93982d [term 0 FOLLOWER]: Consensus starting up: Expiring failure detector timer to make a prompt election more likely
I20260709 12:19:27.827371  6410 raft_consensus.cc:740] T 6762241f1e234fcc847dca45008571eb P 5528228a67554229ba43cb2bff93982d [term 0 FOLLOWER]: Becoming Follower/Learner. State: Replica: 5528228a67554229ba43cb2bff93982d, State: Initialized, Role: FOLLOWER
I20260709 12:19:27.827142  6409 raft_consensus.cc:359] T 8ba68d802cf149e8bd73db09616caa2d P 477be60d778f4eef854ba1b80ffc708f [term 0 FOLLOWER]: Replica starting. Triggering 0 pending ops. Active config: opid_index: -1 OBSOLETE_local: false peers { permanent_uuid: "5528228a67554229ba43cb2bff93982d" member_type: VOTER last_known_addr { host: "127.4.241.193" port: 39957 } } peers { permanent_uuid: "0842411b346b486398f960af77da8f08" member_type: VOTER last_known_addr { host: "127.4.241.194" port: 38493 } } peers { permanent_uuid: "477be60d778f4eef854ba1b80ffc708f" member_type: VOTER last_known_addr { host: "127.4.241.195" port: 38021 } }
I20260709 12:19:27.827543  6411 tablet_bootstrap.cc:492] T 47e25e0c4d3d460abe54ea43f91adbc8 P 0842411b346b486398f960af77da8f08: Bootstrap starting.
I20260709 12:19:27.827771  6409 raft_consensus.cc:385] T 8ba68d802cf149e8bd73db09616caa2d P 477be60d778f4eef854ba1b80ffc708f [term 0 FOLLOWER]: Consensus starting up: Expiring failure detector timer to make a prompt election more likely
I20260709 12:19:27.828059  6409 raft_consensus.cc:740] T 8ba68d802cf149e8bd73db09616caa2d P 477be60d778f4eef854ba1b80ffc708f [term 0 FOLLOWER]: Becoming Follower/Learner. State: Replica: 477be60d778f4eef854ba1b80ffc708f, State: Initialized, Role: FOLLOWER
I20260709 12:19:27.827993  6410 consensus_queue.cc:260] T 6762241f1e234fcc847dca45008571eb P 5528228a67554229ba43cb2bff93982d [NON_LEADER]: Queue going to NON_LEADER mode. State: All replicated index: 0, Majority replicated index: 0, Committed index: 0, Last appended: 0.0, Last appended by leader: 0, Current term: 0, Majority size: -1, State: 0, Mode: NON_LEADER, active raft config: opid_index: -1 OBSOLETE_local: false peers { permanent_uuid: "5528228a67554229ba43cb2bff93982d" member_type: VOTER last_known_addr { host: "127.4.241.193" port: 39957 } } peers { permanent_uuid: "0842411b346b486398f960af77da8f08" member_type: VOTER last_known_addr { host: "127.4.241.194" port: 38493 } } peers { permanent_uuid: "477be60d778f4eef854ba1b80ffc708f" member_type: VOTER last_known_addr { host: "127.4.241.195" port: 38021 } }
I20260709 12:19:27.828737  6409 consensus_queue.cc:260] T 8ba68d802cf149e8bd73db09616caa2d P 477be60d778f4eef854ba1b80ffc708f [NON_LEADER]: Queue going to NON_LEADER mode. State: All replicated index: 0, Majority replicated index: 0, Committed index: 0, Last appended: 0.0, Last appended by leader: 0, Current term: 0, Majority size: -1, State: 0, Mode: NON_LEADER, active raft config: opid_index: -1 OBSOLETE_local: false peers { permanent_uuid: "5528228a67554229ba43cb2bff93982d" member_type: VOTER last_known_addr { host: "127.4.241.193" port: 39957 } } peers { permanent_uuid: "0842411b346b486398f960af77da8f08" member_type: VOTER last_known_addr { host: "127.4.241.194" port: 38493 } } peers { permanent_uuid: "477be60d778f4eef854ba1b80ffc708f" member_type: VOTER last_known_addr { host: "127.4.241.195" port: 38021 } }
I20260709 12:19:27.831176  6409 ts_tablet_manager.cc:1434] T 8ba68d802cf149e8bd73db09616caa2d P 477be60d778f4eef854ba1b80ffc708f: Time spent starting tablet: real 0.006s	user 0.007s	sys 0.000s
I20260709 12:19:27.833523  6411 tablet_bootstrap.cc:654] T 47e25e0c4d3d460abe54ea43f91adbc8 P 0842411b346b486398f960af77da8f08: Neither blocks nor log segments found. Creating new log.
I20260709 12:19:27.835274  6410 ts_tablet_manager.cc:1434] T 6762241f1e234fcc847dca45008571eb P 5528228a67554229ba43cb2bff93982d: Time spent starting tablet: real 0.012s	user 0.005s	sys 0.000s
I20260709 12:19:27.836081  6410 tablet_bootstrap.cc:492] T 8ba68d802cf149e8bd73db09616caa2d P 5528228a67554229ba43cb2bff93982d: Bootstrap starting.
I20260709 12:19:27.843259  6410 tablet_bootstrap.cc:654] T 8ba68d802cf149e8bd73db09616caa2d P 5528228a67554229ba43cb2bff93982d: Neither blocks nor log segments found. Creating new log.
I20260709 12:19:27.832927  6409 tablet_bootstrap.cc:492] T 55c226b964a2472db9826152b5d7b8e8 P 477be60d778f4eef854ba1b80ffc708f: Bootstrap starting.
I20260709 12:19:27.848119  6411 tablet_bootstrap.cc:492] T 47e25e0c4d3d460abe54ea43f91adbc8 P 0842411b346b486398f960af77da8f08: No bootstrap required, opened a new log
I20260709 12:19:27.848557  6411 ts_tablet_manager.cc:1403] T 47e25e0c4d3d460abe54ea43f91adbc8 P 0842411b346b486398f960af77da8f08: Time spent bootstrapping tablet: real 0.021s	user 0.012s	sys 0.006s
I20260709 12:19:27.848618  6451 raft_consensus.cc:493] T 056b696e2e6e499ba0163fdcaaef5e76 P 5528228a67554229ba43cb2bff93982d [term 0 FOLLOWER]: Starting pre-election (no leader contacted us within the election timeout)
I20260709 12:19:27.849086  6451 raft_consensus.cc:515] T 056b696e2e6e499ba0163fdcaaef5e76 P 5528228a67554229ba43cb2bff93982d [term 0 FOLLOWER]: Starting pre-election with config: opid_index: -1 OBSOLETE_local: false peers { permanent_uuid: "5528228a67554229ba43cb2bff93982d" member_type: VOTER last_known_addr { host: "127.4.241.193" port: 39957 } } peers { permanent_uuid: "0842411b346b486398f960af77da8f08" member_type: VOTER last_known_addr { host: "127.4.241.194" port: 38493 } } peers { permanent_uuid: "477be60d778f4eef854ba1b80ffc708f" member_type: VOTER last_known_addr { host: "127.4.241.195" port: 38021 } }
I20260709 12:19:27.851529  6451 leader_election.cc:290] T 056b696e2e6e499ba0163fdcaaef5e76 P 5528228a67554229ba43cb2bff93982d [CANDIDATE]: Term 1 pre-election: Requested pre-vote from peers 0842411b346b486398f960af77da8f08 (127.4.241.194:38493), 477be60d778f4eef854ba1b80ffc708f (127.4.241.195:38021)
I20260709 12:19:27.854084  6369 tablet_service.cc:1917] Received RequestConsensusVote() RPC: tablet_id: "056b696e2e6e499ba0163fdcaaef5e76" candidate_uuid: "5528228a67554229ba43cb2bff93982d" candidate_term: 1 candidate_status { last_received { term: 0 index: 0 } } ignore_live_leader: false dest_uuid: "477be60d778f4eef854ba1b80ffc708f" is_pre_election: true
I20260709 12:19:27.856328  6409 tablet_bootstrap.cc:654] T 55c226b964a2472db9826152b5d7b8e8 P 477be60d778f4eef854ba1b80ffc708f: Neither blocks nor log segments found. Creating new log.
I20260709 12:19:27.857447  6411 raft_consensus.cc:359] T 47e25e0c4d3d460abe54ea43f91adbc8 P 0842411b346b486398f960af77da8f08 [term 0 FOLLOWER]: Replica starting. Triggering 0 pending ops. Active config: opid_index: -1 OBSOLETE_local: false peers { permanent_uuid: "5528228a67554229ba43cb2bff93982d" member_type: VOTER last_known_addr { host: "127.4.241.193" port: 39957 } } peers { permanent_uuid: "0842411b346b486398f960af77da8f08" member_type: VOTER last_known_addr { host: "127.4.241.194" port: 38493 } } peers { permanent_uuid: "477be60d778f4eef854ba1b80ffc708f" member_type: VOTER last_known_addr { host: "127.4.241.195" port: 38021 } }
I20260709 12:19:27.858249  6411 raft_consensus.cc:385] T 47e25e0c4d3d460abe54ea43f91adbc8 P 0842411b346b486398f960af77da8f08 [term 0 FOLLOWER]: Consensus starting up: Expiring failure detector timer to make a prompt election more likely
I20260709 12:19:27.858546  6411 raft_consensus.cc:740] T 47e25e0c4d3d460abe54ea43f91adbc8 P 0842411b346b486398f960af77da8f08 [term 0 FOLLOWER]: Becoming Follower/Learner. State: Replica: 0842411b346b486398f960af77da8f08, State: Initialized, Role: FOLLOWER
I20260709 12:19:27.858685  6291 tablet_service.cc:1917] Received RequestConsensusVote() RPC: tablet_id: "056b696e2e6e499ba0163fdcaaef5e76" candidate_uuid: "5528228a67554229ba43cb2bff93982d" candidate_term: 1 candidate_status { last_received { term: 0 index: 0 } } ignore_live_leader: false dest_uuid: "0842411b346b486398f960af77da8f08" is_pre_election: true
W20260709 12:19:27.858879  6185 leader_election.cc:343] T 056b696e2e6e499ba0163fdcaaef5e76 P 5528228a67554229ba43cb2bff93982d [CANDIDATE]: Term 1 pre-election: Tablet error from VoteRequest() call to peer 477be60d778f4eef854ba1b80ffc708f (127.4.241.195:38021): Illegal state: must be running to vote when last-logged opid is not known
I20260709 12:19:27.859220  6411 consensus_queue.cc:260] T 47e25e0c4d3d460abe54ea43f91adbc8 P 0842411b346b486398f960af77da8f08 [NON_LEADER]: Queue going to NON_LEADER mode. State: All replicated index: 0, Majority replicated index: 0, Committed index: 0, Last appended: 0.0, Last appended by leader: 0, Current term: 0, Majority size: -1, State: 0, Mode: NON_LEADER, active raft config: opid_index: -1 OBSOLETE_local: false peers { permanent_uuid: "5528228a67554229ba43cb2bff93982d" member_type: VOTER last_known_addr { host: "127.4.241.193" port: 39957 } } peers { permanent_uuid: "0842411b346b486398f960af77da8f08" member_type: VOTER last_known_addr { host: "127.4.241.194" port: 38493 } } peers { permanent_uuid: "477be60d778f4eef854ba1b80ffc708f" member_type: VOTER last_known_addr { host: "127.4.241.195" port: 38021 } }
W20260709 12:19:27.860596  6183 leader_election.cc:343] T 056b696e2e6e499ba0163fdcaaef5e76 P 5528228a67554229ba43cb2bff93982d [CANDIDATE]: Term 1 pre-election: Tablet error from VoteRequest() call to peer 0842411b346b486398f960af77da8f08 (127.4.241.194:38493): Illegal state: must be running to vote when last-logged opid is not known
I20260709 12:19:27.861003  6183 leader_election.cc:304] T 056b696e2e6e499ba0163fdcaaef5e76 P 5528228a67554229ba43cb2bff93982d [CANDIDATE]: Term 1 pre-election: Election decided. Result: candidate lost. Election summary: received 3 responses out of 3 voters: 1 yes votes; 2 no votes. yes voters: 5528228a67554229ba43cb2bff93982d; no voters: 0842411b346b486398f960af77da8f08, 477be60d778f4eef854ba1b80ffc708f
I20260709 12:19:27.861954  6561 raft_consensus.cc:2749] T 056b696e2e6e499ba0163fdcaaef5e76 P 5528228a67554229ba43cb2bff93982d [term 0 FOLLOWER]: Leader pre-election lost for term 1. Reason: could not achieve majority
I20260709 12:19:27.864182  6411 ts_tablet_manager.cc:1434] T 47e25e0c4d3d460abe54ea43f91adbc8 P 0842411b346b486398f960af77da8f08: Time spent starting tablet: real 0.015s	user 0.008s	sys 0.000s
I20260709 12:19:27.865070  6411 tablet_bootstrap.cc:492] T d803a38ad4e44d9c935327b45383f907 P 0842411b346b486398f960af77da8f08: Bootstrap starting.
I20260709 12:19:27.869954  6410 tablet_bootstrap.cc:492] T 8ba68d802cf149e8bd73db09616caa2d P 5528228a67554229ba43cb2bff93982d: No bootstrap required, opened a new log
W20260709 12:19:27.870169  6166 auto_rebalancer.cc:288] Could not retrieve cluster info: Service unavailable: Tablet not running
I20260709 12:19:27.870388  6410 ts_tablet_manager.cc:1403] T 8ba68d802cf149e8bd73db09616caa2d P 5528228a67554229ba43cb2bff93982d: Time spent bootstrapping tablet: real 0.034s	user 0.014s	sys 0.009s
I20260709 12:19:27.871716  6409 tablet_bootstrap.cc:492] T 55c226b964a2472db9826152b5d7b8e8 P 477be60d778f4eef854ba1b80ffc708f: No bootstrap required, opened a new log
I20260709 12:19:27.872465  6409 ts_tablet_manager.cc:1403] T 55c226b964a2472db9826152b5d7b8e8 P 477be60d778f4eef854ba1b80ffc708f: Time spent bootstrapping tablet: real 0.040s	user 0.009s	sys 0.007s
I20260709 12:19:27.873172  6411 tablet_bootstrap.cc:654] T d803a38ad4e44d9c935327b45383f907 P 0842411b346b486398f960af77da8f08: Neither blocks nor log segments found. Creating new log.
I20260709 12:19:27.874719  6409 raft_consensus.cc:359] T 55c226b964a2472db9826152b5d7b8e8 P 477be60d778f4eef854ba1b80ffc708f [term 0 FOLLOWER]: Replica starting. Triggering 0 pending ops. Active config: opid_index: -1 OBSOLETE_local: false peers { permanent_uuid: "5528228a67554229ba43cb2bff93982d" member_type: VOTER last_known_addr { host: "127.4.241.193" port: 39957 } } peers { permanent_uuid: "0842411b346b486398f960af77da8f08" member_type: VOTER last_known_addr { host: "127.4.241.194" port: 38493 } } peers { permanent_uuid: "477be60d778f4eef854ba1b80ffc708f" member_type: VOTER last_known_addr { host: "127.4.241.195" port: 38021 } }
I20260709 12:19:27.875190  6409 raft_consensus.cc:385] T 55c226b964a2472db9826152b5d7b8e8 P 477be60d778f4eef854ba1b80ffc708f [term 0 FOLLOWER]: Consensus starting up: Expiring failure detector timer to make a prompt election more likely
I20260709 12:19:27.875406  6409 raft_consensus.cc:740] T 55c226b964a2472db9826152b5d7b8e8 P 477be60d778f4eef854ba1b80ffc708f [term 0 FOLLOWER]: Becoming Follower/Learner. State: Replica: 477be60d778f4eef854ba1b80ffc708f, State: Initialized, Role: FOLLOWER
I20260709 12:19:27.875958  6409 consensus_queue.cc:260] T 55c226b964a2472db9826152b5d7b8e8 P 477be60d778f4eef854ba1b80ffc708f [NON_LEADER]: Queue going to NON_LEADER mode. State: All replicated index: 0, Majority replicated index: 0, Committed index: 0, Last appended: 0.0, Last appended by leader: 0, Current term: 0, Majority size: -1, State: 0, Mode: NON_LEADER, active raft config: opid_index: -1 OBSOLETE_local: false peers { permanent_uuid: "5528228a67554229ba43cb2bff93982d" member_type: VOTER last_known_addr { host: "127.4.241.193" port: 39957 } } peers { permanent_uuid: "0842411b346b486398f960af77da8f08" member_type: VOTER last_known_addr { host: "127.4.241.194" port: 38493 } } peers { permanent_uuid: "477be60d778f4eef854ba1b80ffc708f" member_type: VOTER last_known_addr { host: "127.4.241.195" port: 38021 } }
I20260709 12:19:27.873301  6410 raft_consensus.cc:359] T 8ba68d802cf149e8bd73db09616caa2d P 5528228a67554229ba43cb2bff93982d [term 0 FOLLOWER]: Replica starting. Triggering 0 pending ops. Active config: opid_index: -1 OBSOLETE_local: false peers { permanent_uuid: "5528228a67554229ba43cb2bff93982d" member_type: VOTER last_known_addr { host: "127.4.241.193" port: 39957 } } peers { permanent_uuid: "0842411b346b486398f960af77da8f08" member_type: VOTER last_known_addr { host: "127.4.241.194" port: 38493 } } peers { permanent_uuid: "477be60d778f4eef854ba1b80ffc708f" member_type: VOTER last_known_addr { host: "127.4.241.195" port: 38021 } }
I20260709 12:19:27.877146  6410 raft_consensus.cc:385] T 8ba68d802cf149e8bd73db09616caa2d P 5528228a67554229ba43cb2bff93982d [term 0 FOLLOWER]: Consensus starting up: Expiring failure detector timer to make a prompt election more likely
I20260709 12:19:27.877405  6410 raft_consensus.cc:740] T 8ba68d802cf149e8bd73db09616caa2d P 5528228a67554229ba43cb2bff93982d [term 0 FOLLOWER]: Becoming Follower/Learner. State: Replica: 5528228a67554229ba43cb2bff93982d, State: Initialized, Role: FOLLOWER
I20260709 12:19:27.877652  6409 ts_tablet_manager.cc:1434] T 55c226b964a2472db9826152b5d7b8e8 P 477be60d778f4eef854ba1b80ffc708f: Time spent starting tablet: real 0.005s	user 0.002s	sys 0.000s
I20260709 12:19:27.877990  6410 consensus_queue.cc:260] T 8ba68d802cf149e8bd73db09616caa2d P 5528228a67554229ba43cb2bff93982d [NON_LEADER]: Queue going to NON_LEADER mode. State: All replicated index: 0, Majority replicated index: 0, Committed index: 0, Last appended: 0.0, Last appended by leader: 0, Current term: 0, Majority size: -1, State: 0, Mode: NON_LEADER, active raft config: opid_index: -1 OBSOLETE_local: false peers { permanent_uuid: "5528228a67554229ba43cb2bff93982d" member_type: VOTER last_known_addr { host: "127.4.241.193" port: 39957 } } peers { permanent_uuid: "0842411b346b486398f960af77da8f08" member_type: VOTER last_known_addr { host: "127.4.241.194" port: 38493 } } peers { permanent_uuid: "477be60d778f4eef854ba1b80ffc708f" member_type: VOTER last_known_addr { host: "127.4.241.195" port: 38021 } }
I20260709 12:19:27.878859  6409 tablet_bootstrap.cc:492] T 6762241f1e234fcc847dca45008571eb P 477be60d778f4eef854ba1b80ffc708f: Bootstrap starting.
I20260709 12:19:27.879971  6410 ts_tablet_manager.cc:1434] T 8ba68d802cf149e8bd73db09616caa2d P 5528228a67554229ba43cb2bff93982d: Time spent starting tablet: real 0.009s	user 0.005s	sys 0.000s
I20260709 12:19:27.880841  6410 tablet_bootstrap.cc:492] T 64b3bb2cf4d441d595429b66ea891edf P 5528228a67554229ba43cb2bff93982d: Bootstrap starting.
I20260709 12:19:27.884757  6409 tablet_bootstrap.cc:654] T 6762241f1e234fcc847dca45008571eb P 477be60d778f4eef854ba1b80ffc708f: Neither blocks nor log segments found. Creating new log.
I20260709 12:19:27.886102  6410 tablet_bootstrap.cc:654] T 64b3bb2cf4d441d595429b66ea891edf P 5528228a67554229ba43cb2bff93982d: Neither blocks nor log segments found. Creating new log.
I20260709 12:19:27.888316  6506 consensus_queue.cc:1048] T 8db584e3ff8a415780cc0c29cc918b71 P 477be60d778f4eef854ba1b80ffc708f [LEADER]: Connected to new peer: Peer: permanent_uuid: "0842411b346b486398f960af77da8f08" member_type: VOTER last_known_addr { host: "127.4.241.194" port: 38493 }, Status: LMP_MISMATCH, Last received: 0.0, Next index: 1, Last known committed idx: 0, Time since last communication: 0.000s
I20260709 12:19:27.890558  6411 tablet_bootstrap.cc:492] T d803a38ad4e44d9c935327b45383f907 P 0842411b346b486398f960af77da8f08: No bootstrap required, opened a new log
I20260709 12:19:27.890991  6411 ts_tablet_manager.cc:1403] T d803a38ad4e44d9c935327b45383f907 P 0842411b346b486398f960af77da8f08: Time spent bootstrapping tablet: real 0.026s	user 0.008s	sys 0.002s
I20260709 12:19:27.893587  6411 raft_consensus.cc:359] T d803a38ad4e44d9c935327b45383f907 P 0842411b346b486398f960af77da8f08 [term 0 FOLLOWER]: Replica starting. Triggering 0 pending ops. Active config: opid_index: -1 OBSOLETE_local: false peers { permanent_uuid: "5528228a67554229ba43cb2bff93982d" member_type: VOTER last_known_addr { host: "127.4.241.193" port: 39957 } } peers { permanent_uuid: "0842411b346b486398f960af77da8f08" member_type: VOTER last_known_addr { host: "127.4.241.194" port: 38493 } } peers { permanent_uuid: "477be60d778f4eef854ba1b80ffc708f" member_type: VOTER last_known_addr { host: "127.4.241.195" port: 38021 } }
I20260709 12:19:27.894363  6411 raft_consensus.cc:385] T d803a38ad4e44d9c935327b45383f907 P 0842411b346b486398f960af77da8f08 [term 0 FOLLOWER]: Consensus starting up: Expiring failure detector timer to make a prompt election more likely
I20260709 12:19:27.894670  6411 raft_consensus.cc:740] T d803a38ad4e44d9c935327b45383f907 P 0842411b346b486398f960af77da8f08 [term 0 FOLLOWER]: Becoming Follower/Learner. State: Replica: 0842411b346b486398f960af77da8f08, State: Initialized, Role: FOLLOWER
I20260709 12:19:27.895452  6411 consensus_queue.cc:260] T d803a38ad4e44d9c935327b45383f907 P 0842411b346b486398f960af77da8f08 [NON_LEADER]: Queue going to NON_LEADER mode. State: All replicated index: 0, Majority replicated index: 0, Committed index: 0, Last appended: 0.0, Last appended by leader: 0, Current term: 0, Majority size: -1, State: 0, Mode: NON_LEADER, active raft config: opid_index: -1 OBSOLETE_local: false peers { permanent_uuid: "5528228a67554229ba43cb2bff93982d" member_type: VOTER last_known_addr { host: "127.4.241.193" port: 39957 } } peers { permanent_uuid: "0842411b346b486398f960af77da8f08" member_type: VOTER last_known_addr { host: "127.4.241.194" port: 38493 } } peers { permanent_uuid: "477be60d778f4eef854ba1b80ffc708f" member_type: VOTER last_known_addr { host: "127.4.241.195" port: 38021 } }
I20260709 12:19:27.897495  6411 ts_tablet_manager.cc:1434] T d803a38ad4e44d9c935327b45383f907 P 0842411b346b486398f960af77da8f08: Time spent starting tablet: real 0.006s	user 0.005s	sys 0.000s
I20260709 12:19:27.898488  6411 tablet_bootstrap.cc:492] T c53f1cad21964bb5a3a6b14187b9c4b9 P 0842411b346b486398f960af77da8f08: Bootstrap starting.
I20260709 12:19:27.904320  6411 tablet_bootstrap.cc:654] T c53f1cad21964bb5a3a6b14187b9c4b9 P 0842411b346b486398f960af77da8f08: Neither blocks nor log segments found. Creating new log.
I20260709 12:19:27.908689  6614 raft_consensus.cc:493] T 55c226b964a2472db9826152b5d7b8e8 P 0842411b346b486398f960af77da8f08 [term 0 FOLLOWER]: Starting pre-election (no leader contacted us within the election timeout)
I20260709 12:19:27.909214  6614 raft_consensus.cc:515] T 55c226b964a2472db9826152b5d7b8e8 P 0842411b346b486398f960af77da8f08 [term 0 FOLLOWER]: Starting pre-election with config: opid_index: -1 OBSOLETE_local: false peers { permanent_uuid: "5528228a67554229ba43cb2bff93982d" member_type: VOTER last_known_addr { host: "127.4.241.193" port: 39957 } } peers { permanent_uuid: "0842411b346b486398f960af77da8f08" member_type: VOTER last_known_addr { host: "127.4.241.194" port: 38493 } } peers { permanent_uuid: "477be60d778f4eef854ba1b80ffc708f" member_type: VOTER last_known_addr { host: "127.4.241.195" port: 38021 } }
I20260709 12:19:27.911489  6614 leader_election.cc:290] T 55c226b964a2472db9826152b5d7b8e8 P 0842411b346b486398f960af77da8f08 [CANDIDATE]: Term 1 pre-election: Requested pre-vote from peers 5528228a67554229ba43cb2bff93982d (127.4.241.193:39957), 477be60d778f4eef854ba1b80ffc708f (127.4.241.195:38021)
I20260709 12:19:27.913367  6614 raft_consensus.cc:493] T 6762241f1e234fcc847dca45008571eb P 0842411b346b486398f960af77da8f08 [term 0 FOLLOWER]: Starting pre-election (no leader contacted us within the election timeout)
I20260709 12:19:27.913779  6219 tablet_service.cc:1917] Received RequestConsensusVote() RPC: tablet_id: "55c226b964a2472db9826152b5d7b8e8" candidate_uuid: "0842411b346b486398f960af77da8f08" candidate_term: 1 candidate_status { last_received { term: 0 index: 0 } } ignore_live_leader: false dest_uuid: "5528228a67554229ba43cb2bff93982d" is_pre_election: true
I20260709 12:19:27.913861  6614 raft_consensus.cc:515] T 6762241f1e234fcc847dca45008571eb P 0842411b346b486398f960af77da8f08 [term 0 FOLLOWER]: Starting pre-election with config: opid_index: -1 OBSOLETE_local: false peers { permanent_uuid: "5528228a67554229ba43cb2bff93982d" member_type: VOTER last_known_addr { host: "127.4.241.193" port: 39957 } } peers { permanent_uuid: "0842411b346b486398f960af77da8f08" member_type: VOTER last_known_addr { host: "127.4.241.194" port: 38493 } } peers { permanent_uuid: "477be60d778f4eef854ba1b80ffc708f" member_type: VOTER last_known_addr { host: "127.4.241.195" port: 38021 } }
I20260709 12:19:27.914547  6219 raft_consensus.cc:2468] T 55c226b964a2472db9826152b5d7b8e8 P 5528228a67554229ba43cb2bff93982d [term 0 FOLLOWER]: Leader pre-election vote request: Granting yes vote for candidate 0842411b346b486398f960af77da8f08 in term 0.
I20260709 12:19:27.915606  6369 tablet_service.cc:1917] Received RequestConsensusVote() RPC: tablet_id: "55c226b964a2472db9826152b5d7b8e8" candidate_uuid: "0842411b346b486398f960af77da8f08" candidate_term: 1 candidate_status { last_received { term: 0 index: 0 } } ignore_live_leader: false dest_uuid: "477be60d778f4eef854ba1b80ffc708f" is_pre_election: true
I20260709 12:19:27.916251  6369 raft_consensus.cc:2468] T 55c226b964a2472db9826152b5d7b8e8 P 477be60d778f4eef854ba1b80ffc708f [term 0 FOLLOWER]: Leader pre-election vote request: Granting yes vote for candidate 0842411b346b486398f960af77da8f08 in term 0.
I20260709 12:19:27.916749  6614 leader_election.cc:290] T 6762241f1e234fcc847dca45008571eb P 0842411b346b486398f960af77da8f08 [CANDIDATE]: Term 1 pre-election: Requested pre-vote from peers 5528228a67554229ba43cb2bff93982d (127.4.241.193:39957), 477be60d778f4eef854ba1b80ffc708f (127.4.241.195:38021)
I20260709 12:19:27.916822  6411 tablet_bootstrap.cc:492] T c53f1cad21964bb5a3a6b14187b9c4b9 P 0842411b346b486398f960af77da8f08: No bootstrap required, opened a new log
I20260709 12:19:27.920481  6411 ts_tablet_manager.cc:1403] T c53f1cad21964bb5a3a6b14187b9c4b9 P 0842411b346b486398f960af77da8f08: Time spent bootstrapping tablet: real 0.022s	user 0.006s	sys 0.005s
I20260709 12:19:27.922947  6411 raft_consensus.cc:359] T c53f1cad21964bb5a3a6b14187b9c4b9 P 0842411b346b486398f960af77da8f08 [term 0 FOLLOWER]: Replica starting. Triggering 0 pending ops. Active config: opid_index: -1 OBSOLETE_local: false peers { permanent_uuid: "5528228a67554229ba43cb2bff93982d" member_type: VOTER last_known_addr { host: "127.4.241.193" port: 39957 } } peers { permanent_uuid: "0842411b346b486398f960af77da8f08" member_type: VOTER last_known_addr { host: "127.4.241.194" port: 38493 } } peers { permanent_uuid: "477be60d778f4eef854ba1b80ffc708f" member_type: VOTER last_known_addr { host: "127.4.241.195" port: 38021 } }
I20260709 12:19:27.923595  6411 raft_consensus.cc:385] T c53f1cad21964bb5a3a6b14187b9c4b9 P 0842411b346b486398f960af77da8f08 [term 0 FOLLOWER]: Consensus starting up: Expiring failure detector timer to make a prompt election more likely
I20260709 12:19:27.923858  6411 raft_consensus.cc:740] T c53f1cad21964bb5a3a6b14187b9c4b9 P 0842411b346b486398f960af77da8f08 [term 0 FOLLOWER]: Becoming Follower/Learner. State: Replica: 0842411b346b486398f960af77da8f08, State: Initialized, Role: FOLLOWER
I20260709 12:19:27.924511  6411 consensus_queue.cc:260] T c53f1cad21964bb5a3a6b14187b9c4b9 P 0842411b346b486398f960af77da8f08 [NON_LEADER]: Queue going to NON_LEADER mode. State: All replicated index: 0, Majority replicated index: 0, Committed index: 0, Last appended: 0.0, Last appended by leader: 0, Current term: 0, Majority size: -1, State: 0, Mode: NON_LEADER, active raft config: opid_index: -1 OBSOLETE_local: false peers { permanent_uuid: "5528228a67554229ba43cb2bff93982d" member_type: VOTER last_known_addr { host: "127.4.241.193" port: 39957 } } peers { permanent_uuid: "0842411b346b486398f960af77da8f08" member_type: VOTER last_known_addr { host: "127.4.241.194" port: 38493 } } peers { permanent_uuid: "477be60d778f4eef854ba1b80ffc708f" member_type: VOTER last_known_addr { host: "127.4.241.195" port: 38021 } }
I20260709 12:19:27.935693  6506 consensus_queue.cc:1048] T 8db584e3ff8a415780cc0c29cc918b71 P 477be60d778f4eef854ba1b80ffc708f [LEADER]: Connected to new peer: Peer: permanent_uuid: "5528228a67554229ba43cb2bff93982d" member_type: VOTER last_known_addr { host: "127.4.241.193" port: 39957 }, Status: LMP_MISMATCH, Last received: 0.0, Next index: 1, Last known committed idx: 0, Time since last communication: 0.000s
I20260709 12:19:27.942179  6369 tablet_service.cc:1917] Received RequestConsensusVote() RPC: tablet_id: "6762241f1e234fcc847dca45008571eb" candidate_uuid: "0842411b346b486398f960af77da8f08" candidate_term: 1 candidate_status { last_received { term: 0 index: 0 } } ignore_live_leader: false dest_uuid: "477be60d778f4eef854ba1b80ffc708f" is_pre_election: true
I20260709 12:19:27.942821  6411 ts_tablet_manager.cc:1434] T c53f1cad21964bb5a3a6b14187b9c4b9 P 0842411b346b486398f960af77da8f08: Time spent starting tablet: real 0.022s	user 0.005s	sys 0.000s
I20260709 12:19:27.943558  6411 tablet_bootstrap.cc:492] T 26a66c59cd6a45159fa560078fb8c4e6 P 0842411b346b486398f960af77da8f08: Bootstrap starting.
I20260709 12:19:27.920892  6260 leader_election.cc:304] T 55c226b964a2472db9826152b5d7b8e8 P 0842411b346b486398f960af77da8f08 [CANDIDATE]: Term 1 pre-election: Election decided. Result: candidate won. Election summary: received 2 responses out of 3 voters: 2 yes votes; 0 no votes. yes voters: 0842411b346b486398f960af77da8f08, 5528228a67554229ba43cb2bff93982d; no voters: 
I20260709 12:19:27.945282  6460 raft_consensus.cc:2804] T 55c226b964a2472db9826152b5d7b8e8 P 0842411b346b486398f960af77da8f08 [term 0 FOLLOWER]: Leader pre-election won for term 1
W20260709 12:19:27.945415  6260 leader_election.cc:343] T 6762241f1e234fcc847dca45008571eb P 0842411b346b486398f960af77da8f08 [CANDIDATE]: Term 1 pre-election: Tablet error from VoteRequest() call to peer 477be60d778f4eef854ba1b80ffc708f (127.4.241.195:38021): Illegal state: must be running to vote when last-logged opid is not known
I20260709 12:19:27.945654  6460 raft_consensus.cc:493] T 55c226b964a2472db9826152b5d7b8e8 P 0842411b346b486398f960af77da8f08 [term 0 FOLLOWER]: Starting leader election (no leader contacted us within the election timeout)
I20260709 12:19:27.946085  6460 raft_consensus.cc:3060] T 55c226b964a2472db9826152b5d7b8e8 P 0842411b346b486398f960af77da8f08 [term 0 FOLLOWER]: Advancing to term 1
I20260709 12:19:27.948760  6219 tablet_service.cc:1917] Received RequestConsensusVote() RPC: tablet_id: "6762241f1e234fcc847dca45008571eb" candidate_uuid: "0842411b346b486398f960af77da8f08" candidate_term: 1 candidate_status { last_received { term: 0 index: 0 } } ignore_live_leader: false dest_uuid: "5528228a67554229ba43cb2bff93982d" is_pre_election: true
I20260709 12:19:27.949411  6219 raft_consensus.cc:2468] T 6762241f1e234fcc847dca45008571eb P 5528228a67554229ba43cb2bff93982d [term 0 FOLLOWER]: Leader pre-election vote request: Granting yes vote for candidate 0842411b346b486398f960af77da8f08 in term 0.
I20260709 12:19:27.958176  6460 raft_consensus.cc:515] T 55c226b964a2472db9826152b5d7b8e8 P 0842411b346b486398f960af77da8f08 [term 1 FOLLOWER]: Starting leader election with config: opid_index: -1 OBSOLETE_local: false peers { permanent_uuid: "5528228a67554229ba43cb2bff93982d" member_type: VOTER last_known_addr { host: "127.4.241.193" port: 39957 } } peers { permanent_uuid: "0842411b346b486398f960af77da8f08" member_type: VOTER last_known_addr { host: "127.4.241.194" port: 38493 } } peers { permanent_uuid: "477be60d778f4eef854ba1b80ffc708f" member_type: VOTER last_known_addr { host: "127.4.241.195" port: 38021 } }
I20260709 12:19:27.959573  6460 leader_election.cc:290] T 55c226b964a2472db9826152b5d7b8e8 P 0842411b346b486398f960af77da8f08 [CANDIDATE]: Term 1 election: Requested vote from peers 5528228a67554229ba43cb2bff93982d (127.4.241.193:39957), 477be60d778f4eef854ba1b80ffc708f (127.4.241.195:38021)
I20260709 12:19:27.962353  6260 leader_election.cc:304] T 6762241f1e234fcc847dca45008571eb P 0842411b346b486398f960af77da8f08 [CANDIDATE]: Term 1 pre-election: Election decided. Result: candidate won. Election summary: received 3 responses out of 3 voters: 2 yes votes; 1 no votes. yes voters: 0842411b346b486398f960af77da8f08, 5528228a67554229ba43cb2bff93982d; no voters: 477be60d778f4eef854ba1b80ffc708f
I20260709 12:19:27.964365  6220 tablet_service.cc:1917] Received RequestConsensusVote() RPC: tablet_id: "55c226b964a2472db9826152b5d7b8e8" candidate_uuid: "0842411b346b486398f960af77da8f08" candidate_term: 1 candidate_status { last_received { term: 0 index: 0 } } ignore_live_leader: false dest_uuid: "5528228a67554229ba43cb2bff93982d"
I20260709 12:19:27.965037  6220 raft_consensus.cc:3060] T 55c226b964a2472db9826152b5d7b8e8 P 5528228a67554229ba43cb2bff93982d [term 0 FOLLOWER]: Advancing to term 1
I20260709 12:19:27.967556  6451 raft_consensus.cc:493] T 8ba68d802cf149e8bd73db09616caa2d P 5528228a67554229ba43cb2bff93982d [term 0 FOLLOWER]: Starting pre-election (no leader contacted us within the election timeout)
I20260709 12:19:27.968039  6451 raft_consensus.cc:515] T 8ba68d802cf149e8bd73db09616caa2d P 5528228a67554229ba43cb2bff93982d [term 0 FOLLOWER]: Starting pre-election with config: opid_index: -1 OBSOLETE_local: false peers { permanent_uuid: "5528228a67554229ba43cb2bff93982d" member_type: VOTER last_known_addr { host: "127.4.241.193" port: 39957 } } peers { permanent_uuid: "0842411b346b486398f960af77da8f08" member_type: VOTER last_known_addr { host: "127.4.241.194" port: 38493 } } peers { permanent_uuid: "477be60d778f4eef854ba1b80ffc708f" member_type: VOTER last_known_addr { host: "127.4.241.195" port: 38021 } }
I20260709 12:19:27.970940  6292 tablet_service.cc:1917] Received RequestConsensusVote() RPC: tablet_id: "8ba68d802cf149e8bd73db09616caa2d" candidate_uuid: "5528228a67554229ba43cb2bff93982d" candidate_term: 1 candidate_status { last_received { term: 0 index: 0 } } ignore_live_leader: false dest_uuid: "0842411b346b486398f960af77da8f08" is_pre_election: true
I20260709 12:19:27.971268  6451 leader_election.cc:290] T 8ba68d802cf149e8bd73db09616caa2d P 5528228a67554229ba43cb2bff93982d [CANDIDATE]: Term 1 pre-election: Requested pre-vote from peers 0842411b346b486398f960af77da8f08 (127.4.241.194:38493), 477be60d778f4eef854ba1b80ffc708f (127.4.241.195:38021)
I20260709 12:19:27.971551  6292 raft_consensus.cc:2468] T 8ba68d802cf149e8bd73db09616caa2d P 0842411b346b486398f960af77da8f08 [term 0 FOLLOWER]: Leader pre-election vote request: Granting yes vote for candidate 5528228a67554229ba43cb2bff93982d in term 0.
I20260709 12:19:27.972893  6183 leader_election.cc:304] T 8ba68d802cf149e8bd73db09616caa2d P 5528228a67554229ba43cb2bff93982d [CANDIDATE]: Term 1 pre-election: Election decided. Result: candidate won. Election summary: received 2 responses out of 3 voters: 2 yes votes; 0 no votes. yes voters: 0842411b346b486398f960af77da8f08, 5528228a67554229ba43cb2bff93982d; no voters: 
I20260709 12:19:27.973742  6451 raft_consensus.cc:2804] T 8ba68d802cf149e8bd73db09616caa2d P 5528228a67554229ba43cb2bff93982d [term 0 FOLLOWER]: Leader pre-election won for term 1
I20260709 12:19:27.974121  6451 raft_consensus.cc:493] T 8ba68d802cf149e8bd73db09616caa2d P 5528228a67554229ba43cb2bff93982d [term 0 FOLLOWER]: Starting leader election (no leader contacted us within the election timeout)
I20260709 12:19:27.974454  6451 raft_consensus.cc:3060] T 8ba68d802cf149e8bd73db09616caa2d P 5528228a67554229ba43cb2bff93982d [term 0 FOLLOWER]: Advancing to term 1
I20260709 12:19:27.976526  6369 tablet_service.cc:1917] Received RequestConsensusVote() RPC: tablet_id: "55c226b964a2472db9826152b5d7b8e8" candidate_uuid: "0842411b346b486398f960af77da8f08" candidate_term: 1 candidate_status { last_received { term: 0 index: 0 } } ignore_live_leader: false dest_uuid: "477be60d778f4eef854ba1b80ffc708f"
I20260709 12:19:27.977540  6369 raft_consensus.cc:3060] T 55c226b964a2472db9826152b5d7b8e8 P 477be60d778f4eef854ba1b80ffc708f [term 0 FOLLOWER]: Advancing to term 1
I20260709 12:19:27.985497  6369 raft_consensus.cc:2468] T 55c226b964a2472db9826152b5d7b8e8 P 477be60d778f4eef854ba1b80ffc708f [term 1 FOLLOWER]: Leader election vote request: Granting yes vote for candidate 0842411b346b486398f960af77da8f08 in term 1.
I20260709 12:19:27.986186  6366 tablet_service.cc:1917] Received RequestConsensusVote() RPC: tablet_id: "8ba68d802cf149e8bd73db09616caa2d" candidate_uuid: "5528228a67554229ba43cb2bff93982d" candidate_term: 1 candidate_status { last_received { term: 0 index: 0 } } ignore_live_leader: false dest_uuid: "477be60d778f4eef854ba1b80ffc708f" is_pre_election: true
I20260709 12:19:28.014273  6366 raft_consensus.cc:2468] T 8ba68d802cf149e8bd73db09616caa2d P 477be60d778f4eef854ba1b80ffc708f [term 0 FOLLOWER]: Leader pre-election vote request: Granting yes vote for candidate 5528228a67554229ba43cb2bff93982d in term 0.
I20260709 12:19:27.994167  6421 raft_consensus.cc:2804] T 6762241f1e234fcc847dca45008571eb P 0842411b346b486398f960af77da8f08 [term 0 FOLLOWER]: Leader pre-election won for term 1
I20260709 12:19:28.015151  6421 raft_consensus.cc:493] T 6762241f1e234fcc847dca45008571eb P 0842411b346b486398f960af77da8f08 [term 0 FOLLOWER]: Starting leader election (no leader contacted us within the election timeout)
I20260709 12:19:28.015535  6421 raft_consensus.cc:3060] T 6762241f1e234fcc847dca45008571eb P 0842411b346b486398f960af77da8f08 [term 0 FOLLOWER]: Advancing to term 1
I20260709 12:19:27.996644  6561 raft_consensus.cc:493] T 26a66c59cd6a45159fa560078fb8c4e6 P 5528228a67554229ba43cb2bff93982d [term 0 FOLLOWER]: Starting pre-election (no leader contacted us within the election timeout)
I20260709 12:19:28.018100  6561 raft_consensus.cc:515] T 26a66c59cd6a45159fa560078fb8c4e6 P 5528228a67554229ba43cb2bff93982d [term 0 FOLLOWER]: Starting pre-election with config: opid_index: -1 OBSOLETE_local: false peers { permanent_uuid: "5528228a67554229ba43cb2bff93982d" member_type: VOTER last_known_addr { host: "127.4.241.193" port: 39957 } } peers { permanent_uuid: "0842411b346b486398f960af77da8f08" member_type: VOTER last_known_addr { host: "127.4.241.194" port: 38493 } } peers { permanent_uuid: "477be60d778f4eef854ba1b80ffc708f" member_type: VOTER last_known_addr { host: "127.4.241.195" port: 38021 } }
I20260709 12:19:28.018590  6538 raft_consensus.cc:493] T 47e25e0c4d3d460abe54ea43f91adbc8 P 5528228a67554229ba43cb2bff93982d [term 0 FOLLOWER]: Starting pre-election (no leader contacted us within the election timeout)
I20260709 12:19:28.019004  6538 raft_consensus.cc:515] T 47e25e0c4d3d460abe54ea43f91adbc8 P 5528228a67554229ba43cb2bff93982d [term 0 FOLLOWER]: Starting pre-election with config: opid_index: -1 OBSOLETE_local: false peers { permanent_uuid: "5528228a67554229ba43cb2bff93982d" member_type: VOTER last_known_addr { host: "127.4.241.193" port: 39957 } } peers { permanent_uuid: "0842411b346b486398f960af77da8f08" member_type: VOTER last_known_addr { host: "127.4.241.194" port: 38493 } } peers { permanent_uuid: "477be60d778f4eef854ba1b80ffc708f" member_type: VOTER last_known_addr { host: "127.4.241.195" port: 38021 } }
I20260709 12:19:28.020895  6538 leader_election.cc:290] T 47e25e0c4d3d460abe54ea43f91adbc8 P 5528228a67554229ba43cb2bff93982d [CANDIDATE]: Term 1 pre-election: Requested pre-vote from peers 0842411b346b486398f960af77da8f08 (127.4.241.194:38493), 477be60d778f4eef854ba1b80ffc708f (127.4.241.195:38021)
I20260709 12:19:28.021330  6561 leader_election.cc:290] T 26a66c59cd6a45159fa560078fb8c4e6 P 5528228a67554229ba43cb2bff93982d [CANDIDATE]: Term 1 pre-election: Requested pre-vote from peers 0842411b346b486398f960af77da8f08 (127.4.241.194:38493), 477be60d778f4eef854ba1b80ffc708f (127.4.241.195:38021)
I20260709 12:19:28.028893  6294 tablet_service.cc:1917] Received RequestConsensusVote() RPC: tablet_id: "26a66c59cd6a45159fa560078fb8c4e6" candidate_uuid: "5528228a67554229ba43cb2bff93982d" candidate_term: 1 candidate_status { last_received { term: 0 index: 0 } } ignore_live_leader: false dest_uuid: "0842411b346b486398f960af77da8f08" is_pre_election: true
I20260709 12:19:28.029100  6295 tablet_service.cc:1917] Received RequestConsensusVote() RPC: tablet_id: "47e25e0c4d3d460abe54ea43f91adbc8" candidate_uuid: "5528228a67554229ba43cb2bff93982d" candidate_term: 1 candidate_status { last_received { term: 0 index: 0 } } ignore_live_leader: false dest_uuid: "0842411b346b486398f960af77da8f08" is_pre_election: true
I20260709 12:19:28.029772  6295 raft_consensus.cc:2468] T 47e25e0c4d3d460abe54ea43f91adbc8 P 0842411b346b486398f960af77da8f08 [term 0 FOLLOWER]: Leader pre-election vote request: Granting yes vote for candidate 5528228a67554229ba43cb2bff93982d in term 0.
W20260709 12:19:28.031958  6183 leader_election.cc:343] T 26a66c59cd6a45159fa560078fb8c4e6 P 5528228a67554229ba43cb2bff93982d [CANDIDATE]: Term 1 pre-election: Tablet error from VoteRequest() call to peer 0842411b346b486398f960af77da8f08 (127.4.241.194:38493): Illegal state: must be running to vote when last-logged opid is not known
I20260709 12:19:28.032600  6183 leader_election.cc:304] T 47e25e0c4d3d460abe54ea43f91adbc8 P 5528228a67554229ba43cb2bff93982d [CANDIDATE]: Term 1 pre-election: Election decided. Result: candidate won. Election summary: received 2 responses out of 3 voters: 2 yes votes; 0 no votes. yes voters: 0842411b346b486398f960af77da8f08, 5528228a67554229ba43cb2bff93982d; no voters: 
I20260709 12:19:28.013952  6451 raft_consensus.cc:515] T 8ba68d802cf149e8bd73db09616caa2d P 5528228a67554229ba43cb2bff93982d [term 1 FOLLOWER]: Starting leader election with config: opid_index: -1 OBSOLETE_local: false peers { permanent_uuid: "5528228a67554229ba43cb2bff93982d" member_type: VOTER last_known_addr { host: "127.4.241.193" port: 39957 } } peers { permanent_uuid: "0842411b346b486398f960af77da8f08" member_type: VOTER last_known_addr { host: "127.4.241.194" port: 38493 } } peers { permanent_uuid: "477be60d778f4eef854ba1b80ffc708f" member_type: VOTER last_known_addr { host: "127.4.241.195" port: 38021 } }
I20260709 12:19:28.012759  6615 consensus_queue.cc:1048] T e0981903ab834ff48025885828cd2635 P 0842411b346b486398f960af77da8f08 [LEADER]: Connected to new peer: Peer: permanent_uuid: "5528228a67554229ba43cb2bff93982d" member_type: VOTER last_known_addr { host: "127.4.241.193" port: 39957 }, Status: LMP_MISMATCH, Last received: 0.0, Next index: 1, Last known committed idx: 0, Time since last communication: 0.000s
I20260709 12:19:28.038581  6363 tablet_service.cc:1917] Received RequestConsensusVote() RPC: tablet_id: "47e25e0c4d3d460abe54ea43f91adbc8" candidate_uuid: "5528228a67554229ba43cb2bff93982d" candidate_term: 1 candidate_status { last_received { term: 0 index: 0 } } ignore_live_leader: false dest_uuid: "477be60d778f4eef854ba1b80ffc708f" is_pre_election: true
