I20260709 12:19:00.022775 25540 raft_consensus.cc:697] T 8339d06e4e544b9c897048e57a6065e0 P 51925f6c1f9c4d108effbf7c85871526 [term 1 LEADER]: Becoming Leader. State: Replica: 51925f6c1f9c4d108effbf7c85871526, State: Running, Role: LEADER
I20260709 12:19:00.022718 25532 raft_consensus.cc:359] T ca1a4445688e4aa0b42267337df61b9c P 9fb55ae2a7e240c2b86e24ba533b4181 [term 0 FOLLOWER]: Replica starting. Triggering 0 pending ops. Active config: opid_index: -1 OBSOLETE_local: false peers { permanent_uuid: "9fb55ae2a7e240c2b86e24ba533b4181" member_type: VOTER last_known_addr { host: "127.24.23.65" port: 42023 } } peers { permanent_uuid: "51925f6c1f9c4d108effbf7c85871526" member_type: VOTER last_known_addr { host: "127.24.23.66" port: 41547 } } peers { permanent_uuid: "ab8f2b2023e3403b8d3001fe88bb96ea" member_type: VOTER last_known_addr { host: "127.24.23.67" port: 39029 } }
I20260709 12:19:00.023581 25532 raft_consensus.cc:385] T ca1a4445688e4aa0b42267337df61b9c P 9fb55ae2a7e240c2b86e24ba533b4181 [term 0 FOLLOWER]: Consensus starting up: Expiring failure detector timer to make a prompt election more likely
I20260709 12:19:00.023921 25532 raft_consensus.cc:740] T ca1a4445688e4aa0b42267337df61b9c P 9fb55ae2a7e240c2b86e24ba533b4181 [term 0 FOLLOWER]: Becoming Follower/Learner. State: Replica: 9fb55ae2a7e240c2b86e24ba533b4181, State: Initialized, Role: FOLLOWER
I20260709 12:19:00.023721 25540 consensus_queue.cc:237] T 8339d06e4e544b9c897048e57a6065e0 P 51925f6c1f9c4d108effbf7c85871526 [LEADER]: Queue going to LEADER mode. State: All replicated index: 0, Majority replicated index: 0, Committed index: 0, Last appended: 0.0, Last appended by leader: 0, Current term: 1, Majority size: 2, State: 0, Mode: LEADER, active raft config: opid_index: -1 OBSOLETE_local: false peers { permanent_uuid: "9fb55ae2a7e240c2b86e24ba533b4181" member_type: VOTER last_known_addr { host: "127.24.23.65" port: 42023 } } peers { permanent_uuid: "51925f6c1f9c4d108effbf7c85871526" member_type: VOTER last_known_addr { host: "127.24.23.66" port: 41547 } } peers { permanent_uuid: "ab8f2b2023e3403b8d3001fe88bb96ea" member_type: VOTER last_known_addr { host: "127.24.23.67" port: 39029 } }
I20260709 12:19:00.024623 25534 raft_consensus.cc:515] T 438a2a2ff7394b88929bf8fd32dfb462 P ab8f2b2023e3403b8d3001fe88bb96ea [term 1 FOLLOWER]: Starting leader election with config: opid_index: -1 OBSOLETE_local: false peers { permanent_uuid: "9fb55ae2a7e240c2b86e24ba533b4181" member_type: VOTER last_known_addr { host: "127.24.23.65" port: 42023 } } peers { permanent_uuid: "51925f6c1f9c4d108effbf7c85871526" member_type: VOTER last_known_addr { host: "127.24.23.66" port: 41547 } } peers { permanent_uuid: "ab8f2b2023e3403b8d3001fe88bb96ea" member_type: VOTER last_known_addr { host: "127.24.23.67" port: 39029 } }
I20260709 12:19:00.024678 25532 consensus_queue.cc:260] T ca1a4445688e4aa0b42267337df61b9c P 9fb55ae2a7e240c2b86e24ba533b4181 [NON_LEADER]: Queue going to NON_LEADER mode. State: All replicated index: 0, Majority replicated index: 0, Committed index: 0, Last appended: 0.0, Last appended by leader: 0, Current term: 0, Majority size: -1, State: 0, Mode: NON_LEADER, active raft config: opid_index: -1 OBSOLETE_local: false peers { permanent_uuid: "9fb55ae2a7e240c2b86e24ba533b4181" member_type: VOTER last_known_addr { host: "127.24.23.65" port: 42023 } } peers { permanent_uuid: "51925f6c1f9c4d108effbf7c85871526" member_type: VOTER last_known_addr { host: "127.24.23.66" port: 41547 } } peers { permanent_uuid: "ab8f2b2023e3403b8d3001fe88bb96ea" member_type: VOTER last_known_addr { host: "127.24.23.67" port: 39029 } }
I20260709 12:19:00.026890 25534 leader_election.cc:290] T 438a2a2ff7394b88929bf8fd32dfb462 P ab8f2b2023e3403b8d3001fe88bb96ea [CANDIDATE]: Term 1 election: Requested vote from peers 9fb55ae2a7e240c2b86e24ba533b4181 (127.24.23.65:42023), 51925f6c1f9c4d108effbf7c85871526 (127.24.23.66:41547)
I20260709 12:19:00.027043 25532 ts_tablet_manager.cc:1434] T ca1a4445688e4aa0b42267337df61b9c P 9fb55ae2a7e240c2b86e24ba533b4181: Time spent starting tablet: real 0.008s	user 0.005s	sys 0.000s
I20260709 12:19:00.028043 25416 tablet_service.cc:1917] Received RequestConsensusVote() RPC: tablet_id: "438a2a2ff7394b88929bf8fd32dfb462" candidate_uuid: "ab8f2b2023e3403b8d3001fe88bb96ea" candidate_term: 1 candidate_status { last_received { term: 0 index: 0 } } ignore_live_leader: false dest_uuid: "51925f6c1f9c4d108effbf7c85871526"
I20260709 12:19:00.028644 25532 tablet_bootstrap.cc:492] T 438a2a2ff7394b88929bf8fd32dfb462 P 9fb55ae2a7e240c2b86e24ba533b4181: Bootstrap starting.
I20260709 12:19:00.028642 25416 raft_consensus.cc:3060] T 438a2a2ff7394b88929bf8fd32dfb462 P 51925f6c1f9c4d108effbf7c85871526 [term 0 FOLLOWER]: Advancing to term 1
I20260709 12:19:00.035282 25341 tablet_service.cc:1917] Received RequestConsensusVote() RPC: tablet_id: "438a2a2ff7394b88929bf8fd32dfb462" candidate_uuid: "ab8f2b2023e3403b8d3001fe88bb96ea" candidate_term: 1 candidate_status { last_received { term: 0 index: 0 } } ignore_live_leader: false dest_uuid: "9fb55ae2a7e240c2b86e24ba533b4181"
I20260709 12:19:00.036042 25533 tablet_bootstrap.cc:492] T ca1a4445688e4aa0b42267337df61b9c P 51925f6c1f9c4d108effbf7c85871526: No bootstrap required, opened a new log
I20260709 12:19:00.036571 25533 ts_tablet_manager.cc:1403] T ca1a4445688e4aa0b42267337df61b9c P 51925f6c1f9c4d108effbf7c85871526: Time spent bootstrapping tablet: real 0.036s	user 0.017s	sys 0.005s
W20260709 12:19:00.037431 25454 leader_election.cc:343] T 438a2a2ff7394b88929bf8fd32dfb462 P ab8f2b2023e3403b8d3001fe88bb96ea [CANDIDATE]: Term 1 election: Tablet error from VoteRequest() call to peer 9fb55ae2a7e240c2b86e24ba533b4181 (127.24.23.65:42023): Illegal state: must be running to vote when last-logged opid is not known
I20260709 12:19:00.037873 25416 raft_consensus.cc:2468] T 438a2a2ff7394b88929bf8fd32dfb462 P 51925f6c1f9c4d108effbf7c85871526 [term 1 FOLLOWER]: Leader election vote request: Granting yes vote for candidate ab8f2b2023e3403b8d3001fe88bb96ea in term 1.
I20260709 12:19:00.037642 25532 tablet_bootstrap.cc:654] T 438a2a2ff7394b88929bf8fd32dfb462 P 9fb55ae2a7e240c2b86e24ba533b4181: Neither blocks nor log segments found. Creating new log.
I20260709 12:19:00.039105 25454 leader_election.cc:304] T 438a2a2ff7394b88929bf8fd32dfb462 P ab8f2b2023e3403b8d3001fe88bb96ea [CANDIDATE]: Term 1 election: Election decided. Result: candidate won. Election summary: received 3 responses out of 3 voters: 2 yes votes; 1 no votes. yes voters: 51925f6c1f9c4d108effbf7c85871526, ab8f2b2023e3403b8d3001fe88bb96ea; no voters: 9fb55ae2a7e240c2b86e24ba533b4181
I20260709 12:19:00.039482 25533 raft_consensus.cc:359] T ca1a4445688e4aa0b42267337df61b9c P 51925f6c1f9c4d108effbf7c85871526 [term 0 FOLLOWER]: Replica starting. Triggering 0 pending ops. Active config: opid_index: -1 OBSOLETE_local: false peers { permanent_uuid: "9fb55ae2a7e240c2b86e24ba533b4181" member_type: VOTER last_known_addr { host: "127.24.23.65" port: 42023 } } peers { permanent_uuid: "51925f6c1f9c4d108effbf7c85871526" member_type: VOTER last_known_addr { host: "127.24.23.66" port: 41547 } } peers { permanent_uuid: "ab8f2b2023e3403b8d3001fe88bb96ea" member_type: VOTER last_known_addr { host: "127.24.23.67" port: 39029 } }
I20260709 12:19:00.040225 25534 raft_consensus.cc:2804] T 438a2a2ff7394b88929bf8fd32dfb462 P ab8f2b2023e3403b8d3001fe88bb96ea [term 1 FOLLOWER]: Leader election won for term 1
I20260709 12:19:00.040380 25533 raft_consensus.cc:385] T ca1a4445688e4aa0b42267337df61b9c P 51925f6c1f9c4d108effbf7c85871526 [term 0 FOLLOWER]: Consensus starting up: Expiring failure detector timer to make a prompt election more likely
I20260709 12:19:00.040827 25533 raft_consensus.cc:740] T ca1a4445688e4aa0b42267337df61b9c P 51925f6c1f9c4d108effbf7c85871526 [term 0 FOLLOWER]: Becoming Follower/Learner. State: Replica: 51925f6c1f9c4d108effbf7c85871526, State: Initialized, Role: FOLLOWER
I20260709 12:19:00.040792 25534 raft_consensus.cc:697] T 438a2a2ff7394b88929bf8fd32dfb462 P ab8f2b2023e3403b8d3001fe88bb96ea [term 1 LEADER]: Becoming Leader. State: Replica: ab8f2b2023e3403b8d3001fe88bb96ea, State: Running, Role: LEADER
I20260709 12:19:00.041805 25533 consensus_queue.cc:260] T ca1a4445688e4aa0b42267337df61b9c P 51925f6c1f9c4d108effbf7c85871526 [NON_LEADER]: Queue going to NON_LEADER mode. State: All replicated index: 0, Majority replicated index: 0, Committed index: 0, Last appended: 0.0, Last appended by leader: 0, Current term: 0, Majority size: -1, State: 0, Mode: NON_LEADER, active raft config: opid_index: -1 OBSOLETE_local: false peers { permanent_uuid: "9fb55ae2a7e240c2b86e24ba533b4181" member_type: VOTER last_known_addr { host: "127.24.23.65" port: 42023 } } peers { permanent_uuid: "51925f6c1f9c4d108effbf7c85871526" member_type: VOTER last_known_addr { host: "127.24.23.66" port: 41547 } } peers { permanent_uuid: "ab8f2b2023e3403b8d3001fe88bb96ea" member_type: VOTER last_known_addr { host: "127.24.23.67" port: 39029 } }
I20260709 12:19:00.041965 25534 consensus_queue.cc:237] T 438a2a2ff7394b88929bf8fd32dfb462 P ab8f2b2023e3403b8d3001fe88bb96ea [LEADER]: Queue going to LEADER mode. State: All replicated index: 0, Majority replicated index: 0, Committed index: 0, Last appended: 0.0, Last appended by leader: 0, Current term: 1, Majority size: 2, State: 0, Mode: LEADER, active raft config: opid_index: -1 OBSOLETE_local: false peers { permanent_uuid: "9fb55ae2a7e240c2b86e24ba533b4181" member_type: VOTER last_known_addr { host: "127.24.23.65" port: 42023 } } peers { permanent_uuid: "51925f6c1f9c4d108effbf7c85871526" member_type: VOTER last_known_addr { host: "127.24.23.66" port: 41547 } } peers { permanent_uuid: "ab8f2b2023e3403b8d3001fe88bb96ea" member_type: VOTER last_known_addr { host: "127.24.23.67" port: 39029 } }
I20260709 12:19:00.044342 25533 ts_tablet_manager.cc:1434] T ca1a4445688e4aa0b42267337df61b9c P 51925f6c1f9c4d108effbf7c85871526: Time spent starting tablet: real 0.007s	user 0.005s	sys 0.000s
I20260709 12:19:00.047457 25532 tablet_bootstrap.cc:492] T 438a2a2ff7394b88929bf8fd32dfb462 P 9fb55ae2a7e240c2b86e24ba533b4181: No bootstrap required, opened a new log
I20260709 12:19:00.047888 25532 ts_tablet_manager.cc:1403] T 438a2a2ff7394b88929bf8fd32dfb462 P 9fb55ae2a7e240c2b86e24ba533b4181: Time spent bootstrapping tablet: real 0.020s	user 0.014s	sys 0.002s
I20260709 12:19:00.050658 25532 raft_consensus.cc:359] T 438a2a2ff7394b88929bf8fd32dfb462 P 9fb55ae2a7e240c2b86e24ba533b4181 [term 0 FOLLOWER]: Replica starting. Triggering 0 pending ops. Active config: opid_index: -1 OBSOLETE_local: false peers { permanent_uuid: "9fb55ae2a7e240c2b86e24ba533b4181" member_type: VOTER last_known_addr { host: "127.24.23.65" port: 42023 } } peers { permanent_uuid: "51925f6c1f9c4d108effbf7c85871526" member_type: VOTER last_known_addr { host: "127.24.23.66" port: 41547 } } peers { permanent_uuid: "ab8f2b2023e3403b8d3001fe88bb96ea" member_type: VOTER last_known_addr { host: "127.24.23.67" port: 39029 } }
I20260709 12:19:00.051353 25532 raft_consensus.cc:385] T 438a2a2ff7394b88929bf8fd32dfb462 P 9fb55ae2a7e240c2b86e24ba533b4181 [term 0 FOLLOWER]: Consensus starting up: Expiring failure detector timer to make a prompt election more likely
I20260709 12:19:00.050810 25239 catalog_manager.cc:5697] T 8339d06e4e544b9c897048e57a6065e0 P 51925f6c1f9c4d108effbf7c85871526 reported cstate change: term changed from 0 to 1, leader changed from <none> to 51925f6c1f9c4d108effbf7c85871526 (127.24.23.66). New cstate: current_term: 1 leader_uuid: "51925f6c1f9c4d108effbf7c85871526" committed_config { opid_index: -1 OBSOLETE_local: false peers { permanent_uuid: "9fb55ae2a7e240c2b86e24ba533b4181" member_type: VOTER last_known_addr { host: "127.24.23.65" port: 42023 } health_report { overall_health: UNKNOWN } } peers { permanent_uuid: "51925f6c1f9c4d108effbf7c85871526" member_type: VOTER last_known_addr { host: "127.24.23.66" port: 41547 } health_report { overall_health: HEALTHY } } peers { permanent_uuid: "ab8f2b2023e3403b8d3001fe88bb96ea" member_type: VOTER last_known_addr { host: "127.24.23.67" port: 39029 } health_report { overall_health: UNKNOWN } } }
I20260709 12:19:00.051635 25532 raft_consensus.cc:740] T 438a2a2ff7394b88929bf8fd32dfb462 P 9fb55ae2a7e240c2b86e24ba533b4181 [term 0 FOLLOWER]: Becoming Follower/Learner. State: Replica: 9fb55ae2a7e240c2b86e24ba533b4181, State: Initialized, Role: FOLLOWER
I20260709 12:19:00.052333 25532 consensus_queue.cc:260] T 438a2a2ff7394b88929bf8fd32dfb462 P 9fb55ae2a7e240c2b86e24ba533b4181 [NON_LEADER]: Queue going to NON_LEADER mode. State: All replicated index: 0, Majority replicated index: 0, Committed index: 0, Last appended: 0.0, Last appended by leader: 0, Current term: 0, Majority size: -1, State: 0, Mode: NON_LEADER, active raft config: opid_index: -1 OBSOLETE_local: false peers { permanent_uuid: "9fb55ae2a7e240c2b86e24ba533b4181" member_type: VOTER last_known_addr { host: "127.24.23.65" port: 42023 } } peers { permanent_uuid: "51925f6c1f9c4d108effbf7c85871526" member_type: VOTER last_known_addr { host: "127.24.23.66" port: 41547 } } peers { permanent_uuid: "ab8f2b2023e3403b8d3001fe88bb96ea" member_type: VOTER last_known_addr { host: "127.24.23.67" port: 39029 } }
I20260709 12:19:00.053889 25540 raft_consensus.cc:493] T 9b4ce510db3742429dd997664508b71c P 51925f6c1f9c4d108effbf7c85871526 [term 0 FOLLOWER]: Starting pre-election (no leader contacted us within the election timeout)
I20260709 12:19:00.054351 25540 raft_consensus.cc:515] T 9b4ce510db3742429dd997664508b71c P 51925f6c1f9c4d108effbf7c85871526 [term 0 FOLLOWER]: Starting pre-election with config: opid_index: -1 OBSOLETE_local: false peers { permanent_uuid: "9fb55ae2a7e240c2b86e24ba533b4181" member_type: VOTER last_known_addr { host: "127.24.23.65" port: 42023 } } peers { permanent_uuid: "51925f6c1f9c4d108effbf7c85871526" member_type: VOTER last_known_addr { host: "127.24.23.66" port: 41547 } } peers { permanent_uuid: "ab8f2b2023e3403b8d3001fe88bb96ea" member_type: VOTER last_known_addr { host: "127.24.23.67" port: 39029 } }
I20260709 12:19:00.054950 25532 ts_tablet_manager.cc:1434] T 438a2a2ff7394b88929bf8fd32dfb462 P 9fb55ae2a7e240c2b86e24ba533b4181: Time spent starting tablet: real 0.007s	user 0.006s	sys 0.000s
I20260709 12:19:00.054483 25238 catalog_manager.cc:5697] T 438a2a2ff7394b88929bf8fd32dfb462 P ab8f2b2023e3403b8d3001fe88bb96ea reported cstate change: term changed from 0 to 1, leader changed from <none> to ab8f2b2023e3403b8d3001fe88bb96ea (127.24.23.67). New cstate: current_term: 1 leader_uuid: "ab8f2b2023e3403b8d3001fe88bb96ea" committed_config { opid_index: -1 OBSOLETE_local: false peers { permanent_uuid: "9fb55ae2a7e240c2b86e24ba533b4181" member_type: VOTER last_known_addr { host: "127.24.23.65" port: 42023 } health_report { overall_health: UNKNOWN } } peers { permanent_uuid: "51925f6c1f9c4d108effbf7c85871526" member_type: VOTER last_known_addr { host: "127.24.23.66" port: 41547 } health_report { overall_health: UNKNOWN } } peers { permanent_uuid: "ab8f2b2023e3403b8d3001fe88bb96ea" member_type: VOTER last_known_addr { host: "127.24.23.67" port: 39029 } health_report { overall_health: HEALTHY } } }
I20260709 12:19:00.058099 25540 leader_election.cc:290] T 9b4ce510db3742429dd997664508b71c P 51925f6c1f9c4d108effbf7c85871526 [CANDIDATE]: Term 1 pre-election: Requested pre-vote from peers 9fb55ae2a7e240c2b86e24ba533b4181 (127.24.23.65:42023), ab8f2b2023e3403b8d3001fe88bb96ea (127.24.23.67:39029)
I20260709 12:19:00.057984 25341 tablet_service.cc:1917] Received RequestConsensusVote() RPC: tablet_id: "9b4ce510db3742429dd997664508b71c" candidate_uuid: "51925f6c1f9c4d108effbf7c85871526" candidate_term: 1 candidate_status { last_received { term: 0 index: 0 } } ignore_live_leader: false dest_uuid: "9fb55ae2a7e240c2b86e24ba533b4181" is_pre_election: true
I20260709 12:19:00.058328 25491 tablet_service.cc:1917] Received RequestConsensusVote() RPC: tablet_id: "9b4ce510db3742429dd997664508b71c" candidate_uuid: "51925f6c1f9c4d108effbf7c85871526" candidate_term: 1 candidate_status { last_received { term: 0 index: 0 } } ignore_live_leader: false dest_uuid: "ab8f2b2023e3403b8d3001fe88bb96ea" is_pre_election: true
I20260709 12:19:00.058703 25341 raft_consensus.cc:2468] T 9b4ce510db3742429dd997664508b71c P 9fb55ae2a7e240c2b86e24ba533b4181 [term 0 FOLLOWER]: Leader pre-election vote request: Granting yes vote for candidate 51925f6c1f9c4d108effbf7c85871526 in term 0.
I20260709 12:19:00.059150 25491 raft_consensus.cc:2468] T 9b4ce510db3742429dd997664508b71c P ab8f2b2023e3403b8d3001fe88bb96ea [term 0 FOLLOWER]: Leader pre-election vote request: Granting yes vote for candidate 51925f6c1f9c4d108effbf7c85871526 in term 0.
I20260709 12:19:00.059595 25380 leader_election.cc:304] T 9b4ce510db3742429dd997664508b71c P 51925f6c1f9c4d108effbf7c85871526 [CANDIDATE]: Term 1 pre-election: Election decided. Result: candidate won. Election summary: received 2 responses out of 3 voters: 2 yes votes; 0 no votes. yes voters: 51925f6c1f9c4d108effbf7c85871526, 9fb55ae2a7e240c2b86e24ba533b4181; no voters: 
I20260709 12:19:00.060913 25540 raft_consensus.cc:2804] T 9b4ce510db3742429dd997664508b71c P 51925f6c1f9c4d108effbf7c85871526 [term 0 FOLLOWER]: Leader pre-election won for term 1
I20260709 12:19:00.061267 25540 raft_consensus.cc:493] T 9b4ce510db3742429dd997664508b71c P 51925f6c1f9c4d108effbf7c85871526 [term 0 FOLLOWER]: Starting leader election (no leader contacted us within the election timeout)
I20260709 12:19:00.061491 25540 raft_consensus.cc:3060] T 9b4ce510db3742429dd997664508b71c P 51925f6c1f9c4d108effbf7c85871526 [term 0 FOLLOWER]: Advancing to term 1
I20260709 12:19:00.067476 25540 raft_consensus.cc:515] T 9b4ce510db3742429dd997664508b71c P 51925f6c1f9c4d108effbf7c85871526 [term 1 FOLLOWER]: Starting leader election with config: opid_index: -1 OBSOLETE_local: false peers { permanent_uuid: "9fb55ae2a7e240c2b86e24ba533b4181" member_type: VOTER last_known_addr { host: "127.24.23.65" port: 42023 } } peers { permanent_uuid: "51925f6c1f9c4d108effbf7c85871526" member_type: VOTER last_known_addr { host: "127.24.23.66" port: 41547 } } peers { permanent_uuid: "ab8f2b2023e3403b8d3001fe88bb96ea" member_type: VOTER last_known_addr { host: "127.24.23.67" port: 39029 } }
I20260709 12:19:00.071416 25540 leader_election.cc:290] T 9b4ce510db3742429dd997664508b71c P 51925f6c1f9c4d108effbf7c85871526 [CANDIDATE]: Term 1 election: Requested vote from peers 9fb55ae2a7e240c2b86e24ba533b4181 (127.24.23.65:42023), ab8f2b2023e3403b8d3001fe88bb96ea (127.24.23.67:39029)
I20260709 12:19:00.071925 25341 tablet_service.cc:1917] Received RequestConsensusVote() RPC: tablet_id: "9b4ce510db3742429dd997664508b71c" candidate_uuid: "51925f6c1f9c4d108effbf7c85871526" candidate_term: 1 candidate_status { last_received { term: 0 index: 0 } } ignore_live_leader: false dest_uuid: "9fb55ae2a7e240c2b86e24ba533b4181"
I20260709 12:19:00.072434 25341 raft_consensus.cc:3060] T 9b4ce510db3742429dd997664508b71c P 9fb55ae2a7e240c2b86e24ba533b4181 [term 0 FOLLOWER]: Advancing to term 1
I20260709 12:19:00.072629 25491 tablet_service.cc:1917] Received RequestConsensusVote() RPC: tablet_id: "9b4ce510db3742429dd997664508b71c" candidate_uuid: "51925f6c1f9c4d108effbf7c85871526" candidate_term: 1 candidate_status { last_received { term: 0 index: 0 } } ignore_live_leader: false dest_uuid: "ab8f2b2023e3403b8d3001fe88bb96ea"
I20260709 12:19:00.073277 25491 raft_consensus.cc:3060] T 9b4ce510db3742429dd997664508b71c P ab8f2b2023e3403b8d3001fe88bb96ea [term 0 FOLLOWER]: Advancing to term 1
I20260709 12:19:00.078347 25341 raft_consensus.cc:2468] T 9b4ce510db3742429dd997664508b71c P 9fb55ae2a7e240c2b86e24ba533b4181 [term 1 FOLLOWER]: Leader election vote request: Granting yes vote for candidate 51925f6c1f9c4d108effbf7c85871526 in term 1.
I20260709 12:19:00.078433 25491 raft_consensus.cc:2468] T 9b4ce510db3742429dd997664508b71c P ab8f2b2023e3403b8d3001fe88bb96ea [term 1 FOLLOWER]: Leader election vote request: Granting yes vote for candidate 51925f6c1f9c4d108effbf7c85871526 in term 1.
I20260709 12:19:00.079344 25380 leader_election.cc:304] T 9b4ce510db3742429dd997664508b71c P 51925f6c1f9c4d108effbf7c85871526 [CANDIDATE]: Term 1 election: Election decided. Result: candidate won. Election summary: received 2 responses out of 3 voters: 2 yes votes; 0 no votes. yes voters: 51925f6c1f9c4d108effbf7c85871526, 9fb55ae2a7e240c2b86e24ba533b4181; no voters: 
I20260709 12:19:00.080410 25540 raft_consensus.cc:2804] T 9b4ce510db3742429dd997664508b71c P 51925f6c1f9c4d108effbf7c85871526 [term 1 FOLLOWER]: Leader election won for term 1
I20260709 12:19:00.080854 25540 raft_consensus.cc:697] T 9b4ce510db3742429dd997664508b71c P 51925f6c1f9c4d108effbf7c85871526 [term 1 LEADER]: Becoming Leader. State: Replica: 51925f6c1f9c4d108effbf7c85871526, State: Running, Role: LEADER
I20260709 12:19:00.081550 25540 consensus_queue.cc:237] T 9b4ce510db3742429dd997664508b71c P 51925f6c1f9c4d108effbf7c85871526 [LEADER]: Queue going to LEADER mode. State: All replicated index: 0, Majority replicated index: 0, Committed index: 0, Last appended: 0.0, Last appended by leader: 0, Current term: 1, Majority size: 2, State: 0, Mode: LEADER, active raft config: opid_index: -1 OBSOLETE_local: false peers { permanent_uuid: "9fb55ae2a7e240c2b86e24ba533b4181" member_type: VOTER last_known_addr { host: "127.24.23.65" port: 42023 } } peers { permanent_uuid: "51925f6c1f9c4d108effbf7c85871526" member_type: VOTER last_known_addr { host: "127.24.23.66" port: 41547 } } peers { permanent_uuid: "ab8f2b2023e3403b8d3001fe88bb96ea" member_type: VOTER last_known_addr { host: "127.24.23.67" port: 39029 } }
I20260709 12:19:00.089802 25238 catalog_manager.cc:5697] T 9b4ce510db3742429dd997664508b71c P 51925f6c1f9c4d108effbf7c85871526 reported cstate change: term changed from 0 to 1, leader changed from <none> to 51925f6c1f9c4d108effbf7c85871526 (127.24.23.66). New cstate: current_term: 1 leader_uuid: "51925f6c1f9c4d108effbf7c85871526" committed_config { opid_index: -1 OBSOLETE_local: false peers { permanent_uuid: "9fb55ae2a7e240c2b86e24ba533b4181" member_type: VOTER last_known_addr { host: "127.24.23.65" port: 42023 } health_report { overall_health: UNKNOWN } } peers { permanent_uuid: "51925f6c1f9c4d108effbf7c85871526" member_type: VOTER last_known_addr { host: "127.24.23.66" port: 41547 } health_report { overall_health: HEALTHY } } peers { permanent_uuid: "ab8f2b2023e3403b8d3001fe88bb96ea" member_type: VOTER last_known_addr { host: "127.24.23.67" port: 39029 } health_report { overall_health: UNKNOWN } } }
I20260709 12:19:00.108825 25540 raft_consensus.cc:493] T 163287c2cdb448a8828450b7025a06bc P 51925f6c1f9c4d108effbf7c85871526 [term 0 FOLLOWER]: Starting pre-election (no leader contacted us within the election timeout)
I20260709 12:19:00.109349 25540 raft_consensus.cc:515] T 163287c2cdb448a8828450b7025a06bc P 51925f6c1f9c4d108effbf7c85871526 [term 0 FOLLOWER]: Starting pre-election with config: opid_index: -1 OBSOLETE_local: false peers { permanent_uuid: "9fb55ae2a7e240c2b86e24ba533b4181" member_type: VOTER last_known_addr { host: "127.24.23.65" port: 42023 } } peers { permanent_uuid: "51925f6c1f9c4d108effbf7c85871526" member_type: VOTER last_known_addr { host: "127.24.23.66" port: 41547 } } peers { permanent_uuid: "ab8f2b2023e3403b8d3001fe88bb96ea" member_type: VOTER last_known_addr { host: "127.24.23.67" port: 39029 } }
I20260709 12:19:00.111009 25540 leader_election.cc:290] T 163287c2cdb448a8828450b7025a06bc P 51925f6c1f9c4d108effbf7c85871526 [CANDIDATE]: Term 1 pre-election: Requested pre-vote from peers 9fb55ae2a7e240c2b86e24ba533b4181 (127.24.23.65:42023), ab8f2b2023e3403b8d3001fe88bb96ea (127.24.23.67:39029)
I20260709 12:19:00.111922 25341 tablet_service.cc:1917] Received RequestConsensusVote() RPC: tablet_id: "163287c2cdb448a8828450b7025a06bc" candidate_uuid: "51925f6c1f9c4d108effbf7c85871526" candidate_term: 1 candidate_status { last_received { term: 0 index: 0 } } ignore_live_leader: false dest_uuid: "9fb55ae2a7e240c2b86e24ba533b4181" is_pre_election: true
I20260709 12:19:00.112007 25491 tablet_service.cc:1917] Received RequestConsensusVote() RPC: tablet_id: "163287c2cdb448a8828450b7025a06bc" candidate_uuid: "51925f6c1f9c4d108effbf7c85871526" candidate_term: 1 candidate_status { last_received { term: 0 index: 0 } } ignore_live_leader: false dest_uuid: "ab8f2b2023e3403b8d3001fe88bb96ea" is_pre_election: true
I20260709 12:19:00.112598 25341 raft_consensus.cc:2393] T 163287c2cdb448a8828450b7025a06bc P 9fb55ae2a7e240c2b86e24ba533b4181 [term 1 FOLLOWER]: Leader pre-election vote request: Denying vote to candidate 51925f6c1f9c4d108effbf7c85871526 in current term 1: Already voted for candidate ab8f2b2023e3403b8d3001fe88bb96ea in this term.
I20260709 12:19:00.113571 25380 leader_election.cc:304] T 163287c2cdb448a8828450b7025a06bc P 51925f6c1f9c4d108effbf7c85871526 [CANDIDATE]: Term 1 pre-election: Election decided. Result: candidate lost. Election summary: received 3 responses out of 3 voters: 1 yes votes; 2 no votes. yes voters: 51925f6c1f9c4d108effbf7c85871526; no voters: 9fb55ae2a7e240c2b86e24ba533b4181, ab8f2b2023e3403b8d3001fe88bb96ea
I20260709 12:19:00.114265 25540 raft_consensus.cc:3060] T 163287c2cdb448a8828450b7025a06bc P 51925f6c1f9c4d108effbf7c85871526 [term 0 FOLLOWER]: Advancing to term 1
I20260709 12:19:00.118840 25540 raft_consensus.cc:2749] T 163287c2cdb448a8828450b7025a06bc P 51925f6c1f9c4d108effbf7c85871526 [term 1 FOLLOWER]: Leader pre-election lost for term 1. Reason: could not achieve majority
I20260709 12:19:00.185446 25341 raft_consensus.cc:3060] T d4bfedba48f84211878c563860d60061 P 9fb55ae2a7e240c2b86e24ba533b4181 [term 0 FOLLOWER]: Advancing to term 1
I20260709 12:19:00.187700 25581 raft_consensus.cc:493] T ca1a4445688e4aa0b42267337df61b9c P 9fb55ae2a7e240c2b86e24ba533b4181 [term 0 FOLLOWER]: Starting pre-election (no leader contacted us within the election timeout)
I20260709 12:19:00.188154 25581 raft_consensus.cc:515] T ca1a4445688e4aa0b42267337df61b9c P 9fb55ae2a7e240c2b86e24ba533b4181 [term 0 FOLLOWER]: Starting pre-election with config: opid_index: -1 OBSOLETE_local: false peers { permanent_uuid: "9fb55ae2a7e240c2b86e24ba533b4181" member_type: VOTER last_known_addr { host: "127.24.23.65" port: 42023 } } peers { permanent_uuid: "51925f6c1f9c4d108effbf7c85871526" member_type: VOTER last_known_addr { host: "127.24.23.66" port: 41547 } } peers { permanent_uuid: "ab8f2b2023e3403b8d3001fe88bb96ea" member_type: VOTER last_known_addr { host: "127.24.23.67" port: 39029 } }
I20260709 12:19:00.189998 25581 leader_election.cc:290] T ca1a4445688e4aa0b42267337df61b9c P 9fb55ae2a7e240c2b86e24ba533b4181 [CANDIDATE]: Term 1 pre-election: Requested pre-vote from peers 51925f6c1f9c4d108effbf7c85871526 (127.24.23.66:41547), ab8f2b2023e3403b8d3001fe88bb96ea (127.24.23.67:39029)
I20260709 12:19:00.190864 25416 tablet_service.cc:1917] Received RequestConsensusVote() RPC: tablet_id: "ca1a4445688e4aa0b42267337df61b9c" candidate_uuid: "9fb55ae2a7e240c2b86e24ba533b4181" candidate_term: 1 candidate_status { last_received { term: 0 index: 0 } } ignore_live_leader: false dest_uuid: "51925f6c1f9c4d108effbf7c85871526" is_pre_election: true
I20260709 12:19:00.191313 25491 tablet_service.cc:1917] Received RequestConsensusVote() RPC: tablet_id: "ca1a4445688e4aa0b42267337df61b9c" candidate_uuid: "9fb55ae2a7e240c2b86e24ba533b4181" candidate_term: 1 candidate_status { last_received { term: 0 index: 0 } } ignore_live_leader: false dest_uuid: "ab8f2b2023e3403b8d3001fe88bb96ea" is_pre_election: true
I20260709 12:19:00.191526 25416 raft_consensus.cc:2468] T ca1a4445688e4aa0b42267337df61b9c P 51925f6c1f9c4d108effbf7c85871526 [term 0 FOLLOWER]: Leader pre-election vote request: Granting yes vote for candidate 9fb55ae2a7e240c2b86e24ba533b4181 in term 0.
I20260709 12:19:00.191927 25491 raft_consensus.cc:2468] T ca1a4445688e4aa0b42267337df61b9c P ab8f2b2023e3403b8d3001fe88bb96ea [term 0 FOLLOWER]: Leader pre-election vote request: Granting yes vote for candidate 9fb55ae2a7e240c2b86e24ba533b4181 in term 0.
I20260709 12:19:00.192001 25534 consensus_queue.cc:1048] T d4bfedba48f84211878c563860d60061 P ab8f2b2023e3403b8d3001fe88bb96ea [LEADER]: Connected to new peer: Peer: permanent_uuid: "9fb55ae2a7e240c2b86e24ba533b4181" member_type: VOTER last_known_addr { host: "127.24.23.65" port: 42023 }, Status: LMP_MISMATCH, Last received: 0.0, Next index: 1, Last known committed idx: 0, Time since last communication: 0.000s
I20260709 12:19:00.192848 25305 leader_election.cc:304] T ca1a4445688e4aa0b42267337df61b9c P 9fb55ae2a7e240c2b86e24ba533b4181 [CANDIDATE]: Term 1 pre-election: Election decided. Result: candidate won. Election summary: received 2 responses out of 3 voters: 2 yes votes; 0 no votes. yes voters: 51925f6c1f9c4d108effbf7c85871526, 9fb55ae2a7e240c2b86e24ba533b4181; no voters: 
I20260709 12:19:00.193548 25581 raft_consensus.cc:2804] T ca1a4445688e4aa0b42267337df61b9c P 9fb55ae2a7e240c2b86e24ba533b4181 [term 0 FOLLOWER]: Leader pre-election won for term 1
I20260709 12:19:00.193908 25581 raft_consensus.cc:493] T ca1a4445688e4aa0b42267337df61b9c P 9fb55ae2a7e240c2b86e24ba533b4181 [term 0 FOLLOWER]: Starting leader election (no leader contacted us within the election timeout)
I20260709 12:19:00.194185 25581 raft_consensus.cc:3060] T ca1a4445688e4aa0b42267337df61b9c P 9fb55ae2a7e240c2b86e24ba533b4181 [term 0 FOLLOWER]: Advancing to term 1
I20260709 12:19:00.199954 25581 raft_consensus.cc:515] T ca1a4445688e4aa0b42267337df61b9c P 9fb55ae2a7e240c2b86e24ba533b4181 [term 1 FOLLOWER]: Starting leader election with config: opid_index: -1 OBSOLETE_local: false peers { permanent_uuid: "9fb55ae2a7e240c2b86e24ba533b4181" member_type: VOTER last_known_addr { host: "127.24.23.65" port: 42023 } } peers { permanent_uuid: "51925f6c1f9c4d108effbf7c85871526" member_type: VOTER last_known_addr { host: "127.24.23.66" port: 41547 } } peers { permanent_uuid: "ab8f2b2023e3403b8d3001fe88bb96ea" member_type: VOTER last_known_addr { host: "127.24.23.67" port: 39029 } }
I20260709 12:19:00.202929 25416 tablet_service.cc:1917] Received RequestConsensusVote() RPC: tablet_id: "ca1a4445688e4aa0b42267337df61b9c" candidate_uuid: "9fb55ae2a7e240c2b86e24ba533b4181" candidate_term: 1 candidate_status { last_received { term: 0 index: 0 } } ignore_live_leader: false dest_uuid: "51925f6c1f9c4d108effbf7c85871526"
I20260709 12:19:00.203717 25416 raft_consensus.cc:3060] T ca1a4445688e4aa0b42267337df61b9c P 51925f6c1f9c4d108effbf7c85871526 [term 0 FOLLOWER]: Advancing to term 1
I20260709 12:19:00.206215 25581 leader_election.cc:290] T ca1a4445688e4aa0b42267337df61b9c P 9fb55ae2a7e240c2b86e24ba533b4181 [CANDIDATE]: Term 1 election: Requested vote from peers 51925f6c1f9c4d108effbf7c85871526 (127.24.23.66:41547), ab8f2b2023e3403b8d3001fe88bb96ea (127.24.23.67:39029)
I20260709 12:19:00.206841 25491 tablet_service.cc:1917] Received RequestConsensusVote() RPC: tablet_id: "ca1a4445688e4aa0b42267337df61b9c" candidate_uuid: "9fb55ae2a7e240c2b86e24ba533b4181" candidate_term: 1 candidate_status { last_received { term: 0 index: 0 } } ignore_live_leader: false dest_uuid: "ab8f2b2023e3403b8d3001fe88bb96ea"
I20260709 12:19:00.207412 25491 raft_consensus.cc:3060] T ca1a4445688e4aa0b42267337df61b9c P ab8f2b2023e3403b8d3001fe88bb96ea [term 0 FOLLOWER]: Advancing to term 1
I20260709 12:19:00.211771 25553 consensus_queue.cc:1048] T d4bfedba48f84211878c563860d60061 P ab8f2b2023e3403b8d3001fe88bb96ea [LEADER]: Connected to new peer: Peer: permanent_uuid: "51925f6c1f9c4d108effbf7c85871526" member_type: VOTER last_known_addr { host: "127.24.23.66" port: 41547 }, Status: LMP_MISMATCH, Last received: 0.0, Next index: 1, Last known committed idx: 0, Time since last communication: 0.000s
I20260709 12:19:00.212203 25416 raft_consensus.cc:2468] T ca1a4445688e4aa0b42267337df61b9c P 51925f6c1f9c4d108effbf7c85871526 [term 1 FOLLOWER]: Leader election vote request: Granting yes vote for candidate 9fb55ae2a7e240c2b86e24ba533b4181 in term 1.
I20260709 12:19:00.213688 25305 leader_election.cc:304] T ca1a4445688e4aa0b42267337df61b9c P 9fb55ae2a7e240c2b86e24ba533b4181 [CANDIDATE]: Term 1 election: Election decided. Result: candidate won. Election summary: received 2 responses out of 3 voters: 2 yes votes; 0 no votes. yes voters: 51925f6c1f9c4d108effbf7c85871526, 9fb55ae2a7e240c2b86e24ba533b4181; no voters: 
I20260709 12:19:00.214854 25581 raft_consensus.cc:2804] T ca1a4445688e4aa0b42267337df61b9c P 9fb55ae2a7e240c2b86e24ba533b4181 [term 1 FOLLOWER]: Leader election won for term 1
I20260709 12:19:00.220002 25537 raft_consensus.cc:493] T 438a2a2ff7394b88929bf8fd32dfb462 P 9fb55ae2a7e240c2b86e24ba533b4181 [term 0 FOLLOWER]: Starting pre-election (no leader contacted us within the election timeout)
I20260709 12:19:00.220675 25537 raft_consensus.cc:515] T 438a2a2ff7394b88929bf8fd32dfb462 P 9fb55ae2a7e240c2b86e24ba533b4181 [term 0 FOLLOWER]: Starting pre-election with config: opid_index: -1 OBSOLETE_local: false peers { permanent_uuid: "9fb55ae2a7e240c2b86e24ba533b4181" member_type: VOTER last_known_addr { host: "127.24.23.65" port: 42023 } } peers { permanent_uuid: "51925f6c1f9c4d108effbf7c85871526" member_type: VOTER last_known_addr { host: "127.24.23.66" port: 41547 } } peers { permanent_uuid: "ab8f2b2023e3403b8d3001fe88bb96ea" member_type: VOTER last_known_addr { host: "127.24.23.67" port: 39029 } }
I20260709 12:19:00.224134 25417 tablet_service.cc:1917] Received RequestConsensusVote() RPC: tablet_id: "438a2a2ff7394b88929bf8fd32dfb462" candidate_uuid: "9fb55ae2a7e240c2b86e24ba533b4181" candidate_term: 1 candidate_status { last_received { term: 0 index: 0 } } ignore_live_leader: false dest_uuid: "51925f6c1f9c4d108effbf7c85871526" is_pre_election: true
I20260709 12:19:00.224957 25417 raft_consensus.cc:2393] T 438a2a2ff7394b88929bf8fd32dfb462 P 51925f6c1f9c4d108effbf7c85871526 [term 1 FOLLOWER]: Leader pre-election vote request: Denying vote to candidate 9fb55ae2a7e240c2b86e24ba533b4181 in current term 1: Already voted for candidate ab8f2b2023e3403b8d3001fe88bb96ea in this term.
I20260709 12:19:00.226166 25537 leader_election.cc:290] T 438a2a2ff7394b88929bf8fd32dfb462 P 9fb55ae2a7e240c2b86e24ba533b4181 [CANDIDATE]: Term 1 pre-election: Requested pre-vote from peers 51925f6c1f9c4d108effbf7c85871526 (127.24.23.66:41547), ab8f2b2023e3403b8d3001fe88bb96ea (127.24.23.67:39029)
I20260709 12:19:00.226899 25581 raft_consensus.cc:697] T ca1a4445688e4aa0b42267337df61b9c P 9fb55ae2a7e240c2b86e24ba533b4181 [term 1 LEADER]: Becoming Leader. State: Replica: 9fb55ae2a7e240c2b86e24ba533b4181, State: Running, Role: LEADER
I20260709 12:19:00.228081 25490 tablet_service.cc:1917] Received RequestConsensusVote() RPC: tablet_id: "438a2a2ff7394b88929bf8fd32dfb462" candidate_uuid: "9fb55ae2a7e240c2b86e24ba533b4181" candidate_term: 1 candidate_status { last_received { term: 0 index: 0 } } ignore_live_leader: false dest_uuid: "ab8f2b2023e3403b8d3001fe88bb96ea" is_pre_election: true
I20260709 12:19:00.229440 25491 raft_consensus.cc:2468] T ca1a4445688e4aa0b42267337df61b9c P ab8f2b2023e3403b8d3001fe88bb96ea [term 1 FOLLOWER]: Leader election vote request: Granting yes vote for candidate 9fb55ae2a7e240c2b86e24ba533b4181 in term 1.
I20260709 12:19:00.229521 25308 leader_election.cc:304] T 438a2a2ff7394b88929bf8fd32dfb462 P 9fb55ae2a7e240c2b86e24ba533b4181 [CANDIDATE]: Term 1 pre-election: Election decided. Result: candidate lost. Election summary: received 3 responses out of 3 voters: 1 yes votes; 2 no votes. yes voters: 9fb55ae2a7e240c2b86e24ba533b4181; no voters: 51925f6c1f9c4d108effbf7c85871526, ab8f2b2023e3403b8d3001fe88bb96ea
I20260709 12:19:00.230559 25580 raft_consensus.cc:3060] T 438a2a2ff7394b88929bf8fd32dfb462 P 9fb55ae2a7e240c2b86e24ba533b4181 [term 0 FOLLOWER]: Advancing to term 1
I20260709 12:19:00.227779 25581 consensus_queue.cc:237] T ca1a4445688e4aa0b42267337df61b9c P 9fb55ae2a7e240c2b86e24ba533b4181 [LEADER]: Queue going to LEADER mode. State: All replicated index: 0, Majority replicated index: 0, Committed index: 0, Last appended: 0.0, Last appended by leader: 0, Current term: 1, Majority size: 2, State: 0, Mode: LEADER, active raft config: opid_index: -1 OBSOLETE_local: false peers { permanent_uuid: "9fb55ae2a7e240c2b86e24ba533b4181" member_type: VOTER last_known_addr { host: "127.24.23.65" port: 42023 } } peers { permanent_uuid: "51925f6c1f9c4d108effbf7c85871526" member_type: VOTER last_known_addr { host: "127.24.23.66" port: 41547 } } peers { permanent_uuid: "ab8f2b2023e3403b8d3001fe88bb96ea" member_type: VOTER last_known_addr { host: "127.24.23.67" port: 39029 } }
I20260709 12:19:00.234397 25550 consensus_queue.cc:1048] T a03f3e117aa54ce98148f088ba29a35b P ab8f2b2023e3403b8d3001fe88bb96ea [LEADER]: Connected to new peer: Peer: permanent_uuid: "51925f6c1f9c4d108effbf7c85871526" member_type: VOTER last_known_addr { host: "127.24.23.66" port: 41547 }, Status: LMP_MISMATCH, Last received: 0.0, Next index: 1, Last known committed idx: 0, Time since last communication: 0.001s
I20260709 12:19:00.236759 25580 raft_consensus.cc:2749] T 438a2a2ff7394b88929bf8fd32dfb462 P 9fb55ae2a7e240c2b86e24ba533b4181 [term 1 FOLLOWER]: Leader pre-election lost for term 1. Reason: could not achieve majority
I20260709 12:19:00.241899 25540 consensus_queue.cc:1048] T 8d71e0b4ac3547abb8568301ea9c65db P 51925f6c1f9c4d108effbf7c85871526 [LEADER]: Connected to new peer: Peer: permanent_uuid: "ab8f2b2023e3403b8d3001fe88bb96ea" member_type: VOTER last_known_addr { host: "127.24.23.67" port: 39029 }, Status: LMP_MISMATCH, Last received: 0.0, Next index: 1, Last known committed idx: 0, Time since last communication: 0.001s
I20260709 12:19:00.244164 25553 consensus_queue.cc:1048] T 29a28440b8674e96858e18cb4c8d8b17 P ab8f2b2023e3403b8d3001fe88bb96ea [LEADER]: Connected to new peer: Peer: permanent_uuid: "51925f6c1f9c4d108effbf7c85871526" member_type: VOTER last_known_addr { host: "127.24.23.66" port: 41547 }, Status: LMP_MISMATCH, Last received: 0.0, Next index: 1, Last known committed idx: 0, Time since last communication: 0.000s
I20260709 12:19:00.251168 25553 consensus_queue.cc:1048] T a03f3e117aa54ce98148f088ba29a35b P ab8f2b2023e3403b8d3001fe88bb96ea [LEADER]: Connected to new peer: Peer: permanent_uuid: "9fb55ae2a7e240c2b86e24ba533b4181" member_type: VOTER last_known_addr { host: "127.24.23.65" port: 42023 }, Status: LMP_MISMATCH, Last received: 0.0, Next index: 1, Last known committed idx: 0, Time since last communication: 0.001s
I20260709 12:19:00.264207 25238 catalog_manager.cc:5697] T ca1a4445688e4aa0b42267337df61b9c P 9fb55ae2a7e240c2b86e24ba533b4181 reported cstate change: term changed from 0 to 1, leader changed from <none> to 9fb55ae2a7e240c2b86e24ba533b4181 (127.24.23.65). New cstate: current_term: 1 leader_uuid: "9fb55ae2a7e240c2b86e24ba533b4181" committed_config { opid_index: -1 OBSOLETE_local: false peers { permanent_uuid: "9fb55ae2a7e240c2b86e24ba533b4181" member_type: VOTER last_known_addr { host: "127.24.23.65" port: 42023 } health_report { overall_health: HEALTHY } } peers { permanent_uuid: "51925f6c1f9c4d108effbf7c85871526" member_type: VOTER last_known_addr { host: "127.24.23.66" port: 41547 } health_report { overall_health: UNKNOWN } } peers { permanent_uuid: "ab8f2b2023e3403b8d3001fe88bb96ea" member_type: VOTER last_known_addr { host: "127.24.23.67" port: 39029 } health_report { overall_health: UNKNOWN } } }
I20260709 12:19:00.278568 25540 consensus_queue.cc:1048] T 8d71e0b4ac3547abb8568301ea9c65db P 51925f6c1f9c4d108effbf7c85871526 [LEADER]: Connected to new peer: Peer: permanent_uuid: "9fb55ae2a7e240c2b86e24ba533b4181" member_type: VOTER last_known_addr { host: "127.24.23.65" port: 42023 }, Status: LMP_MISMATCH, Last received: 0.0, Next index: 1, Last known committed idx: 0, Time since last communication: 0.001s
I20260709 12:19:00.289845 25553 consensus_queue.cc:1048] T 29a28440b8674e96858e18cb4c8d8b17 P ab8f2b2023e3403b8d3001fe88bb96ea [LEADER]: Connected to new peer: Peer: permanent_uuid: "9fb55ae2a7e240c2b86e24ba533b4181" member_type: VOTER last_known_addr { host: "127.24.23.65" port: 42023 }, Status: LMP_MISMATCH, Last received: 0.0, Next index: 1, Last known committed idx: 0, Time since last communication: 0.001s
I20260709 12:19:00.321122 25490 tablet_service.cc:2072] Received LeaderStepDown RPC: tablet_id: "d4bfedba48f84211878c563860d60061"
dest_uuid: "ab8f2b2023e3403b8d3001fe88bb96ea"
mode: GRACEFUL
new_leader_uuid: "9fb55ae2a7e240c2b86e24ba533b4181"
 from {username='slave'} at 127.0.0.1:33944
I20260709 12:19:00.321835 25490 raft_consensus.cc:606] T d4bfedba48f84211878c563860d60061 P ab8f2b2023e3403b8d3001fe88bb96ea [term 1 LEADER]: Received request to transfer leadership to TS 9fb55ae2a7e240c2b86e24ba533b4181
I20260709 12:19:00.329536 25490 tablet_service.cc:2072] Received LeaderStepDown RPC: tablet_id: "29a28440b8674e96858e18cb4c8d8b17"
dest_uuid: "ab8f2b2023e3403b8d3001fe88bb96ea"
mode: GRACEFUL
new_leader_uuid: "9fb55ae2a7e240c2b86e24ba533b4181"
 from {username='slave'} at 127.0.0.1:33944
I20260709 12:19:00.330045 25490 raft_consensus.cc:606] T 29a28440b8674e96858e18cb4c8d8b17 P ab8f2b2023e3403b8d3001fe88bb96ea [term 1 LEADER]: Received request to transfer leadership to TS 9fb55ae2a7e240c2b86e24ba533b4181
I20260709 12:19:00.334656 25490 tablet_service.cc:2072] Received LeaderStepDown RPC: tablet_id: "a03f3e117aa54ce98148f088ba29a35b"
dest_uuid: "ab8f2b2023e3403b8d3001fe88bb96ea"
mode: GRACEFUL
new_leader_uuid: "9fb55ae2a7e240c2b86e24ba533b4181"
 from {username='slave'} at 127.0.0.1:33944
I20260709 12:19:00.335208 25490 raft_consensus.cc:606] T a03f3e117aa54ce98148f088ba29a35b P ab8f2b2023e3403b8d3001fe88bb96ea [term 1 LEADER]: Received request to transfer leadership to TS 9fb55ae2a7e240c2b86e24ba533b4181
I20260709 12:19:00.339861 25490 tablet_service.cc:2072] Received LeaderStepDown RPC: tablet_id: "163287c2cdb448a8828450b7025a06bc"
dest_uuid: "ab8f2b2023e3403b8d3001fe88bb96ea"
mode: GRACEFUL
new_leader_uuid: "51925f6c1f9c4d108effbf7c85871526"
 from {username='slave'} at 127.0.0.1:33944
I20260709 12:19:00.340368 25490 raft_consensus.cc:606] T 163287c2cdb448a8828450b7025a06bc P ab8f2b2023e3403b8d3001fe88bb96ea [term 1 LEADER]: Received request to transfer leadership to TS 51925f6c1f9c4d108effbf7c85871526
I20260709 12:19:00.418443 25581 consensus_queue.cc:1048] T 793d31776d804501827de775d698acc9 P 9fb55ae2a7e240c2b86e24ba533b4181 [LEADER]: Connected to new peer: Peer: permanent_uuid: "51925f6c1f9c4d108effbf7c85871526" member_type: VOTER last_known_addr { host: "127.24.23.66" port: 41547 }, Status: LMP_MISMATCH, Last received: 0.0, Next index: 1, Last known committed idx: 0, Time since last communication: 0.000s
I20260709 12:19:00.429154 25580 consensus_queue.cc:1048] T 793d31776d804501827de775d698acc9 P 9fb55ae2a7e240c2b86e24ba533b4181 [LEADER]: Connected to new peer: Peer: permanent_uuid: "ab8f2b2023e3403b8d3001fe88bb96ea" member_type: VOTER last_known_addr { host: "127.24.23.67" port: 39029 }, Status: LMP_MISMATCH, Last received: 0.0, Next index: 1, Last known committed idx: 0, Time since last communication: 0.000s
I20260709 12:19:00.433524 25553 consensus_queue.cc:1048] T 163287c2cdb448a8828450b7025a06bc P ab8f2b2023e3403b8d3001fe88bb96ea [LEADER]: Connected to new peer: Peer: permanent_uuid: "9fb55ae2a7e240c2b86e24ba533b4181" member_type: VOTER last_known_addr { host: "127.24.23.65" port: 42023 }, Status: LMP_MISMATCH, Last received: 0.0, Next index: 1, Last known committed idx: 0, Time since last communication: 0.000s
I20260709 12:19:00.446270 25550 consensus_queue.cc:1048] T 163287c2cdb448a8828450b7025a06bc P ab8f2b2023e3403b8d3001fe88bb96ea [LEADER]: Connected to new peer: Peer: permanent_uuid: "51925f6c1f9c4d108effbf7c85871526" member_type: VOTER last_known_addr { host: "127.24.23.66" port: 41547 }, Status: LMP_MISMATCH, Last received: 0.0, Next index: 1, Last known committed idx: 0, Time since last communication: 0.000s
I20260709 12:19:00.454351 25550 raft_consensus.cc:993] T 163287c2cdb448a8828450b7025a06bc P ab8f2b2023e3403b8d3001fe88bb96ea: : Instructing follower 51925f6c1f9c4d108effbf7c85871526 to start an election
I20260709 12:19:00.454870 25534 raft_consensus.cc:1081] T 163287c2cdb448a8828450b7025a06bc P ab8f2b2023e3403b8d3001fe88bb96ea [term 1 LEADER]: Signalling peer 51925f6c1f9c4d108effbf7c85871526 to start an election
I20260709 12:19:00.456431 25416 tablet_service.cc:2044] Received Run Leader Election RPC: tablet_id: "163287c2cdb448a8828450b7025a06bc"
dest_uuid: "51925f6c1f9c4d108effbf7c85871526"
 from {username='slave'} at 127.0.0.1:57948
I20260709 12:19:00.457046 25416 raft_consensus.cc:493] T 163287c2cdb448a8828450b7025a06bc P 51925f6c1f9c4d108effbf7c85871526 [term 1 FOLLOWER]: Starting forced leader election (received explicit request)
I20260709 12:19:00.457459 25416 raft_consensus.cc:3060] T 163287c2cdb448a8828450b7025a06bc P 51925f6c1f9c4d108effbf7c85871526 [term 1 FOLLOWER]: Advancing to term 2
I20260709 12:19:00.459985 25540 consensus_queue.cc:1048] T 8339d06e4e544b9c897048e57a6065e0 P 51925f6c1f9c4d108effbf7c85871526 [LEADER]: Connected to new peer: Peer: permanent_uuid: "9fb55ae2a7e240c2b86e24ba533b4181" member_type: VOTER last_known_addr { host: "127.24.23.65" port: 42023 }, Status: LMP_MISMATCH, Last received: 0.0, Next index: 1, Last known committed idx: 0, Time since last communication: 0.000s
I20260709 12:19:00.465852 25416 raft_consensus.cc:515] T 163287c2cdb448a8828450b7025a06bc P 51925f6c1f9c4d108effbf7c85871526 [term 2 FOLLOWER]: Starting forced leader election with config: opid_index: -1 OBSOLETE_local: false peers { permanent_uuid: "9fb55ae2a7e240c2b86e24ba533b4181" member_type: VOTER last_known_addr { host: "127.24.23.65" port: 42023 } } peers { permanent_uuid: "51925f6c1f9c4d108effbf7c85871526" member_type: VOTER last_known_addr { host: "127.24.23.66" port: 41547 } } peers { permanent_uuid: "ab8f2b2023e3403b8d3001fe88bb96ea" member_type: VOTER last_known_addr { host: "127.24.23.67" port: 39029 } }
I20260709 12:19:00.472641 25540 consensus_queue.cc:1048] T 8339d06e4e544b9c897048e57a6065e0 P 51925f6c1f9c4d108effbf7c85871526 [LEADER]: Connected to new peer: Peer: permanent_uuid: "ab8f2b2023e3403b8d3001fe88bb96ea" member_type: VOTER last_known_addr { host: "127.24.23.67" port: 39029 }, Status: LMP_MISMATCH, Last received: 0.0, Next index: 1, Last known committed idx: 0, Time since last communication: 0.000s
I20260709 12:19:00.474874 25416 leader_election.cc:290] T 163287c2cdb448a8828450b7025a06bc P 51925f6c1f9c4d108effbf7c85871526 [CANDIDATE]: Term 2 election: Requested vote from peers 9fb55ae2a7e240c2b86e24ba533b4181 (127.24.23.65:42023), ab8f2b2023e3403b8d3001fe88bb96ea (127.24.23.67:39029)
I20260709 12:19:00.476007 25491 tablet_service.cc:1917] Received RequestConsensusVote() RPC: tablet_id: "163287c2cdb448a8828450b7025a06bc" candidate_uuid: "51925f6c1f9c4d108effbf7c85871526" candidate_term: 2 candidate_status { last_received { term: 1 index: 1 } } ignore_live_leader: true dest_uuid: "ab8f2b2023e3403b8d3001fe88bb96ea"
I20260709 12:19:00.476202 25341 tablet_service.cc:1917] Received RequestConsensusVote() RPC: tablet_id: "163287c2cdb448a8828450b7025a06bc" candidate_uuid: "51925f6c1f9c4d108effbf7c85871526" candidate_term: 2 candidate_status { last_received { term: 1 index: 1 } } ignore_live_leader: true dest_uuid: "9fb55ae2a7e240c2b86e24ba533b4181"
I20260709 12:19:00.476835 25341 raft_consensus.cc:3060] T 163287c2cdb448a8828450b7025a06bc P 9fb55ae2a7e240c2b86e24ba533b4181 [term 1 FOLLOWER]: Advancing to term 2
I20260709 12:19:00.476639 25491 raft_consensus.cc:3055] T 163287c2cdb448a8828450b7025a06bc P ab8f2b2023e3403b8d3001fe88bb96ea [term 1 LEADER]: Stepping down as leader of term 1
I20260709 12:19:00.481307 25491 raft_consensus.cc:740] T 163287c2cdb448a8828450b7025a06bc P ab8f2b2023e3403b8d3001fe88bb96ea [term 1 LEADER]: Becoming Follower/Learner. State: Replica: ab8f2b2023e3403b8d3001fe88bb96ea, State: Running, Role: LEADER
I20260709 12:19:00.482342 25491 consensus_queue.cc:260] T 163287c2cdb448a8828450b7025a06bc P ab8f2b2023e3403b8d3001fe88bb96ea [NON_LEADER]: Queue going to NON_LEADER mode. State: All replicated index: 0, Majority replicated index: 1, Committed index: 1, Last appended: 1.1, Last appended by leader: 1, Current term: 1, Majority size: -1, State: 0, Mode: NON_LEADER, active raft config: opid_index: -1 OBSOLETE_local: false peers { permanent_uuid: "9fb55ae2a7e240c2b86e24ba533b4181" member_type: VOTER last_known_addr { host: "127.24.23.65" port: 42023 } } peers { permanent_uuid: "51925f6c1f9c4d108effbf7c85871526" member_type: VOTER last_known_addr { host: "127.24.23.66" port: 41547 } } peers { permanent_uuid: "ab8f2b2023e3403b8d3001fe88bb96ea" member_type: VOTER last_known_addr { host: "127.24.23.67" port: 39029 } }
I20260709 12:19:00.483558 25491 raft_consensus.cc:3060] T 163287c2cdb448a8828450b7025a06bc P ab8f2b2023e3403b8d3001fe88bb96ea [term 1 FOLLOWER]: Advancing to term 2
I20260709 12:19:00.483661 25341 raft_consensus.cc:2468] T 163287c2cdb448a8828450b7025a06bc P 9fb55ae2a7e240c2b86e24ba533b4181 [term 2 FOLLOWER]: Leader election vote request: Granting yes vote for candidate 51925f6c1f9c4d108effbf7c85871526 in term 2.
I20260709 12:19:00.485077 25380 leader_election.cc:304] T 163287c2cdb448a8828450b7025a06bc P 51925f6c1f9c4d108effbf7c85871526 [CANDIDATE]: Term 2 election: Election decided. Result: candidate won. Election summary: received 2 responses out of 3 voters: 2 yes votes; 0 no votes. yes voters: 51925f6c1f9c4d108effbf7c85871526, 9fb55ae2a7e240c2b86e24ba533b4181; no voters: 
I20260709 12:19:00.486123 25540 raft_consensus.cc:2804] T 163287c2cdb448a8828450b7025a06bc P 51925f6c1f9c4d108effbf7c85871526 [term 2 FOLLOWER]: Leader election won for term 2
I20260709 12:19:00.486622 25540 raft_consensus.cc:697] T 163287c2cdb448a8828450b7025a06bc P 51925f6c1f9c4d108effbf7c85871526 [term 2 LEADER]: Becoming Leader. State: Replica: 51925f6c1f9c4d108effbf7c85871526, State: Running, Role: LEADER
