I20260709 12:19:06.060971 16016 tablet_service.cc:1917] Received RequestConsensusVote() RPC: tablet_id: "259f19fd564744d7bf34e317e6e00e8a" candidate_uuid: "5c94034b0cca4bfda11d5fa37767d959" candidate_term: 1 candidate_status { last_received { term: 0 index: 0 } } ignore_live_leader: false dest_uuid: "6126ec99009e4a5cbb339b6d2aa954fb"
I20260709 12:19:06.064474 16137 raft_consensus.cc:359] T c09c94b0c0684b66bf53982465d649e8 P 64aefee23ef343e28298735a160d4262 [term 0 FOLLOWER]: Replica starting. Triggering 0 pending ops. Active config: opid_index: -1 OBSOLETE_local: false peers { permanent_uuid: "64aefee23ef343e28298735a160d4262" member_type: VOTER last_known_addr { host: "127.14.116.1" port: 34937 } } peers { permanent_uuid: "6126ec99009e4a5cbb339b6d2aa954fb" member_type: VOTER last_known_addr { host: "127.14.116.2" port: 33945 } } peers { permanent_uuid: "5c94034b0cca4bfda11d5fa37767d959" member_type: VOTER last_known_addr { host: "127.14.116.3" port: 38861 } }
I20260709 12:19:06.064888 15944 tablet_service.cc:1917] Received RequestConsensusVote() RPC: tablet_id: "ea69662256274020b95c34110ce34e05" candidate_uuid: "5c94034b0cca4bfda11d5fa37767d959" candidate_term: 1 candidate_status { last_received { term: 0 index: 0 } } ignore_live_leader: false dest_uuid: "64aefee23ef343e28298735a160d4262"
I20260709 12:19:06.065166 16137 raft_consensus.cc:385] T c09c94b0c0684b66bf53982465d649e8 P 64aefee23ef343e28298735a160d4262 [term 0 FOLLOWER]: Consensus starting up: Expiring failure detector timer to make a prompt election more likely
I20260709 12:19:06.065448 16137 raft_consensus.cc:740] T c09c94b0c0684b66bf53982465d649e8 P 64aefee23ef343e28298735a160d4262 [term 0 FOLLOWER]: Becoming Follower/Learner. State: Replica: 64aefee23ef343e28298735a160d4262, State: Initialized, Role: FOLLOWER
I20260709 12:19:06.066242 16137 consensus_queue.cc:260] T c09c94b0c0684b66bf53982465d649e8 P 64aefee23ef343e28298735a160d4262 [NON_LEADER]: Queue going to NON_LEADER mode. State: All replicated index: 0, Majority replicated index: 0, Committed index: 0, Last appended: 0.0, Last appended by leader: 0, Current term: 0, Majority size: -1, State: 0, Mode: NON_LEADER, active raft config: opid_index: -1 OBSOLETE_local: false peers { permanent_uuid: "64aefee23ef343e28298735a160d4262" member_type: VOTER last_known_addr { host: "127.14.116.1" port: 34937 } } peers { permanent_uuid: "6126ec99009e4a5cbb339b6d2aa954fb" member_type: VOTER last_known_addr { host: "127.14.116.2" port: 33945 } } peers { permanent_uuid: "5c94034b0cca4bfda11d5fa37767d959" member_type: VOTER last_known_addr { host: "127.14.116.3" port: 38861 } }
I20260709 12:19:06.068336 16137 ts_tablet_manager.cc:1434] T c09c94b0c0684b66bf53982465d649e8 P 64aefee23ef343e28298735a160d4262: Time spent starting tablet: real 0.007s	user 0.005s	sys 0.001s
I20260709 12:19:06.075114 16137 tablet_bootstrap.cc:492] T ce7b4d4c747e470489ad91a0c88a7749 P 64aefee23ef343e28298735a160d4262: Bootstrap starting.
I20260709 12:19:06.057339 16325 consensus_queue.cc:237] T 259f19fd564744d7bf34e317e6e00e8a P 5c94034b0cca4bfda11d5fa37767d959 [LEADER]: Queue going to LEADER mode. State: All replicated index: 0, Majority replicated index: 0, Committed index: 0, Last appended: 0.0, Last appended by leader: 0, Current term: 1, Majority size: 2, State: 0, Mode: LEADER, active raft config: opid_index: -1 OBSOLETE_local: false peers { permanent_uuid: "64aefee23ef343e28298735a160d4262" member_type: VOTER last_known_addr { host: "127.14.116.1" port: 34937 } } peers { permanent_uuid: "6126ec99009e4a5cbb339b6d2aa954fb" member_type: VOTER last_known_addr { host: "127.14.116.2" port: 33945 } } peers { permanent_uuid: "5c94034b0cca4bfda11d5fa37767d959" member_type: VOTER last_known_addr { host: "127.14.116.3" port: 38861 } }
I20260709 12:19:06.065500 15944 raft_consensus.cc:3060] T ea69662256274020b95c34110ce34e05 P 64aefee23ef343e28298735a160d4262 [term 0 FOLLOWER]: Advancing to term 1
I20260709 12:19:06.070333 16323 leader_election.cc:290] T ea69662256274020b95c34110ce34e05 P 5c94034b0cca4bfda11d5fa37767d959 [CANDIDATE]: Term 1 election: Requested vote from peers 64aefee23ef343e28298735a160d4262 (127.14.116.1:34937), 6126ec99009e4a5cbb339b6d2aa954fb (127.14.116.2:33945)
I20260709 12:19:06.073621 16136 raft_consensus.cc:359] T 120a0b8f947c44b2be337c7171b571e0 P 6126ec99009e4a5cbb339b6d2aa954fb [term 0 FOLLOWER]: Replica starting. Triggering 0 pending ops. Active config: opid_index: -1 OBSOLETE_local: false peers { permanent_uuid: "64aefee23ef343e28298735a160d4262" member_type: VOTER last_known_addr { host: "127.14.116.1" port: 34937 } } peers { permanent_uuid: "6126ec99009e4a5cbb339b6d2aa954fb" member_type: VOTER last_known_addr { host: "127.14.116.2" port: 33945 } } peers { permanent_uuid: "5c94034b0cca4bfda11d5fa37767d959" member_type: VOTER last_known_addr { host: "127.14.116.3" port: 38861 } }
I20260709 12:19:06.080664 16136 raft_consensus.cc:385] T 120a0b8f947c44b2be337c7171b571e0 P 6126ec99009e4a5cbb339b6d2aa954fb [term 0 FOLLOWER]: Consensus starting up: Expiring failure detector timer to make a prompt election more likely
I20260709 12:19:06.080974 16136 raft_consensus.cc:740] T 120a0b8f947c44b2be337c7171b571e0 P 6126ec99009e4a5cbb339b6d2aa954fb [term 0 FOLLOWER]: Becoming Follower/Learner. State: Replica: 6126ec99009e4a5cbb339b6d2aa954fb, State: Initialized, Role: FOLLOWER
I20260709 12:19:06.082717 16136 consensus_queue.cc:260] T 120a0b8f947c44b2be337c7171b571e0 P 6126ec99009e4a5cbb339b6d2aa954fb [NON_LEADER]: Queue going to NON_LEADER mode. State: All replicated index: 0, Majority replicated index: 0, Committed index: 0, Last appended: 0.0, Last appended by leader: 0, Current term: 0, Majority size: -1, State: 0, Mode: NON_LEADER, active raft config: opid_index: -1 OBSOLETE_local: false peers { permanent_uuid: "64aefee23ef343e28298735a160d4262" member_type: VOTER last_known_addr { host: "127.14.116.1" port: 34937 } } peers { permanent_uuid: "6126ec99009e4a5cbb339b6d2aa954fb" member_type: VOTER last_known_addr { host: "127.14.116.2" port: 33945 } } peers { permanent_uuid: "5c94034b0cca4bfda11d5fa37767d959" member_type: VOTER last_known_addr { host: "127.14.116.3" port: 38861 } }
I20260709 12:19:06.085080 16136 ts_tablet_manager.cc:1434] T 120a0b8f947c44b2be337c7171b571e0 P 6126ec99009e4a5cbb339b6d2aa954fb: Time spent starting tablet: real 0.044s	user 0.006s	sys 0.001s
I20260709 12:19:06.086063 16136 tablet_bootstrap.cc:492] T d384dd82c94e4bc78cafe0a9fd2db75a P 6126ec99009e4a5cbb339b6d2aa954fb: Bootstrap starting.
I20260709 12:19:06.091183 16138 tablet_bootstrap.cc:492] T c09c94b0c0684b66bf53982465d649e8 P 5c94034b0cca4bfda11d5fa37767d959: No bootstrap required, opened a new log
I20260709 12:19:06.091712 16138 ts_tablet_manager.cc:1403] T c09c94b0c0684b66bf53982465d649e8 P 5c94034b0cca4bfda11d5fa37767d959: Time spent bootstrapping tablet: real 0.215s	user 0.055s	sys 0.017s
I20260709 12:19:06.101023 16138 raft_consensus.cc:359] T c09c94b0c0684b66bf53982465d649e8 P 5c94034b0cca4bfda11d5fa37767d959 [term 0 FOLLOWER]: Replica starting. Triggering 0 pending ops. Active config: opid_index: -1 OBSOLETE_local: false peers { permanent_uuid: "64aefee23ef343e28298735a160d4262" member_type: VOTER last_known_addr { host: "127.14.116.1" port: 34937 } } peers { permanent_uuid: "6126ec99009e4a5cbb339b6d2aa954fb" member_type: VOTER last_known_addr { host: "127.14.116.2" port: 33945 } } peers { permanent_uuid: "5c94034b0cca4bfda11d5fa37767d959" member_type: VOTER last_known_addr { host: "127.14.116.3" port: 38861 } }
I20260709 12:19:06.101784 16138 raft_consensus.cc:385] T c09c94b0c0684b66bf53982465d649e8 P 5c94034b0cca4bfda11d5fa37767d959 [term 0 FOLLOWER]: Consensus starting up: Expiring failure detector timer to make a prompt election more likely
I20260709 12:19:06.105165 16138 raft_consensus.cc:740] T c09c94b0c0684b66bf53982465d649e8 P 5c94034b0cca4bfda11d5fa37767d959 [term 0 FOLLOWER]: Becoming Follower/Learner. State: Replica: 5c94034b0cca4bfda11d5fa37767d959, State: Initialized, Role: FOLLOWER
I20260709 12:19:06.105647 16225 raft_consensus.cc:493] T b72ec540eddb4e769fc9de78c0c13c08 P 5c94034b0cca4bfda11d5fa37767d959 [term 0 FOLLOWER]: Starting pre-election (no leader contacted us within the election timeout)
I20260709 12:19:06.105831 16138 consensus_queue.cc:260] T c09c94b0c0684b66bf53982465d649e8 P 5c94034b0cca4bfda11d5fa37767d959 [NON_LEADER]: Queue going to NON_LEADER mode. State: All replicated index: 0, Majority replicated index: 0, Committed index: 0, Last appended: 0.0, Last appended by leader: 0, Current term: 0, Majority size: -1, State: 0, Mode: NON_LEADER, active raft config: opid_index: -1 OBSOLETE_local: false peers { permanent_uuid: "64aefee23ef343e28298735a160d4262" member_type: VOTER last_known_addr { host: "127.14.116.1" port: 34937 } } peers { permanent_uuid: "6126ec99009e4a5cbb339b6d2aa954fb" member_type: VOTER last_known_addr { host: "127.14.116.2" port: 33945 } } peers { permanent_uuid: "5c94034b0cca4bfda11d5fa37767d959" member_type: VOTER last_known_addr { host: "127.14.116.3" port: 38861 } }
I20260709 12:19:06.106175 16225 raft_consensus.cc:515] T b72ec540eddb4e769fc9de78c0c13c08 P 5c94034b0cca4bfda11d5fa37767d959 [term 0 FOLLOWER]: Starting pre-election with config: opid_index: -1 OBSOLETE_local: false peers { permanent_uuid: "64aefee23ef343e28298735a160d4262" member_type: VOTER last_known_addr { host: "127.14.116.1" port: 34937 } } peers { permanent_uuid: "6126ec99009e4a5cbb339b6d2aa954fb" member_type: VOTER last_known_addr { host: "127.14.116.2" port: 33945 } } peers { permanent_uuid: "5c94034b0cca4bfda11d5fa37767d959" member_type: VOTER last_known_addr { host: "127.14.116.3" port: 38861 } }
I20260709 12:19:06.107492 15844 catalog_manager.cc:5697] T 259f19fd564744d7bf34e317e6e00e8a P 5c94034b0cca4bfda11d5fa37767d959 reported cstate change: term changed from 0 to 1, leader changed from <none> to 5c94034b0cca4bfda11d5fa37767d959 (127.14.116.3). New cstate: current_term: 1 leader_uuid: "5c94034b0cca4bfda11d5fa37767d959" committed_config { opid_index: -1 OBSOLETE_local: false peers { permanent_uuid: "64aefee23ef343e28298735a160d4262" member_type: VOTER last_known_addr { host: "127.14.116.1" port: 34937 } health_report { overall_health: UNKNOWN } } peers { permanent_uuid: "6126ec99009e4a5cbb339b6d2aa954fb" member_type: VOTER last_known_addr { host: "127.14.116.2" port: 33945 } health_report { overall_health: UNKNOWN } } peers { permanent_uuid: "5c94034b0cca4bfda11d5fa37767d959" member_type: VOTER last_known_addr { host: "127.14.116.3" port: 38861 } health_report { overall_health: HEALTHY } } }
I20260709 12:19:06.119220 16225 leader_election.cc:290] T b72ec540eddb4e769fc9de78c0c13c08 P 5c94034b0cca4bfda11d5fa37767d959 [CANDIDATE]: Term 1 pre-election: Requested pre-vote from peers 64aefee23ef343e28298735a160d4262 (127.14.116.1:34937), 6126ec99009e4a5cbb339b6d2aa954fb (127.14.116.2:33945)
I20260709 12:19:06.123109 16137 tablet_bootstrap.cc:654] T ce7b4d4c747e470489ad91a0c88a7749 P 64aefee23ef343e28298735a160d4262: Neither blocks nor log segments found. Creating new log.
I20260709 12:19:06.123409 15945 tablet_service.cc:1917] Received RequestConsensusVote() RPC: tablet_id: "b72ec540eddb4e769fc9de78c0c13c08" candidate_uuid: "5c94034b0cca4bfda11d5fa37767d959" candidate_term: 1 candidate_status { last_received { term: 0 index: 0 } } ignore_live_leader: false dest_uuid: "64aefee23ef343e28298735a160d4262" is_pre_election: true
I20260709 12:19:06.124465 15945 raft_consensus.cc:2468] T b72ec540eddb4e769fc9de78c0c13c08 P 64aefee23ef343e28298735a160d4262 [term 0 FOLLOWER]: Leader pre-election vote request: Granting yes vote for candidate 5c94034b0cca4bfda11d5fa37767d959 in term 0.
I20260709 12:19:06.126837 16018 tablet_service.cc:1917] Received RequestConsensusVote() RPC: tablet_id: "ea69662256274020b95c34110ce34e05" candidate_uuid: "5c94034b0cca4bfda11d5fa37767d959" candidate_term: 1 candidate_status { last_received { term: 0 index: 0 } } ignore_live_leader: false dest_uuid: "6126ec99009e4a5cbb339b6d2aa954fb"
I20260709 12:19:06.127480 16018 raft_consensus.cc:3060] T ea69662256274020b95c34110ce34e05 P 6126ec99009e4a5cbb339b6d2aa954fb [term 0 FOLLOWER]: Advancing to term 1
I20260709 12:19:06.127063 16138 ts_tablet_manager.cc:1434] T c09c94b0c0684b66bf53982465d649e8 P 5c94034b0cca4bfda11d5fa37767d959: Time spent starting tablet: real 0.035s	user 0.007s	sys 0.002s
I20260709 12:19:06.129853 16138 tablet_bootstrap.cc:492] T ce7b4d4c747e470489ad91a0c88a7749 P 5c94034b0cca4bfda11d5fa37767d959: Bootstrap starting.
I20260709 12:19:06.132515 16060 leader_election.cc:304] T b72ec540eddb4e769fc9de78c0c13c08 P 5c94034b0cca4bfda11d5fa37767d959 [CANDIDATE]: Term 1 pre-election: Election decided. Result: candidate won. Election summary: received 2 responses out of 3 voters: 2 yes votes; 0 no votes. yes voters: 5c94034b0cca4bfda11d5fa37767d959, 64aefee23ef343e28298735a160d4262; no voters: 
I20260709 12:19:06.133301 16020 raft_consensus.cc:1275] T 3735e8c2c1c2454f9560e410d1a80fc5 P 6126ec99009e4a5cbb339b6d2aa954fb [term 2 FOLLOWER]: Refusing update from remote peer 64aefee23ef343e28298735a160d4262: Log matching property violated. Preceding OpId in replica: term: 0 index: 0. Preceding OpId from leader: term: 2 index: 1. (index mismatch)
I20260709 12:19:06.133597 16310 raft_consensus.cc:493] T 120a0b8f947c44b2be337c7171b571e0 P 6126ec99009e4a5cbb339b6d2aa954fb [term 0 FOLLOWER]: Starting pre-election (no leader contacted us within the election timeout)
I20260709 12:19:06.134075 16310 raft_consensus.cc:515] T 120a0b8f947c44b2be337c7171b571e0 P 6126ec99009e4a5cbb339b6d2aa954fb [term 0 FOLLOWER]: Starting pre-election with config: opid_index: -1 OBSOLETE_local: false peers { permanent_uuid: "64aefee23ef343e28298735a160d4262" member_type: VOTER last_known_addr { host: "127.14.116.1" port: 34937 } } peers { permanent_uuid: "6126ec99009e4a5cbb339b6d2aa954fb" member_type: VOTER last_known_addr { host: "127.14.116.2" port: 33945 } } peers { permanent_uuid: "5c94034b0cca4bfda11d5fa37767d959" member_type: VOTER last_known_addr { host: "127.14.116.3" port: 38861 } }
I20260709 12:19:06.135455 16020 raft_consensus.cc:3060] T 795be27c9613491f89a4eca4dd918d62 P 6126ec99009e4a5cbb339b6d2aa954fb [term 0 FOLLOWER]: Advancing to term 1
I20260709 12:19:06.136200 16310 leader_election.cc:290] T 120a0b8f947c44b2be337c7171b571e0 P 6126ec99009e4a5cbb339b6d2aa954fb [CANDIDATE]: Term 1 pre-election: Requested pre-vote from peers 64aefee23ef343e28298735a160d4262 (127.14.116.1:34937), 5c94034b0cca4bfda11d5fa37767d959 (127.14.116.3:38861)
I20260709 12:19:06.137255 16325 raft_consensus.cc:2804] T b72ec540eddb4e769fc9de78c0c13c08 P 5c94034b0cca4bfda11d5fa37767d959 [term 0 FOLLOWER]: Leader pre-election won for term 1
I20260709 12:19:06.156627 16310 consensus_queue.cc:1048] T fcecda78c7b64091b31d81d58a17dbfd P 6126ec99009e4a5cbb339b6d2aa954fb [LEADER]: Connected to new peer: Peer: permanent_uuid: "5c94034b0cca4bfda11d5fa37767d959" member_type: VOTER last_known_addr { host: "127.14.116.3" port: 38861 }, Status: LMP_MISMATCH, Last received: 0.0, Next index: 1, Last known committed idx: 0, Time since last communication: 0.001s
I20260709 12:19:06.148290 15843 catalog_manager.cc:5697] T 91950f4a9a944f49bb893650fe760901 P 64aefee23ef343e28298735a160d4262 reported cstate change: term changed from 0 to 1, leader changed from <none> to 64aefee23ef343e28298735a160d4262 (127.14.116.1). New cstate: current_term: 1 leader_uuid: "64aefee23ef343e28298735a160d4262" committed_config { opid_index: -1 OBSOLETE_local: false peers { permanent_uuid: "64aefee23ef343e28298735a160d4262" member_type: VOTER last_known_addr { host: "127.14.116.1" port: 34937 } health_report { overall_health: HEALTHY } } peers { permanent_uuid: "6126ec99009e4a5cbb339b6d2aa954fb" member_type: VOTER last_known_addr { host: "127.14.116.2" port: 33945 } health_report { overall_health: UNKNOWN } } peers { permanent_uuid: "5c94034b0cca4bfda11d5fa37767d959" member_type: VOTER last_known_addr { host: "127.14.116.3" port: 38861 } health_report { overall_health: UNKNOWN } } }
I20260709 12:19:06.137893 15944 raft_consensus.cc:2468] T ea69662256274020b95c34110ce34e05 P 64aefee23ef343e28298735a160d4262 [term 1 FOLLOWER]: Leader election vote request: Granting yes vote for candidate 5c94034b0cca4bfda11d5fa37767d959 in term 1.
I20260709 12:19:06.175485 16281 consensus_queue.cc:1048] T 4aacf437c9eb4f69b49db01386649437 P 6126ec99009e4a5cbb339b6d2aa954fb [LEADER]: Connected to new peer: Peer: permanent_uuid: "64aefee23ef343e28298735a160d4262" member_type: VOTER last_known_addr { host: "127.14.116.1" port: 34937 }, Status: LMP_MISMATCH, Last received: 0.0, Next index: 1, Last known committed idx: 0, Time since last communication: 0.001s
I20260709 12:19:06.176211 15947 tablet_service.cc:1917] Received RequestConsensusVote() RPC: tablet_id: "120a0b8f947c44b2be337c7171b571e0" candidate_uuid: "6126ec99009e4a5cbb339b6d2aa954fb" candidate_term: 1 candidate_status { last_received { term: 0 index: 0 } } ignore_live_leader: false dest_uuid: "64aefee23ef343e28298735a160d4262" is_pre_election: true
I20260709 12:19:06.142040 16325 raft_consensus.cc:493] T b72ec540eddb4e769fc9de78c0c13c08 P 5c94034b0cca4bfda11d5fa37767d959 [term 0 FOLLOWER]: Starting leader election (no leader contacted us within the election timeout)
I20260709 12:19:06.181253 16060 leader_election.cc:304] T ea69662256274020b95c34110ce34e05 P 5c94034b0cca4bfda11d5fa37767d959 [CANDIDATE]: Term 1 election: Election decided. Result: candidate won. Election summary: received 2 responses out of 3 voters: 2 yes votes; 0 no votes. yes voters: 5c94034b0cca4bfda11d5fa37767d959, 64aefee23ef343e28298735a160d4262; no voters: 
I20260709 12:19:06.183677 16325 raft_consensus.cc:3060] T b72ec540eddb4e769fc9de78c0c13c08 P 5c94034b0cca4bfda11d5fa37767d959 [term 0 FOLLOWER]: Advancing to term 1
I20260709 12:19:06.185681 16225 raft_consensus.cc:2804] T ea69662256274020b95c34110ce34e05 P 5c94034b0cca4bfda11d5fa37767d959 [term 1 FOLLOWER]: Leader election won for term 1
I20260709 12:19:06.186669 16225 raft_consensus.cc:697] T ea69662256274020b95c34110ce34e05 P 5c94034b0cca4bfda11d5fa37767d959 [term 1 LEADER]: Becoming Leader. State: Replica: 5c94034b0cca4bfda11d5fa37767d959, State: Running, Role: LEADER
I20260709 12:19:06.187667 16225 consensus_queue.cc:237] T ea69662256274020b95c34110ce34e05 P 5c94034b0cca4bfda11d5fa37767d959 [LEADER]: Queue going to LEADER mode. State: All replicated index: 0, Majority replicated index: 0, Committed index: 0, Last appended: 0.0, Last appended by leader: 0, Current term: 1, Majority size: 2, State: 0, Mode: LEADER, active raft config: opid_index: -1 OBSOLETE_local: false peers { permanent_uuid: "64aefee23ef343e28298735a160d4262" member_type: VOTER last_known_addr { host: "127.14.116.1" port: 34937 } } peers { permanent_uuid: "6126ec99009e4a5cbb339b6d2aa954fb" member_type: VOTER last_known_addr { host: "127.14.116.2" port: 33945 } } peers { permanent_uuid: "5c94034b0cca4bfda11d5fa37767d959" member_type: VOTER last_known_addr { host: "127.14.116.3" port: 38861 } }
I20260709 12:19:06.200701 16136 tablet_bootstrap.cc:654] T d384dd82c94e4bc78cafe0a9fd2db75a P 6126ec99009e4a5cbb339b6d2aa954fb: Neither blocks nor log segments found. Creating new log.
I20260709 12:19:06.144011 16018 raft_consensus.cc:2468] T ea69662256274020b95c34110ce34e05 P 6126ec99009e4a5cbb339b6d2aa954fb [term 1 FOLLOWER]: Leader election vote request: Granting yes vote for candidate 5c94034b0cca4bfda11d5fa37767d959 in term 1.
I20260709 12:19:06.206714 16016 raft_consensus.cc:3060] T 120a0b8f947c44b2be337c7171b571e0 P 6126ec99009e4a5cbb339b6d2aa954fb [term 0 FOLLOWER]: Advancing to term 1
I20260709 12:19:06.165189 16304 consensus_queue.cc:1048] T 3735e8c2c1c2454f9560e410d1a80fc5 P 64aefee23ef343e28298735a160d4262 [LEADER]: Connected to new peer: Peer: permanent_uuid: "6126ec99009e4a5cbb339b6d2aa954fb" member_type: VOTER last_known_addr { host: "127.14.116.2" port: 33945 }, Status: LMP_MISMATCH, Last received: 0.0, Next index: 1, Last known committed idx: 0, Time since last communication: 0.041s
I20260709 12:19:06.211417 16018 tablet_service.cc:1917] Received RequestConsensusVote() RPC: tablet_id: "b72ec540eddb4e769fc9de78c0c13c08" candidate_uuid: "5c94034b0cca4bfda11d5fa37767d959" candidate_term: 1 candidate_status { last_received { term: 0 index: 0 } } ignore_live_leader: false dest_uuid: "6126ec99009e4a5cbb339b6d2aa954fb" is_pre_election: true
I20260709 12:19:06.219295 16137 tablet_bootstrap.cc:492] T ce7b4d4c747e470489ad91a0c88a7749 P 64aefee23ef343e28298735a160d4262: No bootstrap required, opened a new log
I20260709 12:19:06.220765 16137 ts_tablet_manager.cc:1403] T ce7b4d4c747e470489ad91a0c88a7749 P 64aefee23ef343e28298735a160d4262: Time spent bootstrapping tablet: real 0.146s	user 0.044s	sys 0.044s
I20260709 12:19:06.226729 16138 tablet_bootstrap.cc:654] T ce7b4d4c747e470489ad91a0c88a7749 P 5c94034b0cca4bfda11d5fa37767d959: Neither blocks nor log segments found. Creating new log.
W20260709 12:19:06.234200 16061 leader_election.cc:343] T 259f19fd564744d7bf34e317e6e00e8a P 5c94034b0cca4bfda11d5fa37767d959 [CANDIDATE]: Term 1 election: Tablet error from VoteRequest() call to peer 6126ec99009e4a5cbb339b6d2aa954fb (127.14.116.2:33945): Illegal state: must be running to vote when last-logged opid is not known
W20260709 12:19:06.242971 16061 leader_election.cc:343] T b72ec540eddb4e769fc9de78c0c13c08 P 5c94034b0cca4bfda11d5fa37767d959 [CANDIDATE]: Term 1 pre-election: Tablet error from VoteRequest() call to peer 6126ec99009e4a5cbb339b6d2aa954fb (127.14.116.2:33945): Illegal state: must be running to vote when last-logged opid is not known
I20260709 12:19:06.270344 16093 tablet_service.cc:1917] Received RequestConsensusVote() RPC: tablet_id: "120a0b8f947c44b2be337c7171b571e0" candidate_uuid: "6126ec99009e4a5cbb339b6d2aa954fb" candidate_term: 1 candidate_status { last_received { term: 0 index: 0 } } ignore_live_leader: false dest_uuid: "5c94034b0cca4bfda11d5fa37767d959" is_pre_election: true
I20260709 12:19:06.271806 16137 raft_consensus.cc:359] T ce7b4d4c747e470489ad91a0c88a7749 P 64aefee23ef343e28298735a160d4262 [term 0 FOLLOWER]: Replica starting. Triggering 0 pending ops. Active config: opid_index: -1 OBSOLETE_local: false peers { permanent_uuid: "64aefee23ef343e28298735a160d4262" member_type: VOTER last_known_addr { host: "127.14.116.1" port: 34937 } } peers { permanent_uuid: "6126ec99009e4a5cbb339b6d2aa954fb" member_type: VOTER last_known_addr { host: "127.14.116.2" port: 33945 } } peers { permanent_uuid: "5c94034b0cca4bfda11d5fa37767d959" member_type: VOTER last_known_addr { host: "127.14.116.3" port: 38861 } }
I20260709 12:19:06.276445 16137 raft_consensus.cc:385] T ce7b4d4c747e470489ad91a0c88a7749 P 64aefee23ef343e28298735a160d4262 [term 0 FOLLOWER]: Consensus starting up: Expiring failure detector timer to make a prompt election more likely
I20260709 12:19:06.276813 16137 raft_consensus.cc:740] T ce7b4d4c747e470489ad91a0c88a7749 P 64aefee23ef343e28298735a160d4262 [term 0 FOLLOWER]: Becoming Follower/Learner. State: Replica: 64aefee23ef343e28298735a160d4262, State: Initialized, Role: FOLLOWER
I20260709 12:19:06.259701 16325 raft_consensus.cc:515] T b72ec540eddb4e769fc9de78c0c13c08 P 5c94034b0cca4bfda11d5fa37767d959 [term 1 FOLLOWER]: Starting leader election with config: opid_index: -1 OBSOLETE_local: false peers { permanent_uuid: "64aefee23ef343e28298735a160d4262" member_type: VOTER last_known_addr { host: "127.14.116.1" port: 34937 } } peers { permanent_uuid: "6126ec99009e4a5cbb339b6d2aa954fb" member_type: VOTER last_known_addr { host: "127.14.116.2" port: 33945 } } peers { permanent_uuid: "5c94034b0cca4bfda11d5fa37767d959" member_type: VOTER last_known_addr { host: "127.14.116.3" port: 38861 } }
I20260709 12:19:06.278467 16137 consensus_queue.cc:260] T ce7b4d4c747e470489ad91a0c88a7749 P 64aefee23ef343e28298735a160d4262 [NON_LEADER]: Queue going to NON_LEADER mode. State: All replicated index: 0, Majority replicated index: 0, Committed index: 0, Last appended: 0.0, Last appended by leader: 0, Current term: 0, Majority size: -1, State: 0, Mode: NON_LEADER, active raft config: opid_index: -1 OBSOLETE_local: false peers { permanent_uuid: "64aefee23ef343e28298735a160d4262" member_type: VOTER last_known_addr { host: "127.14.116.1" port: 34937 } } peers { permanent_uuid: "6126ec99009e4a5cbb339b6d2aa954fb" member_type: VOTER last_known_addr { host: "127.14.116.2" port: 33945 } } peers { permanent_uuid: "5c94034b0cca4bfda11d5fa37767d959" member_type: VOTER last_known_addr { host: "127.14.116.3" port: 38861 } }
I20260709 12:19:06.279335 16225 consensus_queue.cc:1048] T d384dd82c94e4bc78cafe0a9fd2db75a P 5c94034b0cca4bfda11d5fa37767d959 [LEADER]: Connected to new peer: Peer: permanent_uuid: "64aefee23ef343e28298735a160d4262" member_type: VOTER last_known_addr { host: "127.14.116.1" port: 34937 }, Status: LMP_MISMATCH, Last received: 0.0, Next index: 1, Last known committed idx: 0, Time since last communication: 0.001s
I20260709 12:19:06.281092 16137 ts_tablet_manager.cc:1434] T ce7b4d4c747e470489ad91a0c88a7749 P 64aefee23ef343e28298735a160d4262: Time spent starting tablet: real 0.060s	user 0.002s	sys 0.004s
I20260709 12:19:06.282295 16137 tablet_bootstrap.cc:492] T 94964dc7133f4412b9b4983b31f046b8 P 64aefee23ef343e28298735a160d4262: Bootstrap starting.
I20260709 12:19:06.285804 15947 tablet_service.cc:1917] Received RequestConsensusVote() RPC: tablet_id: "b72ec540eddb4e769fc9de78c0c13c08" candidate_uuid: "5c94034b0cca4bfda11d5fa37767d959" candidate_term: 1 candidate_status { last_received { term: 0 index: 0 } } ignore_live_leader: false dest_uuid: "64aefee23ef343e28298735a160d4262"
I20260709 12:19:06.286572 15947 raft_consensus.cc:3060] T b72ec540eddb4e769fc9de78c0c13c08 P 64aefee23ef343e28298735a160d4262 [term 0 FOLLOWER]: Advancing to term 1
I20260709 12:19:06.292690 16093 raft_consensus.cc:1275] T 3735e8c2c1c2454f9560e410d1a80fc5 P 5c94034b0cca4bfda11d5fa37767d959 [term 2 FOLLOWER]: Refusing update from remote peer 64aefee23ef343e28298735a160d4262: Log matching property violated. Preceding OpId in replica: term: 0 index: 0. Preceding OpId from leader: term: 2 index: 1. (index mismatch)
I20260709 12:19:06.302320 15843 catalog_manager.cc:5697] T ea69662256274020b95c34110ce34e05 P 5c94034b0cca4bfda11d5fa37767d959 reported cstate change: term changed from 0 to 1, leader changed from <none> to 5c94034b0cca4bfda11d5fa37767d959 (127.14.116.3). New cstate: current_term: 1 leader_uuid: "5c94034b0cca4bfda11d5fa37767d959" committed_config { opid_index: -1 OBSOLETE_local: false peers { permanent_uuid: "64aefee23ef343e28298735a160d4262" member_type: VOTER last_known_addr { host: "127.14.116.1" port: 34937 } health_report { overall_health: UNKNOWN } } peers { permanent_uuid: "6126ec99009e4a5cbb339b6d2aa954fb" member_type: VOTER last_known_addr { host: "127.14.116.2" port: 33945 } health_report { overall_health: UNKNOWN } } peers { permanent_uuid: "5c94034b0cca4bfda11d5fa37767d959" member_type: VOTER last_known_addr { host: "127.14.116.3" port: 38861 } health_report { overall_health: HEALTHY } } }
I20260709 12:19:06.306963 16300 consensus_queue.cc:1048] T 3735e8c2c1c2454f9560e410d1a80fc5 P 64aefee23ef343e28298735a160d4262 [LEADER]: Connected to new peer: Peer: permanent_uuid: "5c94034b0cca4bfda11d5fa37767d959" member_type: VOTER last_known_addr { host: "127.14.116.3" port: 38861 }, Status: LMP_MISMATCH, Last received: 0.0, Next index: 1, Last known committed idx: 0, Time since last communication: 0.001s
I20260709 12:19:06.347774 16303 raft_consensus.cc:493] T ce7b4d4c747e470489ad91a0c88a7749 P 64aefee23ef343e28298735a160d4262 [term 0 FOLLOWER]: Starting pre-election (no leader contacted us within the election timeout)
I20260709 12:19:06.348330 16303 raft_consensus.cc:515] T ce7b4d4c747e470489ad91a0c88a7749 P 64aefee23ef343e28298735a160d4262 [term 0 FOLLOWER]: Starting pre-election with config: opid_index: -1 OBSOLETE_local: false peers { permanent_uuid: "64aefee23ef343e28298735a160d4262" member_type: VOTER last_known_addr { host: "127.14.116.1" port: 34937 } } peers { permanent_uuid: "6126ec99009e4a5cbb339b6d2aa954fb" member_type: VOTER last_known_addr { host: "127.14.116.2" port: 33945 } } peers { permanent_uuid: "5c94034b0cca4bfda11d5fa37767d959" member_type: VOTER last_known_addr { host: "127.14.116.3" port: 38861 } }
I20260709 12:19:06.354251 16303 leader_election.cc:290] T ce7b4d4c747e470489ad91a0c88a7749 P 64aefee23ef343e28298735a160d4262 [CANDIDATE]: Term 1 pre-election: Requested pre-vote from peers 6126ec99009e4a5cbb339b6d2aa954fb (127.14.116.2:33945), 5c94034b0cca4bfda11d5fa37767d959 (127.14.116.3:38861)
I20260709 12:19:06.355932 16018 tablet_service.cc:1917] Received RequestConsensusVote() RPC: tablet_id: "ce7b4d4c747e470489ad91a0c88a7749" candidate_uuid: "64aefee23ef343e28298735a160d4262" candidate_term: 1 candidate_status { last_received { term: 0 index: 0 } } ignore_live_leader: false dest_uuid: "6126ec99009e4a5cbb339b6d2aa954fb" is_pre_election: true
I20260709 12:19:06.356596 16096 tablet_service.cc:1917] Received RequestConsensusVote() RPC: tablet_id: "ce7b4d4c747e470489ad91a0c88a7749" candidate_uuid: "64aefee23ef343e28298735a160d4262" candidate_term: 1 candidate_status { last_received { term: 0 index: 0 } } ignore_live_leader: false dest_uuid: "5c94034b0cca4bfda11d5fa37767d959" is_pre_election: true
W20260709 12:19:06.358249 15913 leader_election.cc:343] T ce7b4d4c747e470489ad91a0c88a7749 P 64aefee23ef343e28298735a160d4262 [CANDIDATE]: Term 1 pre-election: Tablet error from VoteRequest() call to peer 5c94034b0cca4bfda11d5fa37767d959 (127.14.116.3:38861): Illegal state: must be running to vote when last-logged opid is not known
I20260709 12:19:06.313936 15947 raft_consensus.cc:2468] T b72ec540eddb4e769fc9de78c0c13c08 P 64aefee23ef343e28298735a160d4262 [term 1 FOLLOWER]: Leader election vote request: Granting yes vote for candidate 5c94034b0cca4bfda11d5fa37767d959 in term 1.
I20260709 12:19:06.319646 15988 leader_election.cc:304] T 120a0b8f947c44b2be337c7171b571e0 P 6126ec99009e4a5cbb339b6d2aa954fb [CANDIDATE]: Term 1 pre-election: Election decided. Result: candidate lost. Election summary: received 3 responses out of 3 voters: 1 yes votes; 2 no votes. yes voters: 6126ec99009e4a5cbb339b6d2aa954fb; no voters: 5c94034b0cca4bfda11d5fa37767d959, 64aefee23ef343e28298735a160d4262
I20260709 12:19:06.360889 16391 consensus_queue.cc:1048] T 4aacf437c9eb4f69b49db01386649437 P 6126ec99009e4a5cbb339b6d2aa954fb [LEADER]: Connected to new peer: Peer: permanent_uuid: "5c94034b0cca4bfda11d5fa37767d959" member_type: VOTER last_known_addr { host: "127.14.116.3" port: 38861 }, Status: LMP_MISMATCH, Last received: 0.0, Next index: 1, Last known committed idx: 0, Time since last communication: 0.001s
I20260709 12:19:06.327111 15946 raft_consensus.cc:1275] T 6e2044f8852645809ced126f60720f84 P 64aefee23ef343e28298735a160d4262 [term 2 FOLLOWER]: Refusing update from remote peer 5c94034b0cca4bfda11d5fa37767d959: Log matching property violated. Preceding OpId in replica: term: 0 index: 0. Preceding OpId from leader: term: 2 index: 1. (index mismatch)
I20260709 12:19:06.365907 16225 consensus_queue.cc:1048] T 6e2044f8852645809ced126f60720f84 P 5c94034b0cca4bfda11d5fa37767d959 [LEADER]: Connected to new peer: Peer: permanent_uuid: "64aefee23ef343e28298735a160d4262" member_type: VOTER last_known_addr { host: "127.14.116.1" port: 34937 }, Status: LMP_MISMATCH, Last received: 0.0, Next index: 1, Last known committed idx: 0, Time since last communication: 0.000s
I20260709 12:19:06.329448 16325 leader_election.cc:290] T b72ec540eddb4e769fc9de78c0c13c08 P 5c94034b0cca4bfda11d5fa37767d959 [CANDIDATE]: Term 1 election: Requested vote from peers 64aefee23ef343e28298735a160d4262 (127.14.116.1:34937), 6126ec99009e4a5cbb339b6d2aa954fb (127.14.116.2:33945)
I20260709 12:19:06.372599 16060 leader_election.cc:304] T b72ec540eddb4e769fc9de78c0c13c08 P 5c94034b0cca4bfda11d5fa37767d959 [CANDIDATE]: Term 1 election: Election decided. Result: candidate won. Election summary: received 2 responses out of 3 voters: 2 yes votes; 0 no votes. yes voters: 5c94034b0cca4bfda11d5fa37767d959, 64aefee23ef343e28298735a160d4262; no voters: 
I20260709 12:19:06.373584 16325 raft_consensus.cc:2804] T b72ec540eddb4e769fc9de78c0c13c08 P 5c94034b0cca4bfda11d5fa37767d959 [term 1 FOLLOWER]: Leader election won for term 1
I20260709 12:19:06.374387 16325 raft_consensus.cc:697] T b72ec540eddb4e769fc9de78c0c13c08 P 5c94034b0cca4bfda11d5fa37767d959 [term 1 LEADER]: Becoming Leader. State: Replica: 5c94034b0cca4bfda11d5fa37767d959, State: Running, Role: LEADER
I20260709 12:19:06.375710 16325 consensus_queue.cc:237] T b72ec540eddb4e769fc9de78c0c13c08 P 5c94034b0cca4bfda11d5fa37767d959 [LEADER]: Queue going to LEADER mode. State: All replicated index: 0, Majority replicated index: 0, Committed index: 0, Last appended: 0.0, Last appended by leader: 0, Current term: 1, Majority size: 2, State: 0, Mode: LEADER, active raft config: opid_index: -1 OBSOLETE_local: false peers { permanent_uuid: "64aefee23ef343e28298735a160d4262" member_type: VOTER last_known_addr { host: "127.14.116.1" port: 34937 } } peers { permanent_uuid: "6126ec99009e4a5cbb339b6d2aa954fb" member_type: VOTER last_known_addr { host: "127.14.116.2" port: 33945 } } peers { permanent_uuid: "5c94034b0cca4bfda11d5fa37767d959" member_type: VOTER last_known_addr { host: "127.14.116.3" port: 38861 } }
I20260709 12:19:06.336839 16137 tablet_bootstrap.cc:654] T 94964dc7133f4412b9b4983b31f046b8 P 64aefee23ef343e28298735a160d4262: Neither blocks nor log segments found. Creating new log.
W20260709 12:19:06.338838 16061 consensus_peers.cc:597] T a620241cec81401682e4591755fdc234 P 5c94034b0cca4bfda11d5fa37767d959 -> Peer 6126ec99009e4a5cbb339b6d2aa954fb (127.14.116.2:33945): Couldn't send request to peer 6126ec99009e4a5cbb339b6d2aa954fb. Error code: TABLET_NOT_RUNNING (12). Status: Illegal state: Tablet not RUNNING: INITIALIZED. This is attempt 1: this message will repeat every 5th retry.
I20260709 12:19:06.339512 16323 consensus_queue.cc:1048] T a620241cec81401682e4591755fdc234 P 5c94034b0cca4bfda11d5fa37767d959 [LEADER]: Connected to new peer: Peer: permanent_uuid: "64aefee23ef343e28298735a160d4262" member_type: VOTER last_known_addr { host: "127.14.116.1" port: 34937 }, Status: LMP_MISMATCH, Last received: 0.0, Next index: 1, Last known committed idx: 0, Time since last communication: 0.000s
W20260709 12:19:06.384550 16061 outbound_call.cc:321] RPC callback for RPC call kudu.consensus.ConsensusService.UpdateConsensus -> {remote=127.14.116.2:33945, user_credentials={real_user=slave}} blocked reactor thread for 45814.5us
W20260709 12:19:06.359213 15912 leader_election.cc:343] T ce7b4d4c747e470489ad91a0c88a7749 P 64aefee23ef343e28298735a160d4262 [CANDIDATE]: Term 1 pre-election: Tablet error from VoteRequest() call to peer 6126ec99009e4a5cbb339b6d2aa954fb (127.14.116.2:33945): Illegal state: must be running to vote when last-logged opid is not known
I20260709 12:19:06.385424 15912 leader_election.cc:304] T ce7b4d4c747e470489ad91a0c88a7749 P 64aefee23ef343e28298735a160d4262 [CANDIDATE]: Term 1 pre-election: Election decided. Result: candidate lost. Election summary: received 3 responses out of 3 voters: 1 yes votes; 2 no votes. yes voters: 64aefee23ef343e28298735a160d4262; no voters: 5c94034b0cca4bfda11d5fa37767d959, 6126ec99009e4a5cbb339b6d2aa954fb
I20260709 12:19:06.386704 16323 raft_consensus.cc:493] T c09c94b0c0684b66bf53982465d649e8 P 5c94034b0cca4bfda11d5fa37767d959 [term 0 FOLLOWER]: Starting pre-election (no leader contacted us within the election timeout)
I20260709 12:19:06.387246 16323 raft_consensus.cc:515] T c09c94b0c0684b66bf53982465d649e8 P 5c94034b0cca4bfda11d5fa37767d959 [term 0 FOLLOWER]: Starting pre-election with config: opid_index: -1 OBSOLETE_local: false peers { permanent_uuid: "64aefee23ef343e28298735a160d4262" member_type: VOTER last_known_addr { host: "127.14.116.1" port: 34937 } } peers { permanent_uuid: "6126ec99009e4a5cbb339b6d2aa954fb" member_type: VOTER last_known_addr { host: "127.14.116.2" port: 33945 } } peers { permanent_uuid: "5c94034b0cca4bfda11d5fa37767d959" member_type: VOTER last_known_addr { host: "127.14.116.3" port: 38861 } }
I20260709 12:19:06.388975 16018 tablet_service.cc:1917] Received RequestConsensusVote() RPC: tablet_id: "b72ec540eddb4e769fc9de78c0c13c08" candidate_uuid: "5c94034b0cca4bfda11d5fa37767d959" candidate_term: 1 candidate_status { last_received { term: 0 index: 0 } } ignore_live_leader: false dest_uuid: "6126ec99009e4a5cbb339b6d2aa954fb"
I20260709 12:19:06.389261 16323 leader_election.cc:290] T c09c94b0c0684b66bf53982465d649e8 P 5c94034b0cca4bfda11d5fa37767d959 [CANDIDATE]: Term 1 pre-election: Requested pre-vote from peers 64aefee23ef343e28298735a160d4262 (127.14.116.1:34937), 6126ec99009e4a5cbb339b6d2aa954fb (127.14.116.2:33945)
I20260709 12:19:06.390659 16136 tablet_bootstrap.cc:492] T d384dd82c94e4bc78cafe0a9fd2db75a P 6126ec99009e4a5cbb339b6d2aa954fb: No bootstrap required, opened a new log
I20260709 12:19:06.391129 16136 ts_tablet_manager.cc:1403] T d384dd82c94e4bc78cafe0a9fd2db75a P 6126ec99009e4a5cbb339b6d2aa954fb: Time spent bootstrapping tablet: real 0.305s	user 0.025s	sys 0.008s
I20260709 12:19:06.391605 16304 raft_consensus.cc:2749] T ce7b4d4c747e470489ad91a0c88a7749 P 64aefee23ef343e28298735a160d4262 [term 0 FOLLOWER]: Leader pre-election lost for term 1. Reason: could not achieve majority
I20260709 12:19:06.392297 15945 tablet_service.cc:1917] Received RequestConsensusVote() RPC: tablet_id: "c09c94b0c0684b66bf53982465d649e8" candidate_uuid: "5c94034b0cca4bfda11d5fa37767d959" candidate_term: 1 candidate_status { last_received { term: 0 index: 0 } } ignore_live_leader: false dest_uuid: "64aefee23ef343e28298735a160d4262" is_pre_election: true
I20260709 12:19:06.392926 15945 raft_consensus.cc:2468] T c09c94b0c0684b66bf53982465d649e8 P 64aefee23ef343e28298735a160d4262 [term 0 FOLLOWER]: Leader pre-election vote request: Granting yes vote for candidate 5c94034b0cca4bfda11d5fa37767d959 in term 0.
I20260709 12:19:06.393709 16136 raft_consensus.cc:359] T d384dd82c94e4bc78cafe0a9fd2db75a P 6126ec99009e4a5cbb339b6d2aa954fb [term 0 FOLLOWER]: Replica starting. Triggering 0 pending ops. Active config: opid_index: -1 OBSOLETE_local: false peers { permanent_uuid: "64aefee23ef343e28298735a160d4262" member_type: VOTER last_known_addr { host: "127.14.116.1" port: 34937 } } peers { permanent_uuid: "6126ec99009e4a5cbb339b6d2aa954fb" member_type: VOTER last_known_addr { host: "127.14.116.2" port: 33945 } } peers { permanent_uuid: "5c94034b0cca4bfda11d5fa37767d959" member_type: VOTER last_known_addr { host: "127.14.116.3" port: 38861 } }
I20260709 12:19:06.394484 16136 raft_consensus.cc:385] T d384dd82c94e4bc78cafe0a9fd2db75a P 6126ec99009e4a5cbb339b6d2aa954fb [term 0 FOLLOWER]: Consensus starting up: Expiring failure detector timer to make a prompt election more likely
I20260709 12:19:06.394750 16136 raft_consensus.cc:740] T d384dd82c94e4bc78cafe0a9fd2db75a P 6126ec99009e4a5cbb339b6d2aa954fb [term 0 FOLLOWER]: Becoming Follower/Learner. State: Replica: 6126ec99009e4a5cbb339b6d2aa954fb, State: Initialized, Role: FOLLOWER
I20260709 12:19:06.394718 16060 leader_election.cc:304] T c09c94b0c0684b66bf53982465d649e8 P 5c94034b0cca4bfda11d5fa37767d959 [CANDIDATE]: Term 1 pre-election: Election decided. Result: candidate won. Election summary: received 2 responses out of 3 voters: 2 yes votes; 0 no votes. yes voters: 5c94034b0cca4bfda11d5fa37767d959, 64aefee23ef343e28298735a160d4262; no voters: 
I20260709 12:19:06.395649 16225 raft_consensus.cc:2804] T c09c94b0c0684b66bf53982465d649e8 P 5c94034b0cca4bfda11d5fa37767d959 [term 0 FOLLOWER]: Leader pre-election won for term 1
I20260709 12:19:06.395985 16225 raft_consensus.cc:493] T c09c94b0c0684b66bf53982465d649e8 P 5c94034b0cca4bfda11d5fa37767d959 [term 0 FOLLOWER]: Starting leader election (no leader contacted us within the election timeout)
I20260709 12:19:06.395917 16020 tablet_service.cc:1917] Received RequestConsensusVote() RPC: tablet_id: "c09c94b0c0684b66bf53982465d649e8" candidate_uuid: "5c94034b0cca4bfda11d5fa37767d959" candidate_term: 1 candidate_status { last_received { term: 0 index: 0 } } ignore_live_leader: false dest_uuid: "6126ec99009e4a5cbb339b6d2aa954fb" is_pre_election: true
I20260709 12:19:06.396441 16225 raft_consensus.cc:3060] T c09c94b0c0684b66bf53982465d649e8 P 5c94034b0cca4bfda11d5fa37767d959 [term 0 FOLLOWER]: Advancing to term 1
I20260709 12:19:06.399351 16136 consensus_queue.cc:260] T d384dd82c94e4bc78cafe0a9fd2db75a P 6126ec99009e4a5cbb339b6d2aa954fb [NON_LEADER]: Queue going to NON_LEADER mode. State: All replicated index: 0, Majority replicated index: 0, Committed index: 0, Last appended: 0.0, Last appended by leader: 0, Current term: 0, Majority size: -1, State: 0, Mode: NON_LEADER, active raft config: opid_index: -1 OBSOLETE_local: false peers { permanent_uuid: "64aefee23ef343e28298735a160d4262" member_type: VOTER last_known_addr { host: "127.14.116.1" port: 34937 } } peers { permanent_uuid: "6126ec99009e4a5cbb339b6d2aa954fb" member_type: VOTER last_known_addr { host: "127.14.116.2" port: 33945 } } peers { permanent_uuid: "5c94034b0cca4bfda11d5fa37767d959" member_type: VOTER last_known_addr { host: "127.14.116.3" port: 38861 } }
W20260709 12:19:06.406800 16061 consensus_peers.cc:597] T d384dd82c94e4bc78cafe0a9fd2db75a P 5c94034b0cca4bfda11d5fa37767d959 -> Peer 6126ec99009e4a5cbb339b6d2aa954fb (127.14.116.2:33945): Couldn't send request to peer 6126ec99009e4a5cbb339b6d2aa954fb. Error code: TABLET_NOT_RUNNING (12). Status: Illegal state: Tablet not RUNNING: BOOTSTRAPPING. This is attempt 1: this message will repeat every 5th retry.
W20260709 12:19:06.407516 16061 leader_election.cc:343] T b72ec540eddb4e769fc9de78c0c13c08 P 5c94034b0cca4bfda11d5fa37767d959 [CANDIDATE]: Term 1 election: Tablet error from VoteRequest() call to peer 6126ec99009e4a5cbb339b6d2aa954fb (127.14.116.2:33945): Illegal state: must be running to vote when last-logged opid is not known
W20260709 12:19:06.408358 16061 leader_election.cc:343] T c09c94b0c0684b66bf53982465d649e8 P 5c94034b0cca4bfda11d5fa37767d959 [CANDIDATE]: Term 1 pre-election: Tablet error from VoteRequest() call to peer 6126ec99009e4a5cbb339b6d2aa954fb (127.14.116.2:33945): Illegal state: must be running to vote when last-logged opid is not known
I20260709 12:19:06.421792 16136 ts_tablet_manager.cc:1434] T d384dd82c94e4bc78cafe0a9fd2db75a P 6126ec99009e4a5cbb339b6d2aa954fb: Time spent starting tablet: real 0.030s	user 0.008s	sys 0.002s
I20260709 12:19:06.423920 16136 tablet_bootstrap.cc:492] T e090624bbdf84a56af1ae5f2fb3106da P 6126ec99009e4a5cbb339b6d2aa954fb: Bootstrap starting.
I20260709 12:19:06.442248 16355 raft_consensus.cc:2749] T 120a0b8f947c44b2be337c7171b571e0 P 6126ec99009e4a5cbb339b6d2aa954fb [term 1 FOLLOWER]: Leader pre-election lost for term 1. Reason: could not achieve majority
I20260709 12:19:06.444880 16138 tablet_bootstrap.cc:492] T ce7b4d4c747e470489ad91a0c88a7749 P 5c94034b0cca4bfda11d5fa37767d959: No bootstrap required, opened a new log
I20260709 12:19:06.445349 16138 ts_tablet_manager.cc:1403] T ce7b4d4c747e470489ad91a0c88a7749 P 5c94034b0cca4bfda11d5fa37767d959: Time spent bootstrapping tablet: real 0.316s	user 0.021s	sys 0.026s
I20260709 12:19:06.481479 16225 raft_consensus.cc:515] T c09c94b0c0684b66bf53982465d649e8 P 5c94034b0cca4bfda11d5fa37767d959 [term 1 FOLLOWER]: Starting leader election with config: opid_index: -1 OBSOLETE_local: false peers { permanent_uuid: "64aefee23ef343e28298735a160d4262" member_type: VOTER last_known_addr { host: "127.14.116.1" port: 34937 } } peers { permanent_uuid: "6126ec99009e4a5cbb339b6d2aa954fb" member_type: VOTER last_known_addr { host: "127.14.116.2" port: 33945 } } peers { permanent_uuid: "5c94034b0cca4bfda11d5fa37767d959" member_type: VOTER last_known_addr { host: "127.14.116.3" port: 38861 } }
I20260709 12:19:06.483570 16020 raft_consensus.cc:1275] T 6e2044f8852645809ced126f60720f84 P 6126ec99009e4a5cbb339b6d2aa954fb [term 2 FOLLOWER]: Refusing update from remote peer 5c94034b0cca4bfda11d5fa37767d959: Log matching property violated. Preceding OpId in replica: term: 0 index: 0. Preceding OpId from leader: term: 2 index: 1. (index mismatch)
I20260709 12:19:06.483844 16137 tablet_bootstrap.cc:492] T 94964dc7133f4412b9b4983b31f046b8 P 64aefee23ef343e28298735a160d4262: No bootstrap required, opened a new log
I20260709 12:19:06.484351 16310 consensus_queue.cc:1048] T c9780a9c71bf4177a682f2147f95127b P 6126ec99009e4a5cbb339b6d2aa954fb [LEADER]: Connected to new peer: Peer: permanent_uuid: "5c94034b0cca4bfda11d5fa37767d959" member_type: VOTER last_known_addr { host: "127.14.116.3" port: 38861 }, Status: LMP_MISMATCH, Last received: 0.0, Next index: 1, Last known committed idx: 0, Time since last communication: 0.000s
I20260709 12:19:06.484320 16137 ts_tablet_manager.cc:1403] T 94964dc7133f4412b9b4983b31f046b8 P 64aefee23ef343e28298735a160d4262: Time spent bootstrapping tablet: real 0.202s	user 0.001s	sys 0.030s
I20260709 12:19:06.492487 16137 raft_consensus.cc:359] T 94964dc7133f4412b9b4983b31f046b8 P 64aefee23ef343e28298735a160d4262 [term 0 FOLLOWER]: Replica starting. Triggering 0 pending ops. Active config: opid_index: -1 OBSOLETE_local: false peers { permanent_uuid: "64aefee23ef343e28298735a160d4262" member_type: VOTER last_known_addr { host: "127.14.116.1" port: 34937 } } peers { permanent_uuid: "6126ec99009e4a5cbb339b6d2aa954fb" member_type: VOTER last_known_addr { host: "127.14.116.2" port: 33945 } } peers { permanent_uuid: "5c94034b0cca4bfda11d5fa37767d959" member_type: VOTER last_known_addr { host: "127.14.116.3" port: 38861 } }
I20260709 12:19:06.493052 16137 raft_consensus.cc:385] T 94964dc7133f4412b9b4983b31f046b8 P 64aefee23ef343e28298735a160d4262 [term 0 FOLLOWER]: Consensus starting up: Expiring failure detector timer to make a prompt election more likely
I20260709 12:19:06.493274 16137 raft_consensus.cc:740] T 94964dc7133f4412b9b4983b31f046b8 P 64aefee23ef343e28298735a160d4262 [term 0 FOLLOWER]: Becoming Follower/Learner. State: Replica: 64aefee23ef343e28298735a160d4262, State: Initialized, Role: FOLLOWER
I20260709 12:19:06.494604 16137 consensus_queue.cc:260] T 94964dc7133f4412b9b4983b31f046b8 P 64aefee23ef343e28298735a160d4262 [NON_LEADER]: Queue going to NON_LEADER mode. State: All replicated index: 0, Majority replicated index: 0, Committed index: 0, Last appended: 0.0, Last appended by leader: 0, Current term: 0, Majority size: -1, State: 0, Mode: NON_LEADER, active raft config: opid_index: -1 OBSOLETE_local: false peers { permanent_uuid: "64aefee23ef343e28298735a160d4262" member_type: VOTER last_known_addr { host: "127.14.116.1" port: 34937 } } peers { permanent_uuid: "6126ec99009e4a5cbb339b6d2aa954fb" member_type: VOTER last_known_addr { host: "127.14.116.2" port: 33945 } } peers { permanent_uuid: "5c94034b0cca4bfda11d5fa37767d959" member_type: VOTER last_known_addr { host: "127.14.116.3" port: 38861 } }
I20260709 12:19:06.500844 16138 raft_consensus.cc:359] T ce7b4d4c747e470489ad91a0c88a7749 P 5c94034b0cca4bfda11d5fa37767d959 [term 0 FOLLOWER]: Replica starting. Triggering 0 pending ops. Active config: opid_index: -1 OBSOLETE_local: false peers { permanent_uuid: "64aefee23ef343e28298735a160d4262" member_type: VOTER last_known_addr { host: "127.14.116.1" port: 34937 } } peers { permanent_uuid: "6126ec99009e4a5cbb339b6d2aa954fb" member_type: VOTER last_known_addr { host: "127.14.116.2" port: 33945 } } peers { permanent_uuid: "5c94034b0cca4bfda11d5fa37767d959" member_type: VOTER last_known_addr { host: "127.14.116.3" port: 38861 } }
I20260709 12:19:06.501543 16138 raft_consensus.cc:385] T ce7b4d4c747e470489ad91a0c88a7749 P 5c94034b0cca4bfda11d5fa37767d959 [term 0 FOLLOWER]: Consensus starting up: Expiring failure detector timer to make a prompt election more likely
I20260709 12:19:06.501793 16138 raft_consensus.cc:740] T ce7b4d4c747e470489ad91a0c88a7749 P 5c94034b0cca4bfda11d5fa37767d959 [term 0 FOLLOWER]: Becoming Follower/Learner. State: Replica: 5c94034b0cca4bfda11d5fa37767d959, State: Initialized, Role: FOLLOWER
I20260709 12:19:06.502394 16138 consensus_queue.cc:260] T ce7b4d4c747e470489ad91a0c88a7749 P 5c94034b0cca4bfda11d5fa37767d959 [NON_LEADER]: Queue going to NON_LEADER mode. State: All replicated index: 0, Majority replicated index: 0, Committed index: 0, Last appended: 0.0, Last appended by leader: 0, Current term: 0, Majority size: -1, State: 0, Mode: NON_LEADER, active raft config: opid_index: -1 OBSOLETE_local: false peers { permanent_uuid: "64aefee23ef343e28298735a160d4262" member_type: VOTER last_known_addr { host: "127.14.116.1" port: 34937 } } peers { permanent_uuid: "6126ec99009e4a5cbb339b6d2aa954fb" member_type: VOTER last_known_addr { host: "127.14.116.2" port: 33945 } } peers { permanent_uuid: "5c94034b0cca4bfda11d5fa37767d959" member_type: VOTER last_known_addr { host: "127.14.116.3" port: 38861 } }
I20260709 12:19:06.502882 16137 ts_tablet_manager.cc:1434] T 94964dc7133f4412b9b4983b31f046b8 P 64aefee23ef343e28298735a160d4262: Time spent starting tablet: real 0.017s	user 0.004s	sys 0.001s
I20260709 12:19:06.502699 15945 tablet_service.cc:1917] Received RequestConsensusVote() RPC: tablet_id: "c09c94b0c0684b66bf53982465d649e8" candidate_uuid: "5c94034b0cca4bfda11d5fa37767d959" candidate_term: 1 candidate_status { last_received { term: 0 index: 0 } } ignore_live_leader: false dest_uuid: "64aefee23ef343e28298735a160d4262"
I20260709 12:19:06.504741 16136 tablet_bootstrap.cc:654] T e090624bbdf84a56af1ae5f2fb3106da P 6126ec99009e4a5cbb339b6d2aa954fb: Neither blocks nor log segments found. Creating new log.
I20260709 12:19:06.504848 15945 raft_consensus.cc:3060] T c09c94b0c0684b66bf53982465d649e8 P 64aefee23ef343e28298735a160d4262 [term 0 FOLLOWER]: Advancing to term 1
