I20260709 12:19:01.677734  7744 raft_consensus.cc:493] T 00000000000000000000000000000000 P 0e54d6d2b6ac493c82945385af239ae0 [term 0 FOLLOWER]: Starting leader election (initial election of a single-replica configuration)
I20260709 12:19:01.678028  7744 raft_consensus.cc:3060] T 00000000000000000000000000000000 P 0e54d6d2b6ac493c82945385af239ae0 [term 0 FOLLOWER]: Advancing to term 1
I20260709 12:19:01.682328  7744 raft_consensus.cc:515] T 00000000000000000000000000000000 P 0e54d6d2b6ac493c82945385af239ae0 [term 1 FOLLOWER]: Starting leader election with config: opid_index: -1 OBSOLETE_local: true peers { permanent_uuid: "0e54d6d2b6ac493c82945385af239ae0" member_type: VOTER }
I20260709 12:19:01.682976  7744 leader_election.cc:304] T 00000000000000000000000000000000 P 0e54d6d2b6ac493c82945385af239ae0 [CANDIDATE]: Term 1 election: Election decided. Result: candidate won. Election summary: received 1 responses out of 1 voters: 1 yes votes; 0 no votes. yes voters: 0e54d6d2b6ac493c82945385af239ae0; no voters: 
I20260709 12:19:01.684219  7744 leader_election.cc:290] T 00000000000000000000000000000000 P 0e54d6d2b6ac493c82945385af239ae0 [CANDIDATE]: Term 1 election: Requested vote from peers 
I20260709 12:19:01.684546  7747 raft_consensus.cc:2804] T 00000000000000000000000000000000 P 0e54d6d2b6ac493c82945385af239ae0 [term 1 FOLLOWER]: Leader election won for term 1
I20260709 12:19:01.685870  7747 raft_consensus.cc:697] T 00000000000000000000000000000000 P 0e54d6d2b6ac493c82945385af239ae0 [term 1 LEADER]: Becoming Leader. State: Replica: 0e54d6d2b6ac493c82945385af239ae0, State: Running, Role: LEADER
I20260709 12:19:01.686705  7747 consensus_queue.cc:237] T 00000000000000000000000000000000 P 0e54d6d2b6ac493c82945385af239ae0 [LEADER]: Queue going to LEADER mode. State: All replicated index: 0, Majority replicated index: 0, Committed index: 0, Last appended: 0.0, Last appended by leader: 0, Current term: 1, Majority size: 1, State: 0, Mode: LEADER, active raft config: opid_index: -1 OBSOLETE_local: true peers { permanent_uuid: "0e54d6d2b6ac493c82945385af239ae0" member_type: VOTER }
I20260709 12:19:01.687325  7744 sys_catalog.cc:565] T 00000000000000000000000000000000 P 0e54d6d2b6ac493c82945385af239ae0 [sys.catalog]: configured and running, proceeding with master startup.
I20260709 12:19:01.691445  7749 sys_catalog.cc:455] T 00000000000000000000000000000000 P 0e54d6d2b6ac493c82945385af239ae0 [sys.catalog]: SysCatalogTable state changed. Reason: New leader 0e54d6d2b6ac493c82945385af239ae0. Latest consensus state: current_term: 1 leader_uuid: "0e54d6d2b6ac493c82945385af239ae0" committed_config { opid_index: -1 OBSOLETE_local: true peers { permanent_uuid: "0e54d6d2b6ac493c82945385af239ae0" member_type: VOTER } }
I20260709 12:19:01.691995  7748 sys_catalog.cc:455] T 00000000000000000000000000000000 P 0e54d6d2b6ac493c82945385af239ae0 [sys.catalog]: SysCatalogTable state changed. Reason: RaftConsensus started. Latest consensus state: current_term: 1 leader_uuid: "0e54d6d2b6ac493c82945385af239ae0" committed_config { opid_index: -1 OBSOLETE_local: true peers { permanent_uuid: "0e54d6d2b6ac493c82945385af239ae0" member_type: VOTER } }
I20260709 12:19:01.692329  7749 sys_catalog.cc:458] T 00000000000000000000000000000000 P 0e54d6d2b6ac493c82945385af239ae0 [sys.catalog]: This master's current role is: LEADER
I20260709 12:19:01.692744  7748 sys_catalog.cc:458] T 00000000000000000000000000000000 P 0e54d6d2b6ac493c82945385af239ae0 [sys.catalog]: This master's current role is: LEADER
I20260709 12:19:01.699368  7754 catalog_manager.cc:1511] Loading table and tablet metadata into memory...
I20260709 12:19:01.704569  7754 catalog_manager.cc:1520] Initializing Kudu cluster ID...
I20260709 12:19:01.705485  6639 internal_mini_cluster.cc:184] Waiting to initialize catalog manager on master 0
I20260709 12:19:01.713791  7754 catalog_manager.cc:1383] Generated new cluster ID: a01c89c9e8764d91a924473425afa706
I20260709 12:19:01.714095  7754 catalog_manager.cc:1531] Initializing Kudu internal certificate authority...
I20260709 12:19:01.739809  7754 catalog_manager.cc:1406] Generated new certificate authority record
I20260709 12:19:01.741077  7754 catalog_manager.cc:1540] Loading token signing keys...
I20260709 12:19:01.760967  7754 catalog_manager.cc:6070] T 00000000000000000000000000000000 P 0e54d6d2b6ac493c82945385af239ae0: Generated new TSK 0
I20260709 12:19:01.761664  7754 catalog_manager.cc:1550] Initializing in-progress tserver states...
I20260709 12:19:01.772225  6639 file_cache.cc:504] Constructed file cache file cache with capacity 419430
W20260709 12:19:01.778573  7765 instance_detector.cc:116] could not retrieve AWS instance metadata: Network error: curl error: HTTP response code said error: The requested URL returned error: 404
W20260709 12:19:01.778918  7766 instance_detector.cc:116] could not retrieve Azure instance metadata: Network error: curl error: HTTP response code said error: The requested URL returned error: 404
W20260709 12:19:01.782183  7768 instance_detector.cc:116] could not retrieve OpenStack instance metadata: Network error: curl error: HTTP response code said error: The requested URL returned error: 404
I20260709 12:19:01.783139  6639 server_base.cc:1061] running on GCE node
I20260709 12:19:01.784024  6639 hybrid_clock.cc:584] initializing the hybrid clock with 'system_unsync' time source
W20260709 12:19:01.784235  6639 system_unsync_time.cc:38] NTP support is disabled. Clock error bounds will not be accurate. This configuration is not suitable for distributed clusters.
I20260709 12:19:01.784405  6639 hybrid_clock.cc:648] HybridClock initialized: now 1783599541784386 us; error 0 us; skew 500 ppm
I20260709 12:19:01.784982  6639 server_base.cc:861] Flag tcmalloc_max_total_thread_cache_bytes is not working since tcmalloc is not enabled.
I20260709 12:19:01.787360  6639 webserver.cc:533] Webserver started at http://127.6.123.193:43327/ using document root <none> and password file <none>
I20260709 12:19:01.787851  6639 fs_manager.cc:362] Metadata directory not provided
I20260709 12:19:01.788057  6639 fs_manager.cc:368] Using write-ahead log directory (fs_wal_dir) as metadata directory
I20260709 12:19:01.788331  6639 server_base.cc:909] This appears to be a new deployment of Kudu; creating new FS layout
I20260709 12:19:01.789554  6639 fs_manager.cc:1068] Generated new instance metadata in path /tmp/dist-test-taskZpryV7/test-tmp/auto_leader_rebalancer-test.0.LeaderRebalancerTest.AddTserver.1783599480342819-6639-0/minicluster-data/ts-0-root/instance:
uuid: "4989b1feae7d4715814113f69f2c6605"
format_stamp: "Formatted at 2026-07-09 12:19:01 on dist-test-slave-2dwh"
I20260709 12:19:01.794275  6639 fs_manager.cc:696] Time spent creating directory manager: real 0.004s	user 0.002s	sys 0.004s
I20260709 12:19:01.797617  7773 log_block_manager.cc:4127] Time spent loading block containers with low live blocks: real 0.000s	user 0.000s	sys 0.000s
I20260709 12:19:01.798453  6639 fs_manager.cc:730] Time spent opening block manager: real 0.002s	user 0.000s	sys 0.003s
I20260709 12:19:01.798792  6639 fs_manager.cc:647] Opened local filesystem: /tmp/dist-test-taskZpryV7/test-tmp/auto_leader_rebalancer-test.0.LeaderRebalancerTest.AddTserver.1783599480342819-6639-0/minicluster-data/ts-0-root
uuid: "4989b1feae7d4715814113f69f2c6605"
format_stamp: "Formatted at 2026-07-09 12:19:01 on dist-test-slave-2dwh"
I20260709 12:19:01.799126  6639 fs_report.cc:389] FS layout report
--------------------
wal directory: /tmp/dist-test-taskZpryV7/test-tmp/auto_leader_rebalancer-test.0.LeaderRebalancerTest.AddTserver.1783599480342819-6639-0/minicluster-data/ts-0-root
metadata directory: /tmp/dist-test-taskZpryV7/test-tmp/auto_leader_rebalancer-test.0.LeaderRebalancerTest.AddTserver.1783599480342819-6639-0/minicluster-data/ts-0-root
1 data directories: /tmp/dist-test-taskZpryV7/test-tmp/auto_leader_rebalancer-test.0.LeaderRebalancerTest.AddTserver.1783599480342819-6639-0/minicluster-data/ts-0-root/data
Total live blocks: 0
Total live bytes: 0
Total live bytes (after alignment): 0
Total number of LBM containers: 0 (0 full)
Did not check for missing blocks
Did not check for orphaned blocks
Total full LBM containers with extra space: 0 (0 repaired)
Total full LBM container extra space in bytes: 0 (0 repaired)
Total incomplete LBM containers: 0 (0 repaired)
Total LBM partial records: 0 (0 repaired)
Total corrupted LBM metadata records in RocksDB: 0 (0 repaired)
I20260709 12:19:01.814043  6639 rpc_server.cc:225] running with OpenSSL 1.1.1  11 Sep 2018
I20260709 12:19:01.815356  6639 kserver.cc:163] Server-wide thread pool size limit: 3276
I20260709 12:19:01.816812  6639 txn_system_client.cc:432] TxnSystemClient initialization is disabled...
I20260709 12:19:01.819108  6639 ts_tablet_manager.cc:585] Loaded tablet metadata (0 total tablets, 0 live tablets)
I20260709 12:19:01.819330  6639 ts_tablet_manager.cc:531] Time spent load tablet metadata: real 0.000s	user 0.000s	sys 0.000s
I20260709 12:19:01.819584  6639 ts_tablet_manager.cc:616] Registered 0 tablets
I20260709 12:19:01.819780  6639 ts_tablet_manager.cc:595] Time spent register tablets: real 0.000s	user 0.000s	sys 0.000s
I20260709 12:19:01.860554  6639 rpc_server.cc:307] RPC server started. Bound to: 127.6.123.193:36551
I20260709 12:19:01.860658  7835 acceptor_pool.cc:272] collecting diagnostics on the listening RPC socket 127.6.123.193:36551 every 8 connection(s)
I20260709 12:19:01.865592  6639 file_cache.cc:504] Constructed file cache file cache with capacity 419430
W20260709 12:19:01.873049  7840 instance_detector.cc:116] could not retrieve AWS instance metadata: Network error: curl error: HTTP response code said error: The requested URL returned error: 404
W20260709 12:19:01.874912  7841 instance_detector.cc:116] could not retrieve Azure instance metadata: Network error: curl error: HTTP response code said error: The requested URL returned error: 404
W20260709 12:19:01.877954  7843 instance_detector.cc:116] could not retrieve OpenStack instance metadata: Network error: curl error: HTTP response code said error: The requested URL returned error: 404
I20260709 12:19:01.879671  6639 server_base.cc:1061] running on GCE node
I20260709 12:19:01.880716  7836 heartbeater.cc:344] Connected to a master server at 127.6.123.254:42757
I20260709 12:19:01.881027  6639 hybrid_clock.cc:584] initializing the hybrid clock with 'system_unsync' time source
I20260709 12:19:01.881089  7836 heartbeater.cc:461] Registering TS with master...
W20260709 12:19:01.881318  6639 system_unsync_time.cc:38] NTP support is disabled. Clock error bounds will not be accurate. This configuration is not suitable for distributed clusters.
I20260709 12:19:01.881524  6639 hybrid_clock.cc:648] HybridClock initialized: now 1783599541881487 us; error 0 us; skew 500 ppm
I20260709 12:19:01.882001  7836 heartbeater.cc:507] Master 127.6.123.254:42757 requested a full tablet report, sending...
I20260709 12:19:01.882128  6639 server_base.cc:861] Flag tcmalloc_max_total_thread_cache_bytes is not working since tcmalloc is not enabled.
I20260709 12:19:01.884706  7709 ts_manager.cc:194] Registered new tserver with Master: 4989b1feae7d4715814113f69f2c6605 (127.6.123.193:36551)
I20260709 12:19:01.884964  6639 webserver.cc:533] Webserver started at http://127.6.123.194:39857/ using document root <none> and password file <none>
I20260709 12:19:01.885730  6639 fs_manager.cc:362] Metadata directory not provided
I20260709 12:19:01.885977  6639 fs_manager.cc:368] Using write-ahead log directory (fs_wal_dir) as metadata directory
I20260709 12:19:01.886300  6639 server_base.cc:909] This appears to be a new deployment of Kudu; creating new FS layout
I20260709 12:19:01.887246  7709 master_service.cc:502] Signed X509 certificate for tserver {username='slave'} at 127.0.0.1:42674
I20260709 12:19:01.887954  6639 fs_manager.cc:1068] Generated new instance metadata in path /tmp/dist-test-taskZpryV7/test-tmp/auto_leader_rebalancer-test.0.LeaderRebalancerTest.AddTserver.1783599480342819-6639-0/minicluster-data/ts-1-root/instance:
uuid: "55d38694c66f42baa17683341251ac57"
format_stamp: "Formatted at 2026-07-09 12:19:01 on dist-test-slave-2dwh"
I20260709 12:19:01.893047  6639 fs_manager.cc:696] Time spent creating directory manager: real 0.004s	user 0.005s	sys 0.000s
I20260709 12:19:01.896528  7848 log_block_manager.cc:4127] Time spent loading block containers with low live blocks: real 0.000s	user 0.000s	sys 0.000s
I20260709 12:19:01.897238  6639 fs_manager.cc:730] Time spent opening block manager: real 0.002s	user 0.002s	sys 0.000s
I20260709 12:19:01.897565  6639 fs_manager.cc:647] Opened local filesystem: /tmp/dist-test-taskZpryV7/test-tmp/auto_leader_rebalancer-test.0.LeaderRebalancerTest.AddTserver.1783599480342819-6639-0/minicluster-data/ts-1-root
uuid: "55d38694c66f42baa17683341251ac57"
format_stamp: "Formatted at 2026-07-09 12:19:01 on dist-test-slave-2dwh"
I20260709 12:19:01.897845  6639 fs_report.cc:389] FS layout report
--------------------
wal directory: /tmp/dist-test-taskZpryV7/test-tmp/auto_leader_rebalancer-test.0.LeaderRebalancerTest.AddTserver.1783599480342819-6639-0/minicluster-data/ts-1-root
metadata directory: /tmp/dist-test-taskZpryV7/test-tmp/auto_leader_rebalancer-test.0.LeaderRebalancerTest.AddTserver.1783599480342819-6639-0/minicluster-data/ts-1-root
1 data directories: /tmp/dist-test-taskZpryV7/test-tmp/auto_leader_rebalancer-test.0.LeaderRebalancerTest.AddTserver.1783599480342819-6639-0/minicluster-data/ts-1-root/data
Total live blocks: 0
Total live bytes: 0
Total live bytes (after alignment): 0
Total number of LBM containers: 0 (0 full)
Did not check for missing blocks
Did not check for orphaned blocks
Total full LBM containers with extra space: 0 (0 repaired)
Total full LBM container extra space in bytes: 0 (0 repaired)
Total incomplete LBM containers: 0 (0 repaired)
Total LBM partial records: 0 (0 repaired)
Total corrupted LBM metadata records in RocksDB: 0 (0 repaired)
I20260709 12:19:01.922580  6639 rpc_server.cc:225] running with OpenSSL 1.1.1  11 Sep 2018
I20260709 12:19:01.923830  6639 kserver.cc:163] Server-wide thread pool size limit: 3276
I20260709 12:19:01.925359  6639 txn_system_client.cc:432] TxnSystemClient initialization is disabled...
I20260709 12:19:01.927668  6639 ts_tablet_manager.cc:585] Loaded tablet metadata (0 total tablets, 0 live tablets)
I20260709 12:19:01.927994  6639 ts_tablet_manager.cc:531] Time spent load tablet metadata: real 0.000s	user 0.000s	sys 0.000s
I20260709 12:19:01.928252  6639 ts_tablet_manager.cc:616] Registered 0 tablets
I20260709 12:19:01.928429  6639 ts_tablet_manager.cc:595] Time spent register tablets: real 0.000s	user 0.000s	sys 0.000s
I20260709 12:19:01.969337  6639 rpc_server.cc:307] RPC server started. Bound to: 127.6.123.194:45123
I20260709 12:19:01.969430  7910 acceptor_pool.cc:272] collecting diagnostics on the listening RPC socket 127.6.123.194:45123 every 8 connection(s)
I20260709 12:19:01.973955  6639 file_cache.cc:504] Constructed file cache file cache with capacity 419430
W20260709 12:19:01.981662  7914 instance_detector.cc:116] could not retrieve AWS instance metadata: Network error: curl error: HTTP response code said error: The requested URL returned error: 404
W20260709 12:19:01.984153  7915 instance_detector.cc:116] could not retrieve Azure instance metadata: Network error: curl error: HTTP response code said error: The requested URL returned error: 404
I20260709 12:19:01.985390  6639 server_base.cc:1061] running on GCE node
W20260709 12:19:01.985658  7917 instance_detector.cc:116] could not retrieve OpenStack instance metadata: Network error: curl error: HTTP response code said error: The requested URL returned error: 404
I20260709 12:19:01.986860  6639 hybrid_clock.cc:584] initializing the hybrid clock with 'system_unsync' time source
W20260709 12:19:01.987144  6639 system_unsync_time.cc:38] NTP support is disabled. Clock error bounds will not be accurate. This configuration is not suitable for distributed clusters.
I20260709 12:19:01.987355  6639 hybrid_clock.cc:648] HybridClock initialized: now 1783599541987337 us; error 0 us; skew 500 ppm
I20260709 12:19:01.988016  6639 server_base.cc:861] Flag tcmalloc_max_total_thread_cache_bytes is not working since tcmalloc is not enabled.
I20260709 12:19:01.988296  7911 heartbeater.cc:344] Connected to a master server at 127.6.123.254:42757
I20260709 12:19:01.988736  7911 heartbeater.cc:461] Registering TS with master...
I20260709 12:19:01.989710  7911 heartbeater.cc:507] Master 127.6.123.254:42757 requested a full tablet report, sending...
I20260709 12:19:01.990851  6639 webserver.cc:533] Webserver started at http://127.6.123.195:36511/ using document root <none> and password file <none>
I20260709 12:19:01.991472  6639 fs_manager.cc:362] Metadata directory not provided
I20260709 12:19:01.991694  6639 fs_manager.cc:368] Using write-ahead log directory (fs_wal_dir) as metadata directory
I20260709 12:19:01.991982  6639 server_base.cc:909] This appears to be a new deployment of Kudu; creating new FS layout
I20260709 12:19:01.992051  7709 ts_manager.cc:194] Registered new tserver with Master: 55d38694c66f42baa17683341251ac57 (127.6.123.194:45123)
I20260709 12:19:01.993235  6639 fs_manager.cc:1068] Generated new instance metadata in path /tmp/dist-test-taskZpryV7/test-tmp/auto_leader_rebalancer-test.0.LeaderRebalancerTest.AddTserver.1783599480342819-6639-0/minicluster-data/ts-2-root/instance:
uuid: "da88f73ca678461ab2c3d55ff145bf47"
format_stamp: "Formatted at 2026-07-09 12:19:01 on dist-test-slave-2dwh"
I20260709 12:19:01.993556  7709 master_service.cc:502] Signed X509 certificate for tserver {username='slave'} at 127.0.0.1:42688
I20260709 12:19:01.998234  6639 fs_manager.cc:696] Time spent creating directory manager: real 0.004s	user 0.004s	sys 0.003s
I20260709 12:19:02.001861  7922 log_block_manager.cc:4127] Time spent loading block containers with low live blocks: real 0.000s	user 0.000s	sys 0.000s
I20260709 12:19:02.002697  6639 fs_manager.cc:730] Time spent opening block manager: real 0.002s	user 0.003s	sys 0.000s
I20260709 12:19:02.003005  6639 fs_manager.cc:647] Opened local filesystem: /tmp/dist-test-taskZpryV7/test-tmp/auto_leader_rebalancer-test.0.LeaderRebalancerTest.AddTserver.1783599480342819-6639-0/minicluster-data/ts-2-root
uuid: "da88f73ca678461ab2c3d55ff145bf47"
format_stamp: "Formatted at 2026-07-09 12:19:01 on dist-test-slave-2dwh"
I20260709 12:19:02.003268  6639 fs_report.cc:389] FS layout report
--------------------
wal directory: /tmp/dist-test-taskZpryV7/test-tmp/auto_leader_rebalancer-test.0.LeaderRebalancerTest.AddTserver.1783599480342819-6639-0/minicluster-data/ts-2-root
metadata directory: /tmp/dist-test-taskZpryV7/test-tmp/auto_leader_rebalancer-test.0.LeaderRebalancerTest.AddTserver.1783599480342819-6639-0/minicluster-data/ts-2-root
1 data directories: /tmp/dist-test-taskZpryV7/test-tmp/auto_leader_rebalancer-test.0.LeaderRebalancerTest.AddTserver.1783599480342819-6639-0/minicluster-data/ts-2-root/data
Total live blocks: 0
Total live bytes: 0
Total live bytes (after alignment): 0
Total number of LBM containers: 0 (0 full)
Did not check for missing blocks
Did not check for orphaned blocks
Total full LBM containers with extra space: 0 (0 repaired)
Total full LBM container extra space in bytes: 0 (0 repaired)
Total incomplete LBM containers: 0 (0 repaired)
Total LBM partial records: 0 (0 repaired)
Total corrupted LBM metadata records in RocksDB: 0 (0 repaired)
I20260709 12:19:02.020129  6639 rpc_server.cc:225] running with OpenSSL 1.1.1  11 Sep 2018
I20260709 12:19:02.021489  6639 kserver.cc:163] Server-wide thread pool size limit: 3276
I20260709 12:19:02.023132  6639 txn_system_client.cc:432] TxnSystemClient initialization is disabled...
I20260709 12:19:02.025496  6639 ts_tablet_manager.cc:585] Loaded tablet metadata (0 total tablets, 0 live tablets)
I20260709 12:19:02.025722  6639 ts_tablet_manager.cc:531] Time spent load tablet metadata: real 0.000s	user 0.000s	sys 0.000s
I20260709 12:19:02.026021  6639 ts_tablet_manager.cc:616] Registered 0 tablets
I20260709 12:19:02.026201  6639 ts_tablet_manager.cc:595] Time spent register tablets: real 0.000s	user 0.000s	sys 0.000s
I20260709 12:19:02.067791  6639 rpc_server.cc:307] RPC server started. Bound to: 127.6.123.195:33045
I20260709 12:19:02.067893  7984 acceptor_pool.cc:272] collecting diagnostics on the listening RPC socket 127.6.123.195:33045 every 8 connection(s)
I20260709 12:19:02.082592  7985 heartbeater.cc:344] Connected to a master server at 127.6.123.254:42757
I20260709 12:19:02.083014  7985 heartbeater.cc:461] Registering TS with master...
I20260709 12:19:02.083804  7985 heartbeater.cc:507] Master 127.6.123.254:42757 requested a full tablet report, sending...
I20260709 12:19:02.085971  7709 ts_manager.cc:194] Registered new tserver with Master: da88f73ca678461ab2c3d55ff145bf47 (127.6.123.195:33045)
I20260709 12:19:02.086668  6639 internal_mini_cluster.cc:371] 3 TS(s) registered with all masters after 0.014862102s
I20260709 12:19:02.087433  7709 master_service.cc:502] Signed X509 certificate for tserver {username='slave'} at 127.0.0.1:42692
I20260709 12:19:02.114041  7709 catalog_manager.cc:2283] Servicing CreateTable request from {username='slave'} at 127.0.0.1:42706:
name: "test-workload"
schema {
  columns {
    name: "key"
    type: INT32
    is_key: true
    is_nullable: false
    encoding: AUTO_ENCODING
    compression: DEFAULT_COMPRESSION
    cfile_block_size: 0
    immutable: false
  }
  columns {
    name: "int_val"
    type: INT32
    is_key: false
    is_nullable: false
    encoding: AUTO_ENCODING
    compression: DEFAULT_COMPRESSION
    cfile_block_size: 0
    immutable: false
  }
  columns {
    name: "string_val"
    type: STRING
    is_key: false
    is_nullable: true
    encoding: AUTO_ENCODING
    compression: DEFAULT_COMPRESSION
    cfile_block_size: 0
    immutable: false
  }
}
num_replicas: 3
split_rows_range_bounds {
  rows: "\004\001\000\313c+\002\004\001\000\226\307V\004\004\001\000a+\202\006\004\001\000,\217\255\010\004\001\000\367\362\330\n\004\001\000\302V\004\r\004\001\000\215\272/\017\004\001\000X\036[\021\004\001\000#\202\206\023\004\001\000\356\345\261\025\004\001\000\271I\335\027\004\001\000\204\255\010\032\004\001\000O\0214\034\004\001\000\032u_\036\004\001\000\345\330\212 \004\001\000\260<\266\"\004\001\000{\240\341$\004\001\000F\004\r\'\004\001\000\021h8)\004\001\000\334\313c+\004\001\000\247/\217-\004\001\000r\223\272/\004\001\000=\367\3451\004\001\000\010[\0214\004\001\000\323\276<6\004\001\000\236\"h8\004\001\000i\206\223:\004\001\0004\352\276<\004\001\000\377M\352>\004\001\000\312\261\025A\004\001\000\225\025AC\004\001\000`ylE\004\001\000+\335\227G\004\001\000\366@\303I\004\001\000\301\244\356K\004\001\000\214\010\032N\004\001\000WlEP\004\001\000\"\320pR\004\001\000\3553\234T\004\001\000\270\227\307V\004\001\000\203\373\362X\004\001\000N_\036[\004\001\000\031\303I]\004\001\000\344&u_\004\001\000\257\212\240a\004\001\000z\356\313c\004\001\000ER\367e\004\001\000\020\266\"h\004\001\000\333\031Nj\004\001\000\246}yl\004\001\000q\341\244n\004\001\000<E\320p\004\001\000\007\251\373r\004\001\000\322\014\'u\004\001\000\235pRw\004\001\000h\324}y\004\001\00038\251{\004\001\000\376\233\324}""\004\001\000\313c+\002\004\001\000\226\307V\004\004\001\000a+\202\006\004\001\000,\217\255\010\004\001\000\367\362\330\n\004\001\000\302V\004\r\004\001\000\215\272/\017\004\001\000X\036[\021\004\001\000#\202\206\023\004\001\000\356\345\261\025\004\001\000\271I\335\027\004\001\000\204\255\010\032\004\001\000O\0214\034\004\001\000\032u_\036\004\001\000\345\330\212 \004\001\000\260<\266\"\004\001\000{\240\341$\004\001\000F\004\r\'\004\001\000\021h8)\004\001\000\334\313c+\004\001\000\247/\217-\004\001\000r\223\272/\004\001\000=\367\3451\004\001\000\010[\0214\004\001\000\323\276<6\004\001\000\236\"h8\004\001\000i\206\223:\004\001\0004\352\276<\004\001\000\377M\352>\004\001\000\312\261\025A\004\001\000\225\025AC\004\001\000`ylE\004\001\000+\335\227G\004\001\000\366@\303I\004\001\000\301\244\356K\004\001\000\214\010\032N\004\001\000WlEP\004\001\000\"\320pR\004\001\000\3553\234T\004\001\000\270\227\307V\004\001\000\203\373\362X\004\001\000N_\036[\004\001\000\031\303I]\004\001\000\344&u_\004\001\000\257\212\240a\004\001\000z\356\313c\004\001\000ER\367e\004\001\000\020\266\"h\004\001\000\333\031Nj\004\001\000\246}yl\004\001\000q\341\244n\004\001\000<E\320p\004\001\000\007\251\373r\004\001\000\322\014\'u\004\001\000\235pRw\004\001\000h\324}y\004\001\00038\251{\004\001\000\376\233\324}"
  indirect_data: """"
}
partition_schema {
  range_schema {
    columns {
      name: "key"
    }
  }
}
W20260709 12:19:02.120617  7709 catalog_manager.cc:7077] The number of live tablet servers is not enough to re-replicate a tablet replica of the newly created table test-workload in case of a server failure: 4 tablet servers would be needed, 3 are available. Consider bringing up more tablet servers.
I20260709 12:19:02.324255  7801 tablet_service.cc:1511] Processing CreateTablet for tablet d8df375fbd6e4c39963942c27140c764 (DEFAULT_TABLE table=test-workload [id=a19d474e5e764de596c08a562b5d0e1a]), partition=RANGE (key) PARTITION VALUES < 36398027
I20260709 12:19:02.325829  7801 data_dirs.cc:400] Could only allocate 1 dirs of requested 3 for tablet d8df375fbd6e4c39963942c27140c764. 1 dirs total, 0 dirs full, 0 dirs failed
I20260709 12:19:02.325742  7876 tablet_service.cc:1511] Processing CreateTablet for tablet d8df375fbd6e4c39963942c27140c764 (DEFAULT_TABLE table=test-workload [id=a19d474e5e764de596c08a562b5d0e1a]), partition=RANGE (key) PARTITION VALUES < 36398027
I20260709 12:19:02.327257  7876 data_dirs.cc:400] Could only allocate 1 dirs of requested 3 for tablet d8df375fbd6e4c39963942c27140c764. 1 dirs total, 0 dirs full, 0 dirs failed
I20260709 12:19:02.327674  7873 tablet_service.cc:1511] Processing CreateTablet for tablet 3f9e8ebe5af842d893cb5139c22732d0 (DEFAULT_TABLE table=test-workload [id=a19d474e5e764de596c08a562b5d0e1a]), partition=RANGE (key) PARTITION 109194081 <= VALUES < 145592108
I20260709 12:19:02.329007  7873 data_dirs.cc:400] Could only allocate 1 dirs of requested 3 for tablet 3f9e8ebe5af842d893cb5139c22732d0. 1 dirs total, 0 dirs full, 0 dirs failed
I20260709 12:19:02.331687  7874 tablet_service.cc:1511] Processing CreateTablet for tablet d4e3672535e14515acf0d7a181a0b3e6 (DEFAULT_TABLE table=test-workload [id=a19d474e5e764de596c08a562b5d0e1a]), partition=RANGE (key) PARTITION 72796054 <= VALUES < 109194081
I20260709 12:19:02.333058  7874 data_dirs.cc:400] Could only allocate 1 dirs of requested 3 for tablet d4e3672535e14515acf0d7a181a0b3e6. 1 dirs total, 0 dirs full, 0 dirs failed
I20260709 12:19:02.334272  7949 tablet_service.cc:1511] Processing CreateTablet for tablet fbd2b13688444767881a7fe56ebcb3cf (DEFAULT_TABLE table=test-workload [id=a19d474e5e764de596c08a562b5d0e1a]), partition=RANGE (key) PARTITION 36398027 <= VALUES < 72796054
I20260709 12:19:02.335705  7949 data_dirs.cc:400] Could only allocate 1 dirs of requested 3 for tablet fbd2b13688444767881a7fe56ebcb3cf. 1 dirs total, 0 dirs full, 0 dirs failed
I20260709 12:19:02.335595  7875 tablet_service.cc:1511] Processing CreateTablet for tablet fbd2b13688444767881a7fe56ebcb3cf (DEFAULT_TABLE table=test-workload [id=a19d474e5e764de596c08a562b5d0e1a]), partition=RANGE (key) PARTITION 36398027 <= VALUES < 72796054
I20260709 12:19:02.336957  7875 data_dirs.cc:400] Could only allocate 1 dirs of requested 3 for tablet fbd2b13688444767881a7fe56ebcb3cf. 1 dirs total, 0 dirs full, 0 dirs failed
I20260709 12:19:02.337335  7945 tablet_service.cc:1511] Processing CreateTablet for tablet 833ea9a0aa274361b741d3829090435b (DEFAULT_TABLE table=test-workload [id=a19d474e5e764de596c08a562b5d0e1a]), partition=RANGE (key) PARTITION 181990135 <= VALUES < 218388162
I20260709 12:19:02.338776  7945 data_dirs.cc:400] Could only allocate 1 dirs of requested 3 for tablet 833ea9a0aa274361b741d3829090435b. 1 dirs total, 0 dirs full, 0 dirs failed
I20260709 12:19:02.340762  7946 tablet_service.cc:1511] Processing CreateTablet for tablet c8ed203816904767801f27095123b7b0 (DEFAULT_TABLE table=test-workload [id=a19d474e5e764de596c08a562b5d0e1a]), partition=RANGE (key) PARTITION 145592108 <= VALUES < 181990135
I20260709 12:19:02.341260  7870 tablet_service.cc:1511] Processing CreateTablet for tablet 63a7c16d52774409b79e7eff0b00271c (DEFAULT_TABLE table=test-workload [id=a19d474e5e764de596c08a562b5d0e1a]), partition=RANGE (key) PARTITION 218388162 <= VALUES < 254786189
I20260709 12:19:02.342299  7946 data_dirs.cc:400] Could only allocate 1 dirs of requested 3 for tablet c8ed203816904767801f27095123b7b0. 1 dirs total, 0 dirs full, 0 dirs failed
I20260709 12:19:02.343578  7944 tablet_service.cc:1511] Processing CreateTablet for tablet 63a7c16d52774409b79e7eff0b00271c (DEFAULT_TABLE table=test-workload [id=a19d474e5e764de596c08a562b5d0e1a]), partition=RANGE (key) PARTITION 218388162 <= VALUES < 254786189
I20260709 12:19:02.344883  7944 data_dirs.cc:400] Could only allocate 1 dirs of requested 3 for tablet 63a7c16d52774409b79e7eff0b00271c. 1 dirs total, 0 dirs full, 0 dirs failed
I20260709 12:19:02.347645  7869 tablet_service.cc:1511] Processing CreateTablet for tablet 0066fb449c1d40a9b010ce25af519452 (DEFAULT_TABLE table=test-workload [id=a19d474e5e764de596c08a562b5d0e1a]), partition=RANGE (key) PARTITION 254786189 <= VALUES < 291184216
I20260709 12:19:02.347759  7947 tablet_service.cc:1511] Processing CreateTablet for tablet 3f9e8ebe5af842d893cb5139c22732d0 (DEFAULT_TABLE table=test-workload [id=a19d474e5e764de596c08a562b5d0e1a]), partition=RANGE (key) PARTITION 109194081 <= VALUES < 145592108
I20260709 12:19:02.349215  7947 data_dirs.cc:400] Could only allocate 1 dirs of requested 3 for tablet 3f9e8ebe5af842d893cb5139c22732d0. 1 dirs total, 0 dirs full, 0 dirs failed
I20260709 12:19:02.351146  7872 tablet_service.cc:1511] Processing CreateTablet for tablet c8ed203816904767801f27095123b7b0 (DEFAULT_TABLE table=test-workload [id=a19d474e5e764de596c08a562b5d0e1a]), partition=RANGE (key) PARTITION 145592108 <= VALUES < 181990135
I20260709 12:19:02.351739  7948 tablet_service.cc:1511] Processing CreateTablet for tablet d4e3672535e14515acf0d7a181a0b3e6 (DEFAULT_TABLE table=test-workload [id=a19d474e5e764de596c08a562b5d0e1a]), partition=RANGE (key) PARTITION 72796054 <= VALUES < 109194081
I20260709 12:19:02.335224  7871 tablet_service.cc:1511] Processing CreateTablet for tablet 833ea9a0aa274361b741d3829090435b (DEFAULT_TABLE table=test-workload [id=a19d474e5e764de596c08a562b5d0e1a]), partition=RANGE (key) PARTITION 181990135 <= VALUES < 218388162
I20260709 12:19:02.350049  7943 tablet_service.cc:1511] Processing CreateTablet for tablet 0066fb449c1d40a9b010ce25af519452 (DEFAULT_TABLE table=test-workload [id=a19d474e5e764de596c08a562b5d0e1a]), partition=RANGE (key) PARTITION 254786189 <= VALUES < 291184216
I20260709 12:19:02.353817  7868 tablet_service.cc:1511] Processing CreateTablet for tablet 239121fcea6d49f4855d3f02e24aa6e8 (DEFAULT_TABLE table=test-workload [id=a19d474e5e764de596c08a562b5d0e1a]), partition=RANGE (key) PARTITION 291184216 <= VALUES < 327582243
I20260709 12:19:02.359822  7870 data_dirs.cc:400] Could only allocate 1 dirs of requested 3 for tablet 63a7c16d52774409b79e7eff0b00271c. 1 dirs total, 0 dirs full, 0 dirs failed
I20260709 12:19:02.333101  7950 tablet_service.cc:1511] Processing CreateTablet for tablet d8df375fbd6e4c39963942c27140c764 (DEFAULT_TABLE table=test-workload [id=a19d474e5e764de596c08a562b5d0e1a]), partition=RANGE (key) PARTITION VALUES < 36398027
I20260709 12:19:02.360394  7800 tablet_service.cc:1511] Processing CreateTablet for tablet fbd2b13688444767881a7fe56ebcb3cf (DEFAULT_TABLE table=test-workload [id=a19d474e5e764de596c08a562b5d0e1a]), partition=RANGE (key) PARTITION 36398027 <= VALUES < 72796054
I20260709 12:19:02.361539  7868 data_dirs.cc:400] Could only allocate 1 dirs of requested 3 for tablet 239121fcea6d49f4855d3f02e24aa6e8. 1 dirs total, 0 dirs full, 0 dirs failed
I20260709 12:19:02.361788  7800 data_dirs.cc:400] Could only allocate 1 dirs of requested 3 for tablet fbd2b13688444767881a7fe56ebcb3cf. 1 dirs total, 0 dirs full, 0 dirs failed
I20260709 12:19:02.359776  7943 data_dirs.cc:400] Could only allocate 1 dirs of requested 3 for tablet 0066fb449c1d40a9b010ce25af519452. 1 dirs total, 0 dirs full, 0 dirs failed
I20260709 12:19:02.362839  7871 data_dirs.cc:400] Could only allocate 1 dirs of requested 3 for tablet 833ea9a0aa274361b741d3829090435b. 1 dirs total, 0 dirs full, 0 dirs failed
I20260709 12:19:02.364768  7950 data_dirs.cc:400] Could only allocate 1 dirs of requested 3 for tablet d8df375fbd6e4c39963942c27140c764. 1 dirs total, 0 dirs full, 0 dirs failed
I20260709 12:19:02.366806  7948 data_dirs.cc:400] Could only allocate 1 dirs of requested 3 for tablet d4e3672535e14515acf0d7a181a0b3e6. 1 dirs total, 0 dirs full, 0 dirs failed
I20260709 12:19:02.366953  7799 tablet_service.cc:1511] Processing CreateTablet for tablet d4e3672535e14515acf0d7a181a0b3e6 (DEFAULT_TABLE table=test-workload [id=a19d474e5e764de596c08a562b5d0e1a]), partition=RANGE (key) PARTITION 72796054 <= VALUES < 109194081
I20260709 12:19:02.369370  7799 data_dirs.cc:400] Could only allocate 1 dirs of requested 3 for tablet d4e3672535e14515acf0d7a181a0b3e6. 1 dirs total, 0 dirs full, 0 dirs failed
I20260709 12:19:02.372011  7798 tablet_service.cc:1511] Processing CreateTablet for tablet 3f9e8ebe5af842d893cb5139c22732d0 (DEFAULT_TABLE table=test-workload [id=a19d474e5e764de596c08a562b5d0e1a]), partition=RANGE (key) PARTITION 109194081 <= VALUES < 145592108
I20260709 12:19:02.372663  7942 tablet_service.cc:1511] Processing CreateTablet for tablet 239121fcea6d49f4855d3f02e24aa6e8 (DEFAULT_TABLE table=test-workload [id=a19d474e5e764de596c08a562b5d0e1a]), partition=RANGE (key) PARTITION 291184216 <= VALUES < 327582243
I20260709 12:19:02.373507  7798 data_dirs.cc:400] Could only allocate 1 dirs of requested 3 for tablet 3f9e8ebe5af842d893cb5139c22732d0. 1 dirs total, 0 dirs full, 0 dirs failed
I20260709 12:19:02.375602  7797 tablet_service.cc:1511] Processing CreateTablet for tablet c8ed203816904767801f27095123b7b0 (DEFAULT_TABLE table=test-workload [id=a19d474e5e764de596c08a562b5d0e1a]), partition=RANGE (key) PARTITION 145592108 <= VALUES < 181990135
I20260709 12:19:02.377815  7797 data_dirs.cc:400] Could only allocate 1 dirs of requested 3 for tablet c8ed203816904767801f27095123b7b0. 1 dirs total, 0 dirs full, 0 dirs failed
I20260709 12:19:02.385057  7869 data_dirs.cc:400] Could only allocate 1 dirs of requested 3 for tablet 0066fb449c1d40a9b010ce25af519452. 1 dirs total, 0 dirs full, 0 dirs failed
I20260709 12:19:02.385803  7872 data_dirs.cc:400] Could only allocate 1 dirs of requested 3 for tablet c8ed203816904767801f27095123b7b0. 1 dirs total, 0 dirs full, 0 dirs failed
I20260709 12:19:02.386467  7796 tablet_service.cc:1511] Processing CreateTablet for tablet 833ea9a0aa274361b741d3829090435b (DEFAULT_TABLE table=test-workload [id=a19d474e5e764de596c08a562b5d0e1a]), partition=RANGE (key) PARTITION 181990135 <= VALUES < 218388162
I20260709 12:19:02.387864  7796 data_dirs.cc:400] Could only allocate 1 dirs of requested 3 for tablet 833ea9a0aa274361b741d3829090435b. 1 dirs total, 0 dirs full, 0 dirs failed
I20260709 12:19:02.394779  7942 data_dirs.cc:400] Could only allocate 1 dirs of requested 3 for tablet 239121fcea6d49f4855d3f02e24aa6e8. 1 dirs total, 0 dirs full, 0 dirs failed
I20260709 12:19:02.409626  7867 tablet_service.cc:1511] Processing CreateTablet for tablet 8c5303f98fc7441ea825d5251e09a476 (DEFAULT_TABLE table=test-workload [id=a19d474e5e764de596c08a562b5d0e1a]), partition=RANGE (key) PARTITION 327582243 <= VALUES < 363980270
I20260709 12:19:02.411145  7867 data_dirs.cc:400] Could only allocate 1 dirs of requested 3 for tablet 8c5303f98fc7441ea825d5251e09a476. 1 dirs total, 0 dirs full, 0 dirs failed
I20260709 12:19:02.430397  7943 tablet_service.cc:1511] Processing CreateTablet for tablet 8c5303f98fc7441ea825d5251e09a476 (DEFAULT_TABLE table=test-workload [id=a19d474e5e764de596c08a562b5d0e1a]), partition=RANGE (key) PARTITION 327582243 <= VALUES < 363980270
I20260709 12:19:02.431820  7943 data_dirs.cc:400] Could only allocate 1 dirs of requested 3 for tablet 8c5303f98fc7441ea825d5251e09a476. 1 dirs total, 0 dirs full, 0 dirs failed
I20260709 12:19:02.437228  7795 tablet_service.cc:1511] Processing CreateTablet for tablet 63a7c16d52774409b79e7eff0b00271c (DEFAULT_TABLE table=test-workload [id=a19d474e5e764de596c08a562b5d0e1a]), partition=RANGE (key) PARTITION 218388162 <= VALUES < 254786189
I20260709 12:19:02.439599  7794 tablet_service.cc:1511] Processing CreateTablet for tablet 0066fb449c1d40a9b010ce25af519452 (DEFAULT_TABLE table=test-workload [id=a19d474e5e764de596c08a562b5d0e1a]), partition=RANGE (key) PARTITION 254786189 <= VALUES < 291184216
I20260709 12:19:02.441931  7793 tablet_service.cc:1511] Processing CreateTablet for tablet 239121fcea6d49f4855d3f02e24aa6e8 (DEFAULT_TABLE table=test-workload [id=a19d474e5e764de596c08a562b5d0e1a]), partition=RANGE (key) PARTITION 291184216 <= VALUES < 327582243
I20260709 12:19:02.446939  7792 tablet_service.cc:1511] Processing CreateTablet for tablet 8c5303f98fc7441ea825d5251e09a476 (DEFAULT_TABLE table=test-workload [id=a19d474e5e764de596c08a562b5d0e1a]), partition=RANGE (key) PARTITION 327582243 <= VALUES < 363980270
I20260709 12:19:02.448241  7795 data_dirs.cc:400] Could only allocate 1 dirs of requested 3 for tablet 63a7c16d52774409b79e7eff0b00271c. 1 dirs total, 0 dirs full, 0 dirs failed
I20260709 12:19:02.450764  7793 data_dirs.cc:400] Could only allocate 1 dirs of requested 3 for tablet 239121fcea6d49f4855d3f02e24aa6e8. 1 dirs total, 0 dirs full, 0 dirs failed
I20260709 12:19:02.454777  7794 data_dirs.cc:400] Could only allocate 1 dirs of requested 3 for tablet 0066fb449c1d40a9b010ce25af519452. 1 dirs total, 0 dirs full, 0 dirs failed
I20260709 12:19:02.458786  7792 data_dirs.cc:400] Could only allocate 1 dirs of requested 3 for tablet 8c5303f98fc7441ea825d5251e09a476. 1 dirs total, 0 dirs full, 0 dirs failed
I20260709 12:19:02.472856  7942 tablet_service.cc:1511] Processing CreateTablet for tablet 8c1437d5f2bb4f60ab6d3e7e3d3aa9c9 (DEFAULT_TABLE table=test-workload [id=a19d474e5e764de596c08a562b5d0e1a]), partition=RANGE (key) PARTITION 363980270 <= VALUES < 400378297
I20260709 12:19:02.474181  7942 data_dirs.cc:400] Could only allocate 1 dirs of requested 3 for tablet 8c1437d5f2bb4f60ab6d3e7e3d3aa9c9. 1 dirs total, 0 dirs full, 0 dirs failed
I20260709 12:19:02.442603  7875 tablet_service.cc:1511] Processing CreateTablet for tablet 8c1437d5f2bb4f60ab6d3e7e3d3aa9c9 (DEFAULT_TABLE table=test-workload [id=a19d474e5e764de596c08a562b5d0e1a]), partition=RANGE (key) PARTITION 363980270 <= VALUES < 400378297
I20260709 12:19:02.477463  7875 data_dirs.cc:400] Could only allocate 1 dirs of requested 3 for tablet 8c1437d5f2bb4f60ab6d3e7e3d3aa9c9. 1 dirs total, 0 dirs full, 0 dirs failed
I20260709 12:19:02.511009  7799 tablet_service.cc:1511] Processing CreateTablet for tablet 8c1437d5f2bb4f60ab6d3e7e3d3aa9c9 (DEFAULT_TABLE table=test-workload [id=a19d474e5e764de596c08a562b5d0e1a]), partition=RANGE (key) PARTITION 363980270 <= VALUES < 400378297
I20260709 12:19:02.512405  7799 data_dirs.cc:400] Could only allocate 1 dirs of requested 3 for tablet 8c1437d5f2bb4f60ab6d3e7e3d3aa9c9. 1 dirs total, 0 dirs full, 0 dirs failed
I20260709 12:19:02.515502  7949 tablet_service.cc:1511] Processing CreateTablet for tablet 9f5750599418466cb3dce796225c4b5b (DEFAULT_TABLE table=test-workload [id=a19d474e5e764de596c08a562b5d0e1a]), partition=RANGE (key) PARTITION 400378297 <= VALUES < 436776324
I20260709 12:19:02.516875  7949 data_dirs.cc:400] Could only allocate 1 dirs of requested 3 for tablet 9f5750599418466cb3dce796225c4b5b. 1 dirs total, 0 dirs full, 0 dirs failed
I20260709 12:19:02.518817  7872 tablet_service.cc:1511] Processing CreateTablet for tablet 9f5750599418466cb3dce796225c4b5b (DEFAULT_TABLE table=test-workload [id=a19d474e5e764de596c08a562b5d0e1a]), partition=RANGE (key) PARTITION 400378297 <= VALUES < 436776324
I20260709 12:19:02.520126  7872 data_dirs.cc:400] Could only allocate 1 dirs of requested 3 for tablet 9f5750599418466cb3dce796225c4b5b. 1 dirs total, 0 dirs full, 0 dirs failed
I20260709 12:19:02.527437  7795 tablet_service.cc:1511] Processing CreateTablet for tablet 9f5750599418466cb3dce796225c4b5b (DEFAULT_TABLE table=test-workload [id=a19d474e5e764de596c08a562b5d0e1a]), partition=RANGE (key) PARTITION 400378297 <= VALUES < 436776324
I20260709 12:19:02.531180  8001 tablet_bootstrap.cc:492] T d8df375fbd6e4c39963942c27140c764 P 4989b1feae7d4715814113f69f2c6605: Bootstrap starting.
I20260709 12:19:02.536230  7800 tablet_service.cc:1511] Processing CreateTablet for tablet 8e98dd8c28e640dba7ce16ca374e97bb (DEFAULT_TABLE table=test-workload [id=a19d474e5e764de596c08a562b5d0e1a]), partition=RANGE (key) PARTITION 436776324 <= VALUES < 473174351
I20260709 12:19:02.540959  7800 data_dirs.cc:400] Could only allocate 1 dirs of requested 3 for tablet 8e98dd8c28e640dba7ce16ca374e97bb. 1 dirs total, 0 dirs full, 0 dirs failed
I20260709 12:19:02.539119  8002 tablet_bootstrap.cc:492] T fbd2b13688444767881a7fe56ebcb3cf P da88f73ca678461ab2c3d55ff145bf47: Bootstrap starting.
I20260709 12:19:02.538688  7875 tablet_service.cc:1511] Processing CreateTablet for tablet 8e98dd8c28e640dba7ce16ca374e97bb (DEFAULT_TABLE table=test-workload [id=a19d474e5e764de596c08a562b5d0e1a]), partition=RANGE (key) PARTITION 436776324 <= VALUES < 473174351
I20260709 12:19:02.539772  8000 tablet_bootstrap.cc:492] T d4e3672535e14515acf0d7a181a0b3e6 P 55d38694c66f42baa17683341251ac57: Bootstrap starting.
I20260709 12:19:02.545836  7795 data_dirs.cc:400] Could only allocate 1 dirs of requested 3 for tablet 9f5750599418466cb3dce796225c4b5b. 1 dirs total, 0 dirs full, 0 dirs failed
I20260709 12:19:02.548429  7796 tablet_service.cc:1511] Processing CreateTablet for tablet d81f2bdbbd3948a48140d7fc0f1d797e (DEFAULT_TABLE table=test-workload [id=a19d474e5e764de596c08a562b5d0e1a]), partition=RANGE (key) PARTITION 473174351 <= VALUES < 509572378
I20260709 12:19:02.549754  7796 data_dirs.cc:400] Could only allocate 1 dirs of requested 3 for tablet d81f2bdbbd3948a48140d7fc0f1d797e. 1 dirs total, 0 dirs full, 0 dirs failed
I20260709 12:19:02.551054  7875 data_dirs.cc:400] Could only allocate 1 dirs of requested 3 for tablet 8e98dd8c28e640dba7ce16ca374e97bb. 1 dirs total, 0 dirs full, 0 dirs failed
I20260709 12:19:02.555496  7948 tablet_service.cc:1511] Processing CreateTablet for tablet 8e98dd8c28e640dba7ce16ca374e97bb (DEFAULT_TABLE table=test-workload [id=a19d474e5e764de596c08a562b5d0e1a]), partition=RANGE (key) PARTITION 436776324 <= VALUES < 473174351
I20260709 12:19:02.556809  7948 data_dirs.cc:400] Could only allocate 1 dirs of requested 3 for tablet 8e98dd8c28e640dba7ce16ca374e97bb. 1 dirs total, 0 dirs full, 0 dirs failed
I20260709 12:19:02.560377  7876 tablet_service.cc:1511] Processing CreateTablet for tablet d81f2bdbbd3948a48140d7fc0f1d797e (DEFAULT_TABLE table=test-workload [id=a19d474e5e764de596c08a562b5d0e1a]), partition=RANGE (key) PARTITION 473174351 <= VALUES < 509572378
I20260709 12:19:02.561671  7876 data_dirs.cc:400] Could only allocate 1 dirs of requested 3 for tablet d81f2bdbbd3948a48140d7fc0f1d797e. 1 dirs total, 0 dirs full, 0 dirs failed
I20260709 12:19:02.562568  7942 tablet_service.cc:1511] Processing CreateTablet for tablet d81f2bdbbd3948a48140d7fc0f1d797e (DEFAULT_TABLE table=test-workload [id=a19d474e5e764de596c08a562b5d0e1a]), partition=RANGE (key) PARTITION 473174351 <= VALUES < 509572378
I20260709 12:19:02.563812  7942 data_dirs.cc:400] Could only allocate 1 dirs of requested 3 for tablet d81f2bdbbd3948a48140d7fc0f1d797e. 1 dirs total, 0 dirs full, 0 dirs failed
I20260709 12:19:02.570251  8001 tablet_bootstrap.cc:654] T d8df375fbd6e4c39963942c27140c764 P 4989b1feae7d4715814113f69f2c6605: Neither blocks nor log segments found. Creating new log.
I20260709 12:19:02.571223  8000 tablet_bootstrap.cc:654] T d4e3672535e14515acf0d7a181a0b3e6 P 55d38694c66f42baa17683341251ac57: Neither blocks nor log segments found. Creating new log.
I20260709 12:19:02.551095  8002 tablet_bootstrap.cc:654] T fbd2b13688444767881a7fe56ebcb3cf P da88f73ca678461ab2c3d55ff145bf47: Neither blocks nor log segments found. Creating new log.
I20260709 12:19:02.577762  7797 tablet_service.cc:1511] Processing CreateTablet for tablet 26fea4c9596d4de092f762bb4a4c2573 (DEFAULT_TABLE table=test-workload [id=a19d474e5e764de596c08a562b5d0e1a]), partition=RANGE (key) PARTITION 509572378 <= VALUES < 545970405
I20260709 12:19:02.582386  7797 data_dirs.cc:400] Could only allocate 1 dirs of requested 3 for tablet 26fea4c9596d4de092f762bb4a4c2573. 1 dirs total, 0 dirs full, 0 dirs failed
I20260709 12:19:02.582005  7869 tablet_service.cc:1511] Processing CreateTablet for tablet 26fea4c9596d4de092f762bb4a4c2573 (DEFAULT_TABLE table=test-workload [id=a19d474e5e764de596c08a562b5d0e1a]), partition=RANGE (key) PARTITION 509572378 <= VALUES < 545970405
I20260709 12:19:02.583734  7869 data_dirs.cc:400] Could only allocate 1 dirs of requested 3 for tablet 26fea4c9596d4de092f762bb4a4c2573. 1 dirs total, 0 dirs full, 0 dirs failed
I20260709 12:19:02.594970  8001 tablet_bootstrap.cc:492] T d8df375fbd6e4c39963942c27140c764 P 4989b1feae7d4715814113f69f2c6605: No bootstrap required, opened a new log
I20260709 12:19:02.596288  7795 tablet_service.cc:1511] Processing CreateTablet for tablet f73cbdc0c5b74a659940c4d4d40fd10e (DEFAULT_TABLE table=test-workload [id=a19d474e5e764de596c08a562b5d0e1a]), partition=RANGE (key) PARTITION 545970405 <= VALUES < 582368432
I20260709 12:19:02.597644  7795 data_dirs.cc:400] Could only allocate 1 dirs of requested 3 for tablet f73cbdc0c5b74a659940c4d4d40fd10e. 1 dirs total, 0 dirs full, 0 dirs failed
I20260709 12:19:02.592550  7949 tablet_service.cc:1511] Processing CreateTablet for tablet 26fea4c9596d4de092f762bb4a4c2573 (DEFAULT_TABLE table=test-workload [id=a19d474e5e764de596c08a562b5d0e1a]), partition=RANGE (key) PARTITION 509572378 <= VALUES < 545970405
I20260709 12:19:02.598820  7949 data_dirs.cc:400] Could only allocate 1 dirs of requested 3 for tablet 26fea4c9596d4de092f762bb4a4c2573. 1 dirs total, 0 dirs full, 0 dirs failed
I20260709 12:19:02.599123  7943 tablet_service.cc:1511] Processing CreateTablet for tablet f73cbdc0c5b74a659940c4d4d40fd10e (DEFAULT_TABLE table=test-workload [id=a19d474e5e764de596c08a562b5d0e1a]), partition=RANGE (key) PARTITION 545970405 <= VALUES < 582368432
I20260709 12:19:02.597270  7868 tablet_service.cc:1511] Processing CreateTablet for tablet f73cbdc0c5b74a659940c4d4d40fd10e (DEFAULT_TABLE table=test-workload [id=a19d474e5e764de596c08a562b5d0e1a]), partition=RANGE (key) PARTITION 545970405 <= VALUES < 582368432
I20260709 12:19:02.601001  7868 data_dirs.cc:400] Could only allocate 1 dirs of requested 3 for tablet f73cbdc0c5b74a659940c4d4d40fd10e. 1 dirs total, 0 dirs full, 0 dirs failed
I20260709 12:19:02.605163  7943 data_dirs.cc:400] Could only allocate 1 dirs of requested 3 for tablet f73cbdc0c5b74a659940c4d4d40fd10e. 1 dirs total, 0 dirs full, 0 dirs failed
I20260709 12:19:02.612020  8000 tablet_bootstrap.cc:492] T d4e3672535e14515acf0d7a181a0b3e6 P 55d38694c66f42baa17683341251ac57: No bootstrap required, opened a new log
I20260709 12:19:02.612504  8000 ts_tablet_manager.cc:1403] T d4e3672535e14515acf0d7a181a0b3e6 P 55d38694c66f42baa17683341251ac57: Time spent bootstrapping tablet: real 0.082s	user 0.010s	sys 0.000s
I20260709 12:19:02.614297  7873 tablet_service.cc:1511] Processing CreateTablet for tablet 0aae18316b3b4edab149933177a7340b (DEFAULT_TABLE table=test-workload [id=a19d474e5e764de596c08a562b5d0e1a]), partition=RANGE (key) PARTITION 582368432 <= VALUES < 618766459
I20260709 12:19:02.615501  8000 raft_consensus.cc:359] T d4e3672535e14515acf0d7a181a0b3e6 P 55d38694c66f42baa17683341251ac57 [term 0 FOLLOWER]: Replica starting. Triggering 0 pending ops. Active config: opid_index: -1 OBSOLETE_local: false peers { permanent_uuid: "4989b1feae7d4715814113f69f2c6605" member_type: VOTER last_known_addr { host: "127.6.123.193" port: 36551 } } peers { permanent_uuid: "55d38694c66f42baa17683341251ac57" member_type: VOTER last_known_addr { host: "127.6.123.194" port: 45123 } } peers { permanent_uuid: "da88f73ca678461ab2c3d55ff145bf47" member_type: VOTER last_known_addr { host: "127.6.123.195" port: 33045 } }
I20260709 12:19:02.616102  7873 data_dirs.cc:400] Could only allocate 1 dirs of requested 3 for tablet 0aae18316b3b4edab149933177a7340b. 1 dirs total, 0 dirs full, 0 dirs failed
I20260709 12:19:02.616246  8000 raft_consensus.cc:385] T d4e3672535e14515acf0d7a181a0b3e6 P 55d38694c66f42baa17683341251ac57 [term 0 FOLLOWER]: Consensus starting up: Expiring failure detector timer to make a prompt election more likely
I20260709 12:19:02.616582  8000 raft_consensus.cc:740] T d4e3672535e14515acf0d7a181a0b3e6 P 55d38694c66f42baa17683341251ac57 [term 0 FOLLOWER]: Becoming Follower/Learner. State: Replica: 55d38694c66f42baa17683341251ac57, State: Initialized, Role: FOLLOWER
I20260709 12:19:02.624903  7947 tablet_service.cc:1511] Processing CreateTablet for tablet 0aae18316b3b4edab149933177a7340b (DEFAULT_TABLE table=test-workload [id=a19d474e5e764de596c08a562b5d0e1a]), partition=RANGE (key) PARTITION 582368432 <= VALUES < 618766459
I20260709 12:19:02.625355  7796 tablet_service.cc:1511] Processing CreateTablet for tablet 0aae18316b3b4edab149933177a7340b (DEFAULT_TABLE table=test-workload [id=a19d474e5e764de596c08a562b5d0e1a]), partition=RANGE (key) PARTITION 582368432 <= VALUES < 618766459
I20260709 12:19:02.626269  7947 data_dirs.cc:400] Could only allocate 1 dirs of requested 3 for tablet 0aae18316b3b4edab149933177a7340b. 1 dirs total, 0 dirs full, 0 dirs failed
