I20260709 12:18:00.053158 28667 consensus_queue.cc:237] T bf5aa7ae1bb04a21b7b7fc64e16e8657 P edde3daa02a44826bdbd9c2705c5d4b3 [LEADER]: Queue going to LEADER mode. State: All replicated index: 0, Majority replicated index: 0, Committed index: 0, Last appended: 0.0, Last appended by leader: 0, Current term: 1, Majority size: 2, State: 0, Mode: LEADER, active raft config: opid_index: -1 OBSOLETE_local: false peers { permanent_uuid: "7e41c761cdc3491881701907a503ca81" member_type: VOTER last_known_addr { host: "127.27.163.65" port: 42871 } } peers { permanent_uuid: "edde3daa02a44826bdbd9c2705c5d4b3" member_type: VOTER last_known_addr { host: "127.27.163.66" port: 42605 } } peers { permanent_uuid: "e26bf76887e847c780b8790b5c4ccdca" member_type: VOTER last_known_addr { host: "127.27.163.67" port: 34405 } }
I20260709 12:18:00.053902 28665 raft_consensus.cc:697] T 16c2c1b05da24cfcaf89ae6a40fbf425 P edde3daa02a44826bdbd9c2705c5d4b3 [term 1 LEADER]: Becoming Leader. State: Replica: edde3daa02a44826bdbd9c2705c5d4b3, State: Running, Role: LEADER
I20260709 12:18:00.055979 28584 raft_consensus.cc:2468] T 16c2c1b05da24cfcaf89ae6a40fbf425 P e26bf76887e847c780b8790b5c4ccdca [term 1 FOLLOWER]: Leader election vote request: Granting yes vote for candidate edde3daa02a44826bdbd9c2705c5d4b3 in term 1.
I20260709 12:18:00.057870 28635 leader_election.cc:290] T 2c768a6081284c72a78a6826678aefc7 P edde3daa02a44826bdbd9c2705c5d4b3 [CANDIDATE]: Term 1 election: Requested vote from peers 7e41c761cdc3491881701907a503ca81 (127.27.163.65:42871), e26bf76887e847c780b8790b5c4ccdca (127.27.163.67:34405)
I20260709 12:18:00.058494 28433 tablet_service.cc:1917] Received RequestConsensusVote() RPC: tablet_id: "2c768a6081284c72a78a6826678aefc7" candidate_uuid: "edde3daa02a44826bdbd9c2705c5d4b3" candidate_term: 1 candidate_status { last_received { term: 0 index: 0 } } ignore_live_leader: false dest_uuid: "7e41c761cdc3491881701907a503ca81"
I20260709 12:18:00.059391 28433 raft_consensus.cc:2393] T 2c768a6081284c72a78a6826678aefc7 P 7e41c761cdc3491881701907a503ca81 [term 1 FOLLOWER]: Leader election vote request: Denying vote to candidate edde3daa02a44826bdbd9c2705c5d4b3 in current term 1: Already voted for candidate e26bf76887e847c780b8790b5c4ccdca in this term.
I20260709 12:18:00.060343 28630 raft_consensus.cc:359] T e8afcb73b514492da25e53c827e51853 P e26bf76887e847c780b8790b5c4ccdca [term 0 FOLLOWER]: Replica starting. Triggering 0 pending ops. Active config: opid_index: -1 OBSOLETE_local: false peers { permanent_uuid: "7e41c761cdc3491881701907a503ca81" member_type: VOTER last_known_addr { host: "127.27.163.65" port: 42871 } } peers { permanent_uuid: "edde3daa02a44826bdbd9c2705c5d4b3" member_type: VOTER last_known_addr { host: "127.27.163.66" port: 42605 } } peers { permanent_uuid: "e26bf76887e847c780b8790b5c4ccdca" member_type: VOTER last_known_addr { host: "127.27.163.67" port: 34405 } }
I20260709 12:18:00.061004 28630 raft_consensus.cc:385] T e8afcb73b514492da25e53c827e51853 P e26bf76887e847c780b8790b5c4ccdca [term 0 FOLLOWER]: Consensus starting up: Expiring failure detector timer to make a prompt election more likely
I20260709 12:18:00.061296 28630 raft_consensus.cc:740] T e8afcb73b514492da25e53c827e51853 P e26bf76887e847c780b8790b5c4ccdca [term 0 FOLLOWER]: Becoming Follower/Learner. State: Replica: e26bf76887e847c780b8790b5c4ccdca, State: Initialized, Role: FOLLOWER
I20260709 12:18:00.061975 28585 tablet_service.cc:1917] Received RequestConsensusVote() RPC: tablet_id: "2c768a6081284c72a78a6826678aefc7" candidate_uuid: "edde3daa02a44826bdbd9c2705c5d4b3" candidate_term: 1 candidate_status { last_received { term: 0 index: 0 } } ignore_live_leader: false dest_uuid: "e26bf76887e847c780b8790b5c4ccdca"
I20260709 12:18:00.056177 28665 consensus_queue.cc:237] T 16c2c1b05da24cfcaf89ae6a40fbf425 P edde3daa02a44826bdbd9c2705c5d4b3 [LEADER]: Queue going to LEADER mode. State: All replicated index: 0, Majority replicated index: 0, Committed index: 0, Last appended: 0.0, Last appended by leader: 0, Current term: 1, Majority size: 2, State: 0, Mode: LEADER, active raft config: opid_index: -1 OBSOLETE_local: false peers { permanent_uuid: "7e41c761cdc3491881701907a503ca81" member_type: VOTER last_known_addr { host: "127.27.163.65" port: 42871 } } peers { permanent_uuid: "edde3daa02a44826bdbd9c2705c5d4b3" member_type: VOTER last_known_addr { host: "127.27.163.66" port: 42605 } } peers { permanent_uuid: "e26bf76887e847c780b8790b5c4ccdca" member_type: VOTER last_known_addr { host: "127.27.163.67" port: 34405 } }
I20260709 12:18:00.062566 28630 consensus_queue.cc:260] T e8afcb73b514492da25e53c827e51853 P e26bf76887e847c780b8790b5c4ccdca [NON_LEADER]: Queue going to NON_LEADER mode. State: All replicated index: 0, Majority replicated index: 0, Committed index: 0, Last appended: 0.0, Last appended by leader: 0, Current term: 0, Majority size: -1, State: 0, Mode: NON_LEADER, active raft config: opid_index: -1 OBSOLETE_local: false peers { permanent_uuid: "7e41c761cdc3491881701907a503ca81" member_type: VOTER last_known_addr { host: "127.27.163.65" port: 42871 } } peers { permanent_uuid: "edde3daa02a44826bdbd9c2705c5d4b3" member_type: VOTER last_known_addr { host: "127.27.163.66" port: 42605 } } peers { permanent_uuid: "e26bf76887e847c780b8790b5c4ccdca" member_type: VOTER last_known_addr { host: "127.27.163.67" port: 34405 } }
I20260709 12:18:00.063501 28474 leader_election.cc:304] T 2c768a6081284c72a78a6826678aefc7 P edde3daa02a44826bdbd9c2705c5d4b3 [CANDIDATE]: Term 1 election: Election decided. Result: candidate lost. Election summary: received 3 responses out of 3 voters: 1 yes votes; 2 no votes. yes voters: edde3daa02a44826bdbd9c2705c5d4b3; no voters: 7e41c761cdc3491881701907a503ca81, e26bf76887e847c780b8790b5c4ccdca
I20260709 12:18:00.062683 28629 tablet_bootstrap.cc:654] T 5b18d5c57c0c4ace86f9be0538f1429b P edde3daa02a44826bdbd9c2705c5d4b3: Neither blocks nor log segments found. Creating new log.
I20260709 12:18:00.064519 28635 raft_consensus.cc:2749] T 2c768a6081284c72a78a6826678aefc7 P edde3daa02a44826bdbd9c2705c5d4b3 [term 1 FOLLOWER]: Leader election lost for term 1. Reason: could not achieve majority
I20260709 12:18:00.065866 28630 ts_tablet_manager.cc:1434] T e8afcb73b514492da25e53c827e51853 P e26bf76887e847c780b8790b5c4ccdca: Time spent starting tablet: real 0.012s	user 0.005s	sys 0.002s
I20260709 12:18:00.067631 28630 tablet_bootstrap.cc:492] T 82e32b5d766849fead19b16f8674d428 P e26bf76887e847c780b8790b5c4ccdca: Bootstrap starting.
I20260709 12:18:00.070308 28628 tablet_bootstrap.cc:492] T bf5aa7ae1bb04a21b7b7fc64e16e8657 P 7e41c761cdc3491881701907a503ca81: No bootstrap required, opened a new log
I20260709 12:18:00.070756 28628 ts_tablet_manager.cc:1403] T bf5aa7ae1bb04a21b7b7fc64e16e8657 P 7e41c761cdc3491881701907a503ca81: Time spent bootstrapping tablet: real 0.167s	user 0.050s	sys 0.053s
I20260709 12:18:00.073199 28630 tablet_bootstrap.cc:654] T 82e32b5d766849fead19b16f8674d428 P e26bf76887e847c780b8790b5c4ccdca: Neither blocks nor log segments found. Creating new log.
I20260709 12:18:00.074236 28628 raft_consensus.cc:359] T bf5aa7ae1bb04a21b7b7fc64e16e8657 P 7e41c761cdc3491881701907a503ca81 [term 0 FOLLOWER]: Replica starting. Triggering 0 pending ops. Active config: opid_index: -1 OBSOLETE_local: false peers { permanent_uuid: "7e41c761cdc3491881701907a503ca81" member_type: VOTER last_known_addr { host: "127.27.163.65" port: 42871 } } peers { permanent_uuid: "edde3daa02a44826bdbd9c2705c5d4b3" member_type: VOTER last_known_addr { host: "127.27.163.66" port: 42605 } } peers { permanent_uuid: "e26bf76887e847c780b8790b5c4ccdca" member_type: VOTER last_known_addr { host: "127.27.163.67" port: 34405 } }
I20260709 12:18:00.074971 28628 raft_consensus.cc:385] T bf5aa7ae1bb04a21b7b7fc64e16e8657 P 7e41c761cdc3491881701907a503ca81 [term 0 FOLLOWER]: Consensus starting up: Expiring failure detector timer to make a prompt election more likely
I20260709 12:18:00.075263 28628 raft_consensus.cc:740] T bf5aa7ae1bb04a21b7b7fc64e16e8657 P 7e41c761cdc3491881701907a503ca81 [term 0 FOLLOWER]: Becoming Follower/Learner. State: Replica: 7e41c761cdc3491881701907a503ca81, State: Initialized, Role: FOLLOWER
I20260709 12:18:00.076157 28628 consensus_queue.cc:260] T bf5aa7ae1bb04a21b7b7fc64e16e8657 P 7e41c761cdc3491881701907a503ca81 [NON_LEADER]: Queue going to NON_LEADER mode. State: All replicated index: 0, Majority replicated index: 0, Committed index: 0, Last appended: 0.0, Last appended by leader: 0, Current term: 0, Majority size: -1, State: 0, Mode: NON_LEADER, active raft config: opid_index: -1 OBSOLETE_local: false peers { permanent_uuid: "7e41c761cdc3491881701907a503ca81" member_type: VOTER last_known_addr { host: "127.27.163.65" port: 42871 } } peers { permanent_uuid: "edde3daa02a44826bdbd9c2705c5d4b3" member_type: VOTER last_known_addr { host: "127.27.163.66" port: 42605 } } peers { permanent_uuid: "e26bf76887e847c780b8790b5c4ccdca" member_type: VOTER last_known_addr { host: "127.27.163.67" port: 34405 } }
I20260709 12:18:00.079002 28628 ts_tablet_manager.cc:1434] T bf5aa7ae1bb04a21b7b7fc64e16e8657 P 7e41c761cdc3491881701907a503ca81: Time spent starting tablet: real 0.008s	user 0.006s	sys 0.001s
I20260709 12:18:00.080067 28628 tablet_bootstrap.cc:492] T 807774022c034faea9950b60db2479d5 P 7e41c761cdc3491881701907a503ca81: Bootstrap starting.
I20260709 12:18:00.082485 28629 tablet_bootstrap.cc:492] T 5b18d5c57c0c4ace86f9be0538f1429b P edde3daa02a44826bdbd9c2705c5d4b3: No bootstrap required, opened a new log
I20260709 12:18:00.082975 28629 ts_tablet_manager.cc:1403] T 5b18d5c57c0c4ace86f9be0538f1429b P edde3daa02a44826bdbd9c2705c5d4b3: Time spent bootstrapping tablet: real 0.054s	user 0.012s	sys 0.000s
I20260709 12:18:00.086930 28628 tablet_bootstrap.cc:654] T 807774022c034faea9950b60db2479d5 P 7e41c761cdc3491881701907a503ca81: Neither blocks nor log segments found. Creating new log.
I20260709 12:18:00.095098 28629 raft_consensus.cc:359] T 5b18d5c57c0c4ace86f9be0538f1429b P edde3daa02a44826bdbd9c2705c5d4b3 [term 0 FOLLOWER]: Replica starting. Triggering 0 pending ops. Active config: opid_index: -1 OBSOLETE_local: false peers { permanent_uuid: "7e41c761cdc3491881701907a503ca81" member_type: VOTER last_known_addr { host: "127.27.163.65" port: 42871 } } peers { permanent_uuid: "edde3daa02a44826bdbd9c2705c5d4b3" member_type: VOTER last_known_addr { host: "127.27.163.66" port: 42605 } } peers { permanent_uuid: "e26bf76887e847c780b8790b5c4ccdca" member_type: VOTER last_known_addr { host: "127.27.163.67" port: 34405 } }
I20260709 12:18:00.099066 28629 raft_consensus.cc:385] T 5b18d5c57c0c4ace86f9be0538f1429b P edde3daa02a44826bdbd9c2705c5d4b3 [term 0 FOLLOWER]: Consensus starting up: Expiring failure detector timer to make a prompt election more likely
I20260709 12:18:00.099628 28629 raft_consensus.cc:740] T 5b18d5c57c0c4ace86f9be0538f1429b P edde3daa02a44826bdbd9c2705c5d4b3 [term 0 FOLLOWER]: Becoming Follower/Learner. State: Replica: edde3daa02a44826bdbd9c2705c5d4b3, State: Initialized, Role: FOLLOWER
I20260709 12:18:00.100767 28629 consensus_queue.cc:260] T 5b18d5c57c0c4ace86f9be0538f1429b P edde3daa02a44826bdbd9c2705c5d4b3 [NON_LEADER]: Queue going to NON_LEADER mode. State: All replicated index: 0, Majority replicated index: 0, Committed index: 0, Last appended: 0.0, Last appended by leader: 0, Current term: 0, Majority size: -1, State: 0, Mode: NON_LEADER, active raft config: opid_index: -1 OBSOLETE_local: false peers { permanent_uuid: "7e41c761cdc3491881701907a503ca81" member_type: VOTER last_known_addr { host: "127.27.163.65" port: 42871 } } peers { permanent_uuid: "edde3daa02a44826bdbd9c2705c5d4b3" member_type: VOTER last_known_addr { host: "127.27.163.66" port: 42605 } } peers { permanent_uuid: "e26bf76887e847c780b8790b5c4ccdca" member_type: VOTER last_known_addr { host: "127.27.163.67" port: 34405 } }
I20260709 12:18:00.104364 28629 ts_tablet_manager.cc:1434] T 5b18d5c57c0c4ace86f9be0538f1429b P edde3daa02a44826bdbd9c2705c5d4b3: Time spent starting tablet: real 0.021s	user 0.007s	sys 0.001s
I20260709 12:18:00.105746 28629 tablet_bootstrap.cc:492] T f6230c5ea4d94ee193c782b28d56f250 P edde3daa02a44826bdbd9c2705c5d4b3: Bootstrap starting.
I20260709 12:18:00.112232 28630 tablet_bootstrap.cc:492] T 82e32b5d766849fead19b16f8674d428 P e26bf76887e847c780b8790b5c4ccdca: No bootstrap required, opened a new log
I20260709 12:18:00.112665 28630 ts_tablet_manager.cc:1403] T 82e32b5d766849fead19b16f8674d428 P e26bf76887e847c780b8790b5c4ccdca: Time spent bootstrapping tablet: real 0.046s	user 0.015s	sys 0.028s
I20260709 12:18:00.115080 28629 tablet_bootstrap.cc:654] T f6230c5ea4d94ee193c782b28d56f250 P edde3daa02a44826bdbd9c2705c5d4b3: Neither blocks nor log segments found. Creating new log.
I20260709 12:18:00.116739 28628 tablet_bootstrap.cc:492] T 807774022c034faea9950b60db2479d5 P 7e41c761cdc3491881701907a503ca81: No bootstrap required, opened a new log
I20260709 12:18:00.117230 28628 ts_tablet_manager.cc:1403] T 807774022c034faea9950b60db2479d5 P 7e41c761cdc3491881701907a503ca81: Time spent bootstrapping tablet: real 0.037s	user 0.021s	sys 0.004s
I20260709 12:18:00.120934 28628 raft_consensus.cc:359] T 807774022c034faea9950b60db2479d5 P 7e41c761cdc3491881701907a503ca81 [term 0 FOLLOWER]: Replica starting. Triggering 0 pending ops. Active config: opid_index: -1 OBSOLETE_local: false peers { permanent_uuid: "7e41c761cdc3491881701907a503ca81" member_type: VOTER last_known_addr { host: "127.27.163.65" port: 42871 } } peers { permanent_uuid: "edde3daa02a44826bdbd9c2705c5d4b3" member_type: VOTER last_known_addr { host: "127.27.163.66" port: 42605 } } peers { permanent_uuid: "e26bf76887e847c780b8790b5c4ccdca" member_type: VOTER last_known_addr { host: "127.27.163.67" port: 34405 } }
I20260709 12:18:00.121901 28628 raft_consensus.cc:385] T 807774022c034faea9950b60db2479d5 P 7e41c761cdc3491881701907a503ca81 [term 0 FOLLOWER]: Consensus starting up: Expiring failure detector timer to make a prompt election more likely
I20260709 12:18:00.122283 28628 raft_consensus.cc:740] T 807774022c034faea9950b60db2479d5 P 7e41c761cdc3491881701907a503ca81 [term 0 FOLLOWER]: Becoming Follower/Learner. State: Replica: 7e41c761cdc3491881701907a503ca81, State: Initialized, Role: FOLLOWER
I20260709 12:18:00.123411 28628 consensus_queue.cc:260] T 807774022c034faea9950b60db2479d5 P 7e41c761cdc3491881701907a503ca81 [NON_LEADER]: Queue going to NON_LEADER mode. State: All replicated index: 0, Majority replicated index: 0, Committed index: 0, Last appended: 0.0, Last appended by leader: 0, Current term: 0, Majority size: -1, State: 0, Mode: NON_LEADER, active raft config: opid_index: -1 OBSOLETE_local: false peers { permanent_uuid: "7e41c761cdc3491881701907a503ca81" member_type: VOTER last_known_addr { host: "127.27.163.65" port: 42871 } } peers { permanent_uuid: "edde3daa02a44826bdbd9c2705c5d4b3" member_type: VOTER last_known_addr { host: "127.27.163.66" port: 42605 } } peers { permanent_uuid: "e26bf76887e847c780b8790b5c4ccdca" member_type: VOTER last_known_addr { host: "127.27.163.67" port: 34405 } }
I20260709 12:18:00.123799 28330 catalog_manager.cc:5697] T 16c2c1b05da24cfcaf89ae6a40fbf425 P edde3daa02a44826bdbd9c2705c5d4b3 reported cstate change: term changed from 0 to 1, leader changed from <none> to edde3daa02a44826bdbd9c2705c5d4b3 (127.27.163.66). New cstate: current_term: 1 leader_uuid: "edde3daa02a44826bdbd9c2705c5d4b3" committed_config { opid_index: -1 OBSOLETE_local: false peers { permanent_uuid: "7e41c761cdc3491881701907a503ca81" member_type: VOTER last_known_addr { host: "127.27.163.65" port: 42871 } health_report { overall_health: UNKNOWN } } peers { permanent_uuid: "edde3daa02a44826bdbd9c2705c5d4b3" member_type: VOTER last_known_addr { host: "127.27.163.66" port: 42605 } health_report { overall_health: HEALTHY } } peers { permanent_uuid: "e26bf76887e847c780b8790b5c4ccdca" member_type: VOTER last_known_addr { host: "127.27.163.67" port: 34405 } health_report { overall_health: UNKNOWN } } }
I20260709 12:18:00.125669 28330 catalog_manager.cc:5697] T bf5aa7ae1bb04a21b7b7fc64e16e8657 P edde3daa02a44826bdbd9c2705c5d4b3 reported cstate change: term changed from 0 to 1, leader changed from <none> to edde3daa02a44826bdbd9c2705c5d4b3 (127.27.163.66). New cstate: current_term: 1 leader_uuid: "edde3daa02a44826bdbd9c2705c5d4b3" committed_config { opid_index: -1 OBSOLETE_local: false peers { permanent_uuid: "7e41c761cdc3491881701907a503ca81" member_type: VOTER last_known_addr { host: "127.27.163.65" port: 42871 } health_report { overall_health: UNKNOWN } } peers { permanent_uuid: "edde3daa02a44826bdbd9c2705c5d4b3" member_type: VOTER last_known_addr { host: "127.27.163.66" port: 42605 } health_report { overall_health: HEALTHY } } peers { permanent_uuid: "e26bf76887e847c780b8790b5c4ccdca" member_type: VOTER last_known_addr { host: "127.27.163.67" port: 34405 } health_report { overall_health: UNKNOWN } } }
I20260709 12:18:00.126808 28628 ts_tablet_manager.cc:1434] T 807774022c034faea9950b60db2479d5 P 7e41c761cdc3491881701907a503ca81: Time spent starting tablet: real 0.009s	user 0.005s	sys 0.005s
I20260709 12:18:00.128041 28628 tablet_bootstrap.cc:492] T 82e32b5d766849fead19b16f8674d428 P 7e41c761cdc3491881701907a503ca81: Bootstrap starting.
I20260709 12:18:00.136742 28628 tablet_bootstrap.cc:654] T 82e32b5d766849fead19b16f8674d428 P 7e41c761cdc3491881701907a503ca81: Neither blocks nor log segments found. Creating new log.
I20260709 12:18:00.138581 28630 raft_consensus.cc:359] T 82e32b5d766849fead19b16f8674d428 P e26bf76887e847c780b8790b5c4ccdca [term 0 FOLLOWER]: Replica starting. Triggering 0 pending ops. Active config: opid_index: -1 OBSOLETE_local: false peers { permanent_uuid: "7e41c761cdc3491881701907a503ca81" member_type: VOTER last_known_addr { host: "127.27.163.65" port: 42871 } } peers { permanent_uuid: "edde3daa02a44826bdbd9c2705c5d4b3" member_type: VOTER last_known_addr { host: "127.27.163.66" port: 42605 } } peers { permanent_uuid: "e26bf76887e847c780b8790b5c4ccdca" member_type: VOTER last_known_addr { host: "127.27.163.67" port: 34405 } }
I20260709 12:18:00.139326 28630 raft_consensus.cc:385] T 82e32b5d766849fead19b16f8674d428 P e26bf76887e847c780b8790b5c4ccdca [term 0 FOLLOWER]: Consensus starting up: Expiring failure detector timer to make a prompt election more likely
I20260709 12:18:00.139643 28630 raft_consensus.cc:740] T 82e32b5d766849fead19b16f8674d428 P e26bf76887e847c780b8790b5c4ccdca [term 0 FOLLOWER]: Becoming Follower/Learner. State: Replica: e26bf76887e847c780b8790b5c4ccdca, State: Initialized, Role: FOLLOWER
I20260709 12:18:00.140380 28630 consensus_queue.cc:260] T 82e32b5d766849fead19b16f8674d428 P e26bf76887e847c780b8790b5c4ccdca [NON_LEADER]: Queue going to NON_LEADER mode. State: All replicated index: 0, Majority replicated index: 0, Committed index: 0, Last appended: 0.0, Last appended by leader: 0, Current term: 0, Majority size: -1, State: 0, Mode: NON_LEADER, active raft config: opid_index: -1 OBSOLETE_local: false peers { permanent_uuid: "7e41c761cdc3491881701907a503ca81" member_type: VOTER last_known_addr { host: "127.27.163.65" port: 42871 } } peers { permanent_uuid: "edde3daa02a44826bdbd9c2705c5d4b3" member_type: VOTER last_known_addr { host: "127.27.163.66" port: 42605 } } peers { permanent_uuid: "e26bf76887e847c780b8790b5c4ccdca" member_type: VOTER last_known_addr { host: "127.27.163.67" port: 34405 } }
I20260709 12:18:00.144747 28332 catalog_manager.cc:5697] T 2c768a6081284c72a78a6826678aefc7 P e26bf76887e847c780b8790b5c4ccdca reported cstate change: term changed from 0 to 1, leader changed from <none> to e26bf76887e847c780b8790b5c4ccdca (127.27.163.67). New cstate: current_term: 1 leader_uuid: "e26bf76887e847c780b8790b5c4ccdca" committed_config { opid_index: -1 OBSOLETE_local: false peers { permanent_uuid: "7e41c761cdc3491881701907a503ca81" member_type: VOTER last_known_addr { host: "127.27.163.65" port: 42871 } health_report { overall_health: UNKNOWN } } peers { permanent_uuid: "edde3daa02a44826bdbd9c2705c5d4b3" member_type: VOTER last_known_addr { host: "127.27.163.66" port: 42605 } health_report { overall_health: UNKNOWN } } peers { permanent_uuid: "e26bf76887e847c780b8790b5c4ccdca" member_type: VOTER last_known_addr { host: "127.27.163.67" port: 34405 } health_report { overall_health: HEALTHY } } }
I20260709 12:18:00.159557 28628 tablet_bootstrap.cc:492] T 82e32b5d766849fead19b16f8674d428 P 7e41c761cdc3491881701907a503ca81: No bootstrap required, opened a new log
I20260709 12:18:00.160853 28630 ts_tablet_manager.cc:1434] T 82e32b5d766849fead19b16f8674d428 P e26bf76887e847c780b8790b5c4ccdca: Time spent starting tablet: real 0.048s	user 0.006s	sys 0.002s
I20260709 12:18:00.162429 28628 ts_tablet_manager.cc:1403] T 82e32b5d766849fead19b16f8674d428 P 7e41c761cdc3491881701907a503ca81: Time spent bootstrapping tablet: real 0.035s	user 0.018s	sys 0.003s
I20260709 12:18:00.164047 28629 tablet_bootstrap.cc:492] T f6230c5ea4d94ee193c782b28d56f250 P edde3daa02a44826bdbd9c2705c5d4b3: No bootstrap required, opened a new log
I20260709 12:18:00.164531 28629 ts_tablet_manager.cc:1403] T f6230c5ea4d94ee193c782b28d56f250 P edde3daa02a44826bdbd9c2705c5d4b3: Time spent bootstrapping tablet: real 0.059s	user 0.044s	sys 0.012s
I20260709 12:18:00.165396 28628 raft_consensus.cc:359] T 82e32b5d766849fead19b16f8674d428 P 7e41c761cdc3491881701907a503ca81 [term 0 FOLLOWER]: Replica starting. Triggering 0 pending ops. Active config: opid_index: -1 OBSOLETE_local: false peers { permanent_uuid: "7e41c761cdc3491881701907a503ca81" member_type: VOTER last_known_addr { host: "127.27.163.65" port: 42871 } } peers { permanent_uuid: "edde3daa02a44826bdbd9c2705c5d4b3" member_type: VOTER last_known_addr { host: "127.27.163.66" port: 42605 } } peers { permanent_uuid: "e26bf76887e847c780b8790b5c4ccdca" member_type: VOTER last_known_addr { host: "127.27.163.67" port: 34405 } }
I20260709 12:18:00.166144 28628 raft_consensus.cc:385] T 82e32b5d766849fead19b16f8674d428 P 7e41c761cdc3491881701907a503ca81 [term 0 FOLLOWER]: Consensus starting up: Expiring failure detector timer to make a prompt election more likely
I20260709 12:18:00.166457 28628 raft_consensus.cc:740] T 82e32b5d766849fead19b16f8674d428 P 7e41c761cdc3491881701907a503ca81 [term 0 FOLLOWER]: Becoming Follower/Learner. State: Replica: 7e41c761cdc3491881701907a503ca81, State: Initialized, Role: FOLLOWER
I20260709 12:18:00.167222 28629 raft_consensus.cc:359] T f6230c5ea4d94ee193c782b28d56f250 P edde3daa02a44826bdbd9c2705c5d4b3 [term 0 FOLLOWER]: Replica starting. Triggering 0 pending ops. Active config: opid_index: -1 OBSOLETE_local: false peers { permanent_uuid: "7e41c761cdc3491881701907a503ca81" member_type: VOTER last_known_addr { host: "127.27.163.65" port: 42871 } } peers { permanent_uuid: "edde3daa02a44826bdbd9c2705c5d4b3" member_type: VOTER last_known_addr { host: "127.27.163.66" port: 42605 } } peers { permanent_uuid: "e26bf76887e847c780b8790b5c4ccdca" member_type: VOTER last_known_addr { host: "127.27.163.67" port: 34405 } }
I20260709 12:18:00.167361 28628 consensus_queue.cc:260] T 82e32b5d766849fead19b16f8674d428 P 7e41c761cdc3491881701907a503ca81 [NON_LEADER]: Queue going to NON_LEADER mode. State: All replicated index: 0, Majority replicated index: 0, Committed index: 0, Last appended: 0.0, Last appended by leader: 0, Current term: 0, Majority size: -1, State: 0, Mode: NON_LEADER, active raft config: opid_index: -1 OBSOLETE_local: false peers { permanent_uuid: "7e41c761cdc3491881701907a503ca81" member_type: VOTER last_known_addr { host: "127.27.163.65" port: 42871 } } peers { permanent_uuid: "edde3daa02a44826bdbd9c2705c5d4b3" member_type: VOTER last_known_addr { host: "127.27.163.66" port: 42605 } } peers { permanent_uuid: "e26bf76887e847c780b8790b5c4ccdca" member_type: VOTER last_known_addr { host: "127.27.163.67" port: 34405 } }
I20260709 12:18:00.167937 28629 raft_consensus.cc:385] T f6230c5ea4d94ee193c782b28d56f250 P edde3daa02a44826bdbd9c2705c5d4b3 [term 0 FOLLOWER]: Consensus starting up: Expiring failure detector timer to make a prompt election more likely
I20260709 12:18:00.168336 28629 raft_consensus.cc:740] T f6230c5ea4d94ee193c782b28d56f250 P edde3daa02a44826bdbd9c2705c5d4b3 [term 0 FOLLOWER]: Becoming Follower/Learner. State: Replica: edde3daa02a44826bdbd9c2705c5d4b3, State: Initialized, Role: FOLLOWER
I20260709 12:18:00.169031 28629 consensus_queue.cc:260] T f6230c5ea4d94ee193c782b28d56f250 P edde3daa02a44826bdbd9c2705c5d4b3 [NON_LEADER]: Queue going to NON_LEADER mode. State: All replicated index: 0, Majority replicated index: 0, Committed index: 0, Last appended: 0.0, Last appended by leader: 0, Current term: 0, Majority size: -1, State: 0, Mode: NON_LEADER, active raft config: opid_index: -1 OBSOLETE_local: false peers { permanent_uuid: "7e41c761cdc3491881701907a503ca81" member_type: VOTER last_known_addr { host: "127.27.163.65" port: 42871 } } peers { permanent_uuid: "edde3daa02a44826bdbd9c2705c5d4b3" member_type: VOTER last_known_addr { host: "127.27.163.66" port: 42605 } } peers { permanent_uuid: "e26bf76887e847c780b8790b5c4ccdca" member_type: VOTER last_known_addr { host: "127.27.163.67" port: 34405 } }
I20260709 12:18:00.170148 28628 ts_tablet_manager.cc:1434] T 82e32b5d766849fead19b16f8674d428 P 7e41c761cdc3491881701907a503ca81: Time spent starting tablet: real 0.007s	user 0.008s	sys 0.000s
I20260709 12:18:00.171188 28629 ts_tablet_manager.cc:1434] T f6230c5ea4d94ee193c782b28d56f250 P edde3daa02a44826bdbd9c2705c5d4b3: Time spent starting tablet: real 0.006s	user 0.005s	sys 0.000s
I20260709 12:18:00.171705 28628 tablet_bootstrap.cc:492] T f6230c5ea4d94ee193c782b28d56f250 P 7e41c761cdc3491881701907a503ca81: Bootstrap starting.
I20260709 12:18:00.172154 28629 tablet_bootstrap.cc:492] T 82e32b5d766849fead19b16f8674d428 P edde3daa02a44826bdbd9c2705c5d4b3: Bootstrap starting.
I20260709 12:18:00.172351 28642 raft_consensus.cc:493] T 82e32b5d766849fead19b16f8674d428 P 7e41c761cdc3491881701907a503ca81 [term 0 FOLLOWER]: Starting pre-election (no leader contacted us within the election timeout)
I20260709 12:18:00.172948 28667 raft_consensus.cc:493] T e8afcb73b514492da25e53c827e51853 P edde3daa02a44826bdbd9c2705c5d4b3 [term 0 FOLLOWER]: Starting pre-election (no leader contacted us within the election timeout)
I20260709 12:18:00.172813 28642 raft_consensus.cc:515] T 82e32b5d766849fead19b16f8674d428 P 7e41c761cdc3491881701907a503ca81 [term 0 FOLLOWER]: Starting pre-election with config: opid_index: -1 OBSOLETE_local: false peers { permanent_uuid: "7e41c761cdc3491881701907a503ca81" member_type: VOTER last_known_addr { host: "127.27.163.65" port: 42871 } } peers { permanent_uuid: "edde3daa02a44826bdbd9c2705c5d4b3" member_type: VOTER last_known_addr { host: "127.27.163.66" port: 42605 } } peers { permanent_uuid: "e26bf76887e847c780b8790b5c4ccdca" member_type: VOTER last_known_addr { host: "127.27.163.67" port: 34405 } }
I20260709 12:18:00.173413 28667 raft_consensus.cc:515] T e8afcb73b514492da25e53c827e51853 P edde3daa02a44826bdbd9c2705c5d4b3 [term 0 FOLLOWER]: Starting pre-election with config: opid_index: -1 OBSOLETE_local: false peers { permanent_uuid: "7e41c761cdc3491881701907a503ca81" member_type: VOTER last_known_addr { host: "127.27.163.65" port: 42871 } } peers { permanent_uuid: "edde3daa02a44826bdbd9c2705c5d4b3" member_type: VOTER last_known_addr { host: "127.27.163.66" port: 42605 } } peers { permanent_uuid: "e26bf76887e847c780b8790b5c4ccdca" member_type: VOTER last_known_addr { host: "127.27.163.67" port: 34405 } }
I20260709 12:18:00.175710 28667 leader_election.cc:290] T e8afcb73b514492da25e53c827e51853 P edde3daa02a44826bdbd9c2705c5d4b3 [CANDIDATE]: Term 1 pre-election: Requested pre-vote from peers 7e41c761cdc3491881701907a503ca81 (127.27.163.65:42871), e26bf76887e847c780b8790b5c4ccdca (127.27.163.67:34405)
I20260709 12:18:00.177621 28584 tablet_service.cc:1917] Received RequestConsensusVote() RPC: tablet_id: "e8afcb73b514492da25e53c827e51853" candidate_uuid: "edde3daa02a44826bdbd9c2705c5d4b3" candidate_term: 1 candidate_status { last_received { term: 0 index: 0 } } ignore_live_leader: false dest_uuid: "e26bf76887e847c780b8790b5c4ccdca" is_pre_election: true
I20260709 12:18:00.178367 28584 raft_consensus.cc:2468] T e8afcb73b514492da25e53c827e51853 P e26bf76887e847c780b8790b5c4ccdca [term 0 FOLLOWER]: Leader pre-election vote request: Granting yes vote for candidate edde3daa02a44826bdbd9c2705c5d4b3 in term 0.
I20260709 12:18:00.175011 28642 leader_election.cc:290] T 82e32b5d766849fead19b16f8674d428 P 7e41c761cdc3491881701907a503ca81 [CANDIDATE]: Term 1 pre-election: Requested pre-vote from peers edde3daa02a44826bdbd9c2705c5d4b3 (127.27.163.66:42605), e26bf76887e847c780b8790b5c4ccdca (127.27.163.67:34405)
I20260709 12:18:00.180547 28511 tablet_service.cc:1917] Received RequestConsensusVote() RPC: tablet_id: "82e32b5d766849fead19b16f8674d428" candidate_uuid: "7e41c761cdc3491881701907a503ca81" candidate_term: 1 candidate_status { last_received { term: 0 index: 0 } } ignore_live_leader: false dest_uuid: "edde3daa02a44826bdbd9c2705c5d4b3" is_pre_election: true
I20260709 12:18:00.179385 28665 raft_consensus.cc:493] T 5b18d5c57c0c4ace86f9be0538f1429b P edde3daa02a44826bdbd9c2705c5d4b3 [term 0 FOLLOWER]: Starting pre-election (no leader contacted us within the election timeout)
I20260709 12:18:00.182019 28474 leader_election.cc:304] T e8afcb73b514492da25e53c827e51853 P edde3daa02a44826bdbd9c2705c5d4b3 [CANDIDATE]: Term 1 pre-election: Election decided. Result: candidate won. Election summary: received 2 responses out of 3 voters: 2 yes votes; 0 no votes. yes voters: e26bf76887e847c780b8790b5c4ccdca, edde3daa02a44826bdbd9c2705c5d4b3; no voters: 
I20260709 12:18:00.177621 28433 tablet_service.cc:1917] Received RequestConsensusVote() RPC: tablet_id: "e8afcb73b514492da25e53c827e51853" candidate_uuid: "edde3daa02a44826bdbd9c2705c5d4b3" candidate_term: 1 candidate_status { last_received { term: 0 index: 0 } } ignore_live_leader: false dest_uuid: "7e41c761cdc3491881701907a503ca81" is_pre_election: true
I20260709 12:18:00.181592 28665 raft_consensus.cc:515] T 5b18d5c57c0c4ace86f9be0538f1429b P edde3daa02a44826bdbd9c2705c5d4b3 [term 0 FOLLOWER]: Starting pre-election with config: opid_index: -1 OBSOLETE_local: false peers { permanent_uuid: "7e41c761cdc3491881701907a503ca81" member_type: VOTER last_known_addr { host: "127.27.163.65" port: 42871 } } peers { permanent_uuid: "edde3daa02a44826bdbd9c2705c5d4b3" member_type: VOTER last_known_addr { host: "127.27.163.66" port: 42605 } } peers { permanent_uuid: "e26bf76887e847c780b8790b5c4ccdca" member_type: VOTER last_known_addr { host: "127.27.163.67" port: 34405 } }
I20260709 12:18:00.184816 28585 tablet_service.cc:1917] Received RequestConsensusVote() RPC: tablet_id: "82e32b5d766849fead19b16f8674d428" candidate_uuid: "7e41c761cdc3491881701907a503ca81" candidate_term: 1 candidate_status { last_received { term: 0 index: 0 } } ignore_live_leader: false dest_uuid: "e26bf76887e847c780b8790b5c4ccdca" is_pre_election: true
I20260709 12:18:00.185323 28433 raft_consensus.cc:2468] T e8afcb73b514492da25e53c827e51853 P 7e41c761cdc3491881701907a503ca81 [term 0 FOLLOWER]: Leader pre-election vote request: Granting yes vote for candidate edde3daa02a44826bdbd9c2705c5d4b3 in term 0.
I20260709 12:18:00.185369 28667 raft_consensus.cc:2804] T e8afcb73b514492da25e53c827e51853 P edde3daa02a44826bdbd9c2705c5d4b3 [term 0 FOLLOWER]: Leader pre-election won for term 1
W20260709 12:18:00.184841 28400 leader_election.cc:343] T 82e32b5d766849fead19b16f8674d428 P 7e41c761cdc3491881701907a503ca81 [CANDIDATE]: Term 1 pre-election: Tablet error from VoteRequest() call to peer edde3daa02a44826bdbd9c2705c5d4b3 (127.27.163.66:42605): Illegal state: must be running to vote when last-logged opid is not known
I20260709 12:18:00.186080 28667 raft_consensus.cc:493] T e8afcb73b514492da25e53c827e51853 P edde3daa02a44826bdbd9c2705c5d4b3 [term 0 FOLLOWER]: Starting leader election (no leader contacted us within the election timeout)
I20260709 12:18:00.185642 28585 raft_consensus.cc:2468] T 82e32b5d766849fead19b16f8674d428 P e26bf76887e847c780b8790b5c4ccdca [term 0 FOLLOWER]: Leader pre-election vote request: Granting yes vote for candidate 7e41c761cdc3491881701907a503ca81 in term 0.
I20260709 12:18:00.186498 28667 raft_consensus.cc:3060] T e8afcb73b514492da25e53c827e51853 P edde3daa02a44826bdbd9c2705c5d4b3 [term 0 FOLLOWER]: Advancing to term 1
I20260709 12:18:00.187414 28399 leader_election.cc:304] T 82e32b5d766849fead19b16f8674d428 P 7e41c761cdc3491881701907a503ca81 [CANDIDATE]: Term 1 pre-election: Election decided. Result: candidate won. Election summary: received 3 responses out of 3 voters: 2 yes votes; 1 no votes. yes voters: 7e41c761cdc3491881701907a503ca81, e26bf76887e847c780b8790b5c4ccdca; no voters: edde3daa02a44826bdbd9c2705c5d4b3
I20260709 12:18:00.187992 28665 leader_election.cc:290] T 5b18d5c57c0c4ace86f9be0538f1429b P edde3daa02a44826bdbd9c2705c5d4b3 [CANDIDATE]: Term 1 pre-election: Requested pre-vote from peers 7e41c761cdc3491881701907a503ca81 (127.27.163.65:42871), e26bf76887e847c780b8790b5c4ccdca (127.27.163.67:34405)
I20260709 12:18:00.188580 28642 raft_consensus.cc:2804] T 82e32b5d766849fead19b16f8674d428 P 7e41c761cdc3491881701907a503ca81 [term 0 FOLLOWER]: Leader pre-election won for term 1
I20260709 12:18:00.188948 28642 raft_consensus.cc:493] T 82e32b5d766849fead19b16f8674d428 P 7e41c761cdc3491881701907a503ca81 [term 0 FOLLOWER]: Starting leader election (no leader contacted us within the election timeout)
I20260709 12:18:00.189322 28642 raft_consensus.cc:3060] T 82e32b5d766849fead19b16f8674d428 P 7e41c761cdc3491881701907a503ca81 [term 0 FOLLOWER]: Advancing to term 1
I20260709 12:18:00.189980 28628 tablet_bootstrap.cc:654] T f6230c5ea4d94ee193c782b28d56f250 P 7e41c761cdc3491881701907a503ca81: Neither blocks nor log segments found. Creating new log.
I20260709 12:18:00.190531 28433 tablet_service.cc:1917] Received RequestConsensusVote() RPC: tablet_id: "5b18d5c57c0c4ace86f9be0538f1429b" candidate_uuid: "edde3daa02a44826bdbd9c2705c5d4b3" candidate_term: 1 candidate_status { last_received { term: 0 index: 0 } } ignore_live_leader: false dest_uuid: "7e41c761cdc3491881701907a503ca81" is_pre_election: true
I20260709 12:18:00.190579 28584 tablet_service.cc:1917] Received RequestConsensusVote() RPC: tablet_id: "5b18d5c57c0c4ace86f9be0538f1429b" candidate_uuid: "edde3daa02a44826bdbd9c2705c5d4b3" candidate_term: 1 candidate_status { last_received { term: 0 index: 0 } } ignore_live_leader: false dest_uuid: "e26bf76887e847c780b8790b5c4ccdca" is_pre_election: true
I20260709 12:18:00.191495 28433 raft_consensus.cc:2468] T 5b18d5c57c0c4ace86f9be0538f1429b P 7e41c761cdc3491881701907a503ca81 [term 0 FOLLOWER]: Leader pre-election vote request: Granting yes vote for candidate edde3daa02a44826bdbd9c2705c5d4b3 in term 0.
I20260709 12:18:00.191552 28584 raft_consensus.cc:2468] T 5b18d5c57c0c4ace86f9be0538f1429b P e26bf76887e847c780b8790b5c4ccdca [term 0 FOLLOWER]: Leader pre-election vote request: Granting yes vote for candidate edde3daa02a44826bdbd9c2705c5d4b3 in term 0.
I20260709 12:18:00.193063 28474 leader_election.cc:304] T 5b18d5c57c0c4ace86f9be0538f1429b P edde3daa02a44826bdbd9c2705c5d4b3 [CANDIDATE]: Term 1 pre-election: Election decided. Result: candidate won. Election summary: received 2 responses out of 3 voters: 2 yes votes; 0 no votes. yes voters: 7e41c761cdc3491881701907a503ca81, edde3daa02a44826bdbd9c2705c5d4b3; no voters: 
I20260709 12:18:00.193905 28665 raft_consensus.cc:2804] T 5b18d5c57c0c4ace86f9be0538f1429b P edde3daa02a44826bdbd9c2705c5d4b3 [term 0 FOLLOWER]: Leader pre-election won for term 1
I20260709 12:18:00.194584 28665 raft_consensus.cc:493] T 5b18d5c57c0c4ace86f9be0538f1429b P edde3daa02a44826bdbd9c2705c5d4b3 [term 0 FOLLOWER]: Starting leader election (no leader contacted us within the election timeout)
I20260709 12:18:00.194943 28665 raft_consensus.cc:3060] T 5b18d5c57c0c4ace86f9be0538f1429b P edde3daa02a44826bdbd9c2705c5d4b3 [term 0 FOLLOWER]: Advancing to term 1
I20260709 12:18:00.199447 28642 raft_consensus.cc:515] T 82e32b5d766849fead19b16f8674d428 P 7e41c761cdc3491881701907a503ca81 [term 1 FOLLOWER]: Starting leader election with config: opid_index: -1 OBSOLETE_local: false peers { permanent_uuid: "7e41c761cdc3491881701907a503ca81" member_type: VOTER last_known_addr { host: "127.27.163.65" port: 42871 } } peers { permanent_uuid: "edde3daa02a44826bdbd9c2705c5d4b3" member_type: VOTER last_known_addr { host: "127.27.163.66" port: 42605 } } peers { permanent_uuid: "e26bf76887e847c780b8790b5c4ccdca" member_type: VOTER last_known_addr { host: "127.27.163.67" port: 34405 } }
I20260709 12:18:00.200403 28667 raft_consensus.cc:515] T e8afcb73b514492da25e53c827e51853 P edde3daa02a44826bdbd9c2705c5d4b3 [term 1 FOLLOWER]: Starting leader election with config: opid_index: -1 OBSOLETE_local: false peers { permanent_uuid: "7e41c761cdc3491881701907a503ca81" member_type: VOTER last_known_addr { host: "127.27.163.65" port: 42871 } } peers { permanent_uuid: "edde3daa02a44826bdbd9c2705c5d4b3" member_type: VOTER last_known_addr { host: "127.27.163.66" port: 42605 } } peers { permanent_uuid: "e26bf76887e847c780b8790b5c4ccdca" member_type: VOTER last_known_addr { host: "127.27.163.67" port: 34405 } }
I20260709 12:18:00.203760 28667 leader_election.cc:290] T e8afcb73b514492da25e53c827e51853 P edde3daa02a44826bdbd9c2705c5d4b3 [CANDIDATE]: Term 1 election: Requested vote from peers 7e41c761cdc3491881701907a503ca81 (127.27.163.65:42871), e26bf76887e847c780b8790b5c4ccdca (127.27.163.67:34405)
I20260709 12:18:00.203962 28433 tablet_service.cc:1917] Received RequestConsensusVote() RPC: tablet_id: "e8afcb73b514492da25e53c827e51853" candidate_uuid: "edde3daa02a44826bdbd9c2705c5d4b3" candidate_term: 1 candidate_status { last_received { term: 0 index: 0 } } ignore_live_leader: false dest_uuid: "7e41c761cdc3491881701907a503ca81"
I20260709 12:18:00.204803 28433 raft_consensus.cc:3060] T e8afcb73b514492da25e53c827e51853 P 7e41c761cdc3491881701907a503ca81 [term 0 FOLLOWER]: Advancing to term 1
I20260709 12:18:00.205260 28665 raft_consensus.cc:515] T 5b18d5c57c0c4ace86f9be0538f1429b P edde3daa02a44826bdbd9c2705c5d4b3 [term 1 FOLLOWER]: Starting leader election with config: opid_index: -1 OBSOLETE_local: false peers { permanent_uuid: "7e41c761cdc3491881701907a503ca81" member_type: VOTER last_known_addr { host: "127.27.163.65" port: 42871 } } peers { permanent_uuid: "edde3daa02a44826bdbd9c2705c5d4b3" member_type: VOTER last_known_addr { host: "127.27.163.66" port: 42605 } } peers { permanent_uuid: "e26bf76887e847c780b8790b5c4ccdca" member_type: VOTER last_known_addr { host: "127.27.163.67" port: 34405 } }
I20260709 12:18:00.207764 28511 tablet_service.cc:1917] Received RequestConsensusVote() RPC: tablet_id: "82e32b5d766849fead19b16f8674d428" candidate_uuid: "7e41c761cdc3491881701907a503ca81" candidate_term: 1 candidate_status { last_received { term: 0 index: 0 } } ignore_live_leader: false dest_uuid: "edde3daa02a44826bdbd9c2705c5d4b3"
I20260709 12:18:00.208264 28665 leader_election.cc:290] T 5b18d5c57c0c4ace86f9be0538f1429b P edde3daa02a44826bdbd9c2705c5d4b3 [CANDIDATE]: Term 1 election: Requested vote from peers 7e41c761cdc3491881701907a503ca81 (127.27.163.65:42871), e26bf76887e847c780b8790b5c4ccdca (127.27.163.67:34405)
I20260709 12:18:00.205641 28584 tablet_service.cc:1917] Received RequestConsensusVote() RPC: tablet_id: "e8afcb73b514492da25e53c827e51853" candidate_uuid: "edde3daa02a44826bdbd9c2705c5d4b3" candidate_term: 1 candidate_status { last_received { term: 0 index: 0 } } ignore_live_leader: false dest_uuid: "e26bf76887e847c780b8790b5c4ccdca"
I20260709 12:18:00.206629 28629 tablet_bootstrap.cc:654] T 82e32b5d766849fead19b16f8674d428 P edde3daa02a44826bdbd9c2705c5d4b3: Neither blocks nor log segments found. Creating new log.
I20260709 12:18:00.211431 28434 tablet_service.cc:1917] Received RequestConsensusVote() RPC: tablet_id: "5b18d5c57c0c4ace86f9be0538f1429b" candidate_uuid: "edde3daa02a44826bdbd9c2705c5d4b3" candidate_term: 1 candidate_status { last_received { term: 0 index: 0 } } ignore_live_leader: false dest_uuid: "7e41c761cdc3491881701907a503ca81"
I20260709 12:18:00.211999 28434 raft_consensus.cc:3060] T 5b18d5c57c0c4ace86f9be0538f1429b P 7e41c761cdc3491881701907a503ca81 [term 0 FOLLOWER]: Advancing to term 1
I20260709 12:18:00.214178 28433 raft_consensus.cc:2468] T e8afcb73b514492da25e53c827e51853 P 7e41c761cdc3491881701907a503ca81 [term 1 FOLLOWER]: Leader election vote request: Granting yes vote for candidate edde3daa02a44826bdbd9c2705c5d4b3 in term 1.
I20260709 12:18:00.215106 28474 leader_election.cc:304] T e8afcb73b514492da25e53c827e51853 P edde3daa02a44826bdbd9c2705c5d4b3 [CANDIDATE]: Term 1 election: Election decided. Result: candidate won. Election summary: received 2 responses out of 3 voters: 2 yes votes; 0 no votes. yes voters: 7e41c761cdc3491881701907a503ca81, edde3daa02a44826bdbd9c2705c5d4b3; no voters: 
W20260709 12:18:00.216748 28400 leader_election.cc:343] T 82e32b5d766849fead19b16f8674d428 P 7e41c761cdc3491881701907a503ca81 [CANDIDATE]: Term 1 election: Tablet error from VoteRequest() call to peer edde3daa02a44826bdbd9c2705c5d4b3 (127.27.163.66:42605): Illegal state: must be running to vote when last-logged opid is not known
I20260709 12:18:00.216866 28584 raft_consensus.cc:3060] T e8afcb73b514492da25e53c827e51853 P e26bf76887e847c780b8790b5c4ccdca [term 0 FOLLOWER]: Advancing to term 1
I20260709 12:18:00.216109 28585 tablet_service.cc:1917] Received RequestConsensusVote() RPC: tablet_id: "5b18d5c57c0c4ace86f9be0538f1429b" candidate_uuid: "edde3daa02a44826bdbd9c2705c5d4b3" candidate_term: 1 candidate_status { last_received { term: 0 index: 0 } } ignore_live_leader: false dest_uuid: "e26bf76887e847c780b8790b5c4ccdca"
I20260709 12:18:00.218993 28585 raft_consensus.cc:3060] T 5b18d5c57c0c4ace86f9be0538f1429b P e26bf76887e847c780b8790b5c4ccdca [term 0 FOLLOWER]: Advancing to term 1
I20260709 12:18:00.217314 28665 raft_consensus.cc:2804] T e8afcb73b514492da25e53c827e51853 P edde3daa02a44826bdbd9c2705c5d4b3 [term 1 FOLLOWER]: Leader election won for term 1
I20260709 12:18:00.219249 28642 leader_election.cc:290] T 82e32b5d766849fead19b16f8674d428 P 7e41c761cdc3491881701907a503ca81 [CANDIDATE]: Term 1 election: Requested vote from peers edde3daa02a44826bdbd9c2705c5d4b3 (127.27.163.66:42605), e26bf76887e847c780b8790b5c4ccdca (127.27.163.67:34405)
I20260709 12:18:00.220885 28628 tablet_bootstrap.cc:492] T f6230c5ea4d94ee193c782b28d56f250 P 7e41c761cdc3491881701907a503ca81: No bootstrap required, opened a new log
I20260709 12:18:00.234786 28628 ts_tablet_manager.cc:1403] T f6230c5ea4d94ee193c782b28d56f250 P 7e41c761cdc3491881701907a503ca81: Time spent bootstrapping tablet: real 0.063s	user 0.016s	sys 0.012s
I20260709 12:18:00.222285 28665 raft_consensus.cc:697] T e8afcb73b514492da25e53c827e51853 P edde3daa02a44826bdbd9c2705c5d4b3 [term 1 LEADER]: Becoming Leader. State: Replica: edde3daa02a44826bdbd9c2705c5d4b3, State: Running, Role: LEADER
I20260709 12:18:00.224435 28583 tablet_service.cc:1917] Received RequestConsensusVote() RPC: tablet_id: "82e32b5d766849fead19b16f8674d428" candidate_uuid: "7e41c761cdc3491881701907a503ca81" candidate_term: 1 candidate_status { last_received { term: 0 index: 0 } } ignore_live_leader: false dest_uuid: "e26bf76887e847c780b8790b5c4ccdca"
I20260709 12:18:00.235644 28583 raft_consensus.cc:3060] T 82e32b5d766849fead19b16f8674d428 P e26bf76887e847c780b8790b5c4ccdca [term 0 FOLLOWER]: Advancing to term 1
I20260709 12:18:00.238562 28665 consensus_queue.cc:237] T e8afcb73b514492da25e53c827e51853 P edde3daa02a44826bdbd9c2705c5d4b3 [LEADER]: Queue going to LEADER mode. State: All replicated index: 0, Majority replicated index: 0, Committed index: 0, Last appended: 0.0, Last appended by leader: 0, Current term: 1, Majority size: 2, State: 0, Mode: LEADER, active raft config: opid_index: -1 OBSOLETE_local: false peers { permanent_uuid: "7e41c761cdc3491881701907a503ca81" member_type: VOTER last_known_addr { host: "127.27.163.65" port: 42871 } } peers { permanent_uuid: "edde3daa02a44826bdbd9c2705c5d4b3" member_type: VOTER last_known_addr { host: "127.27.163.66" port: 42605 } } peers { permanent_uuid: "e26bf76887e847c780b8790b5c4ccdca" member_type: VOTER last_known_addr { host: "127.27.163.67" port: 34405 } }
I20260709 12:18:00.239245 28434 raft_consensus.cc:2468] T 5b18d5c57c0c4ace86f9be0538f1429b P 7e41c761cdc3491881701907a503ca81 [term 1 FOLLOWER]: Leader election vote request: Granting yes vote for candidate edde3daa02a44826bdbd9c2705c5d4b3 in term 1.
I20260709 12:18:00.241288 28585 raft_consensus.cc:2468] T 5b18d5c57c0c4ace86f9be0538f1429b P e26bf76887e847c780b8790b5c4ccdca [term 1 FOLLOWER]: Leader election vote request: Granting yes vote for candidate edde3daa02a44826bdbd9c2705c5d4b3 in term 1.
I20260709 12:18:00.242048 28474 leader_election.cc:304] T 5b18d5c57c0c4ace86f9be0538f1429b P edde3daa02a44826bdbd9c2705c5d4b3 [CANDIDATE]: Term 1 election: Election decided. Result: candidate won. Election summary: received 2 responses out of 3 voters: 2 yes votes; 0 no votes. yes voters: 7e41c761cdc3491881701907a503ca81, edde3daa02a44826bdbd9c2705c5d4b3; no voters: 
I20260709 12:18:00.243027 28628 raft_consensus.cc:359] T f6230c5ea4d94ee193c782b28d56f250 P 7e41c761cdc3491881701907a503ca81 [term 0 FOLLOWER]: Replica starting. Triggering 0 pending ops. Active config: opid_index: -1 OBSOLETE_local: false peers { permanent_uuid: "7e41c761cdc3491881701907a503ca81" member_type: VOTER last_known_addr { host: "127.27.163.65" port: 42871 } } peers { permanent_uuid: "edde3daa02a44826bdbd9c2705c5d4b3" member_type: VOTER last_known_addr { host: "127.27.163.66" port: 42605 } } peers { permanent_uuid: "e26bf76887e847c780b8790b5c4ccdca" member_type: VOTER last_known_addr { host: "127.27.163.67" port: 34405 } }
I20260709 12:18:00.243337 28667 raft_consensus.cc:2804] T 5b18d5c57c0c4ace86f9be0538f1429b P edde3daa02a44826bdbd9c2705c5d4b3 [term 1 FOLLOWER]: Leader election won for term 1
I20260709 12:18:00.243891 28667 raft_consensus.cc:697] T 5b18d5c57c0c4ace86f9be0538f1429b P edde3daa02a44826bdbd9c2705c5d4b3 [term 1 LEADER]: Becoming Leader. State: Replica: edde3daa02a44826bdbd9c2705c5d4b3, State: Running, Role: LEADER
I20260709 12:18:00.244668 28584 raft_consensus.cc:2468] T e8afcb73b514492da25e53c827e51853 P e26bf76887e847c780b8790b5c4ccdca [term 1 FOLLOWER]: Leader election vote request: Granting yes vote for candidate edde3daa02a44826bdbd9c2705c5d4b3 in term 1.
I20260709 12:18:00.244706 28667 consensus_queue.cc:237] T 5b18d5c57c0c4ace86f9be0538f1429b P edde3daa02a44826bdbd9c2705c5d4b3 [LEADER]: Queue going to LEADER mode. State: All replicated index: 0, Majority replicated index: 0, Committed index: 0, Last appended: 0.0, Last appended by leader: 0, Current term: 1, Majority size: 2, State: 0, Mode: LEADER, active raft config: opid_index: -1 OBSOLETE_local: false peers { permanent_uuid: "7e41c761cdc3491881701907a503ca81" member_type: VOTER last_known_addr { host: "127.27.163.65" port: 42871 } } peers { permanent_uuid: "edde3daa02a44826bdbd9c2705c5d4b3" member_type: VOTER last_known_addr { host: "127.27.163.66" port: 42605 } } peers { permanent_uuid: "e26bf76887e847c780b8790b5c4ccdca" member_type: VOTER last_known_addr { host: "127.27.163.67" port: 34405 } }
I20260709 12:18:00.241474 28583 raft_consensus.cc:2468] T 82e32b5d766849fead19b16f8674d428 P e26bf76887e847c780b8790b5c4ccdca [term 1 FOLLOWER]: Leader election vote request: Granting yes vote for candidate 7e41c761cdc3491881701907a503ca81 in term 1.
I20260709 12:18:00.247368 28399 leader_election.cc:304] T 82e32b5d766849fead19b16f8674d428 P 7e41c761cdc3491881701907a503ca81 [CANDIDATE]: Term 1 election: Election decided. Result: candidate won. Election summary: received 3 responses out of 3 voters: 2 yes votes; 1 no votes. yes voters: 7e41c761cdc3491881701907a503ca81, e26bf76887e847c780b8790b5c4ccdca; no voters: edde3daa02a44826bdbd9c2705c5d4b3
I20260709 12:18:00.248301 28642 raft_consensus.cc:2804] T 82e32b5d766849fead19b16f8674d428 P 7e41c761cdc3491881701907a503ca81 [term 1 FOLLOWER]: Leader election won for term 1
I20260709 12:18:00.249310 28628 raft_consensus.cc:385] T f6230c5ea4d94ee193c782b28d56f250 P 7e41c761cdc3491881701907a503ca81 [term 0 FOLLOWER]: Consensus starting up: Expiring failure detector timer to make a prompt election more likely
I20260709 12:18:00.249608 28628 raft_consensus.cc:740] T f6230c5ea4d94ee193c782b28d56f250 P 7e41c761cdc3491881701907a503ca81 [term 0 FOLLOWER]: Becoming Follower/Learner. State: Replica: 7e41c761cdc3491881701907a503ca81, State: Initialized, Role: FOLLOWER
I20260709 12:18:00.250284 28628 consensus_queue.cc:260] T f6230c5ea4d94ee193c782b28d56f250 P 7e41c761cdc3491881701907a503ca81 [NON_LEADER]: Queue going to NON_LEADER mode. State: All replicated index: 0, Majority replicated index: 0, Committed index: 0, Last appended: 0.0, Last appended by leader: 0, Current term: 0, Majority size: -1, State: 0, Mode: NON_LEADER, active raft config: opid_index: -1 OBSOLETE_local: false peers { permanent_uuid: "7e41c761cdc3491881701907a503ca81" member_type: VOTER last_known_addr { host: "127.27.163.65" port: 42871 } } peers { permanent_uuid: "edde3daa02a44826bdbd9c2705c5d4b3" member_type: VOTER last_known_addr { host: "127.27.163.66" port: 42605 } } peers { permanent_uuid: "e26bf76887e847c780b8790b5c4ccdca" member_type: VOTER last_known_addr { host: "127.27.163.67" port: 34405 } }
I20260709 12:18:00.250802 28629 tablet_bootstrap.cc:492] T 82e32b5d766849fead19b16f8674d428 P edde3daa02a44826bdbd9c2705c5d4b3: No bootstrap required, opened a new log
I20260709 12:18:00.251358 28629 ts_tablet_manager.cc:1403] T 82e32b5d766849fead19b16f8674d428 P edde3daa02a44826bdbd9c2705c5d4b3: Time spent bootstrapping tablet: real 0.079s	user 0.019s	sys 0.004s
