I20260709 12:18:59.593447 27125 tablet_bootstrap.cc:492] T 9406e14acf424a73b2bce57a5573f501 P 595c6694a4e74c95bbf7310e666eece8: Bootstrap starting.
I20260709 12:18:59.597266 27127 tablet_bootstrap.cc:492] T dabaed6d0d8b42559c78c041195c71b1 P 10b7789cc8f7415f8ffca7cd75353040: No bootstrap required, opened a new log
I20260709 12:18:59.597512 27128 tablet_bootstrap.cc:492] T 201ef3da96884f7fae6df2dc7d093331 P 8b8046c920044d26af779588b52811f1: No bootstrap required, opened a new log
I20260709 12:18:59.597697 27127 ts_tablet_manager.cc:1403] T dabaed6d0d8b42559c78c041195c71b1 P 10b7789cc8f7415f8ffca7cd75353040: Time spent bootstrapping tablet: real 0.087s	user 0.009s	sys 0.004s
I20260709 12:18:59.597898 27128 ts_tablet_manager.cc:1403] T 201ef3da96884f7fae6df2dc7d093331 P 8b8046c920044d26af779588b52811f1: Time spent bootstrapping tablet: real 0.016s	user 0.009s	sys 0.005s
I20260709 12:18:59.600096 27127 raft_consensus.cc:359] T dabaed6d0d8b42559c78c041195c71b1 P 10b7789cc8f7415f8ffca7cd75353040 [term 0 FOLLOWER]: Replica starting. Triggering 0 pending ops. Active config: opid_index: -1 OBSOLETE_local: false peers { permanent_uuid: "10b7789cc8f7415f8ffca7cd75353040" member_type: VOTER last_known_addr { host: "127.25.47.1" port: 39835 } } peers { permanent_uuid: "595c6694a4e74c95bbf7310e666eece8" member_type: VOTER last_known_addr { host: "127.25.47.2" port: 37041 } } peers { permanent_uuid: "8b8046c920044d26af779588b52811f1" member_type: VOTER last_known_addr { host: "127.25.47.3" port: 45705 } }
I20260709 12:18:59.600366 27128 raft_consensus.cc:359] T 201ef3da96884f7fae6df2dc7d093331 P 8b8046c920044d26af779588b52811f1 [term 0 FOLLOWER]: Replica starting. Triggering 0 pending ops. Active config: opid_index: -1 OBSOLETE_local: false peers { permanent_uuid: "10b7789cc8f7415f8ffca7cd75353040" member_type: VOTER last_known_addr { host: "127.25.47.1" port: 39835 } } peers { permanent_uuid: "595c6694a4e74c95bbf7310e666eece8" member_type: VOTER last_known_addr { host: "127.25.47.2" port: 37041 } } peers { permanent_uuid: "8b8046c920044d26af779588b52811f1" member_type: VOTER last_known_addr { host: "127.25.47.3" port: 45705 } }
I20260709 12:18:59.600998 27128 raft_consensus.cc:385] T 201ef3da96884f7fae6df2dc7d093331 P 8b8046c920044d26af779588b52811f1 [term 0 FOLLOWER]: Consensus starting up: Expiring failure detector timer to make a prompt election more likely
I20260709 12:18:59.601266 27128 raft_consensus.cc:740] T 201ef3da96884f7fae6df2dc7d093331 P 8b8046c920044d26af779588b52811f1 [term 0 FOLLOWER]: Becoming Follower/Learner. State: Replica: 8b8046c920044d26af779588b52811f1, State: Initialized, Role: FOLLOWER
I20260709 12:18:59.601883 27128 consensus_queue.cc:260] T 201ef3da96884f7fae6df2dc7d093331 P 8b8046c920044d26af779588b52811f1 [NON_LEADER]: Queue going to NON_LEADER mode. State: All replicated index: 0, Majority replicated index: 0, Committed index: 0, Last appended: 0.0, Last appended by leader: 0, Current term: 0, Majority size: -1, State: 0, Mode: NON_LEADER, active raft config: opid_index: -1 OBSOLETE_local: false peers { permanent_uuid: "10b7789cc8f7415f8ffca7cd75353040" member_type: VOTER last_known_addr { host: "127.25.47.1" port: 39835 } } peers { permanent_uuid: "595c6694a4e74c95bbf7310e666eece8" member_type: VOTER last_known_addr { host: "127.25.47.2" port: 37041 } } peers { permanent_uuid: "8b8046c920044d26af779588b52811f1" member_type: VOTER last_known_addr { host: "127.25.47.3" port: 45705 } }
I20260709 12:18:59.600725 27127 raft_consensus.cc:385] T dabaed6d0d8b42559c78c041195c71b1 P 10b7789cc8f7415f8ffca7cd75353040 [term 0 FOLLOWER]: Consensus starting up: Expiring failure detector timer to make a prompt election more likely
I20260709 12:18:59.602758 27127 raft_consensus.cc:740] T dabaed6d0d8b42559c78c041195c71b1 P 10b7789cc8f7415f8ffca7cd75353040 [term 0 FOLLOWER]: Becoming Follower/Learner. State: Replica: 10b7789cc8f7415f8ffca7cd75353040, State: Initialized, Role: FOLLOWER
I20260709 12:18:59.602929 27125 tablet_bootstrap.cc:654] T 9406e14acf424a73b2bce57a5573f501 P 595c6694a4e74c95bbf7310e666eece8: Neither blocks nor log segments found. Creating new log.
I20260709 12:18:59.604328 27128 ts_tablet_manager.cc:1434] T 201ef3da96884f7fae6df2dc7d093331 P 8b8046c920044d26af779588b52811f1: Time spent starting tablet: real 0.006s	user 0.005s	sys 0.000s
I20260709 12:18:59.605669 27127 consensus_queue.cc:260] T dabaed6d0d8b42559c78c041195c71b1 P 10b7789cc8f7415f8ffca7cd75353040 [NON_LEADER]: Queue going to NON_LEADER mode. State: All replicated index: 0, Majority replicated index: 0, Committed index: 0, Last appended: 0.0, Last appended by leader: 0, Current term: 0, Majority size: -1, State: 0, Mode: NON_LEADER, active raft config: opid_index: -1 OBSOLETE_local: false peers { permanent_uuid: "10b7789cc8f7415f8ffca7cd75353040" member_type: VOTER last_known_addr { host: "127.25.47.1" port: 39835 } } peers { permanent_uuid: "595c6694a4e74c95bbf7310e666eece8" member_type: VOTER last_known_addr { host: "127.25.47.2" port: 37041 } } peers { permanent_uuid: "8b8046c920044d26af779588b52811f1" member_type: VOTER last_known_addr { host: "127.25.47.3" port: 45705 } }
I20260709 12:18:59.605119 27128 tablet_bootstrap.cc:492] T 7f1f72f23cbd43808d6908a2577293c5 P 8b8046c920044d26af779588b52811f1: Bootstrap starting.
I20260709 12:18:59.608006 27127 ts_tablet_manager.cc:1434] T dabaed6d0d8b42559c78c041195c71b1 P 10b7789cc8f7415f8ffca7cd75353040: Time spent starting tablet: real 0.010s	user 0.005s	sys 0.000s
I20260709 12:18:59.608724 27125 tablet_bootstrap.cc:492] T 9406e14acf424a73b2bce57a5573f501 P 595c6694a4e74c95bbf7310e666eece8: No bootstrap required, opened a new log
I20260709 12:18:59.609198 27125 ts_tablet_manager.cc:1403] T 9406e14acf424a73b2bce57a5573f501 P 595c6694a4e74c95bbf7310e666eece8: Time spent bootstrapping tablet: real 0.016s	user 0.011s	sys 0.000s
I20260709 12:18:59.609285 27127 tablet_bootstrap.cc:492] T 83115c4602ef4cf28290e5ce84c90406 P 10b7789cc8f7415f8ffca7cd75353040: Bootstrap starting.
I20260709 12:18:59.611888 27125 raft_consensus.cc:359] T 9406e14acf424a73b2bce57a5573f501 P 595c6694a4e74c95bbf7310e666eece8 [term 0 FOLLOWER]: Replica starting. Triggering 0 pending ops. Active config: opid_index: -1 OBSOLETE_local: false peers { permanent_uuid: "10b7789cc8f7415f8ffca7cd75353040" member_type: VOTER last_known_addr { host: "127.25.47.1" port: 39835 } } peers { permanent_uuid: "595c6694a4e74c95bbf7310e666eece8" member_type: VOTER last_known_addr { host: "127.25.47.2" port: 37041 } } peers { permanent_uuid: "8b8046c920044d26af779588b52811f1" member_type: VOTER last_known_addr { host: "127.25.47.3" port: 45705 } }
I20260709 12:18:59.612689 27125 raft_consensus.cc:385] T 9406e14acf424a73b2bce57a5573f501 P 595c6694a4e74c95bbf7310e666eece8 [term 0 FOLLOWER]: Consensus starting up: Expiring failure detector timer to make a prompt election more likely
I20260709 12:18:59.613008 27125 raft_consensus.cc:740] T 9406e14acf424a73b2bce57a5573f501 P 595c6694a4e74c95bbf7310e666eece8 [term 0 FOLLOWER]: Becoming Follower/Learner. State: Replica: 595c6694a4e74c95bbf7310e666eece8, State: Initialized, Role: FOLLOWER
I20260709 12:18:59.612579 26831 catalog_manager.cc:5697] T dabaed6d0d8b42559c78c041195c71b1 P 8b8046c920044d26af779588b52811f1 reported cstate change: term changed from 0 to 1, leader changed from <none> to 8b8046c920044d26af779588b52811f1 (127.25.47.3). New cstate: current_term: 1 leader_uuid: "8b8046c920044d26af779588b52811f1" committed_config { opid_index: -1 OBSOLETE_local: false peers { permanent_uuid: "10b7789cc8f7415f8ffca7cd75353040" member_type: VOTER last_known_addr { host: "127.25.47.1" port: 39835 } health_report { overall_health: UNKNOWN } } peers { permanent_uuid: "595c6694a4e74c95bbf7310e666eece8" member_type: VOTER last_known_addr { host: "127.25.47.2" port: 37041 } health_report { overall_health: UNKNOWN } } peers { permanent_uuid: "8b8046c920044d26af779588b52811f1" member_type: VOTER last_known_addr { host: "127.25.47.3" port: 45705 } health_report { overall_health: HEALTHY } } }
I20260709 12:18:59.611856 27128 tablet_bootstrap.cc:654] T 7f1f72f23cbd43808d6908a2577293c5 P 8b8046c920044d26af779588b52811f1: Neither blocks nor log segments found. Creating new log.
I20260709 12:18:59.615168 27127 tablet_bootstrap.cc:654] T 83115c4602ef4cf28290e5ce84c90406 P 10b7789cc8f7415f8ffca7cd75353040: Neither blocks nor log segments found. Creating new log.
I20260709 12:18:59.615264 27125 consensus_queue.cc:260] T 9406e14acf424a73b2bce57a5573f501 P 595c6694a4e74c95bbf7310e666eece8 [NON_LEADER]: Queue going to NON_LEADER mode. State: All replicated index: 0, Majority replicated index: 0, Committed index: 0, Last appended: 0.0, Last appended by leader: 0, Current term: 0, Majority size: -1, State: 0, Mode: NON_LEADER, active raft config: opid_index: -1 OBSOLETE_local: false peers { permanent_uuid: "10b7789cc8f7415f8ffca7cd75353040" member_type: VOTER last_known_addr { host: "127.25.47.1" port: 39835 } } peers { permanent_uuid: "595c6694a4e74c95bbf7310e666eece8" member_type: VOTER last_known_addr { host: "127.25.47.2" port: 37041 } } peers { permanent_uuid: "8b8046c920044d26af779588b52811f1" member_type: VOTER last_known_addr { host: "127.25.47.3" port: 45705 } }
I20260709 12:18:59.620666 27125 ts_tablet_manager.cc:1434] T 9406e14acf424a73b2bce57a5573f501 P 595c6694a4e74c95bbf7310e666eece8: Time spent starting tablet: real 0.011s	user 0.005s	sys 0.000s
I20260709 12:18:59.621606 27125 tablet_bootstrap.cc:492] T 83115c4602ef4cf28290e5ce84c90406 P 595c6694a4e74c95bbf7310e666eece8: Bootstrap starting.
I20260709 12:18:59.626920 27125 tablet_bootstrap.cc:654] T 83115c4602ef4cf28290e5ce84c90406 P 595c6694a4e74c95bbf7310e666eece8: Neither blocks nor log segments found. Creating new log.
I20260709 12:18:59.627463 27131 consensus_queue.cc:1048] T ae6f0210d8094a20a75a5bca98489986 P 595c6694a4e74c95bbf7310e666eece8 [LEADER]: Connected to new peer: Peer: permanent_uuid: "8b8046c920044d26af779588b52811f1" member_type: VOTER last_known_addr { host: "127.25.47.3" port: 45705 }, Status: LMP_MISMATCH, Last received: 0.0, Next index: 1, Last known committed idx: 0, Time since last communication: 0.000s
I20260709 12:18:59.635087 27302 raft_consensus.cc:493] T 201ef3da96884f7fae6df2dc7d093331 P 8b8046c920044d26af779588b52811f1 [term 0 FOLLOWER]: Starting pre-election (no leader contacted us within the election timeout)
I20260709 12:18:59.635512 27302 raft_consensus.cc:515] T 201ef3da96884f7fae6df2dc7d093331 P 8b8046c920044d26af779588b52811f1 [term 0 FOLLOWER]: Starting pre-election with config: opid_index: -1 OBSOLETE_local: false peers { permanent_uuid: "10b7789cc8f7415f8ffca7cd75353040" member_type: VOTER last_known_addr { host: "127.25.47.1" port: 39835 } } peers { permanent_uuid: "595c6694a4e74c95bbf7310e666eece8" member_type: VOTER last_known_addr { host: "127.25.47.2" port: 37041 } } peers { permanent_uuid: "8b8046c920044d26af779588b52811f1" member_type: VOTER last_known_addr { host: "127.25.47.3" port: 45705 } }
I20260709 12:18:59.637977 26936 tablet_service.cc:1917] Received RequestConsensusVote() RPC: tablet_id: "201ef3da96884f7fae6df2dc7d093331" candidate_uuid: "8b8046c920044d26af779588b52811f1" candidate_term: 1 candidate_status { last_received { term: 0 index: 0 } } ignore_live_leader: false dest_uuid: "10b7789cc8f7415f8ffca7cd75353040" is_pre_election: true
W20260709 12:18:59.639227 27049 leader_election.cc:343] T 201ef3da96884f7fae6df2dc7d093331 P 8b8046c920044d26af779588b52811f1 [CANDIDATE]: Term 1 pre-election: Tablet error from VoteRequest() call to peer 10b7789cc8f7415f8ffca7cd75353040 (127.25.47.1:39835): Illegal state: must be running to vote when last-logged opid is not known
I20260709 12:18:59.640506 27302 leader_election.cc:290] T 201ef3da96884f7fae6df2dc7d093331 P 8b8046c920044d26af779588b52811f1 [CANDIDATE]: Term 1 pre-election: Requested pre-vote from peers 10b7789cc8f7415f8ffca7cd75353040 (127.25.47.1:39835), 595c6694a4e74c95bbf7310e666eece8 (127.25.47.2:37041)
I20260709 12:18:59.641934 27008 tablet_service.cc:1917] Received RequestConsensusVote() RPC: tablet_id: "201ef3da96884f7fae6df2dc7d093331" candidate_uuid: "8b8046c920044d26af779588b52811f1" candidate_term: 1 candidate_status { last_received { term: 0 index: 0 } } ignore_live_leader: false dest_uuid: "595c6694a4e74c95bbf7310e666eece8" is_pre_election: true
I20260709 12:18:59.642529 27008 raft_consensus.cc:2468] T 201ef3da96884f7fae6df2dc7d093331 P 595c6694a4e74c95bbf7310e666eece8 [term 0 FOLLOWER]: Leader pre-election vote request: Granting yes vote for candidate 8b8046c920044d26af779588b52811f1 in term 0.
I20260709 12:18:59.643689 27051 leader_election.cc:304] T 201ef3da96884f7fae6df2dc7d093331 P 8b8046c920044d26af779588b52811f1 [CANDIDATE]: Term 1 pre-election: Election decided. Result: candidate won. Election summary: received 3 responses out of 3 voters: 2 yes votes; 1 no votes. yes voters: 595c6694a4e74c95bbf7310e666eece8, 8b8046c920044d26af779588b52811f1; no voters: 10b7789cc8f7415f8ffca7cd75353040
I20260709 12:18:59.644711 27302 raft_consensus.cc:2804] T 201ef3da96884f7fae6df2dc7d093331 P 8b8046c920044d26af779588b52811f1 [term 0 FOLLOWER]: Leader pre-election won for term 1
I20260709 12:18:59.645094 27302 raft_consensus.cc:493] T 201ef3da96884f7fae6df2dc7d093331 P 8b8046c920044d26af779588b52811f1 [term 0 FOLLOWER]: Starting leader election (no leader contacted us within the election timeout)
I20260709 12:18:59.645498 27302 raft_consensus.cc:3060] T 201ef3da96884f7fae6df2dc7d093331 P 8b8046c920044d26af779588b52811f1 [term 0 FOLLOWER]: Advancing to term 1
I20260709 12:18:59.651770 27302 raft_consensus.cc:515] T 201ef3da96884f7fae6df2dc7d093331 P 8b8046c920044d26af779588b52811f1 [term 1 FOLLOWER]: Starting leader election with config: opid_index: -1 OBSOLETE_local: false peers { permanent_uuid: "10b7789cc8f7415f8ffca7cd75353040" member_type: VOTER last_known_addr { host: "127.25.47.1" port: 39835 } } peers { permanent_uuid: "595c6694a4e74c95bbf7310e666eece8" member_type: VOTER last_known_addr { host: "127.25.47.2" port: 37041 } } peers { permanent_uuid: "8b8046c920044d26af779588b52811f1" member_type: VOTER last_known_addr { host: "127.25.47.3" port: 45705 } }
I20260709 12:18:59.657675 26936 tablet_service.cc:1917] Received RequestConsensusVote() RPC: tablet_id: "201ef3da96884f7fae6df2dc7d093331" candidate_uuid: "8b8046c920044d26af779588b52811f1" candidate_term: 1 candidate_status { last_received { term: 0 index: 0 } } ignore_live_leader: false dest_uuid: "10b7789cc8f7415f8ffca7cd75353040"
W20260709 12:18:59.658928 27049 leader_election.cc:343] T 201ef3da96884f7fae6df2dc7d093331 P 8b8046c920044d26af779588b52811f1 [CANDIDATE]: Term 1 election: Tablet error from VoteRequest() call to peer 10b7789cc8f7415f8ffca7cd75353040 (127.25.47.1:39835): Illegal state: must be running to vote when last-logged opid is not known
I20260709 12:18:59.664208 27301 consensus_queue.cc:1048] T ae6f0210d8094a20a75a5bca98489986 P 595c6694a4e74c95bbf7310e666eece8 [LEADER]: Connected to new peer: Peer: permanent_uuid: "10b7789cc8f7415f8ffca7cd75353040" member_type: VOTER last_known_addr { host: "127.25.47.1" port: 39835 }, Status: LMP_MISMATCH, Last received: 0.0, Next index: 1, Last known committed idx: 0, Time since last communication: 0.000s
I20260709 12:18:59.664629 27128 tablet_bootstrap.cc:492] T 7f1f72f23cbd43808d6908a2577293c5 P 8b8046c920044d26af779588b52811f1: No bootstrap required, opened a new log
I20260709 12:18:59.665098 27128 ts_tablet_manager.cc:1403] T 7f1f72f23cbd43808d6908a2577293c5 P 8b8046c920044d26af779588b52811f1: Time spent bootstrapping tablet: real 0.060s	user 0.036s	sys 0.019s
I20260709 12:18:59.666253 27008 tablet_service.cc:1917] Received RequestConsensusVote() RPC: tablet_id: "201ef3da96884f7fae6df2dc7d093331" candidate_uuid: "8b8046c920044d26af779588b52811f1" candidate_term: 1 candidate_status { last_received { term: 0 index: 0 } } ignore_live_leader: false dest_uuid: "595c6694a4e74c95bbf7310e666eece8"
I20260709 12:18:59.666783 27008 raft_consensus.cc:3060] T 201ef3da96884f7fae6df2dc7d093331 P 595c6694a4e74c95bbf7310e666eece8 [term 0 FOLLOWER]: Advancing to term 1
I20260709 12:18:59.667457 27128 raft_consensus.cc:359] T 7f1f72f23cbd43808d6908a2577293c5 P 8b8046c920044d26af779588b52811f1 [term 0 FOLLOWER]: Replica starting. Triggering 0 pending ops. Active config: opid_index: -1 OBSOLETE_local: false peers { permanent_uuid: "10b7789cc8f7415f8ffca7cd75353040" member_type: VOTER last_known_addr { host: "127.25.47.1" port: 39835 } } peers { permanent_uuid: "595c6694a4e74c95bbf7310e666eece8" member_type: VOTER last_known_addr { host: "127.25.47.2" port: 37041 } } peers { permanent_uuid: "8b8046c920044d26af779588b52811f1" member_type: VOTER last_known_addr { host: "127.25.47.3" port: 45705 } }
I20260709 12:18:59.668457 27128 raft_consensus.cc:385] T 7f1f72f23cbd43808d6908a2577293c5 P 8b8046c920044d26af779588b52811f1 [term 0 FOLLOWER]: Consensus starting up: Expiring failure detector timer to make a prompt election more likely
I20260709 12:18:59.668707 27128 raft_consensus.cc:740] T 7f1f72f23cbd43808d6908a2577293c5 P 8b8046c920044d26af779588b52811f1 [term 0 FOLLOWER]: Becoming Follower/Learner. State: Replica: 8b8046c920044d26af779588b52811f1, State: Initialized, Role: FOLLOWER
I20260709 12:18:59.669306 27128 consensus_queue.cc:260] T 7f1f72f23cbd43808d6908a2577293c5 P 8b8046c920044d26af779588b52811f1 [NON_LEADER]: Queue going to NON_LEADER mode. State: All replicated index: 0, Majority replicated index: 0, Committed index: 0, Last appended: 0.0, Last appended by leader: 0, Current term: 0, Majority size: -1, State: 0, Mode: NON_LEADER, active raft config: opid_index: -1 OBSOLETE_local: false peers { permanent_uuid: "10b7789cc8f7415f8ffca7cd75353040" member_type: VOTER last_known_addr { host: "127.25.47.1" port: 39835 } } peers { permanent_uuid: "595c6694a4e74c95bbf7310e666eece8" member_type: VOTER last_known_addr { host: "127.25.47.2" port: 37041 } } peers { permanent_uuid: "8b8046c920044d26af779588b52811f1" member_type: VOTER last_known_addr { host: "127.25.47.3" port: 45705 } }
I20260709 12:18:59.671447 27128 ts_tablet_manager.cc:1434] T 7f1f72f23cbd43808d6908a2577293c5 P 8b8046c920044d26af779588b52811f1: Time spent starting tablet: real 0.006s	user 0.006s	sys 0.000s
I20260709 12:18:59.672592 27128 tablet_bootstrap.cc:492] T fad603127c6b4823b7ca991f3db3e31a P 8b8046c920044d26af779588b52811f1: Bootstrap starting.
I20260709 12:18:59.678217 27128 tablet_bootstrap.cc:654] T fad603127c6b4823b7ca991f3db3e31a P 8b8046c920044d26af779588b52811f1: Neither blocks nor log segments found. Creating new log.
I20260709 12:18:59.680140 27294 raft_consensus.cc:493] T 71403d0b867b4552b4df0a0dfebd2ec7 P 595c6694a4e74c95bbf7310e666eece8 [term 0 FOLLOWER]: Starting pre-election (no leader contacted us within the election timeout)
I20260709 12:18:59.680622 27294 raft_consensus.cc:515] T 71403d0b867b4552b4df0a0dfebd2ec7 P 595c6694a4e74c95bbf7310e666eece8 [term 0 FOLLOWER]: Starting pre-election with config: opid_index: -1 OBSOLETE_local: false peers { permanent_uuid: "10b7789cc8f7415f8ffca7cd75353040" member_type: VOTER last_known_addr { host: "127.25.47.1" port: 39835 } } peers { permanent_uuid: "595c6694a4e74c95bbf7310e666eece8" member_type: VOTER last_known_addr { host: "127.25.47.2" port: 37041 } } peers { permanent_uuid: "8b8046c920044d26af779588b52811f1" member_type: VOTER last_known_addr { host: "127.25.47.3" port: 45705 } }
I20260709 12:18:59.681969 27174 raft_consensus.cc:493] T 10d4988a1b8642259857ac8be18d8025 P 10b7789cc8f7415f8ffca7cd75353040 [term 0 FOLLOWER]: Starting pre-election (no leader contacted us within the election timeout)
I20260709 12:18:59.682410 27174 raft_consensus.cc:515] T 10d4988a1b8642259857ac8be18d8025 P 10b7789cc8f7415f8ffca7cd75353040 [term 0 FOLLOWER]: Starting pre-election with config: opid_index: -1 OBSOLETE_local: false peers { permanent_uuid: "10b7789cc8f7415f8ffca7cd75353040" member_type: VOTER last_known_addr { host: "127.25.47.1" port: 39835 } } peers { permanent_uuid: "595c6694a4e74c95bbf7310e666eece8" member_type: VOTER last_known_addr { host: "127.25.47.2" port: 37041 } } peers { permanent_uuid: "8b8046c920044d26af779588b52811f1" member_type: VOTER last_known_addr { host: "127.25.47.3" port: 45705 } }
I20260709 12:18:59.684346 27174 leader_election.cc:290] T 10d4988a1b8642259857ac8be18d8025 P 10b7789cc8f7415f8ffca7cd75353040 [CANDIDATE]: Term 1 pre-election: Requested pre-vote from peers 595c6694a4e74c95bbf7310e666eece8 (127.25.47.2:37041), 8b8046c920044d26af779588b52811f1 (127.25.47.3:45705)
I20260709 12:18:59.685879 26931 tablet_service.cc:1917] Received RequestConsensusVote() RPC: tablet_id: "71403d0b867b4552b4df0a0dfebd2ec7" candidate_uuid: "595c6694a4e74c95bbf7310e666eece8" candidate_term: 1 candidate_status { last_received { term: 0 index: 0 } } ignore_live_leader: false dest_uuid: "10b7789cc8f7415f8ffca7cd75353040" is_pre_election: true
I20260709 12:18:59.682689 27294 leader_election.cc:290] T 71403d0b867b4552b4df0a0dfebd2ec7 P 595c6694a4e74c95bbf7310e666eece8 [CANDIDATE]: Term 1 pre-election: Requested pre-vote from peers 10b7789cc8f7415f8ffca7cd75353040 (127.25.47.1:39835), 8b8046c920044d26af779588b52811f1 (127.25.47.3:45705)
I20260709 12:18:59.687153 27294 raft_consensus.cc:493] T 9406e14acf424a73b2bce57a5573f501 P 595c6694a4e74c95bbf7310e666eece8 [term 0 FOLLOWER]: Starting pre-election (no leader contacted us within the election timeout)
I20260709 12:18:59.687208 27010 tablet_service.cc:1917] Received RequestConsensusVote() RPC: tablet_id: "10d4988a1b8642259857ac8be18d8025" candidate_uuid: "10b7789cc8f7415f8ffca7cd75353040" candidate_term: 1 candidate_status { last_received { term: 0 index: 0 } } ignore_live_leader: false dest_uuid: "595c6694a4e74c95bbf7310e666eece8" is_pre_election: true
I20260709 12:18:59.687855 27010 raft_consensus.cc:2468] T 10d4988a1b8642259857ac8be18d8025 P 595c6694a4e74c95bbf7310e666eece8 [term 0 FOLLOWER]: Leader pre-election vote request: Granting yes vote for candidate 10b7789cc8f7415f8ffca7cd75353040 in term 0.
I20260709 12:18:59.687651 27294 raft_consensus.cc:515] T 9406e14acf424a73b2bce57a5573f501 P 595c6694a4e74c95bbf7310e666eece8 [term 0 FOLLOWER]: Starting pre-election with config: opid_index: -1 OBSOLETE_local: false peers { permanent_uuid: "10b7789cc8f7415f8ffca7cd75353040" member_type: VOTER last_known_addr { host: "127.25.47.1" port: 39835 } } peers { permanent_uuid: "595c6694a4e74c95bbf7310e666eece8" member_type: VOTER last_known_addr { host: "127.25.47.2" port: 37041 } } peers { permanent_uuid: "8b8046c920044d26af779588b52811f1" member_type: VOTER last_known_addr { host: "127.25.47.3" port: 45705 } }
I20260709 12:18:59.688755 27085 tablet_service.cc:1917] Received RequestConsensusVote() RPC: tablet_id: "10d4988a1b8642259857ac8be18d8025" candidate_uuid: "10b7789cc8f7415f8ffca7cd75353040" candidate_term: 1 candidate_status { last_received { term: 0 index: 0 } } ignore_live_leader: false dest_uuid: "8b8046c920044d26af779588b52811f1" is_pre_election: true
I20260709 12:18:59.689689 27128 tablet_bootstrap.cc:492] T fad603127c6b4823b7ca991f3db3e31a P 8b8046c920044d26af779588b52811f1: No bootstrap required, opened a new log
I20260709 12:18:59.690142 27128 ts_tablet_manager.cc:1403] T fad603127c6b4823b7ca991f3db3e31a P 8b8046c920044d26af779588b52811f1: Time spent bootstrapping tablet: real 0.018s	user 0.012s	sys 0.003s
I20260709 12:18:59.690210 27294 leader_election.cc:290] T 9406e14acf424a73b2bce57a5573f501 P 595c6694a4e74c95bbf7310e666eece8 [CANDIDATE]: Term 1 pre-election: Requested pre-vote from peers 10b7789cc8f7415f8ffca7cd75353040 (127.25.47.1:39835), 8b8046c920044d26af779588b52811f1 (127.25.47.3:45705)
I20260709 12:18:59.691092 27084 tablet_service.cc:1917] Received RequestConsensusVote() RPC: tablet_id: "9406e14acf424a73b2bce57a5573f501" candidate_uuid: "595c6694a4e74c95bbf7310e666eece8" candidate_term: 1 candidate_status { last_received { term: 0 index: 0 } } ignore_live_leader: false dest_uuid: "8b8046c920044d26af779588b52811f1" is_pre_election: true
I20260709 12:18:59.691377 27008 raft_consensus.cc:2468] T 201ef3da96884f7fae6df2dc7d093331 P 595c6694a4e74c95bbf7310e666eece8 [term 1 FOLLOWER]: Leader election vote request: Granting yes vote for candidate 8b8046c920044d26af779588b52811f1 in term 1.
I20260709 12:18:59.692657 27128 raft_consensus.cc:359] T fad603127c6b4823b7ca991f3db3e31a P 8b8046c920044d26af779588b52811f1 [term 0 FOLLOWER]: Replica starting. Triggering 0 pending ops. Active config: opid_index: -1 OBSOLETE_local: false peers { permanent_uuid: "10b7789cc8f7415f8ffca7cd75353040" member_type: VOTER last_known_addr { host: "127.25.47.1" port: 39835 } } peers { permanent_uuid: "595c6694a4e74c95bbf7310e666eece8" member_type: VOTER last_known_addr { host: "127.25.47.2" port: 37041 } } peers { permanent_uuid: "8b8046c920044d26af779588b52811f1" member_type: VOTER last_known_addr { host: "127.25.47.3" port: 45705 } }
W20260709 12:18:59.693045 26902 leader_election.cc:343] T 10d4988a1b8642259857ac8be18d8025 P 10b7789cc8f7415f8ffca7cd75353040 [CANDIDATE]: Term 1 pre-election: Tablet error from VoteRequest() call to peer 8b8046c920044d26af779588b52811f1 (127.25.47.3:45705): Illegal state: must be running to vote when last-logged opid is not known
I20260709 12:18:59.693356 27128 raft_consensus.cc:385] T fad603127c6b4823b7ca991f3db3e31a P 8b8046c920044d26af779588b52811f1 [term 0 FOLLOWER]: Consensus starting up: Expiring failure detector timer to make a prompt election more likely
I20260709 12:18:59.693768 27128 raft_consensus.cc:740] T fad603127c6b4823b7ca991f3db3e31a P 8b8046c920044d26af779588b52811f1 [term 0 FOLLOWER]: Becoming Follower/Learner. State: Replica: 8b8046c920044d26af779588b52811f1, State: Initialized, Role: FOLLOWER
I20260709 12:18:59.695218 26931 tablet_service.cc:1917] Received RequestConsensusVote() RPC: tablet_id: "9406e14acf424a73b2bce57a5573f501" candidate_uuid: "595c6694a4e74c95bbf7310e666eece8" candidate_term: 1 candidate_status { last_received { term: 0 index: 0 } } ignore_live_leader: false dest_uuid: "10b7789cc8f7415f8ffca7cd75353040" is_pre_election: true
I20260709 12:18:59.694401 27128 consensus_queue.cc:260] T fad603127c6b4823b7ca991f3db3e31a P 8b8046c920044d26af779588b52811f1 [NON_LEADER]: Queue going to NON_LEADER mode. State: All replicated index: 0, Majority replicated index: 0, Committed index: 0, Last appended: 0.0, Last appended by leader: 0, Current term: 0, Majority size: -1, State: 0, Mode: NON_LEADER, active raft config: opid_index: -1 OBSOLETE_local: false peers { permanent_uuid: "10b7789cc8f7415f8ffca7cd75353040" member_type: VOTER last_known_addr { host: "127.25.47.1" port: 39835 } } peers { permanent_uuid: "595c6694a4e74c95bbf7310e666eece8" member_type: VOTER last_known_addr { host: "127.25.47.2" port: 37041 } } peers { permanent_uuid: "8b8046c920044d26af779588b52811f1" member_type: VOTER last_known_addr { host: "127.25.47.3" port: 45705 } }
I20260709 12:18:59.696276 27085 tablet_service.cc:1917] Received RequestConsensusVote() RPC: tablet_id: "71403d0b867b4552b4df0a0dfebd2ec7" candidate_uuid: "595c6694a4e74c95bbf7310e666eece8" candidate_term: 1 candidate_status { last_received { term: 0 index: 0 } } ignore_live_leader: false dest_uuid: "8b8046c920044d26af779588b52811f1" is_pre_election: true
I20260709 12:18:59.697199 27302 leader_election.cc:290] T 201ef3da96884f7fae6df2dc7d093331 P 8b8046c920044d26af779588b52811f1 [CANDIDATE]: Term 1 election: Requested vote from peers 10b7789cc8f7415f8ffca7cd75353040 (127.25.47.1:39835), 595c6694a4e74c95bbf7310e666eece8 (127.25.47.2:37041)
I20260709 12:18:59.698127 27051 leader_election.cc:304] T 201ef3da96884f7fae6df2dc7d093331 P 8b8046c920044d26af779588b52811f1 [CANDIDATE]: Term 1 election: Election decided. Result: candidate won. Election summary: received 3 responses out of 3 voters: 2 yes votes; 1 no votes. yes voters: 595c6694a4e74c95bbf7310e666eece8, 8b8046c920044d26af779588b52811f1; no voters: 10b7789cc8f7415f8ffca7cd75353040
I20260709 12:18:59.697659 27128 ts_tablet_manager.cc:1434] T fad603127c6b4823b7ca991f3db3e31a P 8b8046c920044d26af779588b52811f1: Time spent starting tablet: real 0.007s	user 0.004s	sys 0.004s
I20260709 12:18:59.699697 27128 tablet_bootstrap.cc:492] T 370b6a6a6d00477b843e1bc161be3da6 P 8b8046c920044d26af779588b52811f1: Bootstrap starting.
W20260709 12:18:59.694360 26975 leader_election.cc:343] T 71403d0b867b4552b4df0a0dfebd2ec7 P 595c6694a4e74c95bbf7310e666eece8 [CANDIDATE]: Term 1 pre-election: Tablet error from VoteRequest() call to peer 10b7789cc8f7415f8ffca7cd75353040 (127.25.47.1:39835): Illegal state: must be running to vote when last-logged opid is not known
W20260709 12:18:59.701052 26975 leader_election.cc:343] T 9406e14acf424a73b2bce57a5573f501 P 595c6694a4e74c95bbf7310e666eece8 [CANDIDATE]: Term 1 pre-election: Tablet error from VoteRequest() call to peer 10b7789cc8f7415f8ffca7cd75353040 (127.25.47.1:39835): Illegal state: must be running to vote when last-logged opid is not known
W20260709 12:18:59.701809 26977 leader_election.cc:343] T 71403d0b867b4552b4df0a0dfebd2ec7 P 595c6694a4e74c95bbf7310e666eece8 [CANDIDATE]: Term 1 pre-election: Tablet error from VoteRequest() call to peer 8b8046c920044d26af779588b52811f1 (127.25.47.3:45705): Illegal state: must be running to vote when last-logged opid is not known
I20260709 12:18:59.703783 26977 leader_election.cc:304] T 71403d0b867b4552b4df0a0dfebd2ec7 P 595c6694a4e74c95bbf7310e666eece8 [CANDIDATE]: Term 1 pre-election: Election decided. Result: candidate lost. Election summary: received 3 responses out of 3 voters: 1 yes votes; 2 no votes. yes voters: 595c6694a4e74c95bbf7310e666eece8; no voters: 10b7789cc8f7415f8ffca7cd75353040, 8b8046c920044d26af779588b52811f1
I20260709 12:18:59.705561 27128 tablet_bootstrap.cc:654] T 370b6a6a6d00477b843e1bc161be3da6 P 8b8046c920044d26af779588b52811f1: Neither blocks nor log segments found. Creating new log.
I20260709 12:18:59.705951 27301 raft_consensus.cc:2749] T 71403d0b867b4552b4df0a0dfebd2ec7 P 595c6694a4e74c95bbf7310e666eece8 [term 0 FOLLOWER]: Leader pre-election lost for term 1. Reason: could not achieve majority
I20260709 12:18:59.710101 26902 leader_election.cc:304] T 10d4988a1b8642259857ac8be18d8025 P 10b7789cc8f7415f8ffca7cd75353040 [CANDIDATE]: Term 1 pre-election: Election decided. Result: candidate won. Election summary: received 3 responses out of 3 voters: 2 yes votes; 1 no votes. yes voters: 10b7789cc8f7415f8ffca7cd75353040, 595c6694a4e74c95bbf7310e666eece8; no voters: 8b8046c920044d26af779588b52811f1
I20260709 12:18:59.711205 27174 raft_consensus.cc:2804] T 10d4988a1b8642259857ac8be18d8025 P 10b7789cc8f7415f8ffca7cd75353040 [term 0 FOLLOWER]: Leader pre-election won for term 1
I20260709 12:18:59.711540 27174 raft_consensus.cc:493] T 10d4988a1b8642259857ac8be18d8025 P 10b7789cc8f7415f8ffca7cd75353040 [term 0 FOLLOWER]: Starting leader election (no leader contacted us within the election timeout)
I20260709 12:18:59.711864 27174 raft_consensus.cc:3060] T 10d4988a1b8642259857ac8be18d8025 P 10b7789cc8f7415f8ffca7cd75353040 [term 0 FOLLOWER]: Advancing to term 1
W20260709 12:18:59.724473 26977 leader_election.cc:343] T 9406e14acf424a73b2bce57a5573f501 P 595c6694a4e74c95bbf7310e666eece8 [CANDIDATE]: Term 1 pre-election: Tablet error from VoteRequest() call to peer 8b8046c920044d26af779588b52811f1 (127.25.47.3:45705): Illegal state: must be running to vote when last-logged opid is not known
I20260709 12:18:59.724951 26977 leader_election.cc:304] T 9406e14acf424a73b2bce57a5573f501 P 595c6694a4e74c95bbf7310e666eece8 [CANDIDATE]: Term 1 pre-election: Election decided. Result: candidate lost. Election summary: received 3 responses out of 3 voters: 1 yes votes; 2 no votes. yes voters: 595c6694a4e74c95bbf7310e666eece8; no voters: 10b7789cc8f7415f8ffca7cd75353040, 8b8046c920044d26af779588b52811f1
I20260709 12:18:59.726532 27294 raft_consensus.cc:2749] T 9406e14acf424a73b2bce57a5573f501 P 595c6694a4e74c95bbf7310e666eece8 [term 0 FOLLOWER]: Leader pre-election lost for term 1. Reason: could not achieve majority
I20260709 12:18:59.727658 27302 raft_consensus.cc:2804] T 201ef3da96884f7fae6df2dc7d093331 P 8b8046c920044d26af779588b52811f1 [term 1 FOLLOWER]: Leader election won for term 1
I20260709 12:18:59.733680 27302 raft_consensus.cc:697] T 201ef3da96884f7fae6df2dc7d093331 P 8b8046c920044d26af779588b52811f1 [term 1 LEADER]: Becoming Leader. State: Replica: 8b8046c920044d26af779588b52811f1, State: Running, Role: LEADER
I20260709 12:18:59.734419 27127 tablet_bootstrap.cc:492] T 83115c4602ef4cf28290e5ce84c90406 P 10b7789cc8f7415f8ffca7cd75353040: No bootstrap required, opened a new log
I20260709 12:18:59.734743 27127 ts_tablet_manager.cc:1403] T 83115c4602ef4cf28290e5ce84c90406 P 10b7789cc8f7415f8ffca7cd75353040: Time spent bootstrapping tablet: real 0.126s	user 0.016s	sys 0.007s
I20260709 12:18:59.734656 27302 consensus_queue.cc:237] T 201ef3da96884f7fae6df2dc7d093331 P 8b8046c920044d26af779588b52811f1 [LEADER]: Queue going to LEADER mode. State: All replicated index: 0, Majority replicated index: 0, Committed index: 0, Last appended: 0.0, Last appended by leader: 0, Current term: 1, Majority size: 2, State: 0, Mode: LEADER, active raft config: opid_index: -1 OBSOLETE_local: false peers { permanent_uuid: "10b7789cc8f7415f8ffca7cd75353040" member_type: VOTER last_known_addr { host: "127.25.47.1" port: 39835 } } peers { permanent_uuid: "595c6694a4e74c95bbf7310e666eece8" member_type: VOTER last_known_addr { host: "127.25.47.2" port: 37041 } } peers { permanent_uuid: "8b8046c920044d26af779588b52811f1" member_type: VOTER last_known_addr { host: "127.25.47.3" port: 45705 } }
I20260709 12:18:59.734804 27174 raft_consensus.cc:515] T 10d4988a1b8642259857ac8be18d8025 P 10b7789cc8f7415f8ffca7cd75353040 [term 1 FOLLOWER]: Starting leader election with config: opid_index: -1 OBSOLETE_local: false peers { permanent_uuid: "10b7789cc8f7415f8ffca7cd75353040" member_type: VOTER last_known_addr { host: "127.25.47.1" port: 39835 } } peers { permanent_uuid: "595c6694a4e74c95bbf7310e666eece8" member_type: VOTER last_known_addr { host: "127.25.47.2" port: 37041 } } peers { permanent_uuid: "8b8046c920044d26af779588b52811f1" member_type: VOTER last_known_addr { host: "127.25.47.3" port: 45705 } }
I20260709 12:18:59.736619 27125 tablet_bootstrap.cc:492] T 83115c4602ef4cf28290e5ce84c90406 P 595c6694a4e74c95bbf7310e666eece8: No bootstrap required, opened a new log
I20260709 12:18:59.737093 27125 ts_tablet_manager.cc:1403] T 83115c4602ef4cf28290e5ce84c90406 P 595c6694a4e74c95bbf7310e666eece8: Time spent bootstrapping tablet: real 0.116s	user 0.047s	sys 0.047s
I20260709 12:18:59.737198 27127 raft_consensus.cc:359] T 83115c4602ef4cf28290e5ce84c90406 P 10b7789cc8f7415f8ffca7cd75353040 [term 0 FOLLOWER]: Replica starting. Triggering 0 pending ops. Active config: opid_index: -1 OBSOLETE_local: false peers { permanent_uuid: "10b7789cc8f7415f8ffca7cd75353040" member_type: VOTER last_known_addr { host: "127.25.47.1" port: 39835 } } peers { permanent_uuid: "595c6694a4e74c95bbf7310e666eece8" member_type: VOTER last_known_addr { host: "127.25.47.2" port: 37041 } } peers { permanent_uuid: "8b8046c920044d26af779588b52811f1" member_type: VOTER last_known_addr { host: "127.25.47.3" port: 45705 } }
I20260709 12:18:59.737820 27008 tablet_service.cc:1917] Received RequestConsensusVote() RPC: tablet_id: "10d4988a1b8642259857ac8be18d8025" candidate_uuid: "10b7789cc8f7415f8ffca7cd75353040" candidate_term: 1 candidate_status { last_received { term: 0 index: 0 } } ignore_live_leader: false dest_uuid: "595c6694a4e74c95bbf7310e666eece8"
I20260709 12:18:59.738438 27008 raft_consensus.cc:3060] T 10d4988a1b8642259857ac8be18d8025 P 595c6694a4e74c95bbf7310e666eece8 [term 0 FOLLOWER]: Advancing to term 1
I20260709 12:18:59.739683 27128 tablet_bootstrap.cc:492] T 370b6a6a6d00477b843e1bc161be3da6 P 8b8046c920044d26af779588b52811f1: No bootstrap required, opened a new log
I20260709 12:18:59.740093 27128 ts_tablet_manager.cc:1403] T 370b6a6a6d00477b843e1bc161be3da6 P 8b8046c920044d26af779588b52811f1: Time spent bootstrapping tablet: real 0.041s	user 0.015s	sys 0.013s
I20260709 12:18:59.741461 27125 raft_consensus.cc:359] T 83115c4602ef4cf28290e5ce84c90406 P 595c6694a4e74c95bbf7310e666eece8 [term 0 FOLLOWER]: Replica starting. Triggering 0 pending ops. Active config: opid_index: -1 OBSOLETE_local: false peers { permanent_uuid: "10b7789cc8f7415f8ffca7cd75353040" member_type: VOTER last_known_addr { host: "127.25.47.1" port: 39835 } } peers { permanent_uuid: "595c6694a4e74c95bbf7310e666eece8" member_type: VOTER last_known_addr { host: "127.25.47.2" port: 37041 } } peers { permanent_uuid: "8b8046c920044d26af779588b52811f1" member_type: VOTER last_known_addr { host: "127.25.47.3" port: 45705 } }
I20260709 12:18:59.742316 27125 raft_consensus.cc:385] T 83115c4602ef4cf28290e5ce84c90406 P 595c6694a4e74c95bbf7310e666eece8 [term 0 FOLLOWER]: Consensus starting up: Expiring failure detector timer to make a prompt election more likely
I20260709 12:18:59.742449 27294 raft_consensus.cc:493] T 8bc6051c24774414a05063aa0f23785b P 595c6694a4e74c95bbf7310e666eece8 [term 0 FOLLOWER]: Starting pre-election (no leader contacted us within the election timeout)
I20260709 12:18:59.742390 27128 raft_consensus.cc:359] T 370b6a6a6d00477b843e1bc161be3da6 P 8b8046c920044d26af779588b52811f1 [term 0 FOLLOWER]: Replica starting. Triggering 0 pending ops. Active config: opid_index: -1 OBSOLETE_local: false peers { permanent_uuid: "10b7789cc8f7415f8ffca7cd75353040" member_type: VOTER last_known_addr { host: "127.25.47.1" port: 39835 } } peers { permanent_uuid: "595c6694a4e74c95bbf7310e666eece8" member_type: VOTER last_known_addr { host: "127.25.47.2" port: 37041 } } peers { permanent_uuid: "8b8046c920044d26af779588b52811f1" member_type: VOTER last_known_addr { host: "127.25.47.3" port: 45705 } }
I20260709 12:18:59.742690 27125 raft_consensus.cc:740] T 83115c4602ef4cf28290e5ce84c90406 P 595c6694a4e74c95bbf7310e666eece8 [term 0 FOLLOWER]: Becoming Follower/Learner. State: Replica: 595c6694a4e74c95bbf7310e666eece8, State: Initialized, Role: FOLLOWER
I20260709 12:18:59.742493 27198 raft_consensus.cc:493] T ff1ffb28ba2a436ea448143ecb6da40d P 8b8046c920044d26af779588b52811f1 [term 0 FOLLOWER]: Starting pre-election (no leader contacted us within the election timeout)
I20260709 12:18:59.743105 27128 raft_consensus.cc:385] T 370b6a6a6d00477b843e1bc161be3da6 P 8b8046c920044d26af779588b52811f1 [term 0 FOLLOWER]: Consensus starting up: Expiring failure detector timer to make a prompt election more likely
I20260709 12:18:59.743604 27128 raft_consensus.cc:740] T 370b6a6a6d00477b843e1bc161be3da6 P 8b8046c920044d26af779588b52811f1 [term 0 FOLLOWER]: Becoming Follower/Learner. State: Replica: 8b8046c920044d26af779588b52811f1, State: Initialized, Role: FOLLOWER
I20260709 12:18:59.743402 27198 raft_consensus.cc:515] T ff1ffb28ba2a436ea448143ecb6da40d P 8b8046c920044d26af779588b52811f1 [term 0 FOLLOWER]: Starting pre-election with config: opid_index: -1 OBSOLETE_local: false peers { permanent_uuid: "10b7789cc8f7415f8ffca7cd75353040" member_type: VOTER last_known_addr { host: "127.25.47.1" port: 39835 } } peers { permanent_uuid: "595c6694a4e74c95bbf7310e666eece8" member_type: VOTER last_known_addr { host: "127.25.47.2" port: 37041 } } peers { permanent_uuid: "8b8046c920044d26af779588b52811f1" member_type: VOTER last_known_addr { host: "127.25.47.3" port: 45705 } }
I20260709 12:18:59.737831 27127 raft_consensus.cc:385] T 83115c4602ef4cf28290e5ce84c90406 P 10b7789cc8f7415f8ffca7cd75353040 [term 0 FOLLOWER]: Consensus starting up: Expiring failure detector timer to make a prompt election more likely
I20260709 12:18:59.744132 27125 consensus_queue.cc:260] T 83115c4602ef4cf28290e5ce84c90406 P 595c6694a4e74c95bbf7310e666eece8 [NON_LEADER]: Queue going to NON_LEADER mode. State: All replicated index: 0, Majority replicated index: 0, Committed index: 0, Last appended: 0.0, Last appended by leader: 0, Current term: 0, Majority size: -1, State: 0, Mode: NON_LEADER, active raft config: opid_index: -1 OBSOLETE_local: false peers { permanent_uuid: "10b7789cc8f7415f8ffca7cd75353040" member_type: VOTER last_known_addr { host: "127.25.47.1" port: 39835 } } peers { permanent_uuid: "595c6694a4e74c95bbf7310e666eece8" member_type: VOTER last_known_addr { host: "127.25.47.2" port: 37041 } } peers { permanent_uuid: "8b8046c920044d26af779588b52811f1" member_type: VOTER last_known_addr { host: "127.25.47.3" port: 45705 } }
I20260709 12:18:59.744336 27128 consensus_queue.cc:260] T 370b6a6a6d00477b843e1bc161be3da6 P 8b8046c920044d26af779588b52811f1 [NON_LEADER]: Queue going to NON_LEADER mode. State: All replicated index: 0, Majority replicated index: 0, Committed index: 0, Last appended: 0.0, Last appended by leader: 0, Current term: 0, Majority size: -1, State: 0, Mode: NON_LEADER, active raft config: opid_index: -1 OBSOLETE_local: false peers { permanent_uuid: "10b7789cc8f7415f8ffca7cd75353040" member_type: VOTER last_known_addr { host: "127.25.47.1" port: 39835 } } peers { permanent_uuid: "595c6694a4e74c95bbf7310e666eece8" member_type: VOTER last_known_addr { host: "127.25.47.2" port: 37041 } } peers { permanent_uuid: "8b8046c920044d26af779588b52811f1" member_type: VOTER last_known_addr { host: "127.25.47.3" port: 45705 } }
I20260709 12:18:59.745344 27198 leader_election.cc:290] T ff1ffb28ba2a436ea448143ecb6da40d P 8b8046c920044d26af779588b52811f1 [CANDIDATE]: Term 1 pre-election: Requested pre-vote from peers 10b7789cc8f7415f8ffca7cd75353040 (127.25.47.1:39835), 595c6694a4e74c95bbf7310e666eece8 (127.25.47.2:37041)
I20260709 12:18:59.746620 27128 ts_tablet_manager.cc:1434] T 370b6a6a6d00477b843e1bc161be3da6 P 8b8046c920044d26af779588b52811f1: Time spent starting tablet: real 0.006s	user 0.006s	sys 0.001s
I20260709 12:18:59.746771 26936 tablet_service.cc:1917] Received RequestConsensusVote() RPC: tablet_id: "ff1ffb28ba2a436ea448143ecb6da40d" candidate_uuid: "8b8046c920044d26af779588b52811f1" candidate_term: 1 candidate_status { last_received { term: 0 index: 0 } } ignore_live_leader: false dest_uuid: "10b7789cc8f7415f8ffca7cd75353040" is_pre_election: true
I20260709 12:18:59.747392 26936 raft_consensus.cc:2468] T ff1ffb28ba2a436ea448143ecb6da40d P 10b7789cc8f7415f8ffca7cd75353040 [term 0 FOLLOWER]: Leader pre-election vote request: Granting yes vote for candidate 8b8046c920044d26af779588b52811f1 in term 0.
I20260709 12:18:59.747632 27128 tablet_bootstrap.cc:492] T 5a1fc9db2c814adb8ab4f3fb42bf7002 P 8b8046c920044d26af779588b52811f1: Bootstrap starting.
I20260709 12:18:59.748991 27010 tablet_service.cc:1917] Received RequestConsensusVote() RPC: tablet_id: "ff1ffb28ba2a436ea448143ecb6da40d" candidate_uuid: "8b8046c920044d26af779588b52811f1" candidate_term: 1 candidate_status { last_received { term: 0 index: 0 } } ignore_live_leader: false dest_uuid: "595c6694a4e74c95bbf7310e666eece8" is_pre_election: true
I20260709 12:18:59.749578 27010 raft_consensus.cc:2468] T ff1ffb28ba2a436ea448143ecb6da40d P 595c6694a4e74c95bbf7310e666eece8 [term 0 FOLLOWER]: Leader pre-election vote request: Granting yes vote for candidate 8b8046c920044d26af779588b52811f1 in term 0.
I20260709 12:18:59.749761 27125 ts_tablet_manager.cc:1434] T 83115c4602ef4cf28290e5ce84c90406 P 595c6694a4e74c95bbf7310e666eece8: Time spent starting tablet: real 0.012s	user 0.006s	sys 0.000s
I20260709 12:18:59.750720 27125 tablet_bootstrap.cc:492] T c7a66dd422e949e5948af19914d30783 P 595c6694a4e74c95bbf7310e666eece8: Bootstrap starting.
I20260709 12:18:59.750622 27301 consensus_queue.cc:1048] T 6b31a65ddfcf4e05962331aca52e0423 P 595c6694a4e74c95bbf7310e666eece8 [LEADER]: Connected to new peer: Peer: permanent_uuid: "10b7789cc8f7415f8ffca7cd75353040" member_type: VOTER last_known_addr { host: "127.25.47.1" port: 39835 }, Status: LMP_MISMATCH, Last received: 0.0, Next index: 1, Last known committed idx: 0, Time since last communication: 0.000s
I20260709 12:18:59.752157 27051 leader_election.cc:304] T ff1ffb28ba2a436ea448143ecb6da40d P 8b8046c920044d26af779588b52811f1 [CANDIDATE]: Term 1 pre-election: Election decided. Result: candidate won. Election summary: received 2 responses out of 3 voters: 2 yes votes; 0 no votes. yes voters: 595c6694a4e74c95bbf7310e666eece8, 8b8046c920044d26af779588b52811f1; no voters: 
I20260709 12:18:59.752890 27142 raft_consensus.cc:493] T 7f1f72f23cbd43808d6908a2577293c5 P 8b8046c920044d26af779588b52811f1 [term 0 FOLLOWER]: Starting pre-election (no leader contacted us within the election timeout)
I20260709 12:18:59.753317 27142 raft_consensus.cc:515] T 7f1f72f23cbd43808d6908a2577293c5 P 8b8046c920044d26af779588b52811f1 [term 0 FOLLOWER]: Starting pre-election with config: opid_index: -1 OBSOLETE_local: false peers { permanent_uuid: "10b7789cc8f7415f8ffca7cd75353040" member_type: VOTER last_known_addr { host: "127.25.47.1" port: 39835 } } peers { permanent_uuid: "595c6694a4e74c95bbf7310e666eece8" member_type: VOTER last_known_addr { host: "127.25.47.2" port: 37041 } } peers { permanent_uuid: "8b8046c920044d26af779588b52811f1" member_type: VOTER last_known_addr { host: "127.25.47.3" port: 45705 } }
I20260709 12:18:59.753844 27128 tablet_bootstrap.cc:654] T 5a1fc9db2c814adb8ab4f3fb42bf7002 P 8b8046c920044d26af779588b52811f1: Neither blocks nor log segments found. Creating new log.
I20260709 12:18:59.755204 27142 leader_election.cc:290] T 7f1f72f23cbd43808d6908a2577293c5 P 8b8046c920044d26af779588b52811f1 [CANDIDATE]: Term 1 pre-election: Requested pre-vote from peers 10b7789cc8f7415f8ffca7cd75353040 (127.25.47.1:39835), 595c6694a4e74c95bbf7310e666eece8 (127.25.47.2:37041)
I20260709 12:18:59.755686 27142 raft_consensus.cc:2804] T ff1ffb28ba2a436ea448143ecb6da40d P 8b8046c920044d26af779588b52811f1 [term 0 FOLLOWER]: Leader pre-election won for term 1
I20260709 12:18:59.755985 27142 raft_consensus.cc:493] T ff1ffb28ba2a436ea448143ecb6da40d P 8b8046c920044d26af779588b52811f1 [term 0 FOLLOWER]: Starting leader election (no leader contacted us within the election timeout)
I20260709 12:18:59.756285 27142 raft_consensus.cc:3060] T ff1ffb28ba2a436ea448143ecb6da40d P 8b8046c920044d26af779588b52811f1 [term 0 FOLLOWER]: Advancing to term 1
I20260709 12:18:59.756692 27125 tablet_bootstrap.cc:654] T c7a66dd422e949e5948af19914d30783 P 595c6694a4e74c95bbf7310e666eece8: Neither blocks nor log segments found. Creating new log.
I20260709 12:18:59.759558 27321 consensus_queue.cc:1048] T ac7976d7b2154d2896207a531e01c67c P 10b7789cc8f7415f8ffca7cd75353040 [LEADER]: Connected to new peer: Peer: permanent_uuid: "8b8046c920044d26af779588b52811f1" member_type: VOTER last_known_addr { host: "127.25.47.3" port: 45705 }, Status: LMP_MISMATCH, Last received: 0.0, Next index: 1, Last known committed idx: 0, Time since last communication: 0.000s
I20260709 12:18:59.743113 27294 raft_consensus.cc:515] T 8bc6051c24774414a05063aa0f23785b P 595c6694a4e74c95bbf7310e666eece8 [term 0 FOLLOWER]: Starting pre-election with config: opid_index: -1 OBSOLETE_local: false peers { permanent_uuid: "10b7789cc8f7415f8ffca7cd75353040" member_type: VOTER last_known_addr { host: "127.25.47.1" port: 39835 } } peers { permanent_uuid: "595c6694a4e74c95bbf7310e666eece8" member_type: VOTER last_known_addr { host: "127.25.47.2" port: 37041 } } peers { permanent_uuid: "8b8046c920044d26af779588b52811f1" member_type: VOTER last_known_addr { host: "127.25.47.3" port: 45705 } }
I20260709 12:18:59.765056 27294 leader_election.cc:290] T 8bc6051c24774414a05063aa0f23785b P 595c6694a4e74c95bbf7310e666eece8 [CANDIDATE]: Term 1 pre-election: Requested pre-vote from peers 10b7789cc8f7415f8ffca7cd75353040 (127.25.47.1:39835), 8b8046c920044d26af779588b52811f1 (127.25.47.3:45705)
I20260709 12:18:59.766400 26933 tablet_service.cc:1917] Received RequestConsensusVote() RPC: tablet_id: "8bc6051c24774414a05063aa0f23785b" candidate_uuid: "595c6694a4e74c95bbf7310e666eece8" candidate_term: 1 candidate_status { last_received { term: 0 index: 0 } } ignore_live_leader: false dest_uuid: "10b7789cc8f7415f8ffca7cd75353040" is_pre_election: true
W20260709 12:18:59.767660 26975 leader_election.cc:343] T 8bc6051c24774414a05063aa0f23785b P 595c6694a4e74c95bbf7310e666eece8 [CANDIDATE]: Term 1 pre-election: Tablet error from VoteRequest() call to peer 10b7789cc8f7415f8ffca7cd75353040 (127.25.47.1:39835): Illegal state: must be running to vote when last-logged opid is not known
I20260709 12:18:59.768265 27127 raft_consensus.cc:740] T 83115c4602ef4cf28290e5ce84c90406 P 10b7789cc8f7415f8ffca7cd75353040 [term 0 FOLLOWER]: Becoming Follower/Learner. State: Replica: 10b7789cc8f7415f8ffca7cd75353040, State: Initialized, Role: FOLLOWER
I20260709 12:18:59.768560 26936 tablet_service.cc:1917] Received RequestConsensusVote() RPC: tablet_id: "7f1f72f23cbd43808d6908a2577293c5" candidate_uuid: "8b8046c920044d26af779588b52811f1" candidate_term: 1 candidate_status { last_received { term: 0 index: 0 } } ignore_live_leader: false dest_uuid: "10b7789cc8f7415f8ffca7cd75353040" is_pre_election: true
I20260709 12:18:59.769304 27127 consensus_queue.cc:260] T 83115c4602ef4cf28290e5ce84c90406 P 10b7789cc8f7415f8ffca7cd75353040 [NON_LEADER]: Queue going to NON_LEADER mode. State: All replicated index: 0, Majority replicated index: 0, Committed index: 0, Last appended: 0.0, Last appended by leader: 0, Current term: 0, Majority size: -1, State: 0, Mode: NON_LEADER, active raft config: opid_index: -1 OBSOLETE_local: false peers { permanent_uuid: "10b7789cc8f7415f8ffca7cd75353040" member_type: VOTER last_known_addr { host: "127.25.47.1" port: 39835 } } peers { permanent_uuid: "595c6694a4e74c95bbf7310e666eece8" member_type: VOTER last_known_addr { host: "127.25.47.2" port: 37041 } } peers { permanent_uuid: "8b8046c920044d26af779588b52811f1" member_type: VOTER last_known_addr { host: "127.25.47.3" port: 45705 } }
