I20260709 12:18:43.679328 15541 tablet_service.cc:1917] Received RequestConsensusVote() RPC: tablet_id: "0f74f7bbcbe94358a8cfa416b7fc9dbe" candidate_uuid: "2da4c23d770c486c8fef698bf82ba286" candidate_term: 1 candidate_status { last_received { term: 0 index: 0 } } ignore_live_leader: false dest_uuid: "40548ad9f7554f2481ca08dd15b45914"
I20260709 12:18:43.680120 15541 raft_consensus.cc:3060] T 0f74f7bbcbe94358a8cfa416b7fc9dbe P 40548ad9f7554f2481ca08dd15b45914 [term 0 FOLLOWER]: Advancing to term 1
I20260709 12:18:43.679791 15736 consensus_queue.cc:260] T 0f74f7bbcbe94358a8cfa416b7fc9dbe P e7f49963e90f4fc1a24a2a3f164ddc9a [NON_LEADER]: Queue going to NON_LEADER mode. State: All replicated index: 0, Majority replicated index: 0, Committed index: 0, Last appended: 0.0, Last appended by leader: 0, Current term: 0, Majority size: -1, State: 0, Mode: NON_LEADER, active raft config: opid_index: -1 OBSOLETE_local: false peers { permanent_uuid: "40548ad9f7554f2481ca08dd15b45914" member_type: VOTER last_known_addr { host: "127.14.14.65" port: 35149 } } peers { permanent_uuid: "2da4c23d770c486c8fef698bf82ba286" member_type: VOTER last_known_addr { host: "127.14.14.66" port: 44433 } } peers { permanent_uuid: "e7f49963e90f4fc1a24a2a3f164ddc9a" member_type: VOTER last_known_addr { host: "127.14.14.67" port: 40495 } }
I20260709 12:18:43.682502 15736 ts_tablet_manager.cc:1434] T 0f74f7bbcbe94358a8cfa416b7fc9dbe P e7f49963e90f4fc1a24a2a3f164ddc9a: Time spent starting tablet: real 0.008s	user 0.007s	sys 0.000s
I20260709 12:18:43.686832 15736 tablet_bootstrap.cc:492] T c39d1e60f2134a0ca105b2d80db22d42 P e7f49963e90f4fc1a24a2a3f164ddc9a: Bootstrap starting.
I20260709 12:18:43.692788 15745 consensus_queue.cc:1048] T 34d01db9f84b4205bded688eba77269f P e7f49963e90f4fc1a24a2a3f164ddc9a [LEADER]: Connected to new peer: Peer: permanent_uuid: "40548ad9f7554f2481ca08dd15b45914" member_type: VOTER last_known_addr { host: "127.14.14.65" port: 35149 }, Status: LMP_MISMATCH, Last received: 0.0, Next index: 1, Last known committed idx: 0, Time since last communication: 0.001s
I20260709 12:18:43.702648 15694 raft_consensus.cc:2468] T cc1b04886ae34a599e5a8ec80f132f33 P e7f49963e90f4fc1a24a2a3f164ddc9a [term 1 FOLLOWER]: Leader election vote request: Granting yes vote for candidate 40548ad9f7554f2481ca08dd15b45914 in term 1.
I20260709 12:18:43.710487 15736 tablet_bootstrap.cc:654] T c39d1e60f2134a0ca105b2d80db22d42 P e7f49963e90f4fc1a24a2a3f164ddc9a: Neither blocks nor log segments found. Creating new log.
I20260709 12:18:43.691304 15617 raft_consensus.cc:2468] T cc1b04886ae34a599e5a8ec80f132f33 P 2da4c23d770c486c8fef698bf82ba286 [term 1 FOLLOWER]: Leader election vote request: Granting yes vote for candidate 40548ad9f7554f2481ca08dd15b45914 in term 1.
I20260709 12:18:43.712847 15804 leader_election.cc:290] T 0f74f7bbcbe94358a8cfa416b7fc9dbe P 2da4c23d770c486c8fef698bf82ba286 [CANDIDATE]: Term 1 election: Requested vote from peers 40548ad9f7554f2481ca08dd15b45914 (127.14.14.65:35149), e7f49963e90f4fc1a24a2a3f164ddc9a (127.14.14.67:40495)
I20260709 12:18:43.714264 15508 leader_election.cc:304] T cc1b04886ae34a599e5a8ec80f132f33 P 40548ad9f7554f2481ca08dd15b45914 [CANDIDATE]: Term 1 election: Election decided. Result: candidate won. Election summary: received 2 responses out of 3 voters: 2 yes votes; 0 no votes. yes voters: 2da4c23d770c486c8fef698bf82ba286, 40548ad9f7554f2481ca08dd15b45914; no voters: 
I20260709 12:18:43.715991 15761 raft_consensus.cc:2804] T cc1b04886ae34a599e5a8ec80f132f33 P 40548ad9f7554f2481ca08dd15b45914 [term 1 FOLLOWER]: Leader election won for term 1
I20260709 12:18:43.716089 15692 tablet_service.cc:1917] Received RequestConsensusVote() RPC: tablet_id: "0f74f7bbcbe94358a8cfa416b7fc9dbe" candidate_uuid: "2da4c23d770c486c8fef698bf82ba286" candidate_term: 1 candidate_status { last_received { term: 0 index: 0 } } ignore_live_leader: false dest_uuid: "e7f49963e90f4fc1a24a2a3f164ddc9a"
I20260709 12:18:43.716684 15761 raft_consensus.cc:697] T cc1b04886ae34a599e5a8ec80f132f33 P 40548ad9f7554f2481ca08dd15b45914 [term 1 LEADER]: Becoming Leader. State: Replica: 40548ad9f7554f2481ca08dd15b45914, State: Running, Role: LEADER
I20260709 12:18:43.717259 15694 raft_consensus.cc:3060] T cd2da570fa594a3db94c33058eea1fbe P e7f49963e90f4fc1a24a2a3f164ddc9a [term 0 FOLLOWER]: Advancing to term 1
I20260709 12:18:43.717563 15734 tablet_bootstrap.cc:492] T 299bd9c416764d0bac83b134dddeed9c P 40548ad9f7554f2481ca08dd15b45914: No bootstrap required, opened a new log
I20260709 12:18:43.716687 15692 raft_consensus.cc:3060] T 0f74f7bbcbe94358a8cfa416b7fc9dbe P e7f49963e90f4fc1a24a2a3f164ddc9a [term 0 FOLLOWER]: Advancing to term 1
I20260709 12:18:43.718196 15734 ts_tablet_manager.cc:1403] T 299bd9c416764d0bac83b134dddeed9c P 40548ad9f7554f2481ca08dd15b45914: Time spent bootstrapping tablet: real 0.126s	user 0.041s	sys 0.077s
I20260709 12:18:43.721047 15734 raft_consensus.cc:359] T 299bd9c416764d0bac83b134dddeed9c P 40548ad9f7554f2481ca08dd15b45914 [term 0 FOLLOWER]: Replica starting. Triggering 0 pending ops. Active config: opid_index: -1 OBSOLETE_local: false peers { permanent_uuid: "40548ad9f7554f2481ca08dd15b45914" member_type: VOTER last_known_addr { host: "127.14.14.65" port: 35149 } } peers { permanent_uuid: "2da4c23d770c486c8fef698bf82ba286" member_type: VOTER last_known_addr { host: "127.14.14.66" port: 44433 } } peers { permanent_uuid: "e7f49963e90f4fc1a24a2a3f164ddc9a" member_type: VOTER last_known_addr { host: "127.14.14.67" port: 40495 } }
I20260709 12:18:43.721800 15734 raft_consensus.cc:385] T 299bd9c416764d0bac83b134dddeed9c P 40548ad9f7554f2481ca08dd15b45914 [term 0 FOLLOWER]: Consensus starting up: Expiring failure detector timer to make a prompt election more likely
I20260709 12:18:43.722045 15734 raft_consensus.cc:740] T 299bd9c416764d0bac83b134dddeed9c P 40548ad9f7554f2481ca08dd15b45914 [term 0 FOLLOWER]: Becoming Follower/Learner. State: Replica: 40548ad9f7554f2481ca08dd15b45914, State: Initialized, Role: FOLLOWER
I20260709 12:18:43.717562 15739 tablet_bootstrap.cc:492] T 299bd9c416764d0bac83b134dddeed9c P 2da4c23d770c486c8fef698bf82ba286: No bootstrap required, opened a new log
I20260709 12:18:43.723042 15739 ts_tablet_manager.cc:1403] T 299bd9c416764d0bac83b134dddeed9c P 2da4c23d770c486c8fef698bf82ba286: Time spent bootstrapping tablet: real 0.075s	user 0.031s	sys 0.033s
I20260709 12:18:43.717535 15761 consensus_queue.cc:237] T cc1b04886ae34a599e5a8ec80f132f33 P 40548ad9f7554f2481ca08dd15b45914 [LEADER]: Queue going to LEADER mode. State: All replicated index: 0, Majority replicated index: 0, Committed index: 0, Last appended: 0.0, Last appended by leader: 0, Current term: 1, Majority size: 2, State: 0, Mode: LEADER, active raft config: opid_index: -1 OBSOLETE_local: false peers { permanent_uuid: "40548ad9f7554f2481ca08dd15b45914" member_type: VOTER last_known_addr { host: "127.14.14.65" port: 35149 } } peers { permanent_uuid: "2da4c23d770c486c8fef698bf82ba286" member_type: VOTER last_known_addr { host: "127.14.14.66" port: 44433 } } peers { permanent_uuid: "e7f49963e90f4fc1a24a2a3f164ddc9a" member_type: VOTER last_known_addr { host: "127.14.14.67" port: 40495 } }
I20260709 12:18:43.725719 15739 raft_consensus.cc:359] T 299bd9c416764d0bac83b134dddeed9c P 2da4c23d770c486c8fef698bf82ba286 [term 0 FOLLOWER]: Replica starting. Triggering 0 pending ops. Active config: opid_index: -1 OBSOLETE_local: false peers { permanent_uuid: "40548ad9f7554f2481ca08dd15b45914" member_type: VOTER last_known_addr { host: "127.14.14.65" port: 35149 } } peers { permanent_uuid: "2da4c23d770c486c8fef698bf82ba286" member_type: VOTER last_known_addr { host: "127.14.14.66" port: 44433 } } peers { permanent_uuid: "e7f49963e90f4fc1a24a2a3f164ddc9a" member_type: VOTER last_known_addr { host: "127.14.14.67" port: 40495 } }
I20260709 12:18:43.726226 15739 raft_consensus.cc:385] T 299bd9c416764d0bac83b134dddeed9c P 2da4c23d770c486c8fef698bf82ba286 [term 0 FOLLOWER]: Consensus starting up: Expiring failure detector timer to make a prompt election more likely
I20260709 12:18:43.726534 15739 raft_consensus.cc:740] T 299bd9c416764d0bac83b134dddeed9c P 2da4c23d770c486c8fef698bf82ba286 [term 0 FOLLOWER]: Becoming Follower/Learner. State: Replica: 2da4c23d770c486c8fef698bf82ba286, State: Initialized, Role: FOLLOWER
I20260709 12:18:43.727106 15739 consensus_queue.cc:260] T 299bd9c416764d0bac83b134dddeed9c P 2da4c23d770c486c8fef698bf82ba286 [NON_LEADER]: Queue going to NON_LEADER mode. State: All replicated index: 0, Majority replicated index: 0, Committed index: 0, Last appended: 0.0, Last appended by leader: 0, Current term: 0, Majority size: -1, State: 0, Mode: NON_LEADER, active raft config: opid_index: -1 OBSOLETE_local: false peers { permanent_uuid: "40548ad9f7554f2481ca08dd15b45914" member_type: VOTER last_known_addr { host: "127.14.14.65" port: 35149 } } peers { permanent_uuid: "2da4c23d770c486c8fef698bf82ba286" member_type: VOTER last_known_addr { host: "127.14.14.66" port: 44433 } } peers { permanent_uuid: "e7f49963e90f4fc1a24a2a3f164ddc9a" member_type: VOTER last_known_addr { host: "127.14.14.67" port: 40495 } }
I20260709 12:18:43.727819 15757 raft_consensus.cc:493] T 29302a3821cd48ae9159a071d57179d0 P 2da4c23d770c486c8fef698bf82ba286 [term 0 FOLLOWER]: Starting pre-election (no leader contacted us within the election timeout)
I20260709 12:18:43.728416 15739 ts_tablet_manager.cc:1434] T 299bd9c416764d0bac83b134dddeed9c P 2da4c23d770c486c8fef698bf82ba286: Time spent starting tablet: real 0.005s	user 0.005s	sys 0.000s
I20260709 12:18:43.728231 15757 raft_consensus.cc:515] T 29302a3821cd48ae9159a071d57179d0 P 2da4c23d770c486c8fef698bf82ba286 [term 0 FOLLOWER]: Starting pre-election with config: opid_index: -1 OBSOLETE_local: false peers { permanent_uuid: "40548ad9f7554f2481ca08dd15b45914" member_type: VOTER last_known_addr { host: "127.14.14.65" port: 35149 } } peers { permanent_uuid: "2da4c23d770c486c8fef698bf82ba286" member_type: VOTER last_known_addr { host: "127.14.14.66" port: 44433 } } peers { permanent_uuid: "e7f49963e90f4fc1a24a2a3f164ddc9a" member_type: VOTER last_known_addr { host: "127.14.14.67" port: 40495 } }
I20260709 12:18:43.729218 15739 tablet_bootstrap.cc:492] T 5da7bb52104e44579af86b0007cccfc5 P 2da4c23d770c486c8fef698bf82ba286: Bootstrap starting.
I20260709 12:18:43.730082 15757 leader_election.cc:290] T 29302a3821cd48ae9159a071d57179d0 P 2da4c23d770c486c8fef698bf82ba286 [CANDIDATE]: Term 1 pre-election: Requested pre-vote from peers 40548ad9f7554f2481ca08dd15b45914 (127.14.14.65:35149), e7f49963e90f4fc1a24a2a3f164ddc9a (127.14.14.67:40495)
I20260709 12:18:43.731024 15734 consensus_queue.cc:260] T 299bd9c416764d0bac83b134dddeed9c P 40548ad9f7554f2481ca08dd15b45914 [NON_LEADER]: Queue going to NON_LEADER mode. State: All replicated index: 0, Majority replicated index: 0, Committed index: 0, Last appended: 0.0, Last appended by leader: 0, Current term: 0, Majority size: -1, State: 0, Mode: NON_LEADER, active raft config: opid_index: -1 OBSOLETE_local: false peers { permanent_uuid: "40548ad9f7554f2481ca08dd15b45914" member_type: VOTER last_known_addr { host: "127.14.14.65" port: 35149 } } peers { permanent_uuid: "2da4c23d770c486c8fef698bf82ba286" member_type: VOTER last_known_addr { host: "127.14.14.66" port: 44433 } } peers { permanent_uuid: "e7f49963e90f4fc1a24a2a3f164ddc9a" member_type: VOTER last_known_addr { host: "127.14.14.67" port: 40495 } }
I20260709 12:18:43.731638 15693 tablet_service.cc:1917] Received RequestConsensusVote() RPC: tablet_id: "29302a3821cd48ae9159a071d57179d0" candidate_uuid: "2da4c23d770c486c8fef698bf82ba286" candidate_term: 1 candidate_status { last_received { term: 0 index: 0 } } ignore_live_leader: false dest_uuid: "e7f49963e90f4fc1a24a2a3f164ddc9a" is_pre_election: true
I20260709 12:18:43.732245 15693 raft_consensus.cc:2468] T 29302a3821cd48ae9159a071d57179d0 P e7f49963e90f4fc1a24a2a3f164ddc9a [term 0 FOLLOWER]: Leader pre-election vote request: Granting yes vote for candidate 2da4c23d770c486c8fef698bf82ba286 in term 0.
I20260709 12:18:43.733342 15734 ts_tablet_manager.cc:1434] T 299bd9c416764d0bac83b134dddeed9c P 40548ad9f7554f2481ca08dd15b45914: Time spent starting tablet: real 0.015s	user 0.005s	sys 0.000s
I20260709 12:18:43.733404 15583 leader_election.cc:304] T 29302a3821cd48ae9159a071d57179d0 P 2da4c23d770c486c8fef698bf82ba286 [CANDIDATE]: Term 1 pre-election: Election decided. Result: candidate won. Election summary: received 2 responses out of 3 voters: 2 yes votes; 0 no votes. yes voters: 2da4c23d770c486c8fef698bf82ba286, e7f49963e90f4fc1a24a2a3f164ddc9a; no voters: 
I20260709 12:18:43.734252 15734 tablet_bootstrap.cc:492] T 6111886a0dba44beab2318dd035c6cf8 P 40548ad9f7554f2481ca08dd15b45914: Bootstrap starting.
I20260709 12:18:43.736140 15746 raft_consensus.cc:2804] T 29302a3821cd48ae9159a071d57179d0 P 2da4c23d770c486c8fef698bf82ba286 [term 0 FOLLOWER]: Leader pre-election won for term 1
I20260709 12:18:43.736510 15746 raft_consensus.cc:493] T 29302a3821cd48ae9159a071d57179d0 P 2da4c23d770c486c8fef698bf82ba286 [term 0 FOLLOWER]: Starting leader election (no leader contacted us within the election timeout)
I20260709 12:18:43.736824 15746 raft_consensus.cc:3060] T 29302a3821cd48ae9159a071d57179d0 P 2da4c23d770c486c8fef698bf82ba286 [term 0 FOLLOWER]: Advancing to term 1
I20260709 12:18:43.737318 15692 raft_consensus.cc:2468] T 0f74f7bbcbe94358a8cfa416b7fc9dbe P e7f49963e90f4fc1a24a2a3f164ddc9a [term 1 FOLLOWER]: Leader election vote request: Granting yes vote for candidate 2da4c23d770c486c8fef698bf82ba286 in term 1.
I20260709 12:18:43.739801 15734 tablet_bootstrap.cc:654] T 6111886a0dba44beab2318dd035c6cf8 P 40548ad9f7554f2481ca08dd15b45914: Neither blocks nor log segments found. Creating new log.
I20260709 12:18:43.740504 15583 leader_election.cc:304] T 0f74f7bbcbe94358a8cfa416b7fc9dbe P 2da4c23d770c486c8fef698bf82ba286 [CANDIDATE]: Term 1 election: Election decided. Result: candidate won. Election summary: received 2 responses out of 3 voters: 2 yes votes; 0 no votes. yes voters: 2da4c23d770c486c8fef698bf82ba286, e7f49963e90f4fc1a24a2a3f164ddc9a; no voters: 
I20260709 12:18:43.741600 15762 raft_consensus.cc:2804] T 0f74f7bbcbe94358a8cfa416b7fc9dbe P 2da4c23d770c486c8fef698bf82ba286 [term 1 FOLLOWER]: Leader election won for term 1
I20260709 12:18:43.741700 15541 raft_consensus.cc:2468] T 0f74f7bbcbe94358a8cfa416b7fc9dbe P 40548ad9f7554f2481ca08dd15b45914 [term 1 FOLLOWER]: Leader election vote request: Granting yes vote for candidate 2da4c23d770c486c8fef698bf82ba286 in term 1.
I20260709 12:18:43.742048 15762 raft_consensus.cc:697] T 0f74f7bbcbe94358a8cfa416b7fc9dbe P 2da4c23d770c486c8fef698bf82ba286 [term 1 LEADER]: Becoming Leader. State: Replica: 2da4c23d770c486c8fef698bf82ba286, State: Running, Role: LEADER
I20260709 12:18:43.742890 15762 consensus_queue.cc:237] T 0f74f7bbcbe94358a8cfa416b7fc9dbe P 2da4c23d770c486c8fef698bf82ba286 [LEADER]: Queue going to LEADER mode. State: All replicated index: 0, Majority replicated index: 0, Committed index: 0, Last appended: 0.0, Last appended by leader: 0, Current term: 1, Majority size: 2, State: 0, Mode: LEADER, active raft config: opid_index: -1 OBSOLETE_local: false peers { permanent_uuid: "40548ad9f7554f2481ca08dd15b45914" member_type: VOTER last_known_addr { host: "127.14.14.65" port: 35149 } } peers { permanent_uuid: "2da4c23d770c486c8fef698bf82ba286" member_type: VOTER last_known_addr { host: "127.14.14.66" port: 44433 } } peers { permanent_uuid: "e7f49963e90f4fc1a24a2a3f164ddc9a" member_type: VOTER last_known_addr { host: "127.14.14.67" port: 40495 } }
I20260709 12:18:43.746809 15739 tablet_bootstrap.cc:654] T 5da7bb52104e44579af86b0007cccfc5 P 2da4c23d770c486c8fef698bf82ba286: Neither blocks nor log segments found. Creating new log.
I20260709 12:18:43.751606 15746 raft_consensus.cc:515] T 29302a3821cd48ae9159a071d57179d0 P 2da4c23d770c486c8fef698bf82ba286 [term 1 FOLLOWER]: Starting leader election with config: opid_index: -1 OBSOLETE_local: false peers { permanent_uuid: "40548ad9f7554f2481ca08dd15b45914" member_type: VOTER last_known_addr { host: "127.14.14.65" port: 35149 } } peers { permanent_uuid: "2da4c23d770c486c8fef698bf82ba286" member_type: VOTER last_known_addr { host: "127.14.14.66" port: 44433 } } peers { permanent_uuid: "e7f49963e90f4fc1a24a2a3f164ddc9a" member_type: VOTER last_known_addr { host: "127.14.14.67" port: 40495 } }
I20260709 12:18:43.754953 15541 tablet_service.cc:1917] Received RequestConsensusVote() RPC: tablet_id: "29302a3821cd48ae9159a071d57179d0" candidate_uuid: "2da4c23d770c486c8fef698bf82ba286" candidate_term: 1 candidate_status { last_received { term: 0 index: 0 } } ignore_live_leader: false dest_uuid: "40548ad9f7554f2481ca08dd15b45914" is_pre_election: true
I20260709 12:18:43.755033 15692 tablet_service.cc:1917] Received RequestConsensusVote() RPC: tablet_id: "29302a3821cd48ae9159a071d57179d0" candidate_uuid: "2da4c23d770c486c8fef698bf82ba286" candidate_term: 1 candidate_status { last_received { term: 0 index: 0 } } ignore_live_leader: false dest_uuid: "e7f49963e90f4fc1a24a2a3f164ddc9a"
I20260709 12:18:43.755561 15746 leader_election.cc:290] T 29302a3821cd48ae9159a071d57179d0 P 2da4c23d770c486c8fef698bf82ba286 [CANDIDATE]: Term 1 election: Requested vote from peers 40548ad9f7554f2481ca08dd15b45914 (127.14.14.65:35149), e7f49963e90f4fc1a24a2a3f164ddc9a (127.14.14.67:40495)
I20260709 12:18:43.755738 15692 raft_consensus.cc:3060] T 29302a3821cd48ae9159a071d57179d0 P e7f49963e90f4fc1a24a2a3f164ddc9a [term 0 FOLLOWER]: Advancing to term 1
I20260709 12:18:43.770576 15757 consensus_queue.cc:1048] T cd2da570fa594a3db94c33058eea1fbe P 2da4c23d770c486c8fef698bf82ba286 [LEADER]: Connected to new peer: Peer: permanent_uuid: "e7f49963e90f4fc1a24a2a3f164ddc9a" member_type: VOTER last_known_addr { host: "127.14.14.67" port: 40495 }, Status: LMP_MISMATCH, Last received: 0.0, Next index: 1, Last known committed idx: 0, Time since last communication: 0.008s
I20260709 12:18:43.783732 15887 raft_consensus.cc:493] T 5e65d85f3c284e079cb2e0ef274c79a6 P 2da4c23d770c486c8fef698bf82ba286 [term 0 FOLLOWER]: Starting pre-election (no leader contacted us within the election timeout)
I20260709 12:18:43.784173 15887 raft_consensus.cc:515] T 5e65d85f3c284e079cb2e0ef274c79a6 P 2da4c23d770c486c8fef698bf82ba286 [term 0 FOLLOWER]: Starting pre-election with config: opid_index: -1 OBSOLETE_local: false peers { permanent_uuid: "40548ad9f7554f2481ca08dd15b45914" member_type: VOTER last_known_addr { host: "127.14.14.65" port: 35149 } } peers { permanent_uuid: "2da4c23d770c486c8fef698bf82ba286" member_type: VOTER last_known_addr { host: "127.14.14.66" port: 44433 } } peers { permanent_uuid: "e7f49963e90f4fc1a24a2a3f164ddc9a" member_type: VOTER last_known_addr { host: "127.14.14.67" port: 40495 } }
W20260709 12:18:43.786135 15585 leader_election.cc:343] T 29302a3821cd48ae9159a071d57179d0 P 2da4c23d770c486c8fef698bf82ba286 [CANDIDATE]: Term 1 pre-election: Tablet error from VoteRequest() call to peer 40548ad9f7554f2481ca08dd15b45914 (127.14.14.65:35149): Illegal state: must be running to vote when last-logged opid is not known
I20260709 12:18:43.787372 15887 leader_election.cc:290] T 5e65d85f3c284e079cb2e0ef274c79a6 P 2da4c23d770c486c8fef698bf82ba286 [CANDIDATE]: Term 1 pre-election: Requested pre-vote from peers 40548ad9f7554f2481ca08dd15b45914 (127.14.14.65:35149), e7f49963e90f4fc1a24a2a3f164ddc9a (127.14.14.67:40495)
I20260709 12:18:43.779208 15779 raft_consensus.cc:493] T d2489eb60a1b41598443e6afd1f1b802 P e7f49963e90f4fc1a24a2a3f164ddc9a [term 0 FOLLOWER]: Starting pre-election (no leader contacted us within the election timeout)
I20260709 12:18:43.796151 15736 tablet_bootstrap.cc:492] T c39d1e60f2134a0ca105b2d80db22d42 P e7f49963e90f4fc1a24a2a3f164ddc9a: No bootstrap required, opened a new log
I20260709 12:18:43.796599 15736 ts_tablet_manager.cc:1403] T c39d1e60f2134a0ca105b2d80db22d42 P e7f49963e90f4fc1a24a2a3f164ddc9a: Time spent bootstrapping tablet: real 0.110s	user 0.017s	sys 0.014s
I20260709 12:18:43.799067 15736 raft_consensus.cc:359] T c39d1e60f2134a0ca105b2d80db22d42 P e7f49963e90f4fc1a24a2a3f164ddc9a [term 0 FOLLOWER]: Replica starting. Triggering 0 pending ops. Active config: opid_index: -1 OBSOLETE_local: false peers { permanent_uuid: "40548ad9f7554f2481ca08dd15b45914" member_type: VOTER last_known_addr { host: "127.14.14.65" port: 35149 } } peers { permanent_uuid: "2da4c23d770c486c8fef698bf82ba286" member_type: VOTER last_known_addr { host: "127.14.14.66" port: 44433 } } peers { permanent_uuid: "e7f49963e90f4fc1a24a2a3f164ddc9a" member_type: VOTER last_known_addr { host: "127.14.14.67" port: 40495 } }
I20260709 12:18:43.799647 15736 raft_consensus.cc:385] T c39d1e60f2134a0ca105b2d80db22d42 P e7f49963e90f4fc1a24a2a3f164ddc9a [term 0 FOLLOWER]: Consensus starting up: Expiring failure detector timer to make a prompt election more likely
I20260709 12:18:43.799911 15736 raft_consensus.cc:740] T c39d1e60f2134a0ca105b2d80db22d42 P e7f49963e90f4fc1a24a2a3f164ddc9a [term 0 FOLLOWER]: Becoming Follower/Learner. State: Replica: e7f49963e90f4fc1a24a2a3f164ddc9a, State: Initialized, Role: FOLLOWER
I20260709 12:18:43.800480 15736 consensus_queue.cc:260] T c39d1e60f2134a0ca105b2d80db22d42 P e7f49963e90f4fc1a24a2a3f164ddc9a [NON_LEADER]: Queue going to NON_LEADER mode. State: All replicated index: 0, Majority replicated index: 0, Committed index: 0, Last appended: 0.0, Last appended by leader: 0, Current term: 0, Majority size: -1, State: 0, Mode: NON_LEADER, active raft config: opid_index: -1 OBSOLETE_local: false peers { permanent_uuid: "40548ad9f7554f2481ca08dd15b45914" member_type: VOTER last_known_addr { host: "127.14.14.65" port: 35149 } } peers { permanent_uuid: "2da4c23d770c486c8fef698bf82ba286" member_type: VOTER last_known_addr { host: "127.14.14.66" port: 44433 } } peers { permanent_uuid: "e7f49963e90f4fc1a24a2a3f164ddc9a" member_type: VOTER last_known_addr { host: "127.14.14.67" port: 40495 } }
I20260709 12:18:43.802754 15692 raft_consensus.cc:2468] T 29302a3821cd48ae9159a071d57179d0 P e7f49963e90f4fc1a24a2a3f164ddc9a [term 1 FOLLOWER]: Leader election vote request: Granting yes vote for candidate 2da4c23d770c486c8fef698bf82ba286 in term 1.
I20260709 12:18:43.803791 15736 ts_tablet_manager.cc:1434] T c39d1e60f2134a0ca105b2d80db22d42 P e7f49963e90f4fc1a24a2a3f164ddc9a: Time spent starting tablet: real 0.007s	user 0.005s	sys 0.001s
I20260709 12:18:43.804663 15736 tablet_bootstrap.cc:492] T d9af7d64f38e4d808846dcdcc3bd2530 P e7f49963e90f4fc1a24a2a3f164ddc9a: Bootstrap starting.
I20260709 12:18:43.804695 15583 leader_election.cc:304] T 29302a3821cd48ae9159a071d57179d0 P 2da4c23d770c486c8fef698bf82ba286 [CANDIDATE]: Term 1 election: Election decided. Result: candidate won. Election summary: received 2 responses out of 3 voters: 2 yes votes; 0 no votes. yes voters: 2da4c23d770c486c8fef698bf82ba286, e7f49963e90f4fc1a24a2a3f164ddc9a; no voters: 
I20260709 12:18:43.805605 15694 tablet_service.cc:1917] Received RequestConsensusVote() RPC: tablet_id: "5e65d85f3c284e079cb2e0ef274c79a6" candidate_uuid: "2da4c23d770c486c8fef698bf82ba286" candidate_term: 1 candidate_status { last_received { term: 0 index: 0 } } ignore_live_leader: false dest_uuid: "e7f49963e90f4fc1a24a2a3f164ddc9a" is_pre_election: true
I20260709 12:18:43.806165 15694 raft_consensus.cc:2468] T 5e65d85f3c284e079cb2e0ef274c79a6 P e7f49963e90f4fc1a24a2a3f164ddc9a [term 0 FOLLOWER]: Leader pre-election vote request: Granting yes vote for candidate 2da4c23d770c486c8fef698bf82ba286 in term 0.
I20260709 12:18:43.808414 15762 raft_consensus.cc:2804] T 29302a3821cd48ae9159a071d57179d0 P 2da4c23d770c486c8fef698bf82ba286 [term 1 FOLLOWER]: Leader election won for term 1
I20260709 12:18:43.809026 15762 raft_consensus.cc:697] T 29302a3821cd48ae9159a071d57179d0 P 2da4c23d770c486c8fef698bf82ba286 [term 1 LEADER]: Becoming Leader. State: Replica: 2da4c23d770c486c8fef698bf82ba286, State: Running, Role: LEADER
I20260709 12:18:43.810567 15734 tablet_bootstrap.cc:492] T 6111886a0dba44beab2318dd035c6cf8 P 40548ad9f7554f2481ca08dd15b45914: No bootstrap required, opened a new log
I20260709 12:18:43.810019 15762 consensus_queue.cc:237] T 29302a3821cd48ae9159a071d57179d0 P 2da4c23d770c486c8fef698bf82ba286 [LEADER]: Queue going to LEADER mode. State: All replicated index: 0, Majority replicated index: 0, Committed index: 0, Last appended: 0.0, Last appended by leader: 0, Current term: 1, Majority size: 2, State: 0, Mode: LEADER, active raft config: opid_index: -1 OBSOLETE_local: false peers { permanent_uuid: "40548ad9f7554f2481ca08dd15b45914" member_type: VOTER last_known_addr { host: "127.14.14.65" port: 35149 } } peers { permanent_uuid: "2da4c23d770c486c8fef698bf82ba286" member_type: VOTER last_known_addr { host: "127.14.14.66" port: 44433 } } peers { permanent_uuid: "e7f49963e90f4fc1a24a2a3f164ddc9a" member_type: VOTER last_known_addr { host: "127.14.14.67" port: 40495 } }
I20260709 12:18:43.794819 15779 raft_consensus.cc:515] T d2489eb60a1b41598443e6afd1f1b802 P e7f49963e90f4fc1a24a2a3f164ddc9a [term 0 FOLLOWER]: Starting pre-election with config: opid_index: -1 OBSOLETE_local: false peers { permanent_uuid: "40548ad9f7554f2481ca08dd15b45914" member_type: VOTER last_known_addr { host: "127.14.14.65" port: 35149 } } peers { permanent_uuid: "2da4c23d770c486c8fef698bf82ba286" member_type: VOTER last_known_addr { host: "127.14.14.66" port: 44433 } } peers { permanent_uuid: "e7f49963e90f4fc1a24a2a3f164ddc9a" member_type: VOTER last_known_addr { host: "127.14.14.67" port: 40495 } }
I20260709 12:18:43.840674 15543 tablet_service.cc:1917] Received RequestConsensusVote() RPC: tablet_id: "5e65d85f3c284e079cb2e0ef274c79a6" candidate_uuid: "2da4c23d770c486c8fef698bf82ba286" candidate_term: 1 candidate_status { last_received { term: 0 index: 0 } } ignore_live_leader: false dest_uuid: "40548ad9f7554f2481ca08dd15b45914" is_pre_election: true
I20260709 12:18:43.855940 15781 raft_consensus.cc:493] T cd2da570fa594a3db94c33058eea1fbe P e7f49963e90f4fc1a24a2a3f164ddc9a [term 1 FOLLOWER]: Starting pre-election (no leader contacted us within the election timeout)
I20260709 12:18:43.901161 15734 ts_tablet_manager.cc:1403] T 6111886a0dba44beab2318dd035c6cf8 P 40548ad9f7554f2481ca08dd15b45914: Time spent bootstrapping tablet: real 0.167s	user 0.018s	sys 0.041s
I20260709 12:18:43.906797 15781 raft_consensus.cc:515] T cd2da570fa594a3db94c33058eea1fbe P e7f49963e90f4fc1a24a2a3f164ddc9a [term 1 FOLLOWER]: Starting pre-election with config: opid_index: -1 OBSOLETE_local: false peers { permanent_uuid: "40548ad9f7554f2481ca08dd15b45914" member_type: VOTER last_known_addr { host: "127.14.14.65" port: 35149 } } peers { permanent_uuid: "2da4c23d770c486c8fef698bf82ba286" member_type: VOTER last_known_addr { host: "127.14.14.66" port: 44433 } } peers { permanent_uuid: "e7f49963e90f4fc1a24a2a3f164ddc9a" member_type: VOTER last_known_addr { host: "127.14.14.67" port: 40495 } }
I20260709 12:18:43.901613 15887 raft_consensus.cc:493] T d2489eb60a1b41598443e6afd1f1b802 P 2da4c23d770c486c8fef698bf82ba286 [term 0 FOLLOWER]: Starting pre-election (no leader contacted us within the election timeout)
I20260709 12:18:43.908483 15739 tablet_bootstrap.cc:492] T 5da7bb52104e44579af86b0007cccfc5 P 2da4c23d770c486c8fef698bf82ba286: No bootstrap required, opened a new log
I20260709 12:18:43.823078 15441 catalog_manager.cc:5697] T cc1b04886ae34a599e5a8ec80f132f33 P 40548ad9f7554f2481ca08dd15b45914 reported cstate change: term changed from 0 to 1, leader changed from <none> to 40548ad9f7554f2481ca08dd15b45914 (127.14.14.65). New cstate: current_term: 1 leader_uuid: "40548ad9f7554f2481ca08dd15b45914" committed_config { opid_index: -1 OBSOLETE_local: false peers { permanent_uuid: "40548ad9f7554f2481ca08dd15b45914" member_type: VOTER last_known_addr { host: "127.14.14.65" port: 35149 } health_report { overall_health: HEALTHY } } peers { permanent_uuid: "2da4c23d770c486c8fef698bf82ba286" member_type: VOTER last_known_addr { host: "127.14.14.66" port: 44433 } health_report { overall_health: UNKNOWN } } peers { permanent_uuid: "e7f49963e90f4fc1a24a2a3f164ddc9a" member_type: VOTER last_known_addr { host: "127.14.14.67" port: 40495 } health_report { overall_health: UNKNOWN } } }
I20260709 12:18:43.908533 15887 raft_consensus.cc:515] T d2489eb60a1b41598443e6afd1f1b802 P 2da4c23d770c486c8fef698bf82ba286 [term 0 FOLLOWER]: Starting pre-election with config: opid_index: -1 OBSOLETE_local: false peers { permanent_uuid: "40548ad9f7554f2481ca08dd15b45914" member_type: VOTER last_known_addr { host: "127.14.14.65" port: 35149 } } peers { permanent_uuid: "2da4c23d770c486c8fef698bf82ba286" member_type: VOTER last_known_addr { host: "127.14.14.66" port: 44433 } } peers { permanent_uuid: "e7f49963e90f4fc1a24a2a3f164ddc9a" member_type: VOTER last_known_addr { host: "127.14.14.67" port: 40495 } }
I20260709 12:18:43.909021 15739 ts_tablet_manager.cc:1403] T 5da7bb52104e44579af86b0007cccfc5 P 2da4c23d770c486c8fef698bf82ba286: Time spent bootstrapping tablet: real 0.180s	user 0.017s	sys 0.035s
I20260709 12:18:43.909926 15781 leader_election.cc:290] T cd2da570fa594a3db94c33058eea1fbe P e7f49963e90f4fc1a24a2a3f164ddc9a [CANDIDATE]: Term 2 pre-election: Requested pre-vote from peers 40548ad9f7554f2481ca08dd15b45914 (127.14.14.65:35149), 2da4c23d770c486c8fef698bf82ba286 (127.14.14.66:44433)
I20260709 12:18:43.911633 15739 raft_consensus.cc:359] T 5da7bb52104e44579af86b0007cccfc5 P 2da4c23d770c486c8fef698bf82ba286 [term 0 FOLLOWER]: Replica starting. Triggering 0 pending ops. Active config: opid_index: -1 OBSOLETE_local: false peers { permanent_uuid: "40548ad9f7554f2481ca08dd15b45914" member_type: VOTER last_known_addr { host: "127.14.14.65" port: 35149 } } peers { permanent_uuid: "2da4c23d770c486c8fef698bf82ba286" member_type: VOTER last_known_addr { host: "127.14.14.66" port: 44433 } } peers { permanent_uuid: "e7f49963e90f4fc1a24a2a3f164ddc9a" member_type: VOTER last_known_addr { host: "127.14.14.67" port: 40495 } }
I20260709 12:18:43.912251 15739 raft_consensus.cc:385] T 5da7bb52104e44579af86b0007cccfc5 P 2da4c23d770c486c8fef698bf82ba286 [term 0 FOLLOWER]: Consensus starting up: Expiring failure detector timer to make a prompt election more likely
I20260709 12:18:43.912503 15739 raft_consensus.cc:740] T 5da7bb52104e44579af86b0007cccfc5 P 2da4c23d770c486c8fef698bf82ba286 [term 0 FOLLOWER]: Becoming Follower/Learner. State: Replica: 2da4c23d770c486c8fef698bf82ba286, State: Initialized, Role: FOLLOWER
I20260709 12:18:43.912564 15779 leader_election.cc:290] T d2489eb60a1b41598443e6afd1f1b802 P e7f49963e90f4fc1a24a2a3f164ddc9a [CANDIDATE]: Term 1 pre-election: Requested pre-vote from peers 40548ad9f7554f2481ca08dd15b45914 (127.14.14.65:35149), 2da4c23d770c486c8fef698bf82ba286 (127.14.14.66:44433)
I20260709 12:18:43.913296 15739 consensus_queue.cc:260] T 5da7bb52104e44579af86b0007cccfc5 P 2da4c23d770c486c8fef698bf82ba286 [NON_LEADER]: Queue going to NON_LEADER mode. State: All replicated index: 0, Majority replicated index: 0, Committed index: 0, Last appended: 0.0, Last appended by leader: 0, Current term: 0, Majority size: -1, State: 0, Mode: NON_LEADER, active raft config: opid_index: -1 OBSOLETE_local: false peers { permanent_uuid: "40548ad9f7554f2481ca08dd15b45914" member_type: VOTER last_known_addr { host: "127.14.14.65" port: 35149 } } peers { permanent_uuid: "2da4c23d770c486c8fef698bf82ba286" member_type: VOTER last_known_addr { host: "127.14.14.66" port: 44433 } } peers { permanent_uuid: "e7f49963e90f4fc1a24a2a3f164ddc9a" member_type: VOTER last_known_addr { host: "127.14.14.67" port: 40495 } }
I20260709 12:18:43.821810 15583 leader_election.cc:304] T 5e65d85f3c284e079cb2e0ef274c79a6 P 2da4c23d770c486c8fef698bf82ba286 [CANDIDATE]: Term 1 pre-election: Election decided. Result: candidate won. Election summary: received 2 responses out of 3 voters: 2 yes votes; 0 no votes. yes voters: 2da4c23d770c486c8fef698bf82ba286, e7f49963e90f4fc1a24a2a3f164ddc9a; no voters: 
I20260709 12:18:43.915342 15739 ts_tablet_manager.cc:1434] T 5da7bb52104e44579af86b0007cccfc5 P 2da4c23d770c486c8fef698bf82ba286: Time spent starting tablet: real 0.006s	user 0.004s	sys 0.000s
I20260709 12:18:43.915782 15804 raft_consensus.cc:2804] T 5e65d85f3c284e079cb2e0ef274c79a6 P 2da4c23d770c486c8fef698bf82ba286 [term 0 FOLLOWER]: Leader pre-election won for term 1
I20260709 12:18:43.916118 15804 raft_consensus.cc:493] T 5e65d85f3c284e079cb2e0ef274c79a6 P 2da4c23d770c486c8fef698bf82ba286 [term 0 FOLLOWER]: Starting leader election (no leader contacted us within the election timeout)
I20260709 12:18:43.916483 15804 raft_consensus.cc:3060] T 5e65d85f3c284e079cb2e0ef274c79a6 P 2da4c23d770c486c8fef698bf82ba286 [term 0 FOLLOWER]: Advancing to term 1
I20260709 12:18:43.917752 15887 leader_election.cc:290] T d2489eb60a1b41598443e6afd1f1b802 P 2da4c23d770c486c8fef698bf82ba286 [CANDIDATE]: Term 1 pre-election: Requested pre-vote from peers 40548ad9f7554f2481ca08dd15b45914 (127.14.14.65:35149), e7f49963e90f4fc1a24a2a3f164ddc9a (127.14.14.67:40495)
I20260709 12:18:43.916234 15739 tablet_bootstrap.cc:492] T 6111886a0dba44beab2318dd035c6cf8 P 2da4c23d770c486c8fef698bf82ba286: Bootstrap starting.
I20260709 12:18:43.918370 15440 catalog_manager.cc:5697] T 0f74f7bbcbe94358a8cfa416b7fc9dbe P 2da4c23d770c486c8fef698bf82ba286 reported cstate change: term changed from 0 to 1, leader changed from <none> to 2da4c23d770c486c8fef698bf82ba286 (127.14.14.66). New cstate: current_term: 1 leader_uuid: "2da4c23d770c486c8fef698bf82ba286" committed_config { opid_index: -1 OBSOLETE_local: false peers { permanent_uuid: "40548ad9f7554f2481ca08dd15b45914" member_type: VOTER last_known_addr { host: "127.14.14.65" port: 35149 } health_report { overall_health: UNKNOWN } } peers { permanent_uuid: "2da4c23d770c486c8fef698bf82ba286" member_type: VOTER last_known_addr { host: "127.14.14.66" port: 44433 } health_report { overall_health: HEALTHY } } peers { permanent_uuid: "e7f49963e90f4fc1a24a2a3f164ddc9a" member_type: VOTER last_known_addr { host: "127.14.14.67" port: 40495 } health_report { overall_health: UNKNOWN } } }
I20260709 12:18:43.922988 15804 raft_consensus.cc:515] T 5e65d85f3c284e079cb2e0ef274c79a6 P 2da4c23d770c486c8fef698bf82ba286 [term 1 FOLLOWER]: Starting leader election with config: opid_index: -1 OBSOLETE_local: false peers { permanent_uuid: "40548ad9f7554f2481ca08dd15b45914" member_type: VOTER last_known_addr { host: "127.14.14.65" port: 35149 } } peers { permanent_uuid: "2da4c23d770c486c8fef698bf82ba286" member_type: VOTER last_known_addr { host: "127.14.14.66" port: 44433 } } peers { permanent_uuid: "e7f49963e90f4fc1a24a2a3f164ddc9a" member_type: VOTER last_known_addr { host: "127.14.14.67" port: 40495 } }
I20260709 12:18:43.925062 15804 leader_election.cc:290] T 5e65d85f3c284e079cb2e0ef274c79a6 P 2da4c23d770c486c8fef698bf82ba286 [CANDIDATE]: Term 1 election: Requested vote from peers 40548ad9f7554f2481ca08dd15b45914 (127.14.14.65:35149), e7f49963e90f4fc1a24a2a3f164ddc9a (127.14.14.67:40495)
I20260709 12:18:43.925365 15541 tablet_service.cc:1917] Received RequestConsensusVote() RPC: tablet_id: "d2489eb60a1b41598443e6afd1f1b802" candidate_uuid: "e7f49963e90f4fc1a24a2a3f164ddc9a" candidate_term: 1 candidate_status { last_received { term: 0 index: 0 } } ignore_live_leader: false dest_uuid: "40548ad9f7554f2481ca08dd15b45914" is_pre_election: true
I20260709 12:18:43.926036 15542 tablet_service.cc:1917] Received RequestConsensusVote() RPC: tablet_id: "d2489eb60a1b41598443e6afd1f1b802" candidate_uuid: "2da4c23d770c486c8fef698bf82ba286" candidate_term: 1 candidate_status { last_received { term: 0 index: 0 } } ignore_live_leader: false dest_uuid: "40548ad9f7554f2481ca08dd15b45914" is_pre_election: true
I20260709 12:18:43.812942 15545 tablet_service.cc:1917] Received RequestConsensusVote() RPC: tablet_id: "29302a3821cd48ae9159a071d57179d0" candidate_uuid: "2da4c23d770c486c8fef698bf82ba286" candidate_term: 1 candidate_status { last_received { term: 0 index: 0 } } ignore_live_leader: false dest_uuid: "40548ad9f7554f2481ca08dd15b45914"
I20260709 12:18:43.927536 15544 tablet_service.cc:1917] Received RequestConsensusVote() RPC: tablet_id: "cd2da570fa594a3db94c33058eea1fbe" candidate_uuid: "e7f49963e90f4fc1a24a2a3f164ddc9a" candidate_term: 2 candidate_status { last_received { term: 0 index: 0 } } ignore_live_leader: false dest_uuid: "40548ad9f7554f2481ca08dd15b45914" is_pre_election: true
I20260709 12:18:43.928087 15544 raft_consensus.cc:2468] T cd2da570fa594a3db94c33058eea1fbe P 40548ad9f7554f2481ca08dd15b45914 [term 1 FOLLOWER]: Leader pre-election vote request: Granting yes vote for candidate e7f49963e90f4fc1a24a2a3f164ddc9a in term 1.
I20260709 12:18:43.848546 15757 consensus_queue.cc:1048] T cd2da570fa594a3db94c33058eea1fbe P 2da4c23d770c486c8fef698bf82ba286 [LEADER]: Connected to new peer: Peer: permanent_uuid: "40548ad9f7554f2481ca08dd15b45914" member_type: VOTER last_known_addr { host: "127.14.14.65" port: 35149 }, Status: LMP_MISMATCH, Last received: 0.0, Next index: 1, Last known committed idx: 0, Time since last communication: 0.080s
W20260709 12:18:43.929340 15583 outbound_call.cc:321] RPC callback for RPC call kudu.consensus.ConsensusService.RequestConsensusVote -> {remote=127.14.14.67:40495, user_credentials={real_user=slave}} blocked reactor thread for 107640us
I20260709 12:18:43.933290 15736 tablet_bootstrap.cc:654] T d9af7d64f38e4d808846dcdcc3bd2530 P e7f49963e90f4fc1a24a2a3f164ddc9a: Neither blocks nor log segments found. Creating new log.
I20260709 12:18:43.933631 15693 tablet_service.cc:1917] Received RequestConsensusVote() RPC: tablet_id: "5e65d85f3c284e079cb2e0ef274c79a6" candidate_uuid: "2da4c23d770c486c8fef698bf82ba286" candidate_term: 1 candidate_status { last_received { term: 0 index: 0 } } ignore_live_leader: false dest_uuid: "e7f49963e90f4fc1a24a2a3f164ddc9a"
I20260709 12:18:43.934186 15693 raft_consensus.cc:3060] T 5e65d85f3c284e079cb2e0ef274c79a6 P e7f49963e90f4fc1a24a2a3f164ddc9a [term 0 FOLLOWER]: Advancing to term 1
W20260709 12:18:43.934325 15659 leader_election.cc:343] T d2489eb60a1b41598443e6afd1f1b802 P e7f49963e90f4fc1a24a2a3f164ddc9a [CANDIDATE]: Term 1 pre-election: Tablet error from VoteRequest() call to peer 40548ad9f7554f2481ca08dd15b45914 (127.14.14.65:35149): Illegal state: must be running to vote when last-logged opid is not known
I20260709 12:18:43.936031 15659 leader_election.cc:304] T cd2da570fa594a3db94c33058eea1fbe P e7f49963e90f4fc1a24a2a3f164ddc9a [CANDIDATE]: Term 2 pre-election: Election decided. Result: candidate won. Election summary: received 2 responses out of 3 voters: 2 yes votes; 0 no votes. yes voters: 40548ad9f7554f2481ca08dd15b45914, e7f49963e90f4fc1a24a2a3f164ddc9a; no voters: 
I20260709 12:18:43.937896 15620 tablet_service.cc:1917] Received RequestConsensusVote() RPC: tablet_id: "cd2da570fa594a3db94c33058eea1fbe" candidate_uuid: "e7f49963e90f4fc1a24a2a3f164ddc9a" candidate_term: 2 candidate_status { last_received { term: 0 index: 0 } } ignore_live_leader: false dest_uuid: "2da4c23d770c486c8fef698bf82ba286" is_pre_election: true
I20260709 12:18:43.938282 15617 tablet_service.cc:1917] Received RequestConsensusVote() RPC: tablet_id: "d2489eb60a1b41598443e6afd1f1b802" candidate_uuid: "e7f49963e90f4fc1a24a2a3f164ddc9a" candidate_term: 1 candidate_status { last_received { term: 0 index: 0 } } ignore_live_leader: false dest_uuid: "2da4c23d770c486c8fef698bf82ba286" is_pre_election: true
I20260709 12:18:43.938859 15617 raft_consensus.cc:2468] T d2489eb60a1b41598443e6afd1f1b802 P 2da4c23d770c486c8fef698bf82ba286 [term 0 FOLLOWER]: Leader pre-election vote request: Granting yes vote for candidate e7f49963e90f4fc1a24a2a3f164ddc9a in term 0.
I20260709 12:18:43.939019 15887 raft_consensus.cc:493] T de9da47b1a3a4ba6bdab2af1d1889977 P 2da4c23d770c486c8fef698bf82ba286 [term 0 FOLLOWER]: Starting pre-election (no leader contacted us within the election timeout)
I20260709 12:18:43.939349 15887 raft_consensus.cc:515] T de9da47b1a3a4ba6bdab2af1d1889977 P 2da4c23d770c486c8fef698bf82ba286 [term 0 FOLLOWER]: Starting pre-election with config: opid_index: -1 OBSOLETE_local: false peers { permanent_uuid: "40548ad9f7554f2481ca08dd15b45914" member_type: VOTER last_known_addr { host: "127.14.14.65" port: 35149 } } peers { permanent_uuid: "2da4c23d770c486c8fef698bf82ba286" member_type: VOTER last_known_addr { host: "127.14.14.66" port: 44433 } } peers { permanent_uuid: "e7f49963e90f4fc1a24a2a3f164ddc9a" member_type: VOTER last_known_addr { host: "127.14.14.67" port: 40495 } }
I20260709 12:18:43.933310 15694 tablet_service.cc:1917] Received RequestConsensusVote() RPC: tablet_id: "d2489eb60a1b41598443e6afd1f1b802" candidate_uuid: "2da4c23d770c486c8fef698bf82ba286" candidate_term: 1 candidate_status { last_received { term: 0 index: 0 } } ignore_live_leader: false dest_uuid: "e7f49963e90f4fc1a24a2a3f164ddc9a" is_pre_election: true
I20260709 12:18:43.941721 15694 raft_consensus.cc:2468] T d2489eb60a1b41598443e6afd1f1b802 P e7f49963e90f4fc1a24a2a3f164ddc9a [term 0 FOLLOWER]: Leader pre-election vote request: Granting yes vote for candidate 2da4c23d770c486c8fef698bf82ba286 in term 0.
I20260709 12:18:43.942693 15734 raft_consensus.cc:359] T 6111886a0dba44beab2318dd035c6cf8 P 40548ad9f7554f2481ca08dd15b45914 [term 0 FOLLOWER]: Replica starting. Triggering 0 pending ops. Active config: opid_index: -1 OBSOLETE_local: false peers { permanent_uuid: "40548ad9f7554f2481ca08dd15b45914" member_type: VOTER last_known_addr { host: "127.14.14.65" port: 35149 } } peers { permanent_uuid: "2da4c23d770c486c8fef698bf82ba286" member_type: VOTER last_known_addr { host: "127.14.14.66" port: 44433 } } peers { permanent_uuid: "e7f49963e90f4fc1a24a2a3f164ddc9a" member_type: VOTER last_known_addr { host: "127.14.14.67" port: 40495 } }
I20260709 12:18:43.943835 15887 leader_election.cc:290] T de9da47b1a3a4ba6bdab2af1d1889977 P 2da4c23d770c486c8fef698bf82ba286 [CANDIDATE]: Term 1 pre-election: Requested pre-vote from peers 40548ad9f7554f2481ca08dd15b45914 (127.14.14.65:35149), e7f49963e90f4fc1a24a2a3f164ddc9a (127.14.14.67:40495)
I20260709 12:18:43.944686 15734 raft_consensus.cc:385] T 6111886a0dba44beab2318dd035c6cf8 P 40548ad9f7554f2481ca08dd15b45914 [term 0 FOLLOWER]: Consensus starting up: Expiring failure detector timer to make a prompt election more likely
I20260709 12:18:43.944947 15734 raft_consensus.cc:740] T 6111886a0dba44beab2318dd035c6cf8 P 40548ad9f7554f2481ca08dd15b45914 [term 0 FOLLOWER]: Becoming Follower/Learner. State: Replica: 40548ad9f7554f2481ca08dd15b45914, State: Initialized, Role: FOLLOWER
I20260709 12:18:43.945529 15734 consensus_queue.cc:260] T 6111886a0dba44beab2318dd035c6cf8 P 40548ad9f7554f2481ca08dd15b45914 [NON_LEADER]: Queue going to NON_LEADER mode. State: All replicated index: 0, Majority replicated index: 0, Committed index: 0, Last appended: 0.0, Last appended by leader: 0, Current term: 0, Majority size: -1, State: 0, Mode: NON_LEADER, active raft config: opid_index: -1 OBSOLETE_local: false peers { permanent_uuid: "40548ad9f7554f2481ca08dd15b45914" member_type: VOTER last_known_addr { host: "127.14.14.65" port: 35149 } } peers { permanent_uuid: "2da4c23d770c486c8fef698bf82ba286" member_type: VOTER last_known_addr { host: "127.14.14.66" port: 44433 } } peers { permanent_uuid: "e7f49963e90f4fc1a24a2a3f164ddc9a" member_type: VOTER last_known_addr { host: "127.14.14.67" port: 40495 } }
I20260709 12:18:43.947175 15734 ts_tablet_manager.cc:1434] T 6111886a0dba44beab2318dd035c6cf8 P 40548ad9f7554f2481ca08dd15b45914: Time spent starting tablet: real 0.040s	user 0.000s	sys 0.003s
I20260709 12:18:43.948587 15739 tablet_bootstrap.cc:654] T 6111886a0dba44beab2318dd035c6cf8 P 2da4c23d770c486c8fef698bf82ba286: Neither blocks nor log segments found. Creating new log.
I20260709 12:18:43.949116 15657 leader_election.cc:304] T d2489eb60a1b41598443e6afd1f1b802 P e7f49963e90f4fc1a24a2a3f164ddc9a [CANDIDATE]: Term 1 pre-election: Election decided. Result: candidate won. Election summary: received 3 responses out of 3 voters: 2 yes votes; 1 no votes. yes voters: 2da4c23d770c486c8fef698bf82ba286, e7f49963e90f4fc1a24a2a3f164ddc9a; no voters: 40548ad9f7554f2481ca08dd15b45914
I20260709 12:18:43.951076 15734 tablet_bootstrap.cc:492] T de9da47b1a3a4ba6bdab2af1d1889977 P 40548ad9f7554f2481ca08dd15b45914: Bootstrap starting.
I20260709 12:18:43.951329 15691 tablet_service.cc:1917] Received RequestConsensusVote() RPC: tablet_id: "de9da47b1a3a4ba6bdab2af1d1889977" candidate_uuid: "2da4c23d770c486c8fef698bf82ba286" candidate_term: 1 candidate_status { last_received { term: 0 index: 0 } } ignore_live_leader: false dest_uuid: "e7f49963e90f4fc1a24a2a3f164ddc9a" is_pre_election: true
I20260709 12:18:43.951925 15691 raft_consensus.cc:2468] T de9da47b1a3a4ba6bdab2af1d1889977 P e7f49963e90f4fc1a24a2a3f164ddc9a [term 0 FOLLOWER]: Leader pre-election vote request: Granting yes vote for candidate 2da4c23d770c486c8fef698bf82ba286 in term 0.
I20260709 12:18:43.952303 15840 raft_consensus.cc:2804] T d2489eb60a1b41598443e6afd1f1b802 P e7f49963e90f4fc1a24a2a3f164ddc9a [term 0 FOLLOWER]: Leader pre-election won for term 1
I20260709 12:18:43.952772 15840 raft_consensus.cc:493] T d2489eb60a1b41598443e6afd1f1b802 P e7f49963e90f4fc1a24a2a3f164ddc9a [term 0 FOLLOWER]: Starting leader election (no leader contacted us within the election timeout)
I20260709 12:18:43.953161 15840 raft_consensus.cc:3060] T d2489eb60a1b41598443e6afd1f1b802 P e7f49963e90f4fc1a24a2a3f164ddc9a [term 0 FOLLOWER]: Advancing to term 1
I20260709 12:18:43.955762 15734 tablet_bootstrap.cc:654] T de9da47b1a3a4ba6bdab2af1d1889977 P 40548ad9f7554f2481ca08dd15b45914: Neither blocks nor log segments found. Creating new log.
I20260709 12:18:43.956326 15583 leader_election.cc:304] T d2489eb60a1b41598443e6afd1f1b802 P 2da4c23d770c486c8fef698bf82ba286 [CANDIDATE]: Term 1 pre-election: Election decided. Result: candidate won. Election summary: received 2 responses out of 3 voters: 2 yes votes; 0 no votes. yes voters: 2da4c23d770c486c8fef698bf82ba286, e7f49963e90f4fc1a24a2a3f164ddc9a; no voters: 
I20260709 12:18:43.957453 15739 tablet_bootstrap.cc:492] T 6111886a0dba44beab2318dd035c6cf8 P 2da4c23d770c486c8fef698bf82ba286: No bootstrap required, opened a new log
I20260709 12:18:43.957881 15739 ts_tablet_manager.cc:1403] T 6111886a0dba44beab2318dd035c6cf8 P 2da4c23d770c486c8fef698bf82ba286: Time spent bootstrapping tablet: real 0.042s	user 0.004s	sys 0.005s
I20260709 12:18:43.958276 15887 raft_consensus.cc:2804] T d2489eb60a1b41598443e6afd1f1b802 P 2da4c23d770c486c8fef698bf82ba286 [term 0 FOLLOWER]: Leader pre-election won for term 1
I20260709 12:18:43.958748 15887 raft_consensus.cc:493] T d2489eb60a1b41598443e6afd1f1b802 P 2da4c23d770c486c8fef698bf82ba286 [term 0 FOLLOWER]: Starting leader election (no leader contacted us within the election timeout)
I20260709 12:18:43.959161 15887 raft_consensus.cc:3060] T d2489eb60a1b41598443e6afd1f1b802 P 2da4c23d770c486c8fef698bf82ba286 [term 0 FOLLOWER]: Advancing to term 1
I20260709 12:18:43.963791 15739 raft_consensus.cc:359] T 6111886a0dba44beab2318dd035c6cf8 P 2da4c23d770c486c8fef698bf82ba286 [term 0 FOLLOWER]: Replica starting. Triggering 0 pending ops. Active config: opid_index: -1 OBSOLETE_local: false peers { permanent_uuid: "40548ad9f7554f2481ca08dd15b45914" member_type: VOTER last_known_addr { host: "127.14.14.65" port: 35149 } } peers { permanent_uuid: "2da4c23d770c486c8fef698bf82ba286" member_type: VOTER last_known_addr { host: "127.14.14.66" port: 44433 } } peers { permanent_uuid: "e7f49963e90f4fc1a24a2a3f164ddc9a" member_type: VOTER last_known_addr { host: "127.14.14.67" port: 40495 } }
I20260709 12:18:43.964514 15739 raft_consensus.cc:385] T 6111886a0dba44beab2318dd035c6cf8 P 2da4c23d770c486c8fef698bf82ba286 [term 0 FOLLOWER]: Consensus starting up: Expiring failure detector timer to make a prompt election more likely
I20260709 12:18:43.964776 15739 raft_consensus.cc:740] T 6111886a0dba44beab2318dd035c6cf8 P 2da4c23d770c486c8fef698bf82ba286 [term 0 FOLLOWER]: Becoming Follower/Learner. State: Replica: 2da4c23d770c486c8fef698bf82ba286, State: Initialized, Role: FOLLOWER
I20260709 12:18:43.965538 15739 consensus_queue.cc:260] T 6111886a0dba44beab2318dd035c6cf8 P 2da4c23d770c486c8fef698bf82ba286 [NON_LEADER]: Queue going to NON_LEADER mode. State: All replicated index: 0, Majority replicated index: 0, Committed index: 0, Last appended: 0.0, Last appended by leader: 0, Current term: 0, Majority size: -1, State: 0, Mode: NON_LEADER, active raft config: opid_index: -1 OBSOLETE_local: false peers { permanent_uuid: "40548ad9f7554f2481ca08dd15b45914" member_type: VOTER last_known_addr { host: "127.14.14.65" port: 35149 } } peers { permanent_uuid: "2da4c23d770c486c8fef698bf82ba286" member_type: VOTER last_known_addr { host: "127.14.14.66" port: 44433 } } peers { permanent_uuid: "e7f49963e90f4fc1a24a2a3f164ddc9a" member_type: VOTER last_known_addr { host: "127.14.14.67" port: 40495 } }
I20260709 12:18:43.966238 15734 tablet_bootstrap.cc:492] T de9da47b1a3a4ba6bdab2af1d1889977 P 40548ad9f7554f2481ca08dd15b45914: No bootstrap required, opened a new log
I20260709 12:18:43.966666 15734 ts_tablet_manager.cc:1403] T de9da47b1a3a4ba6bdab2af1d1889977 P 40548ad9f7554f2481ca08dd15b45914: Time spent bootstrapping tablet: real 0.016s	user 0.011s	sys 0.003s
I20260709 12:18:43.957558 15583 leader_election.cc:304] T de9da47b1a3a4ba6bdab2af1d1889977 P 2da4c23d770c486c8fef698bf82ba286 [CANDIDATE]: Term 1 pre-election: Election decided. Result: candidate won. Election summary: received 2 responses out of 3 voters: 2 yes votes; 0 no votes. yes voters: 2da4c23d770c486c8fef698bf82ba286, e7f49963e90f4fc1a24a2a3f164ddc9a; no voters: 
I20260709 12:18:43.967324 15757 raft_consensus.cc:2804] T de9da47b1a3a4ba6bdab2af1d1889977 P 2da4c23d770c486c8fef698bf82ba286 [term 0 FOLLOWER]: Leader pre-election won for term 1
