I20260709 12:18:43.003978 29242 raft_consensus.cc:359] T 41c9bdfe955745e2afb16bf46aacb127 P 7bfea685b6384dd484dd4d3918990d50 [term 0 FOLLOWER]: Replica starting. Triggering 0 pending ops. Active config: opid_index: -1 OBSOLETE_local: false peers { permanent_uuid: "7bfea685b6384dd484dd4d3918990d50" member_type: VOTER last_known_addr { host: "127.27.60.129" port: 38505 } } peers { permanent_uuid: "21e762c5edf34e02bb4aeff4a563385f" member_type: VOTER last_known_addr { host: "127.27.60.130" port: 41663 } } peers { permanent_uuid: "d3d3599aa2d146419d7bed03e8df9c32" member_type: VOTER last_known_addr { host: "127.27.60.131" port: 33279 } }
I20260709 12:18:43.004696 29242 raft_consensus.cc:385] T 41c9bdfe955745e2afb16bf46aacb127 P 7bfea685b6384dd484dd4d3918990d50 [term 0 FOLLOWER]: Consensus starting up: Expiring failure detector timer to make a prompt election more likely
I20260709 12:18:43.005018 29242 raft_consensus.cc:740] T 41c9bdfe955745e2afb16bf46aacb127 P 7bfea685b6384dd484dd4d3918990d50 [term 0 FOLLOWER]: Becoming Follower/Learner. State: Replica: 7bfea685b6384dd484dd4d3918990d50, State: Initialized, Role: FOLLOWER
I20260709 12:18:43.004837 29245 raft_consensus.cc:359] T fee4c29945ce491c90ae2483e7dbb052 P 21e762c5edf34e02bb4aeff4a563385f [term 0 FOLLOWER]: Replica starting. Triggering 0 pending ops. Active config: opid_index: -1 OBSOLETE_local: false peers { permanent_uuid: "7bfea685b6384dd484dd4d3918990d50" member_type: VOTER last_known_addr { host: "127.27.60.129" port: 38505 } } peers { permanent_uuid: "21e762c5edf34e02bb4aeff4a563385f" member_type: VOTER last_known_addr { host: "127.27.60.130" port: 41663 } } peers { permanent_uuid: "d3d3599aa2d146419d7bed03e8df9c32" member_type: VOTER last_known_addr { host: "127.27.60.131" port: 33279 } }
I20260709 12:18:43.005606 29245 raft_consensus.cc:385] T fee4c29945ce491c90ae2483e7dbb052 P 21e762c5edf34e02bb4aeff4a563385f [term 0 FOLLOWER]: Consensus starting up: Expiring failure detector timer to make a prompt election more likely
I20260709 12:18:43.005887 29245 raft_consensus.cc:740] T fee4c29945ce491c90ae2483e7dbb052 P 21e762c5edf34e02bb4aeff4a563385f [term 0 FOLLOWER]: Becoming Follower/Learner. State: Replica: 21e762c5edf34e02bb4aeff4a563385f, State: Initialized, Role: FOLLOWER
I20260709 12:18:43.006593 29245 consensus_queue.cc:260] T fee4c29945ce491c90ae2483e7dbb052 P 21e762c5edf34e02bb4aeff4a563385f [NON_LEADER]: Queue going to NON_LEADER mode. State: All replicated index: 0, Majority replicated index: 0, Committed index: 0, Last appended: 0.0, Last appended by leader: 0, Current term: 0, Majority size: -1, State: 0, Mode: NON_LEADER, active raft config: opid_index: -1 OBSOLETE_local: false peers { permanent_uuid: "7bfea685b6384dd484dd4d3918990d50" member_type: VOTER last_known_addr { host: "127.27.60.129" port: 38505 } } peers { permanent_uuid: "21e762c5edf34e02bb4aeff4a563385f" member_type: VOTER last_known_addr { host: "127.27.60.130" port: 41663 } } peers { permanent_uuid: "d3d3599aa2d146419d7bed03e8df9c32" member_type: VOTER last_known_addr { host: "127.27.60.131" port: 33279 } }
I20260709 12:18:43.007886 29288 raft_consensus.cc:515] T 41c9bdfe955745e2afb16bf46aacb127 P 21e762c5edf34e02bb4aeff4a563385f [term 1 FOLLOWER]: Starting leader election with config: opid_index: -1 OBSOLETE_local: false peers { permanent_uuid: "7bfea685b6384dd484dd4d3918990d50" member_type: VOTER last_known_addr { host: "127.27.60.129" port: 38505 } } peers { permanent_uuid: "21e762c5edf34e02bb4aeff4a563385f" member_type: VOTER last_known_addr { host: "127.27.60.130" port: 41663 } } peers { permanent_uuid: "d3d3599aa2d146419d7bed03e8df9c32" member_type: VOTER last_known_addr { host: "127.27.60.131" port: 33279 } }
I20260709 12:18:43.009055 29245 ts_tablet_manager.cc:1434] T fee4c29945ce491c90ae2483e7dbb052 P 21e762c5edf34e02bb4aeff4a563385f: Time spent starting tablet: real 0.007s	user 0.005s	sys 0.000s
I20260709 12:18:43.009222 29242 consensus_queue.cc:260] T 41c9bdfe955745e2afb16bf46aacb127 P 7bfea685b6384dd484dd4d3918990d50 [NON_LEADER]: Queue going to NON_LEADER mode. State: All replicated index: 0, Majority replicated index: 0, Committed index: 0, Last appended: 0.0, Last appended by leader: 0, Current term: 0, Majority size: -1, State: 0, Mode: NON_LEADER, active raft config: opid_index: -1 OBSOLETE_local: false peers { permanent_uuid: "7bfea685b6384dd484dd4d3918990d50" member_type: VOTER last_known_addr { host: "127.27.60.129" port: 38505 } } peers { permanent_uuid: "21e762c5edf34e02bb4aeff4a563385f" member_type: VOTER last_known_addr { host: "127.27.60.130" port: 41663 } } peers { permanent_uuid: "d3d3599aa2d146419d7bed03e8df9c32" member_type: VOTER last_known_addr { host: "127.27.60.131" port: 33279 } }
I20260709 12:18:43.010407 29245 tablet_bootstrap.cc:492] T 80539d00e7474b8e8aecfffc966a18d0 P 21e762c5edf34e02bb4aeff4a563385f: Bootstrap starting.
W20260709 12:18:43.011473 29166 outbound_call.cc:321] RPC callback for RPC call kudu.consensus.ConsensusService.RequestConsensusVote -> {remote=127.27.60.130:41663, user_credentials={real_user=slave}} blocked reactor thread for 58843.4us
I20260709 12:18:43.012984 29312 leader_election.cc:290] T ab196cbbe1c24b36a41e9f3932de743d P d3d3599aa2d146419d7bed03e8df9c32 [CANDIDATE]: Term 1 pre-election: Requested pre-vote from peers 7bfea685b6384dd484dd4d3918990d50 (127.27.60.129:38505), 21e762c5edf34e02bb4aeff4a563385f (127.27.60.130:41663)
I20260709 12:18:42.995838 29314 raft_consensus.cc:2749] T 2d114242c4aa4a6a993ee52cb2293098 P d3d3599aa2d146419d7bed03e8df9c32 [term 0 FOLLOWER]: Leader pre-election lost for term 1. Reason: could not achieve majority
I20260709 12:18:43.015192 29241 ts_tablet_manager.cc:1434] T 8414d6403fe8456db70c7a1085ea7d24 P d3d3599aa2d146419d7bed03e8df9c32: Time spent starting tablet: real 0.228s	user 0.056s	sys 0.109s
I20260709 12:18:43.016989 29241 tablet_bootstrap.cc:492] T 80539d00e7474b8e8aecfffc966a18d0 P d3d3599aa2d146419d7bed03e8df9c32: Bootstrap starting.
I20260709 12:18:43.015300 29052 tablet_service.cc:1917] Received RequestConsensusVote() RPC: tablet_id: "41c9bdfe955745e2afb16bf46aacb127" candidate_uuid: "21e762c5edf34e02bb4aeff4a563385f" candidate_term: 1 candidate_status { last_received { term: 0 index: 0 } } ignore_live_leader: false dest_uuid: "7bfea685b6384dd484dd4d3918990d50"
I20260709 12:18:43.020995 29242 ts_tablet_manager.cc:1434] T 41c9bdfe955745e2afb16bf46aacb127 P 7bfea685b6384dd484dd4d3918990d50: Time spent starting tablet: real 0.020s	user 0.009s	sys 0.000s
I20260709 12:18:43.021974 29242 tablet_bootstrap.cc:492] T 19ccab38f55b42829ca55d11ea051abd P 7bfea685b6384dd484dd4d3918990d50: Bootstrap starting.
I20260709 12:18:43.015951 29247 raft_consensus.cc:493] T 9fa281b8ebfa4c0b8133c9d57855ddbb P 7bfea685b6384dd484dd4d3918990d50 [term 0 FOLLOWER]: Starting pre-election (no leader contacted us within the election timeout)
I20260709 12:18:43.034155 29051 raft_consensus.cc:3060] T 1baa3a9835fb4988b27824c268788876 P 7bfea685b6384dd484dd4d3918990d50 [term 0 FOLLOWER]: Advancing to term 1
I20260709 12:18:43.024295 29052 raft_consensus.cc:3060] T 41c9bdfe955745e2afb16bf46aacb127 P 7bfea685b6384dd484dd4d3918990d50 [term 0 FOLLOWER]: Advancing to term 1
I20260709 12:18:43.038291 29247 raft_consensus.cc:515] T 9fa281b8ebfa4c0b8133c9d57855ddbb P 7bfea685b6384dd484dd4d3918990d50 [term 0 FOLLOWER]: Starting pre-election with config: opid_index: -1 OBSOLETE_local: false peers { permanent_uuid: "7bfea685b6384dd484dd4d3918990d50" member_type: VOTER last_known_addr { host: "127.27.60.129" port: 38505 } } peers { permanent_uuid: "21e762c5edf34e02bb4aeff4a563385f" member_type: VOTER last_known_addr { host: "127.27.60.130" port: 41663 } } peers { permanent_uuid: "d3d3599aa2d146419d7bed03e8df9c32" member_type: VOTER last_known_addr { host: "127.27.60.131" port: 33279 } }
I20260709 12:18:43.032922 29288 leader_election.cc:290] T 41c9bdfe955745e2afb16bf46aacb127 P 21e762c5edf34e02bb4aeff4a563385f [CANDIDATE]: Term 1 election: Requested vote from peers 7bfea685b6384dd484dd4d3918990d50 (127.27.60.129:38505), d3d3599aa2d146419d7bed03e8df9c32 (127.27.60.131:33279)
I20260709 12:18:43.040308 29246 raft_consensus.cc:2749] T 03e83cd4e60043ed9306160466048d6f P d3d3599aa2d146419d7bed03e8df9c32 [term 1 FOLLOWER]: Leader pre-election lost for term 1. Reason: could not achieve majority
I20260709 12:18:43.043174 29050 tablet_service.cc:1917] Received RequestConsensusVote() RPC: tablet_id: "de4ae9cefbc44803a3af9f7a154785e4" candidate_uuid: "d3d3599aa2d146419d7bed03e8df9c32" candidate_term: 1 candidate_status { last_received { term: 0 index: 0 } } ignore_live_leader: false dest_uuid: "7bfea685b6384dd484dd4d3918990d50"
I20260709 12:18:43.044760 29050 raft_consensus.cc:3060] T de4ae9cefbc44803a3af9f7a154785e4 P 7bfea685b6384dd484dd4d3918990d50 [term 0 FOLLOWER]: Advancing to term 1
I20260709 12:18:43.047271 29247 leader_election.cc:290] T 9fa281b8ebfa4c0b8133c9d57855ddbb P 7bfea685b6384dd484dd4d3918990d50 [CANDIDATE]: Term 1 pre-election: Requested pre-vote from peers 21e762c5edf34e02bb4aeff4a563385f (127.27.60.130:41663), d3d3599aa2d146419d7bed03e8df9c32 (127.27.60.131:33279)
I20260709 12:18:43.048702 29199 tablet_service.cc:1917] Received RequestConsensusVote() RPC: tablet_id: "9fa281b8ebfa4c0b8133c9d57855ddbb" candidate_uuid: "7bfea685b6384dd484dd4d3918990d50" candidate_term: 1 candidate_status { last_received { term: 0 index: 0 } } ignore_live_leader: false dest_uuid: "d3d3599aa2d146419d7bed03e8df9c32" is_pre_election: true
I20260709 12:18:43.048971 29201 tablet_service.cc:1917] Received RequestConsensusVote() RPC: tablet_id: "41c9bdfe955745e2afb16bf46aacb127" candidate_uuid: "21e762c5edf34e02bb4aeff4a563385f" candidate_term: 1 candidate_status { last_received { term: 0 index: 0 } } ignore_live_leader: false dest_uuid: "d3d3599aa2d146419d7bed03e8df9c32"
I20260709 12:18:43.049387 29199 raft_consensus.cc:2468] T 9fa281b8ebfa4c0b8133c9d57855ddbb P d3d3599aa2d146419d7bed03e8df9c32 [term 0 FOLLOWER]: Leader pre-election vote request: Granting yes vote for candidate 7bfea685b6384dd484dd4d3918990d50 in term 0.
I20260709 12:18:43.049511 29201 raft_consensus.cc:3060] T 41c9bdfe955745e2afb16bf46aacb127 P d3d3599aa2d146419d7bed03e8df9c32 [term 0 FOLLOWER]: Advancing to term 1
I20260709 12:18:43.051580 29126 tablet_service.cc:1917] Received RequestConsensusVote() RPC: tablet_id: "de4ae9cefbc44803a3af9f7a154785e4" candidate_uuid: "d3d3599aa2d146419d7bed03e8df9c32" candidate_term: 1 candidate_status { last_received { term: 0 index: 0 } } ignore_live_leader: false dest_uuid: "21e762c5edf34e02bb4aeff4a563385f"
I20260709 12:18:43.052191 29126 raft_consensus.cc:3060] T de4ae9cefbc44803a3af9f7a154785e4 P 21e762c5edf34e02bb4aeff4a563385f [term 0 FOLLOWER]: Advancing to term 1
I20260709 12:18:43.053040 29018 leader_election.cc:304] T 9fa281b8ebfa4c0b8133c9d57855ddbb P 7bfea685b6384dd484dd4d3918990d50 [CANDIDATE]: Term 1 pre-election: Election decided. Result: candidate won. Election summary: received 2 responses out of 3 voters: 2 yes votes; 0 no votes. yes voters: 7bfea685b6384dd484dd4d3918990d50, d3d3599aa2d146419d7bed03e8df9c32; no voters: 
I20260709 12:18:43.055958 29288 raft_consensus.cc:493] T 425e544fcef7431db9f7409afcfccce6 P 21e762c5edf34e02bb4aeff4a563385f [term 0 FOLLOWER]: Starting pre-election (no leader contacted us within the election timeout)
I20260709 12:18:43.069952 29127 tablet_service.cc:1917] Received RequestConsensusVote() RPC: tablet_id: "9fa281b8ebfa4c0b8133c9d57855ddbb" candidate_uuid: "7bfea685b6384dd484dd4d3918990d50" candidate_term: 1 candidate_status { last_received { term: 0 index: 0 } } ignore_live_leader: false dest_uuid: "21e762c5edf34e02bb4aeff4a563385f" is_pre_election: true
I20260709 12:18:43.072271 29270 consensus_queue.cc:1048] T 03e83cd4e60043ed9306160466048d6f P 21e762c5edf34e02bb4aeff4a563385f [LEADER]: Connected to new peer: Peer: permanent_uuid: "7bfea685b6384dd484dd4d3918990d50" member_type: VOTER last_known_addr { host: "127.27.60.129" port: 38505 }, Status: LMP_MISMATCH, Last received: 0.0, Next index: 1, Last known committed idx: 0, Time since last communication: 0.000s
I20260709 12:18:43.073297 29318 raft_consensus.cc:2804] T 9fa281b8ebfa4c0b8133c9d57855ddbb P 7bfea685b6384dd484dd4d3918990d50 [term 0 FOLLOWER]: Leader pre-election won for term 1
I20260709 12:18:43.073879 29318 raft_consensus.cc:493] T 9fa281b8ebfa4c0b8133c9d57855ddbb P 7bfea685b6384dd484dd4d3918990d50 [term 0 FOLLOWER]: Starting leader election (no leader contacted us within the election timeout)
I20260709 12:18:43.074400 29318 raft_consensus.cc:3060] T 9fa281b8ebfa4c0b8133c9d57855ddbb P 7bfea685b6384dd484dd4d3918990d50 [term 0 FOLLOWER]: Advancing to term 1
I20260709 12:18:43.074781 29127 tablet_service.cc:1917] Received RequestConsensusVote() RPC: tablet_id: "19ccab38f55b42829ca55d11ea051abd" candidate_uuid: "d3d3599aa2d146419d7bed03e8df9c32" candidate_term: 1 candidate_status { last_received { term: 0 index: 0 } } ignore_live_leader: false dest_uuid: "21e762c5edf34e02bb4aeff4a563385f"
I20260709 12:18:43.075400 29127 raft_consensus.cc:3060] T 19ccab38f55b42829ca55d11ea051abd P 21e762c5edf34e02bb4aeff4a563385f [term 0 FOLLOWER]: Advancing to term 1
I20260709 12:18:43.078805 29242 tablet_bootstrap.cc:654] T 19ccab38f55b42829ca55d11ea051abd P 7bfea685b6384dd484dd4d3918990d50: Neither blocks nor log segments found. Creating new log.
I20260709 12:18:43.074043 29126 raft_consensus.cc:2468] T de4ae9cefbc44803a3af9f7a154785e4 P 21e762c5edf34e02bb4aeff4a563385f [term 1 FOLLOWER]: Leader election vote request: Granting yes vote for candidate d3d3599aa2d146419d7bed03e8df9c32 in term 1.
I20260709 12:18:43.083511 29049 tablet_service.cc:1917] Received RequestConsensusVote() RPC: tablet_id: "ab196cbbe1c24b36a41e9f3932de743d" candidate_uuid: "d3d3599aa2d146419d7bed03e8df9c32" candidate_term: 1 candidate_status { last_received { term: 0 index: 0 } } ignore_live_leader: false dest_uuid: "7bfea685b6384dd484dd4d3918990d50" is_pre_election: true
I20260709 12:18:43.087257 29270 consensus_queue.cc:1048] T 03e83cd4e60043ed9306160466048d6f P 21e762c5edf34e02bb4aeff4a563385f [LEADER]: Connected to new peer: Peer: permanent_uuid: "d3d3599aa2d146419d7bed03e8df9c32" member_type: VOTER last_known_addr { host: "127.27.60.131" port: 33279 }, Status: LMP_MISMATCH, Last received: 0.0, Next index: 1, Last known committed idx: 0, Time since last communication: 0.000s
I20260709 12:18:43.088088 29049 raft_consensus.cc:2393] T ab196cbbe1c24b36a41e9f3932de743d P 7bfea685b6384dd484dd4d3918990d50 [term 1 FOLLOWER]: Leader pre-election vote request: Denying vote to candidate d3d3599aa2d146419d7bed03e8df9c32 in current term 1: Already voted for candidate 21e762c5edf34e02bb4aeff4a563385f in this term.
I20260709 12:18:43.095919 29126 tablet_service.cc:1917] Received RequestConsensusVote() RPC: tablet_id: "ab196cbbe1c24b36a41e9f3932de743d" candidate_uuid: "d3d3599aa2d146419d7bed03e8df9c32" candidate_term: 1 candidate_status { last_received { term: 0 index: 0 } } ignore_live_leader: false dest_uuid: "21e762c5edf34e02bb4aeff4a563385f" is_pre_election: true
I20260709 12:18:43.064046 29288 raft_consensus.cc:515] T 425e544fcef7431db9f7409afcfccce6 P 21e762c5edf34e02bb4aeff4a563385f [term 0 FOLLOWER]: Starting pre-election with config: opid_index: -1 OBSOLETE_local: false peers { permanent_uuid: "7bfea685b6384dd484dd4d3918990d50" member_type: VOTER last_known_addr { host: "127.27.60.129" port: 38505 } } peers { permanent_uuid: "21e762c5edf34e02bb4aeff4a563385f" member_type: VOTER last_known_addr { host: "127.27.60.130" port: 41663 } } peers { permanent_uuid: "d3d3599aa2d146419d7bed03e8df9c32" member_type: VOTER last_known_addr { host: "127.27.60.131" port: 33279 } }
I20260709 12:18:43.096312 29246 consensus_queue.cc:1048] T 6cd40d5513ee426fb1d77fe5c8c20958 P d3d3599aa2d146419d7bed03e8df9c32 [LEADER]: Connected to new peer: Peer: permanent_uuid: "21e762c5edf34e02bb4aeff4a563385f" member_type: VOTER last_known_addr { host: "127.27.60.130" port: 41663 }, Status: LMP_MISMATCH, Last received: 0.0, Next index: 1, Last known committed idx: 0, Time since last communication: 0.000s
W20260709 12:18:43.080470 29017 leader_election.cc:343] T 9fa281b8ebfa4c0b8133c9d57855ddbb P 7bfea685b6384dd484dd4d3918990d50 [CANDIDATE]: Term 1 pre-election: Tablet error from VoteRequest() call to peer 21e762c5edf34e02bb4aeff4a563385f (127.27.60.130:41663): Illegal state: must be running to vote when last-logged opid is not known
I20260709 12:18:43.096622 29166 leader_election.cc:304] T de4ae9cefbc44803a3af9f7a154785e4 P d3d3599aa2d146419d7bed03e8df9c32 [CANDIDATE]: Term 1 election: Election decided. Result: candidate won. Election summary: received 2 responses out of 3 voters: 2 yes votes; 0 no votes. yes voters: 21e762c5edf34e02bb4aeff4a563385f, d3d3599aa2d146419d7bed03e8df9c32; no voters: 
I20260709 12:18:43.105386 29246 raft_consensus.cc:2804] T de4ae9cefbc44803a3af9f7a154785e4 P d3d3599aa2d146419d7bed03e8df9c32 [term 1 FOLLOWER]: Leader election won for term 1
I20260709 12:18:43.105943 29246 raft_consensus.cc:697] T de4ae9cefbc44803a3af9f7a154785e4 P d3d3599aa2d146419d7bed03e8df9c32 [term 1 LEADER]: Becoming Leader. State: Replica: d3d3599aa2d146419d7bed03e8df9c32, State: Running, Role: LEADER
I20260709 12:18:43.098287 29310 raft_consensus.cc:493] T 8414d6403fe8456db70c7a1085ea7d24 P d3d3599aa2d146419d7bed03e8df9c32 [term 0 FOLLOWER]: Starting pre-election (no leader contacted us within the election timeout)
I20260709 12:18:43.110391 29310 raft_consensus.cc:515] T 8414d6403fe8456db70c7a1085ea7d24 P d3d3599aa2d146419d7bed03e8df9c32 [term 0 FOLLOWER]: Starting pre-election with config: opid_index: -1 OBSOLETE_local: false peers { permanent_uuid: "7bfea685b6384dd484dd4d3918990d50" member_type: VOTER last_known_addr { host: "127.27.60.129" port: 38505 } } peers { permanent_uuid: "21e762c5edf34e02bb4aeff4a563385f" member_type: VOTER last_known_addr { host: "127.27.60.130" port: 41663 } } peers { permanent_uuid: "d3d3599aa2d146419d7bed03e8df9c32" member_type: VOTER last_known_addr { host: "127.27.60.131" port: 33279 } }
I20260709 12:18:43.112931 29052 raft_consensus.cc:2468] T 41c9bdfe955745e2afb16bf46aacb127 P 7bfea685b6384dd484dd4d3918990d50 [term 1 FOLLOWER]: Leader election vote request: Granting yes vote for candidate 21e762c5edf34e02bb4aeff4a563385f in term 1.
I20260709 12:18:43.113278 29310 leader_election.cc:290] T 8414d6403fe8456db70c7a1085ea7d24 P d3d3599aa2d146419d7bed03e8df9c32 [CANDIDATE]: Term 1 pre-election: Requested pre-vote from peers 7bfea685b6384dd484dd4d3918990d50 (127.27.60.129:38505), 21e762c5edf34e02bb4aeff4a563385f (127.27.60.130:41663)
I20260709 12:18:43.114102 29246 consensus_queue.cc:237] T de4ae9cefbc44803a3af9f7a154785e4 P d3d3599aa2d146419d7bed03e8df9c32 [LEADER]: Queue going to LEADER mode. State: All replicated index: 0, Majority replicated index: 0, Committed index: 0, Last appended: 0.0, Last appended by leader: 0, Current term: 1, Majority size: 2, State: 0, Mode: LEADER, active raft config: opid_index: -1 OBSOLETE_local: false peers { permanent_uuid: "7bfea685b6384dd484dd4d3918990d50" member_type: VOTER last_known_addr { host: "127.27.60.129" port: 38505 } } peers { permanent_uuid: "21e762c5edf34e02bb4aeff4a563385f" member_type: VOTER last_known_addr { host: "127.27.60.130" port: 41663 } } peers { permanent_uuid: "d3d3599aa2d146419d7bed03e8df9c32" member_type: VOTER last_known_addr { host: "127.27.60.131" port: 33279 } }
I20260709 12:18:43.121127 29270 consensus_queue.cc:1048] T ab196cbbe1c24b36a41e9f3932de743d P 21e762c5edf34e02bb4aeff4a563385f [LEADER]: Connected to new peer: Peer: permanent_uuid: "7bfea685b6384dd484dd4d3918990d50" member_type: VOTER last_known_addr { host: "127.27.60.129" port: 38505 }, Status: LMP_MISMATCH, Last received: 0.0, Next index: 1, Last known committed idx: 0, Time since last communication: 0.002s
I20260709 12:18:43.118325 29288 leader_election.cc:290] T 425e544fcef7431db9f7409afcfccce6 P 21e762c5edf34e02bb4aeff4a563385f [CANDIDATE]: Term 1 pre-election: Requested pre-vote from peers 7bfea685b6384dd484dd4d3918990d50 (127.27.60.129:38505), d3d3599aa2d146419d7bed03e8df9c32 (127.27.60.131:33279)
I20260709 12:18:43.123772 29201 raft_consensus.cc:2468] T 41c9bdfe955745e2afb16bf46aacb127 P d3d3599aa2d146419d7bed03e8df9c32 [term 1 FOLLOWER]: Leader election vote request: Granting yes vote for candidate 21e762c5edf34e02bb4aeff4a563385f in term 1.
I20260709 12:18:43.118808 29314 consensus_queue.cc:1048] T 6cd40d5513ee426fb1d77fe5c8c20958 P d3d3599aa2d146419d7bed03e8df9c32 [LEADER]: Connected to new peer: Peer: permanent_uuid: "7bfea685b6384dd484dd4d3918990d50" member_type: VOTER last_known_addr { host: "127.27.60.129" port: 38505 }, Status: LMP_MISMATCH, Last received: 0.0, Next index: 1, Last known committed idx: 0, Time since last communication: 0.008s
I20260709 12:18:43.131618 29092 leader_election.cc:304] T 41c9bdfe955745e2afb16bf46aacb127 P 21e762c5edf34e02bb4aeff4a563385f [CANDIDATE]: Term 1 election: Election decided. Result: candidate won. Election summary: received 2 responses out of 3 voters: 2 yes votes; 0 no votes. yes voters: 21e762c5edf34e02bb4aeff4a563385f, 7bfea685b6384dd484dd4d3918990d50; no voters: 
I20260709 12:18:43.146979 29288 raft_consensus.cc:2804] T 41c9bdfe955745e2afb16bf46aacb127 P 21e762c5edf34e02bb4aeff4a563385f [term 1 FOLLOWER]: Leader election won for term 1
I20260709 12:18:43.147506 29288 raft_consensus.cc:697] T 41c9bdfe955745e2afb16bf46aacb127 P 21e762c5edf34e02bb4aeff4a563385f [term 1 LEADER]: Becoming Leader. State: Replica: 21e762c5edf34e02bb4aeff4a563385f, State: Running, Role: LEADER
I20260709 12:18:43.147727 29048 tablet_service.cc:1917] Received RequestConsensusVote() RPC: tablet_id: "425e544fcef7431db9f7409afcfccce6" candidate_uuid: "21e762c5edf34e02bb4aeff4a563385f" candidate_term: 1 candidate_status { last_received { term: 0 index: 0 } } ignore_live_leader: false dest_uuid: "7bfea685b6384dd484dd4d3918990d50" is_pre_election: true
I20260709 12:18:43.148432 29288 consensus_queue.cc:237] T 41c9bdfe955745e2afb16bf46aacb127 P 21e762c5edf34e02bb4aeff4a563385f [LEADER]: Queue going to LEADER mode. State: All replicated index: 0, Majority replicated index: 0, Committed index: 0, Last appended: 0.0, Last appended by leader: 0, Current term: 1, Majority size: 2, State: 0, Mode: LEADER, active raft config: opid_index: -1 OBSOLETE_local: false peers { permanent_uuid: "7bfea685b6384dd484dd4d3918990d50" member_type: VOTER last_known_addr { host: "127.27.60.129" port: 38505 } } peers { permanent_uuid: "21e762c5edf34e02bb4aeff4a563385f" member_type: VOTER last_known_addr { host: "127.27.60.130" port: 41663 } } peers { permanent_uuid: "d3d3599aa2d146419d7bed03e8df9c32" member_type: VOTER last_known_addr { host: "127.27.60.131" port: 33279 } }
I20260709 12:18:43.149242 29200 tablet_service.cc:1917] Received RequestConsensusVote() RPC: tablet_id: "425e544fcef7431db9f7409afcfccce6" candidate_uuid: "21e762c5edf34e02bb4aeff4a563385f" candidate_term: 1 candidate_status { last_received { term: 0 index: 0 } } ignore_live_leader: false dest_uuid: "d3d3599aa2d146419d7bed03e8df9c32" is_pre_election: true
W20260709 12:18:43.151659 29093 leader_election.cc:343] T 425e544fcef7431db9f7409afcfccce6 P 21e762c5edf34e02bb4aeff4a563385f [CANDIDATE]: Term 1 pre-election: Tablet error from VoteRequest() call to peer d3d3599aa2d146419d7bed03e8df9c32 (127.27.60.131:33279): Illegal state: must be running to vote when last-logged opid is not known
I20260709 12:18:43.132385 29318 raft_consensus.cc:515] T 9fa281b8ebfa4c0b8133c9d57855ddbb P 7bfea685b6384dd484dd4d3918990d50 [term 1 FOLLOWER]: Starting leader election with config: opid_index: -1 OBSOLETE_local: false peers { permanent_uuid: "7bfea685b6384dd484dd4d3918990d50" member_type: VOTER last_known_addr { host: "127.27.60.129" port: 38505 } } peers { permanent_uuid: "21e762c5edf34e02bb4aeff4a563385f" member_type: VOTER last_known_addr { host: "127.27.60.130" port: 41663 } } peers { permanent_uuid: "d3d3599aa2d146419d7bed03e8df9c32" member_type: VOTER last_known_addr { host: "127.27.60.131" port: 33279 } }
I20260709 12:18:43.155535 29200 tablet_service.cc:1917] Received RequestConsensusVote() RPC: tablet_id: "9fa281b8ebfa4c0b8133c9d57855ddbb" candidate_uuid: "7bfea685b6384dd484dd4d3918990d50" candidate_term: 1 candidate_status { last_received { term: 0 index: 0 } } ignore_live_leader: false dest_uuid: "d3d3599aa2d146419d7bed03e8df9c32"
W20260709 12:18:43.156051 29092 leader_election.cc:343] T 425e544fcef7431db9f7409afcfccce6 P 21e762c5edf34e02bb4aeff4a563385f [CANDIDATE]: Term 1 pre-election: Tablet error from VoteRequest() call to peer 7bfea685b6384dd484dd4d3918990d50 (127.27.60.129:38505): Illegal state: must be running to vote when last-logged opid is not known
I20260709 12:18:43.156288 29200 raft_consensus.cc:3060] T 9fa281b8ebfa4c0b8133c9d57855ddbb P d3d3599aa2d146419d7bed03e8df9c32 [term 0 FOLLOWER]: Advancing to term 1
I20260709 12:18:43.156543 29092 leader_election.cc:304] T 425e544fcef7431db9f7409afcfccce6 P 21e762c5edf34e02bb4aeff4a563385f [CANDIDATE]: Term 1 pre-election: Election decided. Result: candidate lost. Election summary: received 3 responses out of 3 voters: 1 yes votes; 2 no votes. yes voters: 21e762c5edf34e02bb4aeff4a563385f; no voters: 7bfea685b6384dd484dd4d3918990d50, d3d3599aa2d146419d7bed03e8df9c32
I20260709 12:18:43.157727 29294 raft_consensus.cc:2749] T 425e544fcef7431db9f7409afcfccce6 P 21e762c5edf34e02bb4aeff4a563385f [term 0 FOLLOWER]: Leader pre-election lost for term 1. Reason: could not achieve majority
I20260709 12:18:43.163111 29294 raft_consensus.cc:493] T 8414d6403fe8456db70c7a1085ea7d24 P 21e762c5edf34e02bb4aeff4a563385f [term 0 FOLLOWER]: Starting pre-election (no leader contacted us within the election timeout)
I20260709 12:18:43.166982 29245 tablet_bootstrap.cc:654] T 80539d00e7474b8e8aecfffc966a18d0 P 21e762c5edf34e02bb4aeff4a563385f: Neither blocks nor log segments found. Creating new log.
I20260709 12:18:43.163106 29125 tablet_service.cc:1917] Received RequestConsensusVote() RPC: tablet_id: "9fa281b8ebfa4c0b8133c9d57855ddbb" candidate_uuid: "7bfea685b6384dd484dd4d3918990d50" candidate_term: 1 candidate_status { last_received { term: 0 index: 0 } } ignore_live_leader: false dest_uuid: "21e762c5edf34e02bb4aeff4a563385f"
I20260709 12:18:43.154083 29318 leader_election.cc:290] T 9fa281b8ebfa4c0b8133c9d57855ddbb P 7bfea685b6384dd484dd4d3918990d50 [CANDIDATE]: Term 1 election: Requested vote from peers 21e762c5edf34e02bb4aeff4a563385f (127.27.60.130:41663), d3d3599aa2d146419d7bed03e8df9c32 (127.27.60.131:33279)
I20260709 12:18:43.169291 29241 tablet_bootstrap.cc:654] T 80539d00e7474b8e8aecfffc966a18d0 P d3d3599aa2d146419d7bed03e8df9c32: Neither blocks nor log segments found. Creating new log.
I20260709 12:18:43.166635 29294 raft_consensus.cc:515] T 8414d6403fe8456db70c7a1085ea7d24 P 21e762c5edf34e02bb4aeff4a563385f [term 0 FOLLOWER]: Starting pre-election with config: opid_index: -1 OBSOLETE_local: false peers { permanent_uuid: "7bfea685b6384dd484dd4d3918990d50" member_type: VOTER last_known_addr { host: "127.27.60.129" port: 38505 } } peers { permanent_uuid: "21e762c5edf34e02bb4aeff4a563385f" member_type: VOTER last_known_addr { host: "127.27.60.130" port: 41663 } } peers { permanent_uuid: "d3d3599aa2d146419d7bed03e8df9c32" member_type: VOTER last_known_addr { host: "127.27.60.131" port: 33279 } }
W20260709 12:18:43.173154 29017 leader_election.cc:343] T 9fa281b8ebfa4c0b8133c9d57855ddbb P 7bfea685b6384dd484dd4d3918990d50 [CANDIDATE]: Term 1 election: Tablet error from VoteRequest() call to peer 21e762c5edf34e02bb4aeff4a563385f (127.27.60.130:41663): Illegal state: must be running to vote when last-logged opid is not known
I20260709 12:18:43.177981 29052 tablet_service.cc:1917] Received RequestConsensusVote() RPC: tablet_id: "8414d6403fe8456db70c7a1085ea7d24" candidate_uuid: "d3d3599aa2d146419d7bed03e8df9c32" candidate_term: 1 candidate_status { last_received { term: 0 index: 0 } } ignore_live_leader: false dest_uuid: "7bfea685b6384dd484dd4d3918990d50" is_pre_election: true
I20260709 12:18:43.178790 29052 raft_consensus.cc:2468] T 8414d6403fe8456db70c7a1085ea7d24 P 7bfea685b6384dd484dd4d3918990d50 [term 0 FOLLOWER]: Leader pre-election vote request: Granting yes vote for candidate d3d3599aa2d146419d7bed03e8df9c32 in term 0.
I20260709 12:18:43.186193 29126 tablet_service.cc:1917] Received RequestConsensusVote() RPC: tablet_id: "8414d6403fe8456db70c7a1085ea7d24" candidate_uuid: "d3d3599aa2d146419d7bed03e8df9c32" candidate_term: 1 candidate_status { last_received { term: 0 index: 0 } } ignore_live_leader: false dest_uuid: "21e762c5edf34e02bb4aeff4a563385f" is_pre_election: true
I20260709 12:18:43.186956 29126 raft_consensus.cc:2468] T 8414d6403fe8456db70c7a1085ea7d24 P 21e762c5edf34e02bb4aeff4a563385f [term 0 FOLLOWER]: Leader pre-election vote request: Granting yes vote for candidate d3d3599aa2d146419d7bed03e8df9c32 in term 0.
I20260709 12:18:43.190434 29294 leader_election.cc:290] T 8414d6403fe8456db70c7a1085ea7d24 P 21e762c5edf34e02bb4aeff4a563385f [CANDIDATE]: Term 1 pre-election: Requested pre-vote from peers 7bfea685b6384dd484dd4d3918990d50 (127.27.60.129:38505), d3d3599aa2d146419d7bed03e8df9c32 (127.27.60.131:33279)
I20260709 12:18:43.182111 29127 raft_consensus.cc:2468] T 19ccab38f55b42829ca55d11ea051abd P 21e762c5edf34e02bb4aeff4a563385f [term 1 FOLLOWER]: Leader election vote request: Granting yes vote for candidate d3d3599aa2d146419d7bed03e8df9c32 in term 1.
I20260709 12:18:43.192418 29201 raft_consensus.cc:3060] T ab196cbbe1c24b36a41e9f3932de743d P d3d3599aa2d146419d7bed03e8df9c32 [term 0 FOLLOWER]: Advancing to term 1
I20260709 12:18:43.206471 29047 tablet_service.cc:1917] Received RequestConsensusVote() RPC: tablet_id: "8414d6403fe8456db70c7a1085ea7d24" candidate_uuid: "21e762c5edf34e02bb4aeff4a563385f" candidate_term: 1 candidate_status { last_received { term: 0 index: 0 } } ignore_live_leader: false dest_uuid: "7bfea685b6384dd484dd4d3918990d50" is_pre_election: true
I20260709 12:18:43.207480 29047 raft_consensus.cc:2468] T 8414d6403fe8456db70c7a1085ea7d24 P 7bfea685b6384dd484dd4d3918990d50 [term 0 FOLLOWER]: Leader pre-election vote request: Granting yes vote for candidate 21e762c5edf34e02bb4aeff4a563385f in term 0.
I20260709 12:18:43.214362 29092 leader_election.cc:304] T 8414d6403fe8456db70c7a1085ea7d24 P 21e762c5edf34e02bb4aeff4a563385f [CANDIDATE]: Term 1 pre-election: Election decided. Result: candidate won. Election summary: received 2 responses out of 3 voters: 2 yes votes; 0 no votes. yes voters: 21e762c5edf34e02bb4aeff4a563385f, 7bfea685b6384dd484dd4d3918990d50; no voters: 
I20260709 12:18:43.217685 29198 tablet_service.cc:1917] Received RequestConsensusVote() RPC: tablet_id: "8414d6403fe8456db70c7a1085ea7d24" candidate_uuid: "21e762c5edf34e02bb4aeff4a563385f" candidate_term: 1 candidate_status { last_received { term: 0 index: 0 } } ignore_live_leader: false dest_uuid: "d3d3599aa2d146419d7bed03e8df9c32" is_pre_election: true
I20260709 12:18:43.219079 29288 raft_consensus.cc:2804] T 8414d6403fe8456db70c7a1085ea7d24 P 21e762c5edf34e02bb4aeff4a563385f [term 0 FOLLOWER]: Leader pre-election won for term 1
I20260709 12:18:43.218556 29198 raft_consensus.cc:2468] T 8414d6403fe8456db70c7a1085ea7d24 P d3d3599aa2d146419d7bed03e8df9c32 [term 0 FOLLOWER]: Leader pre-election vote request: Granting yes vote for candidate 21e762c5edf34e02bb4aeff4a563385f in term 0.
I20260709 12:18:43.225030 29288 raft_consensus.cc:493] T 8414d6403fe8456db70c7a1085ea7d24 P 21e762c5edf34e02bb4aeff4a563385f [term 0 FOLLOWER]: Starting leader election (no leader contacted us within the election timeout)
I20260709 12:18:43.225656 29288 raft_consensus.cc:3060] T 8414d6403fe8456db70c7a1085ea7d24 P 21e762c5edf34e02bb4aeff4a563385f [term 0 FOLLOWER]: Advancing to term 1
I20260709 12:18:43.231873 29294 consensus_queue.cc:1048] T ab196cbbe1c24b36a41e9f3932de743d P 21e762c5edf34e02bb4aeff4a563385f [LEADER]: Connected to new peer: Peer: permanent_uuid: "d3d3599aa2d146419d7bed03e8df9c32" member_type: VOTER last_known_addr { host: "127.27.60.131" port: 33279 }, Status: LMP_MISMATCH, Last received: 0.0, Next index: 1, Last known committed idx: 0, Time since last communication: 0.001s
I20260709 12:18:43.237345 29050 raft_consensus.cc:2468] T de4ae9cefbc44803a3af9f7a154785e4 P 7bfea685b6384dd484dd4d3918990d50 [term 1 FOLLOWER]: Leader election vote request: Granting yes vote for candidate d3d3599aa2d146419d7bed03e8df9c32 in term 1.
I20260709 12:18:43.204787 29166 leader_election.cc:304] T ab196cbbe1c24b36a41e9f3932de743d P d3d3599aa2d146419d7bed03e8df9c32 [CANDIDATE]: Term 1 pre-election: Election decided. Result: candidate lost. Election summary: received 3 responses out of 3 voters: 1 yes votes; 2 no votes. yes voters: d3d3599aa2d146419d7bed03e8df9c32; no voters: 21e762c5edf34e02bb4aeff4a563385f, 7bfea685b6384dd484dd4d3918990d50
W20260709 12:18:43.239017 29166 outbound_call.cc:321] RPC callback for RPC call kudu.consensus.ConsensusService.RequestConsensusVote -> {remote=127.27.60.130:41663, user_credentials={real_user=slave}} blocked reactor thread for 47958.4us
I20260709 12:18:43.238790 29288 raft_consensus.cc:515] T 8414d6403fe8456db70c7a1085ea7d24 P 21e762c5edf34e02bb4aeff4a563385f [term 1 FOLLOWER]: Starting leader election with config: opid_index: -1 OBSOLETE_local: false peers { permanent_uuid: "7bfea685b6384dd484dd4d3918990d50" member_type: VOTER last_known_addr { host: "127.27.60.129" port: 38505 } } peers { permanent_uuid: "21e762c5edf34e02bb4aeff4a563385f" member_type: VOTER last_known_addr { host: "127.27.60.130" port: 41663 } } peers { permanent_uuid: "d3d3599aa2d146419d7bed03e8df9c32" member_type: VOTER last_known_addr { host: "127.27.60.131" port: 33279 } }
I20260709 12:18:43.242295 29288 leader_election.cc:290] T 8414d6403fe8456db70c7a1085ea7d24 P 21e762c5edf34e02bb4aeff4a563385f [CANDIDATE]: Term 1 election: Requested vote from peers 7bfea685b6384dd484dd4d3918990d50 (127.27.60.129:38505), d3d3599aa2d146419d7bed03e8df9c32 (127.27.60.131:33279)
I20260709 12:18:43.243888 29166 leader_election.cc:304] T 8414d6403fe8456db70c7a1085ea7d24 P d3d3599aa2d146419d7bed03e8df9c32 [CANDIDATE]: Term 1 pre-election: Election decided. Result: candidate won. Election summary: received 2 responses out of 3 voters: 2 yes votes; 0 no votes. yes voters: 7bfea685b6384dd484dd4d3918990d50, d3d3599aa2d146419d7bed03e8df9c32; no voters: 
I20260709 12:18:43.244576 29052 tablet_service.cc:1917] Received RequestConsensusVote() RPC: tablet_id: "8414d6403fe8456db70c7a1085ea7d24" candidate_uuid: "21e762c5edf34e02bb4aeff4a563385f" candidate_term: 1 candidate_status { last_received { term: 0 index: 0 } } ignore_live_leader: false dest_uuid: "7bfea685b6384dd484dd4d3918990d50"
I20260709 12:18:43.245507 29052 raft_consensus.cc:3060] T 8414d6403fe8456db70c7a1085ea7d24 P 7bfea685b6384dd484dd4d3918990d50 [term 0 FOLLOWER]: Advancing to term 1
I20260709 12:18:43.198073 28947 catalog_manager.cc:5697] T de4ae9cefbc44803a3af9f7a154785e4 P d3d3599aa2d146419d7bed03e8df9c32 reported cstate change: term changed from 0 to 1, leader changed from <none> to d3d3599aa2d146419d7bed03e8df9c32 (127.27.60.131). New cstate: current_term: 1 leader_uuid: "d3d3599aa2d146419d7bed03e8df9c32" committed_config { opid_index: -1 OBSOLETE_local: false peers { permanent_uuid: "7bfea685b6384dd484dd4d3918990d50" member_type: VOTER last_known_addr { host: "127.27.60.129" port: 38505 } health_report { overall_health: UNKNOWN } } peers { permanent_uuid: "21e762c5edf34e02bb4aeff4a563385f" member_type: VOTER last_known_addr { host: "127.27.60.130" port: 41663 } health_report { overall_health: UNKNOWN } } peers { permanent_uuid: "d3d3599aa2d146419d7bed03e8df9c32" member_type: VOTER last_known_addr { host: "127.27.60.131" port: 33279 } health_report { overall_health: HEALTHY } } }
I20260709 12:18:43.247546 29199 tablet_service.cc:1917] Received RequestConsensusVote() RPC: tablet_id: "8414d6403fe8456db70c7a1085ea7d24" candidate_uuid: "21e762c5edf34e02bb4aeff4a563385f" candidate_term: 1 candidate_status { last_received { term: 0 index: 0 } } ignore_live_leader: false dest_uuid: "d3d3599aa2d146419d7bed03e8df9c32"
I20260709 12:18:43.248198 29199 raft_consensus.cc:3060] T 8414d6403fe8456db70c7a1085ea7d24 P d3d3599aa2d146419d7bed03e8df9c32 [term 0 FOLLOWER]: Advancing to term 1
I20260709 12:18:43.249893 29200 raft_consensus.cc:2468] T 9fa281b8ebfa4c0b8133c9d57855ddbb P d3d3599aa2d146419d7bed03e8df9c32 [term 1 FOLLOWER]: Leader election vote request: Granting yes vote for candidate 7bfea685b6384dd484dd4d3918990d50 in term 1.
I20260709 12:18:43.245018 28949 catalog_manager.cc:5697] T 41c9bdfe955745e2afb16bf46aacb127 P 21e762c5edf34e02bb4aeff4a563385f reported cstate change: term changed from 0 to 1, leader changed from <none> to 21e762c5edf34e02bb4aeff4a563385f (127.27.60.130). New cstate: current_term: 1 leader_uuid: "21e762c5edf34e02bb4aeff4a563385f" committed_config { opid_index: -1 OBSOLETE_local: false peers { permanent_uuid: "7bfea685b6384dd484dd4d3918990d50" member_type: VOTER last_known_addr { host: "127.27.60.129" port: 38505 } health_report { overall_health: UNKNOWN } } peers { permanent_uuid: "21e762c5edf34e02bb4aeff4a563385f" member_type: VOTER last_known_addr { host: "127.27.60.130" port: 41663 } health_report { overall_health: HEALTHY } } peers { permanent_uuid: "d3d3599aa2d146419d7bed03e8df9c32" member_type: VOTER last_known_addr { host: "127.27.60.131" port: 33279 } health_report { overall_health: UNKNOWN } } }
I20260709 12:18:43.245745 29166 leader_election.cc:304] T 19ccab38f55b42829ca55d11ea051abd P d3d3599aa2d146419d7bed03e8df9c32 [CANDIDATE]: Term 1 election: Election decided. Result: candidate won. Election summary: received 3 responses out of 3 voters: 2 yes votes; 1 no votes. yes voters: 21e762c5edf34e02bb4aeff4a563385f, d3d3599aa2d146419d7bed03e8df9c32; no voters: 7bfea685b6384dd484dd4d3918990d50
I20260709 12:18:43.262437 29314 raft_consensus.cc:2749] T ab196cbbe1c24b36a41e9f3932de743d P d3d3599aa2d146419d7bed03e8df9c32 [term 1 FOLLOWER]: Leader pre-election lost for term 1. Reason: could not achieve majority
W20260709 12:18:43.267903 29321 log.cc:927] Time spent T 1baa3a9835fb4988b27824c268788876 P 7bfea685b6384dd484dd4d3918990d50: Append to log took a long time: real 0.056s	user 0.000s	sys 0.000s
I20260709 12:18:43.256736 29018 leader_election.cc:304] T 9fa281b8ebfa4c0b8133c9d57855ddbb P 7bfea685b6384dd484dd4d3918990d50 [CANDIDATE]: Term 1 election: Election decided. Result: candidate won. Election summary: received 3 responses out of 3 voters: 2 yes votes; 1 no votes. yes voters: 7bfea685b6384dd484dd4d3918990d50, d3d3599aa2d146419d7bed03e8df9c32; no voters: 21e762c5edf34e02bb4aeff4a563385f
I20260709 12:18:43.282802 29313 raft_consensus.cc:2804] T 19ccab38f55b42829ca55d11ea051abd P d3d3599aa2d146419d7bed03e8df9c32 [term 1 FOLLOWER]: Leader election won for term 1
I20260709 12:18:43.283452 29313 raft_consensus.cc:697] T 19ccab38f55b42829ca55d11ea051abd P d3d3599aa2d146419d7bed03e8df9c32 [term 1 LEADER]: Becoming Leader. State: Replica: d3d3599aa2d146419d7bed03e8df9c32, State: Running, Role: LEADER
I20260709 12:18:43.284132 29313 consensus_queue.cc:237] T 19ccab38f55b42829ca55d11ea051abd P d3d3599aa2d146419d7bed03e8df9c32 [LEADER]: Queue going to LEADER mode. State: All replicated index: 0, Majority replicated index: 0, Committed index: 0, Last appended: 0.0, Last appended by leader: 0, Current term: 1, Majority size: 2, State: 0, Mode: LEADER, active raft config: opid_index: -1 OBSOLETE_local: false peers { permanent_uuid: "7bfea685b6384dd484dd4d3918990d50" member_type: VOTER last_known_addr { host: "127.27.60.129" port: 38505 } } peers { permanent_uuid: "21e762c5edf34e02bb4aeff4a563385f" member_type: VOTER last_known_addr { host: "127.27.60.130" port: 41663 } } peers { permanent_uuid: "d3d3599aa2d146419d7bed03e8df9c32" member_type: VOTER last_known_addr { host: "127.27.60.131" port: 33279 } }
W20260709 12:18:43.274489 29322 log.cc:927] Time spent T 03e83cd4e60043ed9306160466048d6f P 7bfea685b6384dd484dd4d3918990d50: Append to log took a long time: real 0.054s	user 0.000s	sys 0.001s
I20260709 12:18:43.290655 29318 raft_consensus.cc:2804] T 9fa281b8ebfa4c0b8133c9d57855ddbb P 7bfea685b6384dd484dd4d3918990d50 [term 1 FOLLOWER]: Leader election won for term 1
I20260709 12:18:43.316413 29318 raft_consensus.cc:697] T 9fa281b8ebfa4c0b8133c9d57855ddbb P 7bfea685b6384dd484dd4d3918990d50 [term 1 LEADER]: Becoming Leader. State: Replica: 7bfea685b6384dd484dd4d3918990d50, State: Running, Role: LEADER
I20260709 12:18:43.316758 29052 raft_consensus.cc:2468] T 8414d6403fe8456db70c7a1085ea7d24 P 7bfea685b6384dd484dd4d3918990d50 [term 1 FOLLOWER]: Leader election vote request: Granting yes vote for candidate 21e762c5edf34e02bb4aeff4a563385f in term 1.
I20260709 12:18:43.317268 29318 consensus_queue.cc:237] T 9fa281b8ebfa4c0b8133c9d57855ddbb P 7bfea685b6384dd484dd4d3918990d50 [LEADER]: Queue going to LEADER mode. State: All replicated index: 0, Majority replicated index: 0, Committed index: 0, Last appended: 0.0, Last appended by leader: 0, Current term: 1, Majority size: 2, State: 0, Mode: LEADER, active raft config: opid_index: -1 OBSOLETE_local: false peers { permanent_uuid: "7bfea685b6384dd484dd4d3918990d50" member_type: VOTER last_known_addr { host: "127.27.60.129" port: 38505 } } peers { permanent_uuid: "21e762c5edf34e02bb4aeff4a563385f" member_type: VOTER last_known_addr { host: "127.27.60.130" port: 41663 } } peers { permanent_uuid: "d3d3599aa2d146419d7bed03e8df9c32" member_type: VOTER last_known_addr { host: "127.27.60.131" port: 33279 } }
I20260709 12:18:43.320465 29092 leader_election.cc:304] T 8414d6403fe8456db70c7a1085ea7d24 P 21e762c5edf34e02bb4aeff4a563385f [CANDIDATE]: Term 1 election: Election decided. Result: candidate won. Election summary: received 2 responses out of 3 voters: 2 yes votes; 0 no votes. yes voters: 21e762c5edf34e02bb4aeff4a563385f, 7bfea685b6384dd484dd4d3918990d50; no voters: 
I20260709 12:18:43.323552 29325 raft_consensus.cc:2804] T 8414d6403fe8456db70c7a1085ea7d24 P 21e762c5edf34e02bb4aeff4a563385f [term 1 FOLLOWER]: Leader election won for term 1
I20260709 12:18:43.324375 29325 raft_consensus.cc:697] T 8414d6403fe8456db70c7a1085ea7d24 P 21e762c5edf34e02bb4aeff4a563385f [term 1 LEADER]: Becoming Leader. State: Replica: 21e762c5edf34e02bb4aeff4a563385f, State: Running, Role: LEADER
I20260709 12:18:43.325371 29325 consensus_queue.cc:237] T 8414d6403fe8456db70c7a1085ea7d24 P 21e762c5edf34e02bb4aeff4a563385f [LEADER]: Queue going to LEADER mode. State: All replicated index: 0, Majority replicated index: 0, Committed index: 0, Last appended: 0.0, Last appended by leader: 0, Current term: 1, Majority size: 2, State: 0, Mode: LEADER, active raft config: opid_index: -1 OBSOLETE_local: false peers { permanent_uuid: "7bfea685b6384dd484dd4d3918990d50" member_type: VOTER last_known_addr { host: "127.27.60.129" port: 38505 } } peers { permanent_uuid: "21e762c5edf34e02bb4aeff4a563385f" member_type: VOTER last_known_addr { host: "127.27.60.130" port: 41663 } } peers { permanent_uuid: "d3d3599aa2d146419d7bed03e8df9c32" member_type: VOTER last_known_addr { host: "127.27.60.131" port: 33279 } }
I20260709 12:18:43.336069 29245 tablet_bootstrap.cc:492] T 80539d00e7474b8e8aecfffc966a18d0 P 21e762c5edf34e02bb4aeff4a563385f: No bootstrap required, opened a new log
I20260709 12:18:43.336791 29245 ts_tablet_manager.cc:1403] T 80539d00e7474b8e8aecfffc966a18d0 P 21e762c5edf34e02bb4aeff4a563385f: Time spent bootstrapping tablet: real 0.327s	user 0.018s	sys 0.000s
I20260709 12:18:43.340044 29199 raft_consensus.cc:2468] T 8414d6403fe8456db70c7a1085ea7d24 P d3d3599aa2d146419d7bed03e8df9c32 [term 1 FOLLOWER]: Leader election vote request: Granting yes vote for candidate 21e762c5edf34e02bb4aeff4a563385f in term 1.
W20260709 12:18:43.334911 29166 outbound_call.cc:321] RPC callback for RPC call kudu.consensus.ConsensusService.RequestConsensusVote -> {remote=127.27.60.129:38505, user_credentials={real_user=slave}} blocked reactor thread for 45856.9us
I20260709 12:18:43.341526 29246 raft_consensus.cc:2764] T 8414d6403fe8456db70c7a1085ea7d24 P d3d3599aa2d146419d7bed03e8df9c32 [term 1 FOLLOWER]: Leader pre-election decision vote started in defunct term 0: won
I20260709 12:18:43.344142 29242 tablet_bootstrap.cc:492] T 19ccab38f55b42829ca55d11ea051abd P 7bfea685b6384dd484dd4d3918990d50: No bootstrap required, opened a new log
I20260709 12:18:43.344628 29242 ts_tablet_manager.cc:1403] T 19ccab38f55b42829ca55d11ea051abd P 7bfea685b6384dd484dd4d3918990d50: Time spent bootstrapping tablet: real 0.323s	user 0.009s	sys 0.008s
I20260709 12:18:43.349393 29245 raft_consensus.cc:359] T 80539d00e7474b8e8aecfffc966a18d0 P 21e762c5edf34e02bb4aeff4a563385f [term 0 FOLLOWER]: Replica starting. Triggering 0 pending ops. Active config: opid_index: -1 OBSOLETE_local: false peers { permanent_uuid: "7bfea685b6384dd484dd4d3918990d50" member_type: VOTER last_known_addr { host: "127.27.60.129" port: 38505 } } peers { permanent_uuid: "21e762c5edf34e02bb4aeff4a563385f" member_type: VOTER last_known_addr { host: "127.27.60.130" port: 41663 } } peers { permanent_uuid: "d3d3599aa2d146419d7bed03e8df9c32" member_type: VOTER last_known_addr { host: "127.27.60.131" port: 33279 } }
I20260709 12:18:43.350343 29245 raft_consensus.cc:385] T 80539d00e7474b8e8aecfffc966a18d0 P 21e762c5edf34e02bb4aeff4a563385f [term 0 FOLLOWER]: Consensus starting up: Expiring failure detector timer to make a prompt election more likely
I20260709 12:18:43.350628 29245 raft_consensus.cc:740] T 80539d00e7474b8e8aecfffc966a18d0 P 21e762c5edf34e02bb4aeff4a563385f [term 0 FOLLOWER]: Becoming Follower/Learner. State: Replica: 21e762c5edf34e02bb4aeff4a563385f, State: Initialized, Role: FOLLOWER
I20260709 12:18:43.351357 29245 consensus_queue.cc:260] T 80539d00e7474b8e8aecfffc966a18d0 P 21e762c5edf34e02bb4aeff4a563385f [NON_LEADER]: Queue going to NON_LEADER mode. State: All replicated index: 0, Majority replicated index: 0, Committed index: 0, Last appended: 0.0, Last appended by leader: 0, Current term: 0, Majority size: -1, State: 0, Mode: NON_LEADER, active raft config: opid_index: -1 OBSOLETE_local: false peers { permanent_uuid: "7bfea685b6384dd484dd4d3918990d50" member_type: VOTER last_known_addr { host: "127.27.60.129" port: 38505 } } peers { permanent_uuid: "21e762c5edf34e02bb4aeff4a563385f" member_type: VOTER last_known_addr { host: "127.27.60.130" port: 41663 } } peers { permanent_uuid: "d3d3599aa2d146419d7bed03e8df9c32" member_type: VOTER last_known_addr { host: "127.27.60.131" port: 33279 } }
I20260709 12:18:43.356434 29242 raft_consensus.cc:359] T 19ccab38f55b42829ca55d11ea051abd P 7bfea685b6384dd484dd4d3918990d50 [term 0 FOLLOWER]: Replica starting. Triggering 0 pending ops. Active config: opid_index: -1 OBSOLETE_local: false peers { permanent_uuid: "7bfea685b6384dd484dd4d3918990d50" member_type: VOTER last_known_addr { host: "127.27.60.129" port: 38505 } } peers { permanent_uuid: "21e762c5edf34e02bb4aeff4a563385f" member_type: VOTER last_known_addr { host: "127.27.60.130" port: 41663 } } peers { permanent_uuid: "d3d3599aa2d146419d7bed03e8df9c32" member_type: VOTER last_known_addr { host: "127.27.60.131" port: 33279 } }
I20260709 12:18:43.357223 29242 raft_consensus.cc:385] T 19ccab38f55b42829ca55d11ea051abd P 7bfea685b6384dd484dd4d3918990d50 [term 0 FOLLOWER]: Consensus starting up: Expiring failure detector timer to make a prompt election more likely
I20260709 12:18:43.357508 29242 raft_consensus.cc:740] T 19ccab38f55b42829ca55d11ea051abd P 7bfea685b6384dd484dd4d3918990d50 [term 0 FOLLOWER]: Becoming Follower/Learner. State: Replica: 7bfea685b6384dd484dd4d3918990d50, State: Initialized, Role: FOLLOWER
I20260709 12:18:43.358346 29242 consensus_queue.cc:260] T 19ccab38f55b42829ca55d11ea051abd P 7bfea685b6384dd484dd4d3918990d50 [NON_LEADER]: Queue going to NON_LEADER mode. State: All replicated index: 0, Majority replicated index: 0, Committed index: 0, Last appended: 0.0, Last appended by leader: 0, Current term: 0, Majority size: -1, State: 0, Mode: NON_LEADER, active raft config: opid_index: -1 OBSOLETE_local: false peers { permanent_uuid: "7bfea685b6384dd484dd4d3918990d50" member_type: VOTER last_known_addr { host: "127.27.60.129" port: 38505 } } peers { permanent_uuid: "21e762c5edf34e02bb4aeff4a563385f" member_type: VOTER last_known_addr { host: "127.27.60.130" port: 41663 } } peers { permanent_uuid: "d3d3599aa2d146419d7bed03e8df9c32" member_type: VOTER last_known_addr { host: "127.27.60.131" port: 33279 } }
I20260709 12:18:43.356464 29241 tablet_bootstrap.cc:492] T 80539d00e7474b8e8aecfffc966a18d0 P d3d3599aa2d146419d7bed03e8df9c32: No bootstrap required, opened a new log
I20260709 12:18:43.359810 29241 ts_tablet_manager.cc:1403] T 80539d00e7474b8e8aecfffc966a18d0 P d3d3599aa2d146419d7bed03e8df9c32: Time spent bootstrapping tablet: real 0.343s	user 0.018s	sys 0.007s
I20260709 12:18:43.360813 29242 ts_tablet_manager.cc:1434] T 19ccab38f55b42829ca55d11ea051abd P 7bfea685b6384dd484dd4d3918990d50: Time spent starting tablet: real 0.016s	user 0.005s	sys 0.003s
I20260709 12:18:43.361693 29242 tablet_bootstrap.cc:492] T ca951f0fdbed4043b996b78b6fa799a2 P 7bfea685b6384dd484dd4d3918990d50: Bootstrap starting.
I20260709 12:18:43.362980 29245 ts_tablet_manager.cc:1434] T 80539d00e7474b8e8aecfffc966a18d0 P 21e762c5edf34e02bb4aeff4a563385f: Time spent starting tablet: real 0.026s	user 0.005s	sys 0.004s
