I20260709 12:09:17.865808  7858 raft_consensus.cc:740] T a477e30d871c42cf818afe056b481490 P d0aff21e487e4ff38d128315d8be7444 [term 0 FOLLOWER]: Becoming Follower/Learner. State: Replica: d0aff21e487e4ff38d128315d8be7444, State: Initialized, Role: FOLLOWER
W20260709 12:09:17.866179  7782 leader_election.cc:343] T 1034557731c54e148c6a15758923f156 P 30d32f6d91484efe94c0491750d0bbc3 [CANDIDATE]: Term 1 election: Tablet error from VoteRequest() call to peer 2af56f90dab245dca2d38a76426973ac (127.6.89.66:46865): Illegal state: must be running to vote when last-logged opid is not known
I20260709 12:09:17.866587  7858 consensus_queue.cc:260] T a477e30d871c42cf818afe056b481490 P d0aff21e487e4ff38d128315d8be7444 [NON_LEADER]: Queue going to NON_LEADER mode. State: All replicated index: 0, Majority replicated index: 0, Committed index: 0, Last appended: 0.0, Last appended by leader: 0, Current term: 0, Majority size: -1, State: 0, Mode: NON_LEADER, active raft config: opid_index: -1 OBSOLETE_local: false peers { permanent_uuid: "d0aff21e487e4ff38d128315d8be7444" member_type: VOTER last_known_addr { host: "127.6.89.65" port: 34133 } } peers { permanent_uuid: "2af56f90dab245dca2d38a76426973ac" member_type: VOTER last_known_addr { host: "127.6.89.66" port: 46865 } } peers { permanent_uuid: "30d32f6d91484efe94c0491750d0bbc3" member_type: VOTER last_known_addr { host: "127.6.89.67" port: 45145 } }
I20260709 12:09:17.869064  7858 ts_tablet_manager.cc:1434] T a477e30d871c42cf818afe056b481490 P d0aff21e487e4ff38d128315d8be7444: Time spent starting tablet: real 0.008s	user 0.008s	sys 0.000s
I20260709 12:09:17.872006  7858 tablet_bootstrap.cc:492] T 1ee6ab0d64584590bc6d9316c53a7206 P d0aff21e487e4ff38d128315d8be7444: Bootstrap starting.
I20260709 12:09:17.872219  7860 tablet_bootstrap.cc:492] T 84b4a679f02847e3a2d4fef156a1dc23 P 30d32f6d91484efe94c0491750d0bbc3: No bootstrap required, opened a new log
I20260709 12:09:17.872875  7860 ts_tablet_manager.cc:1403] T 84b4a679f02847e3a2d4fef156a1dc23 P 30d32f6d91484efe94c0491750d0bbc3: Time spent bootstrapping tablet: real 0.061s	user 0.023s	sys 0.001s
I20260709 12:09:17.876173  7860 raft_consensus.cc:359] T 84b4a679f02847e3a2d4fef156a1dc23 P 30d32f6d91484efe94c0491750d0bbc3 [term 0 FOLLOWER]: Replica starting. Triggering 0 pending ops. Active config: opid_index: -1 OBSOLETE_local: false peers { permanent_uuid: "d0aff21e487e4ff38d128315d8be7444" member_type: VOTER last_known_addr { host: "127.6.89.65" port: 34133 } } peers { permanent_uuid: "2af56f90dab245dca2d38a76426973ac" member_type: VOTER last_known_addr { host: "127.6.89.66" port: 46865 } } peers { permanent_uuid: "30d32f6d91484efe94c0491750d0bbc3" member_type: VOTER last_known_addr { host: "127.6.89.67" port: 45145 } }
I20260709 12:09:17.877213  7886 leader_election.cc:290] T 1034557731c54e148c6a15758923f156 P 30d32f6d91484efe94c0491750d0bbc3 [CANDIDATE]: Term 1 election: Requested vote from peers 2af56f90dab245dca2d38a76426973ac (127.6.89.66:46865), d0aff21e487e4ff38d128315d8be7444 (127.6.89.65:34133)
I20260709 12:09:17.877393  7860 raft_consensus.cc:385] T 84b4a679f02847e3a2d4fef156a1dc23 P 30d32f6d91484efe94c0491750d0bbc3 [term 0 FOLLOWER]: Consensus starting up: Expiring failure detector timer to make a prompt election more likely
I20260709 12:09:17.877699  7860 raft_consensus.cc:740] T 84b4a679f02847e3a2d4fef156a1dc23 P 30d32f6d91484efe94c0491750d0bbc3 [term 0 FOLLOWER]: Becoming Follower/Learner. State: Replica: 30d32f6d91484efe94c0491750d0bbc3, State: Initialized, Role: FOLLOWER
I20260709 12:09:17.878505  7669 tablet_service.cc:1917] Received RequestConsensusVote() RPC: tablet_id: "1034557731c54e148c6a15758923f156" candidate_uuid: "30d32f6d91484efe94c0491750d0bbc3" candidate_term: 1 candidate_status { last_received { term: 0 index: 0 } } ignore_live_leader: false dest_uuid: "d0aff21e487e4ff38d128315d8be7444"
I20260709 12:09:17.879222  7669 raft_consensus.cc:3060] T 1034557731c54e148c6a15758923f156 P d0aff21e487e4ff38d128315d8be7444 [term 0 FOLLOWER]: Advancing to term 1
I20260709 12:09:17.878751  7860 consensus_queue.cc:260] T 84b4a679f02847e3a2d4fef156a1dc23 P 30d32f6d91484efe94c0491750d0bbc3 [NON_LEADER]: Queue going to NON_LEADER mode. State: All replicated index: 0, Majority replicated index: 0, Committed index: 0, Last appended: 0.0, Last appended by leader: 0, Current term: 0, Majority size: -1, State: 0, Mode: NON_LEADER, active raft config: opid_index: -1 OBSOLETE_local: false peers { permanent_uuid: "d0aff21e487e4ff38d128315d8be7444" member_type: VOTER last_known_addr { host: "127.6.89.65" port: 34133 } } peers { permanent_uuid: "2af56f90dab245dca2d38a76426973ac" member_type: VOTER last_known_addr { host: "127.6.89.66" port: 46865 } } peers { permanent_uuid: "30d32f6d91484efe94c0491750d0bbc3" member_type: VOTER last_known_addr { host: "127.6.89.67" port: 45145 } }
I20260709 12:09:17.882336  7860 ts_tablet_manager.cc:1434] T 84b4a679f02847e3a2d4fef156a1dc23 P 30d32f6d91484efe94c0491750d0bbc3: Time spent starting tablet: real 0.009s	user 0.007s	sys 0.000s
I20260709 12:09:17.883937  7860 tablet_bootstrap.cc:492] T 4487da4fd23c474f8a4047f809c41e5b P 30d32f6d91484efe94c0491750d0bbc3: Bootstrap starting.
I20260709 12:09:17.885001  7859 ts_tablet_manager.cc:1434] T 952708bfffdc4c788e192afa007ea3b3 P 2af56f90dab245dca2d38a76426973ac: Time spent starting tablet: real 0.058s	user 0.011s	sys 0.011s
I20260709 12:09:17.884349  7886 raft_consensus.cc:493] T 84b4a679f02847e3a2d4fef156a1dc23 P 30d32f6d91484efe94c0491750d0bbc3 [term 0 FOLLOWER]: Starting pre-election (no leader contacted us within the election timeout)
I20260709 12:09:17.885557  7886 raft_consensus.cc:515] T 84b4a679f02847e3a2d4fef156a1dc23 P 30d32f6d91484efe94c0491750d0bbc3 [term 0 FOLLOWER]: Starting pre-election with config: opid_index: -1 OBSOLETE_local: false peers { permanent_uuid: "d0aff21e487e4ff38d128315d8be7444" member_type: VOTER last_known_addr { host: "127.6.89.65" port: 34133 } } peers { permanent_uuid: "2af56f90dab245dca2d38a76426973ac" member_type: VOTER last_known_addr { host: "127.6.89.66" port: 46865 } } peers { permanent_uuid: "30d32f6d91484efe94c0491750d0bbc3" member_type: VOTER last_known_addr { host: "127.6.89.67" port: 45145 } }
I20260709 12:09:17.886124  7859 tablet_bootstrap.cc:492] T 53ff1a1ce16a4f91b38aa3da7d0cedbf P 2af56f90dab245dca2d38a76426973ac: Bootstrap starting.
I20260709 12:09:17.888813  7668 tablet_service.cc:1917] Received RequestConsensusVote() RPC: tablet_id: "84b4a679f02847e3a2d4fef156a1dc23" candidate_uuid: "30d32f6d91484efe94c0491750d0bbc3" candidate_term: 1 candidate_status { last_received { term: 0 index: 0 } } ignore_live_leader: false dest_uuid: "d0aff21e487e4ff38d128315d8be7444" is_pre_election: true
I20260709 12:09:17.890360  7858 tablet_bootstrap.cc:654] T 1ee6ab0d64584590bc6d9316c53a7206 P d0aff21e487e4ff38d128315d8be7444: Neither blocks nor log segments found. Creating new log.
W20260709 12:09:17.890545  7784 leader_election.cc:343] T 84b4a679f02847e3a2d4fef156a1dc23 P 30d32f6d91484efe94c0491750d0bbc3 [CANDIDATE]: Term 1 pre-election: Tablet error from VoteRequest() call to peer d0aff21e487e4ff38d128315d8be7444 (127.6.89.65:34133): Illegal state: must be running to vote when last-logged opid is not known
I20260709 12:09:17.892207  7744 tablet_service.cc:1917] Received RequestConsensusVote() RPC: tablet_id: "84b4a679f02847e3a2d4fef156a1dc23" candidate_uuid: "30d32f6d91484efe94c0491750d0bbc3" candidate_term: 1 candidate_status { last_received { term: 0 index: 0 } } ignore_live_leader: false dest_uuid: "2af56f90dab245dca2d38a76426973ac" is_pre_election: true
I20260709 12:09:17.892936  7744 raft_consensus.cc:2468] T 84b4a679f02847e3a2d4fef156a1dc23 P 2af56f90dab245dca2d38a76426973ac [term 0 FOLLOWER]: Leader pre-election vote request: Granting yes vote for candidate 30d32f6d91484efe94c0491750d0bbc3 in term 0.
I20260709 12:09:17.894027  7898 raft_consensus.cc:493] T 26cb411b565b448e9507065751ee42f0 P 2af56f90dab245dca2d38a76426973ac [term 0 FOLLOWER]: Starting pre-election (no leader contacted us within the election timeout)
I20260709 12:09:17.894636  7782 leader_election.cc:304] T 84b4a679f02847e3a2d4fef156a1dc23 P 30d32f6d91484efe94c0491750d0bbc3 [CANDIDATE]: Term 1 pre-election: Election decided. Result: candidate won. Election summary: received 3 responses out of 3 voters: 2 yes votes; 1 no votes. yes voters: 2af56f90dab245dca2d38a76426973ac, 30d32f6d91484efe94c0491750d0bbc3; no voters: d0aff21e487e4ff38d128315d8be7444
I20260709 12:09:17.894492  7898 raft_consensus.cc:515] T 26cb411b565b448e9507065751ee42f0 P 2af56f90dab245dca2d38a76426973ac [term 0 FOLLOWER]: Starting pre-election with config: opid_index: -1 OBSOLETE_local: false peers { permanent_uuid: "d0aff21e487e4ff38d128315d8be7444" member_type: VOTER last_known_addr { host: "127.6.89.65" port: 34133 } } peers { permanent_uuid: "2af56f90dab245dca2d38a76426973ac" member_type: VOTER last_known_addr { host: "127.6.89.66" port: 46865 } } peers { permanent_uuid: "30d32f6d91484efe94c0491750d0bbc3" member_type: VOTER last_known_addr { host: "127.6.89.67" port: 45145 } }
I20260709 12:09:17.896806  7669 raft_consensus.cc:2468] T 1034557731c54e148c6a15758923f156 P d0aff21e487e4ff38d128315d8be7444 [term 1 FOLLOWER]: Leader election vote request: Granting yes vote for candidate 30d32f6d91484efe94c0491750d0bbc3 in term 1.
I20260709 12:09:17.893667  7886 leader_election.cc:290] T 84b4a679f02847e3a2d4fef156a1dc23 P 30d32f6d91484efe94c0491750d0bbc3 [CANDIDATE]: Term 1 pre-election: Requested pre-vote from peers d0aff21e487e4ff38d128315d8be7444 (127.6.89.65:34133), 2af56f90dab245dca2d38a76426973ac (127.6.89.66:46865)
I20260709 12:09:17.901508  7784 leader_election.cc:304] T 1034557731c54e148c6a15758923f156 P 30d32f6d91484efe94c0491750d0bbc3 [CANDIDATE]: Term 1 election: Election decided. Result: candidate won. Election summary: received 3 responses out of 3 voters: 2 yes votes; 1 no votes. yes voters: 30d32f6d91484efe94c0491750d0bbc3, d0aff21e487e4ff38d128315d8be7444; no voters: 2af56f90dab245dca2d38a76426973ac
I20260709 12:09:17.902088  7859 tablet_bootstrap.cc:654] T 53ff1a1ce16a4f91b38aa3da7d0cedbf P 2af56f90dab245dca2d38a76426973ac: Neither blocks nor log segments found. Creating new log.
I20260709 12:09:17.898758  7886 raft_consensus.cc:2804] T 84b4a679f02847e3a2d4fef156a1dc23 P 30d32f6d91484efe94c0491750d0bbc3 [term 0 FOLLOWER]: Leader pre-election won for term 1
I20260709 12:09:17.902987  7886 raft_consensus.cc:493] T 84b4a679f02847e3a2d4fef156a1dc23 P 30d32f6d91484efe94c0491750d0bbc3 [term 0 FOLLOWER]: Starting leader election (no leader contacted us within the election timeout)
I20260709 12:09:17.903245  7668 tablet_service.cc:1917] Received RequestConsensusVote() RPC: tablet_id: "26cb411b565b448e9507065751ee42f0" candidate_uuid: "2af56f90dab245dca2d38a76426973ac" candidate_term: 1 candidate_status { last_received { term: 0 index: 0 } } ignore_live_leader: false dest_uuid: "d0aff21e487e4ff38d128315d8be7444" is_pre_election: true
I20260709 12:09:17.903906  7886 raft_consensus.cc:3060] T 84b4a679f02847e3a2d4fef156a1dc23 P 30d32f6d91484efe94c0491750d0bbc3 [term 0 FOLLOWER]: Advancing to term 1
I20260709 12:09:17.904251  7668 raft_consensus.cc:2468] T 26cb411b565b448e9507065751ee42f0 P d0aff21e487e4ff38d128315d8be7444 [term 0 FOLLOWER]: Leader pre-election vote request: Granting yes vote for candidate 2af56f90dab245dca2d38a76426973ac in term 0.
I20260709 12:09:17.905500  7866 raft_consensus.cc:2804] T 1034557731c54e148c6a15758923f156 P 30d32f6d91484efe94c0491750d0bbc3 [term 1 FOLLOWER]: Leader election won for term 1
I20260709 12:09:17.907189  7818 tablet_service.cc:1917] Received RequestConsensusVote() RPC: tablet_id: "26cb411b565b448e9507065751ee42f0" candidate_uuid: "2af56f90dab245dca2d38a76426973ac" candidate_term: 1 candidate_status { last_received { term: 0 index: 0 } } ignore_live_leader: false dest_uuid: "30d32f6d91484efe94c0491750d0bbc3" is_pre_election: true
I20260709 12:09:17.909051  7710 leader_election.cc:304] T 26cb411b565b448e9507065751ee42f0 P 2af56f90dab245dca2d38a76426973ac [CANDIDATE]: Term 1 pre-election: Election decided. Result: candidate won. Election summary: received 2 responses out of 3 voters: 2 yes votes; 0 no votes. yes voters: 2af56f90dab245dca2d38a76426973ac, d0aff21e487e4ff38d128315d8be7444; no voters: 
I20260709 12:09:17.909963  7865 raft_consensus.cc:2804] T 26cb411b565b448e9507065751ee42f0 P 2af56f90dab245dca2d38a76426973ac [term 0 FOLLOWER]: Leader pre-election won for term 1
I20260709 12:09:17.910329  7865 raft_consensus.cc:493] T 26cb411b565b448e9507065751ee42f0 P 2af56f90dab245dca2d38a76426973ac [term 0 FOLLOWER]: Starting leader election (no leader contacted us within the election timeout)
I20260709 12:09:17.907914  7818 raft_consensus.cc:2468] T 26cb411b565b448e9507065751ee42f0 P 30d32f6d91484efe94c0491750d0bbc3 [term 0 FOLLOWER]: Leader pre-election vote request: Granting yes vote for candidate 2af56f90dab245dca2d38a76426973ac in term 0.
I20260709 12:09:17.910701  7865 raft_consensus.cc:3060] T 26cb411b565b448e9507065751ee42f0 P 2af56f90dab245dca2d38a76426973ac [term 0 FOLLOWER]: Advancing to term 1
I20260709 12:09:17.910698  7860 tablet_bootstrap.cc:654] T 4487da4fd23c474f8a4047f809c41e5b P 30d32f6d91484efe94c0491750d0bbc3: Neither blocks nor log segments found. Creating new log.
I20260709 12:09:17.919566  7886 raft_consensus.cc:515] T 84b4a679f02847e3a2d4fef156a1dc23 P 30d32f6d91484efe94c0491750d0bbc3 [term 1 FOLLOWER]: Starting leader election with config: opid_index: -1 OBSOLETE_local: false peers { permanent_uuid: "d0aff21e487e4ff38d128315d8be7444" member_type: VOTER last_known_addr { host: "127.6.89.65" port: 34133 } } peers { permanent_uuid: "2af56f90dab245dca2d38a76426973ac" member_type: VOTER last_known_addr { host: "127.6.89.66" port: 46865 } } peers { permanent_uuid: "30d32f6d91484efe94c0491750d0bbc3" member_type: VOTER last_known_addr { host: "127.6.89.67" port: 45145 } }
I20260709 12:09:17.919724  7865 raft_consensus.cc:515] T 26cb411b565b448e9507065751ee42f0 P 2af56f90dab245dca2d38a76426973ac [term 1 FOLLOWER]: Starting leader election with config: opid_index: -1 OBSOLETE_local: false peers { permanent_uuid: "d0aff21e487e4ff38d128315d8be7444" member_type: VOTER last_known_addr { host: "127.6.89.65" port: 34133 } } peers { permanent_uuid: "2af56f90dab245dca2d38a76426973ac" member_type: VOTER last_known_addr { host: "127.6.89.66" port: 46865 } } peers { permanent_uuid: "30d32f6d91484efe94c0491750d0bbc3" member_type: VOTER last_known_addr { host: "127.6.89.67" port: 45145 } }
I20260709 12:09:17.922986  7668 tablet_service.cc:1917] Received RequestConsensusVote() RPC: tablet_id: "26cb411b565b448e9507065751ee42f0" candidate_uuid: "2af56f90dab245dca2d38a76426973ac" candidate_term: 1 candidate_status { last_received { term: 0 index: 0 } } ignore_live_leader: false dest_uuid: "d0aff21e487e4ff38d128315d8be7444"
I20260709 12:09:17.923178  7744 tablet_service.cc:1917] Received RequestConsensusVote() RPC: tablet_id: "84b4a679f02847e3a2d4fef156a1dc23" candidate_uuid: "30d32f6d91484efe94c0491750d0bbc3" candidate_term: 1 candidate_status { last_received { term: 0 index: 0 } } ignore_live_leader: false dest_uuid: "2af56f90dab245dca2d38a76426973ac"
I20260709 12:09:17.924100  7668 raft_consensus.cc:3060] T 26cb411b565b448e9507065751ee42f0 P d0aff21e487e4ff38d128315d8be7444 [term 0 FOLLOWER]: Advancing to term 1
I20260709 12:09:17.926174  7886 leader_election.cc:290] T 84b4a679f02847e3a2d4fef156a1dc23 P 30d32f6d91484efe94c0491750d0bbc3 [CANDIDATE]: Term 1 election: Requested vote from peers d0aff21e487e4ff38d128315d8be7444 (127.6.89.65:34133), 2af56f90dab245dca2d38a76426973ac (127.6.89.66:46865)
I20260709 12:09:17.924166  7744 raft_consensus.cc:3060] T 84b4a679f02847e3a2d4fef156a1dc23 P 2af56f90dab245dca2d38a76426973ac [term 0 FOLLOWER]: Advancing to term 1
I20260709 12:09:17.930485  7858 tablet_bootstrap.cc:492] T 1ee6ab0d64584590bc6d9316c53a7206 P d0aff21e487e4ff38d128315d8be7444: No bootstrap required, opened a new log
I20260709 12:09:17.931272  7858 ts_tablet_manager.cc:1403] T 1ee6ab0d64584590bc6d9316c53a7206 P d0aff21e487e4ff38d128315d8be7444: Time spent bootstrapping tablet: real 0.059s	user 0.022s	sys 0.022s
I20260709 12:09:17.934034  7669 tablet_service.cc:1917] Received RequestConsensusVote() RPC: tablet_id: "84b4a679f02847e3a2d4fef156a1dc23" candidate_uuid: "30d32f6d91484efe94c0491750d0bbc3" candidate_term: 1 candidate_status { last_received { term: 0 index: 0 } } ignore_live_leader: false dest_uuid: "d0aff21e487e4ff38d128315d8be7444"
I20260709 12:09:17.935206  7858 raft_consensus.cc:359] T 1ee6ab0d64584590bc6d9316c53a7206 P d0aff21e487e4ff38d128315d8be7444 [term 0 FOLLOWER]: Replica starting. Triggering 0 pending ops. Active config: opid_index: -1 OBSOLETE_local: false peers { permanent_uuid: "d0aff21e487e4ff38d128315d8be7444" member_type: VOTER last_known_addr { host: "127.6.89.65" port: 34133 } } peers { permanent_uuid: "2af56f90dab245dca2d38a76426973ac" member_type: VOTER last_known_addr { host: "127.6.89.66" port: 46865 } } peers { permanent_uuid: "30d32f6d91484efe94c0491750d0bbc3" member_type: VOTER last_known_addr { host: "127.6.89.67" port: 45145 } }
I20260709 12:09:17.936262  7858 raft_consensus.cc:385] T 1ee6ab0d64584590bc6d9316c53a7206 P d0aff21e487e4ff38d128315d8be7444 [term 0 FOLLOWER]: Consensus starting up: Expiring failure detector timer to make a prompt election more likely
W20260709 12:09:17.936367  7784 leader_election.cc:343] T 84b4a679f02847e3a2d4fef156a1dc23 P 30d32f6d91484efe94c0491750d0bbc3 [CANDIDATE]: Term 1 election: Tablet error from VoteRequest() call to peer d0aff21e487e4ff38d128315d8be7444 (127.6.89.65:34133): Illegal state: must be running to vote when last-logged opid is not known
I20260709 12:09:17.936714  7858 raft_consensus.cc:740] T 1ee6ab0d64584590bc6d9316c53a7206 P d0aff21e487e4ff38d128315d8be7444 [term 0 FOLLOWER]: Becoming Follower/Learner. State: Replica: d0aff21e487e4ff38d128315d8be7444, State: Initialized, Role: FOLLOWER
I20260709 12:09:17.937951  7858 consensus_queue.cc:260] T 1ee6ab0d64584590bc6d9316c53a7206 P d0aff21e487e4ff38d128315d8be7444 [NON_LEADER]: Queue going to NON_LEADER mode. State: All replicated index: 0, Majority replicated index: 0, Committed index: 0, Last appended: 0.0, Last appended by leader: 0, Current term: 0, Majority size: -1, State: 0, Mode: NON_LEADER, active raft config: opid_index: -1 OBSOLETE_local: false peers { permanent_uuid: "d0aff21e487e4ff38d128315d8be7444" member_type: VOTER last_known_addr { host: "127.6.89.65" port: 34133 } } peers { permanent_uuid: "2af56f90dab245dca2d38a76426973ac" member_type: VOTER last_known_addr { host: "127.6.89.66" port: 46865 } } peers { permanent_uuid: "30d32f6d91484efe94c0491750d0bbc3" member_type: VOTER last_known_addr { host: "127.6.89.67" port: 45145 } }
I20260709 12:09:17.944057  7858 ts_tablet_manager.cc:1434] T 1ee6ab0d64584590bc6d9316c53a7206 P d0aff21e487e4ff38d128315d8be7444: Time spent starting tablet: real 0.012s	user 0.011s	sys 0.000s
I20260709 12:09:17.945856  7858 tablet_bootstrap.cc:492] T 8ae9505f07084e0c8b07b113496ba393 P d0aff21e487e4ff38d128315d8be7444: Bootstrap starting.
I20260709 12:09:17.953121  7864 raft_consensus.cc:493] T a477e30d871c42cf818afe056b481490 P d0aff21e487e4ff38d128315d8be7444 [term 0 FOLLOWER]: Starting pre-election (no leader contacted us within the election timeout)
I20260709 12:09:17.954005  7858 tablet_bootstrap.cc:654] T 8ae9505f07084e0c8b07b113496ba393 P d0aff21e487e4ff38d128315d8be7444: Neither blocks nor log segments found. Creating new log.
I20260709 12:09:17.953891  7864 raft_consensus.cc:515] T a477e30d871c42cf818afe056b481490 P d0aff21e487e4ff38d128315d8be7444 [term 0 FOLLOWER]: Starting pre-election with config: opid_index: -1 OBSOLETE_local: false peers { permanent_uuid: "d0aff21e487e4ff38d128315d8be7444" member_type: VOTER last_known_addr { host: "127.6.89.65" port: 34133 } } peers { permanent_uuid: "2af56f90dab245dca2d38a76426973ac" member_type: VOTER last_known_addr { host: "127.6.89.66" port: 46865 } } peers { permanent_uuid: "30d32f6d91484efe94c0491750d0bbc3" member_type: VOTER last_known_addr { host: "127.6.89.67" port: 45145 } }
I20260709 12:09:17.957738  7864 leader_election.cc:290] T a477e30d871c42cf818afe056b481490 P d0aff21e487e4ff38d128315d8be7444 [CANDIDATE]: Term 1 pre-election: Requested pre-vote from peers 2af56f90dab245dca2d38a76426973ac (127.6.89.66:46865), 30d32f6d91484efe94c0491750d0bbc3 (127.6.89.67:45145)
I20260709 12:09:17.957958  7743 tablet_service.cc:1917] Received RequestConsensusVote() RPC: tablet_id: "a477e30d871c42cf818afe056b481490" candidate_uuid: "d0aff21e487e4ff38d128315d8be7444" candidate_term: 1 candidate_status { last_received { term: 0 index: 0 } } ignore_live_leader: false dest_uuid: "2af56f90dab245dca2d38a76426973ac" is_pre_election: true
I20260709 12:09:17.958874  7818 tablet_service.cc:1917] Received RequestConsensusVote() RPC: tablet_id: "a477e30d871c42cf818afe056b481490" candidate_uuid: "d0aff21e487e4ff38d128315d8be7444" candidate_term: 1 candidate_status { last_received { term: 0 index: 0 } } ignore_live_leader: false dest_uuid: "30d32f6d91484efe94c0491750d0bbc3" is_pre_election: true
I20260709 12:09:17.959441  7865 leader_election.cc:290] T 26cb411b565b448e9507065751ee42f0 P 2af56f90dab245dca2d38a76426973ac [CANDIDATE]: Term 1 election: Requested vote from peers d0aff21e487e4ff38d128315d8be7444 (127.6.89.65:34133), 30d32f6d91484efe94c0491750d0bbc3 (127.6.89.67:45145)
I20260709 12:09:17.959553  7818 raft_consensus.cc:2468] T a477e30d871c42cf818afe056b481490 P 30d32f6d91484efe94c0491750d0bbc3 [term 0 FOLLOWER]: Leader pre-election vote request: Granting yes vote for candidate d0aff21e487e4ff38d128315d8be7444 in term 0.
W20260709 12:09:17.959739  7633 leader_election.cc:343] T a477e30d871c42cf818afe056b481490 P d0aff21e487e4ff38d128315d8be7444 [CANDIDATE]: Term 1 pre-election: Tablet error from VoteRequest() call to peer 2af56f90dab245dca2d38a76426973ac (127.6.89.66:46865): Illegal state: must be running to vote when last-logged opid is not known
I20260709 12:09:17.960064  7865 raft_consensus.cc:493] T 952708bfffdc4c788e192afa007ea3b3 P 2af56f90dab245dca2d38a76426973ac [term 0 FOLLOWER]: Starting pre-election (no leader contacted us within the election timeout)
I20260709 12:09:17.960206  7817 tablet_service.cc:1917] Received RequestConsensusVote() RPC: tablet_id: "26cb411b565b448e9507065751ee42f0" candidate_uuid: "2af56f90dab245dca2d38a76426973ac" candidate_term: 1 candidate_status { last_received { term: 0 index: 0 } } ignore_live_leader: false dest_uuid: "30d32f6d91484efe94c0491750d0bbc3"
I20260709 12:09:17.960817  7817 raft_consensus.cc:3060] T 26cb411b565b448e9507065751ee42f0 P 30d32f6d91484efe94c0491750d0bbc3 [term 0 FOLLOWER]: Advancing to term 1
I20260709 12:09:17.960594  7865 raft_consensus.cc:515] T 952708bfffdc4c788e192afa007ea3b3 P 2af56f90dab245dca2d38a76426973ac [term 0 FOLLOWER]: Starting pre-election with config: opid_index: -1 OBSOLETE_local: false peers { permanent_uuid: "d0aff21e487e4ff38d128315d8be7444" member_type: VOTER last_known_addr { host: "127.6.89.65" port: 34133 } } peers { permanent_uuid: "2af56f90dab245dca2d38a76426973ac" member_type: VOTER last_known_addr { host: "127.6.89.66" port: 46865 } } peers { permanent_uuid: "30d32f6d91484efe94c0491750d0bbc3" member_type: VOTER last_known_addr { host: "127.6.89.67" port: 45145 } }
I20260709 12:09:17.961350  7635 leader_election.cc:304] T a477e30d871c42cf818afe056b481490 P d0aff21e487e4ff38d128315d8be7444 [CANDIDATE]: Term 1 pre-election: Election decided. Result: candidate won. Election summary: received 3 responses out of 3 voters: 2 yes votes; 1 no votes. yes voters: 30d32f6d91484efe94c0491750d0bbc3, d0aff21e487e4ff38d128315d8be7444; no voters: 2af56f90dab245dca2d38a76426973ac
I20260709 12:09:17.962495  7864 raft_consensus.cc:2804] T a477e30d871c42cf818afe056b481490 P d0aff21e487e4ff38d128315d8be7444 [term 0 FOLLOWER]: Leader pre-election won for term 1
I20260709 12:09:17.962882  7864 raft_consensus.cc:493] T a477e30d871c42cf818afe056b481490 P d0aff21e487e4ff38d128315d8be7444 [term 0 FOLLOWER]: Starting leader election (no leader contacted us within the election timeout)
I20260709 12:09:17.963228  7864 raft_consensus.cc:3060] T a477e30d871c42cf818afe056b481490 P d0aff21e487e4ff38d128315d8be7444 [term 0 FOLLOWER]: Advancing to term 1
I20260709 12:09:17.969425  7817 raft_consensus.cc:2468] T 26cb411b565b448e9507065751ee42f0 P 30d32f6d91484efe94c0491750d0bbc3 [term 1 FOLLOWER]: Leader election vote request: Granting yes vote for candidate 2af56f90dab245dca2d38a76426973ac in term 1.
I20260709 12:09:17.970845  7710 leader_election.cc:304] T 26cb411b565b448e9507065751ee42f0 P 2af56f90dab245dca2d38a76426973ac [CANDIDATE]: Term 1 election: Election decided. Result: candidate won. Election summary: received 2 responses out of 3 voters: 2 yes votes; 0 no votes. yes voters: 2af56f90dab245dca2d38a76426973ac, 30d32f6d91484efe94c0491750d0bbc3; no voters: 
I20260709 12:09:17.973101  7668 raft_consensus.cc:2468] T 26cb411b565b448e9507065751ee42f0 P d0aff21e487e4ff38d128315d8be7444 [term 1 FOLLOWER]: Leader election vote request: Granting yes vote for candidate 2af56f90dab245dca2d38a76426973ac in term 1.
I20260709 12:09:17.974822  7744 raft_consensus.cc:2468] T 84b4a679f02847e3a2d4fef156a1dc23 P 2af56f90dab245dca2d38a76426973ac [term 1 FOLLOWER]: Leader election vote request: Granting yes vote for candidate 30d32f6d91484efe94c0491750d0bbc3 in term 1.
I20260709 12:09:17.920410  7898 leader_election.cc:290] T 26cb411b565b448e9507065751ee42f0 P 2af56f90dab245dca2d38a76426973ac [CANDIDATE]: Term 1 pre-election: Requested pre-vote from peers d0aff21e487e4ff38d128315d8be7444 (127.6.89.65:34133), 30d32f6d91484efe94c0491750d0bbc3 (127.6.89.67:45145)
I20260709 12:09:17.977494  7898 raft_consensus.cc:2804] T 26cb411b565b448e9507065751ee42f0 P 2af56f90dab245dca2d38a76426973ac [term 1 FOLLOWER]: Leader election won for term 1
I20260709 12:09:17.978394  7898 raft_consensus.cc:697] T 26cb411b565b448e9507065751ee42f0 P 2af56f90dab245dca2d38a76426973ac [term 1 LEADER]: Becoming Leader. State: Replica: 2af56f90dab245dca2d38a76426973ac, State: Running, Role: LEADER
I20260709 12:09:17.980363  7866 raft_consensus.cc:697] T 1034557731c54e148c6a15758923f156 P 30d32f6d91484efe94c0491750d0bbc3 [term 1 LEADER]: Becoming Leader. State: Replica: 30d32f6d91484efe94c0491750d0bbc3, State: Running, Role: LEADER
I20260709 12:09:17.981834  7866 consensus_queue.cc:237] T 1034557731c54e148c6a15758923f156 P 30d32f6d91484efe94c0491750d0bbc3 [LEADER]: Queue going to LEADER mode. State: All replicated index: 0, Majority replicated index: 0, Committed index: 0, Last appended: 0.0, Last appended by leader: 0, Current term: 1, Majority size: 2, State: 0, Mode: LEADER, active raft config: opid_index: -1 OBSOLETE_local: false peers { permanent_uuid: "2af56f90dab245dca2d38a76426973ac" member_type: VOTER last_known_addr { host: "127.6.89.66" port: 46865 } } peers { permanent_uuid: "d0aff21e487e4ff38d128315d8be7444" member_type: VOTER last_known_addr { host: "127.6.89.65" port: 34133 } } peers { permanent_uuid: "30d32f6d91484efe94c0491750d0bbc3" member_type: VOTER last_known_addr { host: "127.6.89.67" port: 45145 } }
I20260709 12:09:17.984328  7898 consensus_queue.cc:237] T 26cb411b565b448e9507065751ee42f0 P 2af56f90dab245dca2d38a76426973ac [LEADER]: Queue going to LEADER mode. State: All replicated index: 0, Majority replicated index: 0, Committed index: 0, Last appended: 0.0, Last appended by leader: 0, Current term: 1, Majority size: 2, State: 0, Mode: LEADER, active raft config: opid_index: -1 OBSOLETE_local: false peers { permanent_uuid: "d0aff21e487e4ff38d128315d8be7444" member_type: VOTER last_known_addr { host: "127.6.89.65" port: 34133 } } peers { permanent_uuid: "2af56f90dab245dca2d38a76426973ac" member_type: VOTER last_known_addr { host: "127.6.89.66" port: 46865 } } peers { permanent_uuid: "30d32f6d91484efe94c0491750d0bbc3" member_type: VOTER last_known_addr { host: "127.6.89.67" port: 45145 } }
I20260709 12:09:17.986642  7782 leader_election.cc:304] T 84b4a679f02847e3a2d4fef156a1dc23 P 30d32f6d91484efe94c0491750d0bbc3 [CANDIDATE]: Term 1 election: Election decided. Result: candidate won. Election summary: received 3 responses out of 3 voters: 2 yes votes; 1 no votes. yes voters: 2af56f90dab245dca2d38a76426973ac, 30d32f6d91484efe94c0491750d0bbc3; no voters: d0aff21e487e4ff38d128315d8be7444
I20260709 12:09:17.993548  7902 raft_consensus.cc:2804] T 84b4a679f02847e3a2d4fef156a1dc23 P 30d32f6d91484efe94c0491750d0bbc3 [term 1 FOLLOWER]: Leader election won for term 1
I20260709 12:09:17.994215  7902 raft_consensus.cc:697] T 84b4a679f02847e3a2d4fef156a1dc23 P 30d32f6d91484efe94c0491750d0bbc3 [term 1 LEADER]: Becoming Leader. State: Replica: 30d32f6d91484efe94c0491750d0bbc3, State: Running, Role: LEADER
I20260709 12:09:17.995136  7902 consensus_queue.cc:237] T 84b4a679f02847e3a2d4fef156a1dc23 P 30d32f6d91484efe94c0491750d0bbc3 [LEADER]: Queue going to LEADER mode. State: All replicated index: 0, Majority replicated index: 0, Committed index: 0, Last appended: 0.0, Last appended by leader: 0, Current term: 1, Majority size: 2, State: 0, Mode: LEADER, active raft config: opid_index: -1 OBSOLETE_local: false peers { permanent_uuid: "d0aff21e487e4ff38d128315d8be7444" member_type: VOTER last_known_addr { host: "127.6.89.65" port: 34133 } } peers { permanent_uuid: "2af56f90dab245dca2d38a76426973ac" member_type: VOTER last_known_addr { host: "127.6.89.66" port: 46865 } } peers { permanent_uuid: "30d32f6d91484efe94c0491750d0bbc3" member_type: VOTER last_known_addr { host: "127.6.89.67" port: 45145 } }
I20260709 12:09:17.999490  7859 tablet_bootstrap.cc:492] T 53ff1a1ce16a4f91b38aa3da7d0cedbf P 2af56f90dab245dca2d38a76426973ac: No bootstrap required, opened a new log
I20260709 12:09:18.000334  7859 ts_tablet_manager.cc:1403] T 53ff1a1ce16a4f91b38aa3da7d0cedbf P 2af56f90dab245dca2d38a76426973ac: Time spent bootstrapping tablet: real 0.114s	user 0.008s	sys 0.006s
I20260709 12:09:17.987442  7865 leader_election.cc:290] T 952708bfffdc4c788e192afa007ea3b3 P 2af56f90dab245dca2d38a76426973ac [CANDIDATE]: Term 1 pre-election: Requested pre-vote from peers d0aff21e487e4ff38d128315d8be7444 (127.6.89.65:34133), 30d32f6d91484efe94c0491750d0bbc3 (127.6.89.67:45145)
I20260709 12:09:17.971655  7864 raft_consensus.cc:515] T a477e30d871c42cf818afe056b481490 P d0aff21e487e4ff38d128315d8be7444 [term 1 FOLLOWER]: Starting leader election with config: opid_index: -1 OBSOLETE_local: false peers { permanent_uuid: "d0aff21e487e4ff38d128315d8be7444" member_type: VOTER last_known_addr { host: "127.6.89.65" port: 34133 } } peers { permanent_uuid: "2af56f90dab245dca2d38a76426973ac" member_type: VOTER last_known_addr { host: "127.6.89.66" port: 46865 } } peers { permanent_uuid: "30d32f6d91484efe94c0491750d0bbc3" member_type: VOTER last_known_addr { host: "127.6.89.67" port: 45145 } }
I20260709 12:09:17.988811  7817 tablet_service.cc:1917] Received RequestConsensusVote() RPC: tablet_id: "952708bfffdc4c788e192afa007ea3b3" candidate_uuid: "2af56f90dab245dca2d38a76426973ac" candidate_term: 1 candidate_status { last_received { term: 0 index: 0 } } ignore_live_leader: false dest_uuid: "30d32f6d91484efe94c0491750d0bbc3" is_pre_election: true
I20260709 12:09:17.991639  7669 tablet_service.cc:1917] Received RequestConsensusVote() RPC: tablet_id: "952708bfffdc4c788e192afa007ea3b3" candidate_uuid: "2af56f90dab245dca2d38a76426973ac" candidate_term: 1 candidate_status { last_received { term: 0 index: 0 } } ignore_live_leader: false dest_uuid: "d0aff21e487e4ff38d128315d8be7444" is_pre_election: true
I20260709 12:09:17.991984  7860 tablet_bootstrap.cc:492] T 4487da4fd23c474f8a4047f809c41e5b P 30d32f6d91484efe94c0491750d0bbc3: No bootstrap required, opened a new log
I20260709 12:09:18.003880  7669 raft_consensus.cc:2468] T 952708bfffdc4c788e192afa007ea3b3 P d0aff21e487e4ff38d128315d8be7444 [term 0 FOLLOWER]: Leader pre-election vote request: Granting yes vote for candidate 2af56f90dab245dca2d38a76426973ac in term 0.
I20260709 12:09:18.003945  7860 ts_tablet_manager.cc:1403] T 4487da4fd23c474f8a4047f809c41e5b P 30d32f6d91484efe94c0491750d0bbc3: Time spent bootstrapping tablet: real 0.120s	user 0.028s	sys 0.023s
I20260709 12:09:18.005786  7710 leader_election.cc:304] T 952708bfffdc4c788e192afa007ea3b3 P 2af56f90dab245dca2d38a76426973ac [CANDIDATE]: Term 1 pre-election: Election decided. Result: candidate won. Election summary: received 2 responses out of 3 voters: 2 yes votes; 0 no votes. yes voters: 2af56f90dab245dca2d38a76426973ac, d0aff21e487e4ff38d128315d8be7444; no voters: 
I20260709 12:09:18.006127  7859 raft_consensus.cc:359] T 53ff1a1ce16a4f91b38aa3da7d0cedbf P 2af56f90dab245dca2d38a76426973ac [term 0 FOLLOWER]: Replica starting. Triggering 0 pending ops. Active config: opid_index: -1 OBSOLETE_local: false peers { permanent_uuid: "d0aff21e487e4ff38d128315d8be7444" member_type: VOTER last_known_addr { host: "127.6.89.65" port: 34133 } } peers { permanent_uuid: "2af56f90dab245dca2d38a76426973ac" member_type: VOTER last_known_addr { host: "127.6.89.66" port: 46865 } } peers { permanent_uuid: "30d32f6d91484efe94c0491750d0bbc3" member_type: VOTER last_known_addr { host: "127.6.89.67" port: 45145 } }
W20260709 12:09:18.006757  7710 leader_election.cc:343] T 952708bfffdc4c788e192afa007ea3b3 P 2af56f90dab245dca2d38a76426973ac [CANDIDATE]: Term 1 pre-election: Tablet error from VoteRequest() call to peer 30d32f6d91484efe94c0491750d0bbc3 (127.6.89.67:45145): Illegal state: must be running to vote when last-logged opid is not known
I20260709 12:09:18.006983  7859 raft_consensus.cc:385] T 53ff1a1ce16a4f91b38aa3da7d0cedbf P 2af56f90dab245dca2d38a76426973ac [term 0 FOLLOWER]: Consensus starting up: Expiring failure detector timer to make a prompt election more likely
I20260709 12:09:18.007329  7859 raft_consensus.cc:740] T 53ff1a1ce16a4f91b38aa3da7d0cedbf P 2af56f90dab245dca2d38a76426973ac [term 0 FOLLOWER]: Becoming Follower/Learner. State: Replica: 2af56f90dab245dca2d38a76426973ac, State: Initialized, Role: FOLLOWER
I20260709 12:09:18.007242  7860 raft_consensus.cc:359] T 4487da4fd23c474f8a4047f809c41e5b P 30d32f6d91484efe94c0491750d0bbc3 [term 0 FOLLOWER]: Replica starting. Triggering 0 pending ops. Active config: opid_index: -1 OBSOLETE_local: false peers { permanent_uuid: "d0aff21e487e4ff38d128315d8be7444" member_type: VOTER last_known_addr { host: "127.6.89.65" port: 34133 } } peers { permanent_uuid: "2af56f90dab245dca2d38a76426973ac" member_type: VOTER last_known_addr { host: "127.6.89.66" port: 46865 } } peers { permanent_uuid: "30d32f6d91484efe94c0491750d0bbc3" member_type: VOTER last_known_addr { host: "127.6.89.67" port: 45145 } }
I20260709 12:09:18.008157  7860 raft_consensus.cc:385] T 4487da4fd23c474f8a4047f809c41e5b P 30d32f6d91484efe94c0491750d0bbc3 [term 0 FOLLOWER]: Consensus starting up: Expiring failure detector timer to make a prompt election more likely
I20260709 12:09:18.008533  7860 raft_consensus.cc:740] T 4487da4fd23c474f8a4047f809c41e5b P 30d32f6d91484efe94c0491750d0bbc3 [term 0 FOLLOWER]: Becoming Follower/Learner. State: Replica: 30d32f6d91484efe94c0491750d0bbc3, State: Initialized, Role: FOLLOWER
I20260709 12:09:18.008381  7859 consensus_queue.cc:260] T 53ff1a1ce16a4f91b38aa3da7d0cedbf P 2af56f90dab245dca2d38a76426973ac [NON_LEADER]: Queue going to NON_LEADER mode. State: All replicated index: 0, Majority replicated index: 0, Committed index: 0, Last appended: 0.0, Last appended by leader: 0, Current term: 0, Majority size: -1, State: 0, Mode: NON_LEADER, active raft config: opid_index: -1 OBSOLETE_local: false peers { permanent_uuid: "d0aff21e487e4ff38d128315d8be7444" member_type: VOTER last_known_addr { host: "127.6.89.65" port: 34133 } } peers { permanent_uuid: "2af56f90dab245dca2d38a76426973ac" member_type: VOTER last_known_addr { host: "127.6.89.66" port: 46865 } } peers { permanent_uuid: "30d32f6d91484efe94c0491750d0bbc3" member_type: VOTER last_known_addr { host: "127.6.89.67" port: 45145 } }
I20260709 12:09:18.009347  7904 raft_consensus.cc:2804] T 952708bfffdc4c788e192afa007ea3b3 P 2af56f90dab245dca2d38a76426973ac [term 0 FOLLOWER]: Leader pre-election won for term 1
I20260709 12:09:18.012553  7904 raft_consensus.cc:493] T 952708bfffdc4c788e192afa007ea3b3 P 2af56f90dab245dca2d38a76426973ac [term 0 FOLLOWER]: Starting leader election (no leader contacted us within the election timeout)
I20260709 12:09:18.013062  7904 raft_consensus.cc:3060] T 952708bfffdc4c788e192afa007ea3b3 P 2af56f90dab245dca2d38a76426973ac [term 0 FOLLOWER]: Advancing to term 1
I20260709 12:09:18.013386  7817 tablet_service.cc:1917] Received RequestConsensusVote() RPC: tablet_id: "a477e30d871c42cf818afe056b481490" candidate_uuid: "d0aff21e487e4ff38d128315d8be7444" candidate_term: 1 candidate_status { last_received { term: 0 index: 0 } } ignore_live_leader: false dest_uuid: "30d32f6d91484efe94c0491750d0bbc3"
I20260709 12:09:18.014014  7817 raft_consensus.cc:3060] T a477e30d871c42cf818afe056b481490 P 30d32f6d91484efe94c0491750d0bbc3 [term 0 FOLLOWER]: Advancing to term 1
I20260709 12:09:18.011521  7565 catalog_manager.cc:5697] T 1034557731c54e148c6a15758923f156 P 30d32f6d91484efe94c0491750d0bbc3 reported cstate change: term changed from 0 to 1, leader changed from <none> to 30d32f6d91484efe94c0491750d0bbc3 (127.6.89.67). New cstate: current_term: 1 leader_uuid: "30d32f6d91484efe94c0491750d0bbc3" committed_config { opid_index: -1 OBSOLETE_local: false peers { permanent_uuid: "2af56f90dab245dca2d38a76426973ac" member_type: VOTER last_known_addr { host: "127.6.89.66" port: 46865 } health_report { overall_health: UNKNOWN } } peers { permanent_uuid: "d0aff21e487e4ff38d128315d8be7444" member_type: VOTER last_known_addr { host: "127.6.89.65" port: 34133 } health_report { overall_health: UNKNOWN } } peers { permanent_uuid: "30d32f6d91484efe94c0491750d0bbc3" member_type: VOTER last_known_addr { host: "127.6.89.67" port: 45145 } health_report { overall_health: HEALTHY } } }
I20260709 12:09:18.018627  7858 tablet_bootstrap.cc:492] T 8ae9505f07084e0c8b07b113496ba393 P d0aff21e487e4ff38d128315d8be7444: No bootstrap required, opened a new log
I20260709 12:09:18.019155  7858 ts_tablet_manager.cc:1403] T 8ae9505f07084e0c8b07b113496ba393 P d0aff21e487e4ff38d128315d8be7444: Time spent bootstrapping tablet: real 0.074s	user 0.029s	sys 0.023s
I20260709 12:09:18.009436  7860 consensus_queue.cc:260] T 4487da4fd23c474f8a4047f809c41e5b P 30d32f6d91484efe94c0491750d0bbc3 [NON_LEADER]: Queue going to NON_LEADER mode. State: All replicated index: 0, Majority replicated index: 0, Committed index: 0, Last appended: 0.0, Last appended by leader: 0, Current term: 0, Majority size: -1, State: 0, Mode: NON_LEADER, active raft config: opid_index: -1 OBSOLETE_local: false peers { permanent_uuid: "d0aff21e487e4ff38d128315d8be7444" member_type: VOTER last_known_addr { host: "127.6.89.65" port: 34133 } } peers { permanent_uuid: "2af56f90dab245dca2d38a76426973ac" member_type: VOTER last_known_addr { host: "127.6.89.66" port: 46865 } } peers { permanent_uuid: "30d32f6d91484efe94c0491750d0bbc3" member_type: VOTER last_known_addr { host: "127.6.89.67" port: 45145 } }
I20260709 12:09:18.011132  7744 tablet_service.cc:1917] Received RequestConsensusVote() RPC: tablet_id: "a477e30d871c42cf818afe056b481490" candidate_uuid: "d0aff21e487e4ff38d128315d8be7444" candidate_term: 1 candidate_status { last_received { term: 0 index: 0 } } ignore_live_leader: false dest_uuid: "2af56f90dab245dca2d38a76426973ac"
W20260709 12:09:18.022645  7633 leader_election.cc:343] T a477e30d871c42cf818afe056b481490 P d0aff21e487e4ff38d128315d8be7444 [CANDIDATE]: Term 1 election: Tablet error from VoteRequest() call to peer 2af56f90dab245dca2d38a76426973ac (127.6.89.66:46865): Illegal state: must be running to vote when last-logged opid is not known
I20260709 12:09:18.012077  7864 leader_election.cc:290] T a477e30d871c42cf818afe056b481490 P d0aff21e487e4ff38d128315d8be7444 [CANDIDATE]: Term 1 election: Requested vote from peers 2af56f90dab245dca2d38a76426973ac (127.6.89.66:46865), 30d32f6d91484efe94c0491750d0bbc3 (127.6.89.67:45145)
I20260709 12:09:18.023120  7860 ts_tablet_manager.cc:1434] T 4487da4fd23c474f8a4047f809c41e5b P 30d32f6d91484efe94c0491750d0bbc3: Time spent starting tablet: real 0.019s	user 0.006s	sys 0.000s
I20260709 12:09:18.024219  7860 tablet_bootstrap.cc:492] T 952708bfffdc4c788e192afa007ea3b3 P 30d32f6d91484efe94c0491750d0bbc3: Bootstrap starting.
I20260709 12:09:18.024606  7817 raft_consensus.cc:2468] T a477e30d871c42cf818afe056b481490 P 30d32f6d91484efe94c0491750d0bbc3 [term 1 FOLLOWER]: Leader election vote request: Granting yes vote for candidate d0aff21e487e4ff38d128315d8be7444 in term 1.
I20260709 12:09:18.033160  7635 leader_election.cc:304] T a477e30d871c42cf818afe056b481490 P d0aff21e487e4ff38d128315d8be7444 [CANDIDATE]: Term 1 election: Election decided. Result: candidate won. Election summary: received 3 responses out of 3 voters: 2 yes votes; 1 no votes. yes voters: 30d32f6d91484efe94c0491750d0bbc3, d0aff21e487e4ff38d128315d8be7444; no voters: 2af56f90dab245dca2d38a76426973ac
I20260709 12:09:18.034073  7864 raft_consensus.cc:2804] T a477e30d871c42cf818afe056b481490 P d0aff21e487e4ff38d128315d8be7444 [term 1 FOLLOWER]: Leader election won for term 1
I20260709 12:09:18.036381  7858 raft_consensus.cc:359] T 8ae9505f07084e0c8b07b113496ba393 P d0aff21e487e4ff38d128315d8be7444 [term 0 FOLLOWER]: Replica starting. Triggering 0 pending ops. Active config: opid_index: -1 OBSOLETE_local: false peers { permanent_uuid: "d0aff21e487e4ff38d128315d8be7444" member_type: VOTER last_known_addr { host: "127.6.89.65" port: 34133 } } peers { permanent_uuid: "2af56f90dab245dca2d38a76426973ac" member_type: VOTER last_known_addr { host: "127.6.89.66" port: 46865 } } peers { permanent_uuid: "30d32f6d91484efe94c0491750d0bbc3" member_type: VOTER last_known_addr { host: "127.6.89.67" port: 45145 } }
I20260709 12:09:18.037444  7858 raft_consensus.cc:385] T 8ae9505f07084e0c8b07b113496ba393 P d0aff21e487e4ff38d128315d8be7444 [term 0 FOLLOWER]: Consensus starting up: Expiring failure detector timer to make a prompt election more likely
I20260709 12:09:18.037714  7858 raft_consensus.cc:740] T 8ae9505f07084e0c8b07b113496ba393 P d0aff21e487e4ff38d128315d8be7444 [term 0 FOLLOWER]: Becoming Follower/Learner. State: Replica: d0aff21e487e4ff38d128315d8be7444, State: Initialized, Role: FOLLOWER
I20260709 12:09:18.036656  7859 ts_tablet_manager.cc:1434] T 53ff1a1ce16a4f91b38aa3da7d0cedbf P 2af56f90dab245dca2d38a76426973ac: Time spent starting tablet: real 0.036s	user 0.014s	sys 0.002s
I20260709 12:09:18.043521  7858 consensus_queue.cc:260] T 8ae9505f07084e0c8b07b113496ba393 P d0aff21e487e4ff38d128315d8be7444 [NON_LEADER]: Queue going to NON_LEADER mode. State: All replicated index: 0, Majority replicated index: 0, Committed index: 0, Last appended: 0.0, Last appended by leader: 0, Current term: 0, Majority size: -1, State: 0, Mode: NON_LEADER, active raft config: opid_index: -1 OBSOLETE_local: false peers { permanent_uuid: "d0aff21e487e4ff38d128315d8be7444" member_type: VOTER last_known_addr { host: "127.6.89.65" port: 34133 } } peers { permanent_uuid: "2af56f90dab245dca2d38a76426973ac" member_type: VOTER last_known_addr { host: "127.6.89.66" port: 46865 } } peers { permanent_uuid: "30d32f6d91484efe94c0491750d0bbc3" member_type: VOTER last_known_addr { host: "127.6.89.67" port: 45145 } }
I20260709 12:09:18.042891  7859 tablet_bootstrap.cc:492] T c65977bfecdc4ddb83e961e1823b4ee4 P 2af56f90dab245dca2d38a76426973ac: Bootstrap starting.
I20260709 12:09:18.031873  7566 catalog_manager.cc:5697] T 26cb411b565b448e9507065751ee42f0 P 2af56f90dab245dca2d38a76426973ac reported cstate change: term changed from 0 to 1, leader changed from <none> to 2af56f90dab245dca2d38a76426973ac (127.6.89.66). New cstate: current_term: 1 leader_uuid: "2af56f90dab245dca2d38a76426973ac" committed_config { opid_index: -1 OBSOLETE_local: false peers { permanent_uuid: "d0aff21e487e4ff38d128315d8be7444" member_type: VOTER last_known_addr { host: "127.6.89.65" port: 34133 } health_report { overall_health: UNKNOWN } } peers { permanent_uuid: "2af56f90dab245dca2d38a76426973ac" member_type: VOTER last_known_addr { host: "127.6.89.66" port: 46865 } health_report { overall_health: HEALTHY } } peers { permanent_uuid: "30d32f6d91484efe94c0491750d0bbc3" member_type: VOTER last_known_addr { host: "127.6.89.67" port: 45145 } health_report { overall_health: UNKNOWN } } }
I20260709 12:09:18.072933  7860 tablet_bootstrap.cc:654] T 952708bfffdc4c788e192afa007ea3b3 P 30d32f6d91484efe94c0491750d0bbc3: Neither blocks nor log segments found. Creating new log.
I20260709 12:09:18.064265  7904 raft_consensus.cc:515] T 952708bfffdc4c788e192afa007ea3b3 P 2af56f90dab245dca2d38a76426973ac [term 1 FOLLOWER]: Starting leader election with config: opid_index: -1 OBSOLETE_local: false peers { permanent_uuid: "d0aff21e487e4ff38d128315d8be7444" member_type: VOTER last_known_addr { host: "127.6.89.65" port: 34133 } } peers { permanent_uuid: "2af56f90dab245dca2d38a76426973ac" member_type: VOTER last_known_addr { host: "127.6.89.66" port: 46865 } } peers { permanent_uuid: "30d32f6d91484efe94c0491750d0bbc3" member_type: VOTER last_known_addr { host: "127.6.89.67" port: 45145 } }
I20260709 12:09:18.075959  7859 tablet_bootstrap.cc:654] T c65977bfecdc4ddb83e961e1823b4ee4 P 2af56f90dab245dca2d38a76426973ac: Neither blocks nor log segments found. Creating new log.
I20260709 12:09:18.076296  7904 leader_election.cc:290] T 952708bfffdc4c788e192afa007ea3b3 P 2af56f90dab245dca2d38a76426973ac [CANDIDATE]: Term 1 election: Requested vote from peers d0aff21e487e4ff38d128315d8be7444 (127.6.89.65:34133), 30d32f6d91484efe94c0491750d0bbc3 (127.6.89.67:45145)
I20260709 12:09:18.079968  7669 tablet_service.cc:1917] Received RequestConsensusVote() RPC: tablet_id: "952708bfffdc4c788e192afa007ea3b3" candidate_uuid: "2af56f90dab245dca2d38a76426973ac" candidate_term: 1 candidate_status { last_received { term: 0 index: 0 } } ignore_live_leader: false dest_uuid: "d0aff21e487e4ff38d128315d8be7444"
I20260709 12:09:18.081243  7669 raft_consensus.cc:3060] T 952708bfffdc4c788e192afa007ea3b3 P d0aff21e487e4ff38d128315d8be7444 [term 0 FOLLOWER]: Advancing to term 1
I20260709 12:09:18.081559  7565 catalog_manager.cc:5697] T 84b4a679f02847e3a2d4fef156a1dc23 P 30d32f6d91484efe94c0491750d0bbc3 reported cstate change: term changed from 0 to 1, leader changed from <none> to 30d32f6d91484efe94c0491750d0bbc3 (127.6.89.67). New cstate: current_term: 1 leader_uuid: "30d32f6d91484efe94c0491750d0bbc3" committed_config { opid_index: -1 OBSOLETE_local: false peers { permanent_uuid: "d0aff21e487e4ff38d128315d8be7444" member_type: VOTER last_known_addr { host: "127.6.89.65" port: 34133 } health_report { overall_health: UNKNOWN } } peers { permanent_uuid: "2af56f90dab245dca2d38a76426973ac" member_type: VOTER last_known_addr { host: "127.6.89.66" port: 46865 } health_report { overall_health: UNKNOWN } } peers { permanent_uuid: "30d32f6d91484efe94c0491750d0bbc3" member_type: VOTER last_known_addr { host: "127.6.89.67" port: 45145 } health_report { overall_health: HEALTHY } } }
I20260709 12:09:18.083271  7858 ts_tablet_manager.cc:1434] T 8ae9505f07084e0c8b07b113496ba393 P d0aff21e487e4ff38d128315d8be7444: Time spent starting tablet: real 0.064s	user 0.012s	sys 0.000s
I20260709 12:09:18.079828  7817 tablet_service.cc:1917] Received RequestConsensusVote() RPC: tablet_id: "952708bfffdc4c788e192afa007ea3b3" candidate_uuid: "2af56f90dab245dca2d38a76426973ac" candidate_term: 1 candidate_status { last_received { term: 0 index: 0 } } ignore_live_leader: false dest_uuid: "30d32f6d91484efe94c0491750d0bbc3"
W20260709 12:09:18.086257  7710 leader_election.cc:343] T 952708bfffdc4c788e192afa007ea3b3 P 2af56f90dab245dca2d38a76426973ac [CANDIDATE]: Term 1 election: Tablet error from VoteRequest() call to peer 30d32f6d91484efe94c0491750d0bbc3 (127.6.89.67:45145): Illegal state: must be running to vote when last-logged opid is not known
I20260709 12:09:18.090600  7858 tablet_bootstrap.cc:492] T 4487da4fd23c474f8a4047f809c41e5b P d0aff21e487e4ff38d128315d8be7444: Bootstrap starting.
I20260709 12:09:18.092564  7669 raft_consensus.cc:2468] T 952708bfffdc4c788e192afa007ea3b3 P d0aff21e487e4ff38d128315d8be7444 [term 1 FOLLOWER]: Leader election vote request: Granting yes vote for candidate 2af56f90dab245dca2d38a76426973ac in term 1.
I20260709 12:09:18.094350  7710 leader_election.cc:304] T 952708bfffdc4c788e192afa007ea3b3 P 2af56f90dab245dca2d38a76426973ac [CANDIDATE]: Term 1 election: Election decided. Result: candidate won. Election summary: received 3 responses out of 3 voters: 2 yes votes; 1 no votes. yes voters: 2af56f90dab245dca2d38a76426973ac, d0aff21e487e4ff38d128315d8be7444; no voters: 30d32f6d91484efe94c0491750d0bbc3
I20260709 12:09:18.077934  7864 raft_consensus.cc:697] T a477e30d871c42cf818afe056b481490 P d0aff21e487e4ff38d128315d8be7444 [term 1 LEADER]: Becoming Leader. State: Replica: d0aff21e487e4ff38d128315d8be7444, State: Running, Role: LEADER
I20260709 12:09:18.096200  7864 consensus_queue.cc:237] T a477e30d871c42cf818afe056b481490 P d0aff21e487e4ff38d128315d8be7444 [LEADER]: Queue going to LEADER mode. State: All replicated index: 0, Majority replicated index: 0, Committed index: 0, Last appended: 0.0, Last appended by leader: 0, Current term: 1, Majority size: 2, State: 0, Mode: LEADER, active raft config: opid_index: -1 OBSOLETE_local: false peers { permanent_uuid: "d0aff21e487e4ff38d128315d8be7444" member_type: VOTER last_known_addr { host: "127.6.89.65" port: 34133 } } peers { permanent_uuid: "2af56f90dab245dca2d38a76426973ac" member_type: VOTER last_known_addr { host: "127.6.89.66" port: 46865 } } peers { permanent_uuid: "30d32f6d91484efe94c0491750d0bbc3" member_type: VOTER last_known_addr { host: "127.6.89.67" port: 45145 } }
