I20260709 12:17:40.196597 13100 raft_consensus.cc:740] T 56648d566bb24f0997d49ad156e91451 P 2ba54f16d30c44528ea37d9ae7b35630 [term 0 FOLLOWER]: Becoming Follower/Learner. State: Replica: 2ba54f16d30c44528ea37d9ae7b35630, State: Initialized, Role: FOLLOWER
I20260709 12:17:40.197331 13100 consensus_queue.cc:260] T 56648d566bb24f0997d49ad156e91451 P 2ba54f16d30c44528ea37d9ae7b35630 [NON_LEADER]: Queue going to NON_LEADER mode. State: All replicated index: 0, Majority replicated index: 0, Committed index: 0, Last appended: 0.0, Last appended by leader: 0, Current term: 0, Majority size: -1, State: 0, Mode: NON_LEADER, active raft config: opid_index: -1 OBSOLETE_local: false peers { permanent_uuid: "2ba54f16d30c44528ea37d9ae7b35630" member_type: VOTER last_known_addr { host: "127.12.120.193" port: 39475 } } peers { permanent_uuid: "ada61376ae4c48468fd07e291adbea26" member_type: VOTER last_known_addr { host: "127.12.120.194" port: 44667 } } peers { permanent_uuid: "b53bd7fd55e24a04ae8414c7351f7a4c" member_type: VOTER last_known_addr { host: "127.12.120.195" port: 38139 } }
I20260709 12:17:40.205956 12931 heartbeater.cc:499] Master 127.12.120.254:37789 was elected leader, sending a full tablet report...
I20260709 12:17:40.206998 13100 ts_tablet_manager.cc:1434] T 56648d566bb24f0997d49ad156e91451 P 2ba54f16d30c44528ea37d9ae7b35630: Time spent starting tablet: real 0.015s	user 0.010s	sys 0.005s
I20260709 12:17:40.208060 13100 tablet_bootstrap.cc:492] T f4e2d04f745646c6941d00f4d5367a05 P 2ba54f16d30c44528ea37d9ae7b35630: Bootstrap starting.
I20260709 12:17:40.216043 13100 tablet_bootstrap.cc:654] T f4e2d04f745646c6941d00f4d5367a05 P 2ba54f16d30c44528ea37d9ae7b35630: Neither blocks nor log segments found. Creating new log.
I20260709 12:17:40.217114 13098 ts_tablet_manager.cc:1434] T 56648d566bb24f0997d49ad156e91451 P ada61376ae4c48468fd07e291adbea26: Time spent starting tablet: real 0.032s	user 0.011s	sys 0.016s
I20260709 12:17:40.222190 13099 tablet_bootstrap.cc:654] T 9640c730e2a94907a14ac463446ac8e1 P b53bd7fd55e24a04ae8414c7351f7a4c: Neither blocks nor log segments found. Creating new log.
I20260709 12:17:40.223132 13100 tablet_bootstrap.cc:492] T f4e2d04f745646c6941d00f4d5367a05 P 2ba54f16d30c44528ea37d9ae7b35630: No bootstrap required, opened a new log
I20260709 12:17:40.223635 13100 ts_tablet_manager.cc:1403] T f4e2d04f745646c6941d00f4d5367a05 P 2ba54f16d30c44528ea37d9ae7b35630: Time spent bootstrapping tablet: real 0.016s	user 0.013s	sys 0.000s
I20260709 12:17:40.223884 13006 heartbeater.cc:499] Master 127.12.120.254:37789 was elected leader, sending a full tablet report...
I20260709 12:17:40.224362 13098 tablet_bootstrap.cc:492] T deef127072994693b2c13c776115718f P ada61376ae4c48468fd07e291adbea26: Bootstrap starting.
I20260709 12:17:40.226989 13100 raft_consensus.cc:359] T f4e2d04f745646c6941d00f4d5367a05 P 2ba54f16d30c44528ea37d9ae7b35630 [term 0 FOLLOWER]: Replica starting. Triggering 0 pending ops. Active config: opid_index: -1 OBSOLETE_local: false peers { permanent_uuid: "2ba54f16d30c44528ea37d9ae7b35630" member_type: VOTER last_known_addr { host: "127.12.120.193" port: 39475 } } peers { permanent_uuid: "ada61376ae4c48468fd07e291adbea26" member_type: VOTER last_known_addr { host: "127.12.120.194" port: 44667 } } peers { permanent_uuid: "b53bd7fd55e24a04ae8414c7351f7a4c" member_type: VOTER last_known_addr { host: "127.12.120.195" port: 38139 } }
I20260709 12:17:40.227833 13100 raft_consensus.cc:385] T f4e2d04f745646c6941d00f4d5367a05 P 2ba54f16d30c44528ea37d9ae7b35630 [term 0 FOLLOWER]: Consensus starting up: Expiring failure detector timer to make a prompt election more likely
I20260709 12:17:40.228186 13100 raft_consensus.cc:740] T f4e2d04f745646c6941d00f4d5367a05 P 2ba54f16d30c44528ea37d9ae7b35630 [term 0 FOLLOWER]: Becoming Follower/Learner. State: Replica: 2ba54f16d30c44528ea37d9ae7b35630, State: Initialized, Role: FOLLOWER
I20260709 12:17:40.231098 13098 tablet_bootstrap.cc:654] T deef127072994693b2c13c776115718f P ada61376ae4c48468fd07e291adbea26: Neither blocks nor log segments found. Creating new log.
I20260709 12:17:40.233613 13100 consensus_queue.cc:260] T f4e2d04f745646c6941d00f4d5367a05 P 2ba54f16d30c44528ea37d9ae7b35630 [NON_LEADER]: Queue going to NON_LEADER mode. State: All replicated index: 0, Majority replicated index: 0, Committed index: 0, Last appended: 0.0, Last appended by leader: 0, Current term: 0, Majority size: -1, State: 0, Mode: NON_LEADER, active raft config: opid_index: -1 OBSOLETE_local: false peers { permanent_uuid: "2ba54f16d30c44528ea37d9ae7b35630" member_type: VOTER last_known_addr { host: "127.12.120.193" port: 39475 } } peers { permanent_uuid: "ada61376ae4c48468fd07e291adbea26" member_type: VOTER last_known_addr { host: "127.12.120.194" port: 44667 } } peers { permanent_uuid: "b53bd7fd55e24a04ae8414c7351f7a4c" member_type: VOTER last_known_addr { host: "127.12.120.195" port: 38139 } }
I20260709 12:17:40.237624 13100 ts_tablet_manager.cc:1434] T f4e2d04f745646c6941d00f4d5367a05 P 2ba54f16d30c44528ea37d9ae7b35630: Time spent starting tablet: real 0.014s	user 0.007s	sys 0.003s
I20260709 12:17:40.238693 13100 tablet_bootstrap.cc:492] T ed99d7c58a99430ba8a36721670d8043 P 2ba54f16d30c44528ea37d9ae7b35630: Bootstrap starting.
I20260709 12:17:40.246110 13100 tablet_bootstrap.cc:654] T ed99d7c58a99430ba8a36721670d8043 P 2ba54f16d30c44528ea37d9ae7b35630: Neither blocks nor log segments found. Creating new log.
I20260709 12:17:40.251995 13099 tablet_bootstrap.cc:492] T 9640c730e2a94907a14ac463446ac8e1 P b53bd7fd55e24a04ae8414c7351f7a4c: No bootstrap required, opened a new log
I20260709 12:17:40.252518 13099 ts_tablet_manager.cc:1403] T 9640c730e2a94907a14ac463446ac8e1 P b53bd7fd55e24a04ae8414c7351f7a4c: Time spent bootstrapping tablet: real 0.059s	user 0.010s	sys 0.002s
I20260709 12:17:40.256135 13099 raft_consensus.cc:359] T 9640c730e2a94907a14ac463446ac8e1 P b53bd7fd55e24a04ae8414c7351f7a4c [term 0 FOLLOWER]: Replica starting. Triggering 0 pending ops. Active config: opid_index: -1 OBSOLETE_local: false peers { permanent_uuid: "2ba54f16d30c44528ea37d9ae7b35630" member_type: VOTER last_known_addr { host: "127.12.120.193" port: 39475 } } peers { permanent_uuid: "ada61376ae4c48468fd07e291adbea26" member_type: VOTER last_known_addr { host: "127.12.120.194" port: 44667 } } peers { permanent_uuid: "b53bd7fd55e24a04ae8414c7351f7a4c" member_type: VOTER last_known_addr { host: "127.12.120.195" port: 38139 } }
I20260709 12:17:40.256966 13099 raft_consensus.cc:385] T 9640c730e2a94907a14ac463446ac8e1 P b53bd7fd55e24a04ae8414c7351f7a4c [term 0 FOLLOWER]: Consensus starting up: Expiring failure detector timer to make a prompt election more likely
I20260709 12:17:40.257309 13099 raft_consensus.cc:740] T 9640c730e2a94907a14ac463446ac8e1 P b53bd7fd55e24a04ae8414c7351f7a4c [term 0 FOLLOWER]: Becoming Follower/Learner. State: Replica: b53bd7fd55e24a04ae8414c7351f7a4c, State: Initialized, Role: FOLLOWER
I20260709 12:17:40.258302 13099 consensus_queue.cc:260] T 9640c730e2a94907a14ac463446ac8e1 P b53bd7fd55e24a04ae8414c7351f7a4c [NON_LEADER]: Queue going to NON_LEADER mode. State: All replicated index: 0, Majority replicated index: 0, Committed index: 0, Last appended: 0.0, Last appended by leader: 0, Current term: 0, Majority size: -1, State: 0, Mode: NON_LEADER, active raft config: opid_index: -1 OBSOLETE_local: false peers { permanent_uuid: "2ba54f16d30c44528ea37d9ae7b35630" member_type: VOTER last_known_addr { host: "127.12.120.193" port: 39475 } } peers { permanent_uuid: "ada61376ae4c48468fd07e291adbea26" member_type: VOTER last_known_addr { host: "127.12.120.194" port: 44667 } } peers { permanent_uuid: "b53bd7fd55e24a04ae8414c7351f7a4c" member_type: VOTER last_known_addr { host: "127.12.120.195" port: 38139 } }
I20260709 12:17:40.260694 13099 ts_tablet_manager.cc:1434] T 9640c730e2a94907a14ac463446ac8e1 P b53bd7fd55e24a04ae8414c7351f7a4c: Time spent starting tablet: real 0.008s	user 0.003s	sys 0.005s
W20260709 12:17:40.260998 12932 tablet.cc:2406] T 56648d566bb24f0997d49ad156e91451 P 2ba54f16d30c44528ea37d9ae7b35630: Can't schedule compaction. Clean time has not been advanced past its initial value.
I20260709 12:17:40.262413 13099 tablet_bootstrap.cc:492] T f4e2d04f745646c6941d00f4d5367a05 P b53bd7fd55e24a04ae8414c7351f7a4c: Bootstrap starting.
I20260709 12:17:40.279193 13106 raft_consensus.cc:493] T f4e2d04f745646c6941d00f4d5367a05 P 2ba54f16d30c44528ea37d9ae7b35630 [term 0 FOLLOWER]: Starting pre-election (no leader contacted us within the election timeout)
I20260709 12:17:40.279831 13106 raft_consensus.cc:515] T f4e2d04f745646c6941d00f4d5367a05 P 2ba54f16d30c44528ea37d9ae7b35630 [term 0 FOLLOWER]: Starting pre-election with config: opid_index: -1 OBSOLETE_local: false peers { permanent_uuid: "2ba54f16d30c44528ea37d9ae7b35630" member_type: VOTER last_known_addr { host: "127.12.120.193" port: 39475 } } peers { permanent_uuid: "ada61376ae4c48468fd07e291adbea26" member_type: VOTER last_known_addr { host: "127.12.120.194" port: 44667 } } peers { permanent_uuid: "b53bd7fd55e24a04ae8414c7351f7a4c" member_type: VOTER last_known_addr { host: "127.12.120.195" port: 38139 } }
I20260709 12:17:40.283385 13106 leader_election.cc:290] T f4e2d04f745646c6941d00f4d5367a05 P 2ba54f16d30c44528ea37d9ae7b35630 [CANDIDATE]: Term 1 pre-election: Requested pre-vote from peers ada61376ae4c48468fd07e291adbea26 (127.12.120.194:44667), b53bd7fd55e24a04ae8414c7351f7a4c (127.12.120.195:38139)
I20260709 12:17:40.286412 13099 tablet_bootstrap.cc:654] T f4e2d04f745646c6941d00f4d5367a05 P b53bd7fd55e24a04ae8414c7351f7a4c: Neither blocks nor log segments found. Creating new log.
I20260709 12:17:40.287145 13100 tablet_bootstrap.cc:492] T ed99d7c58a99430ba8a36721670d8043 P 2ba54f16d30c44528ea37d9ae7b35630: No bootstrap required, opened a new log
I20260709 12:17:40.287701 13100 ts_tablet_manager.cc:1403] T ed99d7c58a99430ba8a36721670d8043 P 2ba54f16d30c44528ea37d9ae7b35630: Time spent bootstrapping tablet: real 0.049s	user 0.027s	sys 0.018s
I20260709 12:17:40.290779 13100 raft_consensus.cc:359] T ed99d7c58a99430ba8a36721670d8043 P 2ba54f16d30c44528ea37d9ae7b35630 [term 0 FOLLOWER]: Replica starting. Triggering 0 pending ops. Active config: opid_index: -1 OBSOLETE_local: false peers { permanent_uuid: "2ba54f16d30c44528ea37d9ae7b35630" member_type: VOTER last_known_addr { host: "127.12.120.193" port: 39475 } } peers { permanent_uuid: "ada61376ae4c48468fd07e291adbea26" member_type: VOTER last_known_addr { host: "127.12.120.194" port: 44667 } } peers { permanent_uuid: "b53bd7fd55e24a04ae8414c7351f7a4c" member_type: VOTER last_known_addr { host: "127.12.120.195" port: 38139 } }
I20260709 12:17:40.291589 13100 raft_consensus.cc:385] T ed99d7c58a99430ba8a36721670d8043 P 2ba54f16d30c44528ea37d9ae7b35630 [term 0 FOLLOWER]: Consensus starting up: Expiring failure detector timer to make a prompt election more likely
I20260709 12:17:40.291942 13100 raft_consensus.cc:740] T ed99d7c58a99430ba8a36721670d8043 P 2ba54f16d30c44528ea37d9ae7b35630 [term 0 FOLLOWER]: Becoming Follower/Learner. State: Replica: 2ba54f16d30c44528ea37d9ae7b35630, State: Initialized, Role: FOLLOWER
I20260709 12:17:40.293747 13100 consensus_queue.cc:260] T ed99d7c58a99430ba8a36721670d8043 P 2ba54f16d30c44528ea37d9ae7b35630 [NON_LEADER]: Queue going to NON_LEADER mode. State: All replicated index: 0, Majority replicated index: 0, Committed index: 0, Last appended: 0.0, Last appended by leader: 0, Current term: 0, Majority size: -1, State: 0, Mode: NON_LEADER, active raft config: opid_index: -1 OBSOLETE_local: false peers { permanent_uuid: "2ba54f16d30c44528ea37d9ae7b35630" member_type: VOTER last_known_addr { host: "127.12.120.193" port: 39475 } } peers { permanent_uuid: "ada61376ae4c48468fd07e291adbea26" member_type: VOTER last_known_addr { host: "127.12.120.194" port: 44667 } } peers { permanent_uuid: "b53bd7fd55e24a04ae8414c7351f7a4c" member_type: VOTER last_known_addr { host: "127.12.120.195" port: 38139 } }
I20260709 12:17:40.298998 13100 ts_tablet_manager.cc:1434] T ed99d7c58a99430ba8a36721670d8043 P 2ba54f16d30c44528ea37d9ae7b35630: Time spent starting tablet: real 0.011s	user 0.002s	sys 0.004s
I20260709 12:17:40.303138 13106 raft_consensus.cc:493] T ed99d7c58a99430ba8a36721670d8043 P 2ba54f16d30c44528ea37d9ae7b35630 [term 0 FOLLOWER]: Starting pre-election (no leader contacted us within the election timeout)
I20260709 12:17:40.303660 13106 raft_consensus.cc:515] T ed99d7c58a99430ba8a36721670d8043 P 2ba54f16d30c44528ea37d9ae7b35630 [term 0 FOLLOWER]: Starting pre-election with config: opid_index: -1 OBSOLETE_local: false peers { permanent_uuid: "2ba54f16d30c44528ea37d9ae7b35630" member_type: VOTER last_known_addr { host: "127.12.120.193" port: 39475 } } peers { permanent_uuid: "ada61376ae4c48468fd07e291adbea26" member_type: VOTER last_known_addr { host: "127.12.120.194" port: 44667 } } peers { permanent_uuid: "b53bd7fd55e24a04ae8414c7351f7a4c" member_type: VOTER last_known_addr { host: "127.12.120.195" port: 38139 } }
I20260709 12:17:40.305387 13105 raft_consensus.cc:493] T 56648d566bb24f0997d49ad156e91451 P ada61376ae4c48468fd07e291adbea26 [term 0 FOLLOWER]: Starting pre-election (no leader contacted us within the election timeout)
I20260709 12:17:40.305723 13106 leader_election.cc:290] T ed99d7c58a99430ba8a36721670d8043 P 2ba54f16d30c44528ea37d9ae7b35630 [CANDIDATE]: Term 1 pre-election: Requested pre-vote from peers ada61376ae4c48468fd07e291adbea26 (127.12.120.194:44667), b53bd7fd55e24a04ae8414c7351f7a4c (127.12.120.195:38139)
I20260709 12:17:40.305850 13105 raft_consensus.cc:515] T 56648d566bb24f0997d49ad156e91451 P ada61376ae4c48468fd07e291adbea26 [term 0 FOLLOWER]: Starting pre-election with config: opid_index: -1 OBSOLETE_local: false peers { permanent_uuid: "2ba54f16d30c44528ea37d9ae7b35630" member_type: VOTER last_known_addr { host: "127.12.120.193" port: 39475 } } peers { permanent_uuid: "ada61376ae4c48468fd07e291adbea26" member_type: VOTER last_known_addr { host: "127.12.120.194" port: 44667 } } peers { permanent_uuid: "b53bd7fd55e24a04ae8414c7351f7a4c" member_type: VOTER last_known_addr { host: "127.12.120.195" port: 38139 } }
I20260709 12:17:40.307058 13100 tablet_bootstrap.cc:492] T f3186eb31cdd4fb9bc665822c2bbb864 P 2ba54f16d30c44528ea37d9ae7b35630: Bootstrap starting.
I20260709 12:17:40.311838 13105 leader_election.cc:290] T 56648d566bb24f0997d49ad156e91451 P ada61376ae4c48468fd07e291adbea26 [CANDIDATE]: Term 1 pre-election: Requested pre-vote from peers 2ba54f16d30c44528ea37d9ae7b35630 (127.12.120.193:39475), b53bd7fd55e24a04ae8414c7351f7a4c (127.12.120.195:38139)
I20260709 12:17:40.320082 13104 raft_consensus.cc:493] T 56648d566bb24f0997d49ad156e91451 P b53bd7fd55e24a04ae8414c7351f7a4c [term 0 FOLLOWER]: Starting pre-election (no leader contacted us within the election timeout)
I20260709 12:17:40.320660 13104 raft_consensus.cc:515] T 56648d566bb24f0997d49ad156e91451 P b53bd7fd55e24a04ae8414c7351f7a4c [term 0 FOLLOWER]: Starting pre-election with config: opid_index: -1 OBSOLETE_local: false peers { permanent_uuid: "2ba54f16d30c44528ea37d9ae7b35630" member_type: VOTER last_known_addr { host: "127.12.120.193" port: 39475 } } peers { permanent_uuid: "ada61376ae4c48468fd07e291adbea26" member_type: VOTER last_known_addr { host: "127.12.120.194" port: 44667 } } peers { permanent_uuid: "b53bd7fd55e24a04ae8414c7351f7a4c" member_type: VOTER last_known_addr { host: "127.12.120.195" port: 38139 } }
I20260709 12:17:40.325196 13104 leader_election.cc:290] T 56648d566bb24f0997d49ad156e91451 P b53bd7fd55e24a04ae8414c7351f7a4c [CANDIDATE]: Term 1 pre-election: Requested pre-vote from peers 2ba54f16d30c44528ea37d9ae7b35630 (127.12.120.193:39475), ada61376ae4c48468fd07e291adbea26 (127.12.120.194:44667)
I20260709 12:17:40.327059 12981 tablet_service.cc:1917] Received RequestConsensusVote() RPC: tablet_id: "f4e2d04f745646c6941d00f4d5367a05" candidate_uuid: "2ba54f16d30c44528ea37d9ae7b35630" candidate_term: 1 candidate_status { last_received { term: 0 index: 0 } } ignore_live_leader: false dest_uuid: "ada61376ae4c48468fd07e291adbea26" is_pre_election: true
I20260709 12:17:40.327100 12980 tablet_service.cc:1917] Received RequestConsensusVote() RPC: tablet_id: "ed99d7c58a99430ba8a36721670d8043" candidate_uuid: "2ba54f16d30c44528ea37d9ae7b35630" candidate_term: 1 candidate_status { last_received { term: 0 index: 0 } } ignore_live_leader: false dest_uuid: "ada61376ae4c48468fd07e291adbea26" is_pre_election: true
I20260709 12:17:40.331688 13098 tablet_bootstrap.cc:492] T deef127072994693b2c13c776115718f P ada61376ae4c48468fd07e291adbea26: No bootstrap required, opened a new log
I20260709 12:17:40.332329 13098 ts_tablet_manager.cc:1403] T deef127072994693b2c13c776115718f P ada61376ae4c48468fd07e291adbea26: Time spent bootstrapping tablet: real 0.108s	user 0.017s	sys 0.023s
I20260709 12:17:40.348850 13106 raft_consensus.cc:493] T 56648d566bb24f0997d49ad156e91451 P 2ba54f16d30c44528ea37d9ae7b35630 [term 0 FOLLOWER]: Starting pre-election (no leader contacted us within the election timeout)
I20260709 12:17:40.349499 13106 raft_consensus.cc:515] T 56648d566bb24f0997d49ad156e91451 P 2ba54f16d30c44528ea37d9ae7b35630 [term 0 FOLLOWER]: Starting pre-election with config: opid_index: -1 OBSOLETE_local: false peers { permanent_uuid: "2ba54f16d30c44528ea37d9ae7b35630" member_type: VOTER last_known_addr { host: "127.12.120.193" port: 39475 } } peers { permanent_uuid: "ada61376ae4c48468fd07e291adbea26" member_type: VOTER last_known_addr { host: "127.12.120.194" port: 44667 } } peers { permanent_uuid: "b53bd7fd55e24a04ae8414c7351f7a4c" member_type: VOTER last_known_addr { host: "127.12.120.195" port: 38139 } }
I20260709 12:17:40.349694 13098 raft_consensus.cc:359] T deef127072994693b2c13c776115718f P ada61376ae4c48468fd07e291adbea26 [term 0 FOLLOWER]: Replica starting. Triggering 0 pending ops. Active config: opid_index: -1 OBSOLETE_local: false peers { permanent_uuid: "2ba54f16d30c44528ea37d9ae7b35630" member_type: VOTER last_known_addr { host: "127.12.120.193" port: 39475 } } peers { permanent_uuid: "ada61376ae4c48468fd07e291adbea26" member_type: VOTER last_known_addr { host: "127.12.120.194" port: 44667 } } peers { permanent_uuid: "b53bd7fd55e24a04ae8414c7351f7a4c" member_type: VOTER last_known_addr { host: "127.12.120.195" port: 38139 } }
I20260709 12:17:40.350811 13098 raft_consensus.cc:385] T deef127072994693b2c13c776115718f P ada61376ae4c48468fd07e291adbea26 [term 0 FOLLOWER]: Consensus starting up: Expiring failure detector timer to make a prompt election more likely
I20260709 12:17:40.351260 13098 raft_consensus.cc:740] T deef127072994693b2c13c776115718f P ada61376ae4c48468fd07e291adbea26 [term 0 FOLLOWER]: Becoming Follower/Learner. State: Replica: ada61376ae4c48468fd07e291adbea26, State: Initialized, Role: FOLLOWER
I20260709 12:17:40.351711 13106 leader_election.cc:290] T 56648d566bb24f0997d49ad156e91451 P 2ba54f16d30c44528ea37d9ae7b35630 [CANDIDATE]: Term 1 pre-election: Requested pre-vote from peers ada61376ae4c48468fd07e291adbea26 (127.12.120.194:44667), b53bd7fd55e24a04ae8414c7351f7a4c (127.12.120.195:38139)
I20260709 12:17:40.356405 13100 tablet_bootstrap.cc:654] T f3186eb31cdd4fb9bc665822c2bbb864 P 2ba54f16d30c44528ea37d9ae7b35630: Neither blocks nor log segments found. Creating new log.
I20260709 12:17:40.352319 13098 consensus_queue.cc:260] T deef127072994693b2c13c776115718f P ada61376ae4c48468fd07e291adbea26 [NON_LEADER]: Queue going to NON_LEADER mode. State: All replicated index: 0, Majority replicated index: 0, Committed index: 0, Last appended: 0.0, Last appended by leader: 0, Current term: 0, Majority size: -1, State: 0, Mode: NON_LEADER, active raft config: opid_index: -1 OBSOLETE_local: false peers { permanent_uuid: "2ba54f16d30c44528ea37d9ae7b35630" member_type: VOTER last_known_addr { host: "127.12.120.193" port: 39475 } } peers { permanent_uuid: "ada61376ae4c48468fd07e291adbea26" member_type: VOTER last_known_addr { host: "127.12.120.194" port: 44667 } } peers { permanent_uuid: "b53bd7fd55e24a04ae8414c7351f7a4c" member_type: VOTER last_known_addr { host: "127.12.120.195" port: 38139 } }
I20260709 12:17:40.360149 13098 ts_tablet_manager.cc:1434] T deef127072994693b2c13c776115718f P ada61376ae4c48468fd07e291adbea26: Time spent starting tablet: real 0.023s	user 0.008s	sys 0.000s
I20260709 12:17:40.365793 13098 tablet_bootstrap.cc:492] T 3f70a9c1297544cc895b39cd60e74103 P ada61376ae4c48468fd07e291adbea26: Bootstrap starting.
W20260709 12:17:40.374322 12872 leader_election.cc:343] T f4e2d04f745646c6941d00f4d5367a05 P 2ba54f16d30c44528ea37d9ae7b35630 [CANDIDATE]: Term 1 pre-election: Tablet error from VoteRequest() call to peer ada61376ae4c48468fd07e291adbea26 (127.12.120.194:44667): Illegal state: must be running to vote when last-logged opid is not known
I20260709 12:17:40.374516 12980 tablet_service.cc:1917] Received RequestConsensusVote() RPC: tablet_id: "56648d566bb24f0997d49ad156e91451" candidate_uuid: "2ba54f16d30c44528ea37d9ae7b35630" candidate_term: 1 candidate_status { last_received { term: 0 index: 0 } } ignore_live_leader: false dest_uuid: "ada61376ae4c48468fd07e291adbea26" is_pre_election: true
W20260709 12:17:40.375149 12872 leader_election.cc:343] T ed99d7c58a99430ba8a36721670d8043 P 2ba54f16d30c44528ea37d9ae7b35630 [CANDIDATE]: Term 1 pre-election: Tablet error from VoteRequest() call to peer ada61376ae4c48468fd07e291adbea26 (127.12.120.194:44667): Illegal state: must be running to vote when last-logged opid is not known
I20260709 12:17:40.375337 12980 raft_consensus.cc:2468] T 56648d566bb24f0997d49ad156e91451 P ada61376ae4c48468fd07e291adbea26 [term 0 FOLLOWER]: Leader pre-election vote request: Granting yes vote for candidate 2ba54f16d30c44528ea37d9ae7b35630 in term 0.
I20260709 12:17:40.376578 13098 tablet_bootstrap.cc:654] T 3f70a9c1297544cc895b39cd60e74103 P ada61376ae4c48468fd07e291adbea26: Neither blocks nor log segments found. Creating new log.
I20260709 12:17:40.387542 12872 leader_election.cc:304] T 56648d566bb24f0997d49ad156e91451 P 2ba54f16d30c44528ea37d9ae7b35630 [CANDIDATE]: Term 1 pre-election: Election decided. Result: candidate won. Election summary: received 2 responses out of 3 voters: 2 yes votes; 0 no votes. yes voters: 2ba54f16d30c44528ea37d9ae7b35630, ada61376ae4c48468fd07e291adbea26; no voters: 
I20260709 12:17:40.391239 13099 tablet_bootstrap.cc:492] T f4e2d04f745646c6941d00f4d5367a05 P b53bd7fd55e24a04ae8414c7351f7a4c: No bootstrap required, opened a new log
I20260709 12:17:40.391863 13099 ts_tablet_manager.cc:1403] T f4e2d04f745646c6941d00f4d5367a05 P b53bd7fd55e24a04ae8414c7351f7a4c: Time spent bootstrapping tablet: real 0.130s	user 0.025s	sys 0.029s
I20260709 12:17:40.394367 13106 raft_consensus.cc:2804] T 56648d566bb24f0997d49ad156e91451 P 2ba54f16d30c44528ea37d9ae7b35630 [term 0 FOLLOWER]: Leader pre-election won for term 1
I20260709 12:17:40.394907 13106 raft_consensus.cc:493] T 56648d566bb24f0997d49ad156e91451 P 2ba54f16d30c44528ea37d9ae7b35630 [term 0 FOLLOWER]: Starting leader election (no leader contacted us within the election timeout)
I20260709 12:17:40.395323 13106 raft_consensus.cc:3060] T 56648d566bb24f0997d49ad156e91451 P 2ba54f16d30c44528ea37d9ae7b35630 [term 0 FOLLOWER]: Advancing to term 1
I20260709 12:17:40.409847 13099 raft_consensus.cc:359] T f4e2d04f745646c6941d00f4d5367a05 P b53bd7fd55e24a04ae8414c7351f7a4c [term 0 FOLLOWER]: Replica starting. Triggering 0 pending ops. Active config: opid_index: -1 OBSOLETE_local: false peers { permanent_uuid: "2ba54f16d30c44528ea37d9ae7b35630" member_type: VOTER last_known_addr { host: "127.12.120.193" port: 39475 } } peers { permanent_uuid: "ada61376ae4c48468fd07e291adbea26" member_type: VOTER last_known_addr { host: "127.12.120.194" port: 44667 } } peers { permanent_uuid: "b53bd7fd55e24a04ae8414c7351f7a4c" member_type: VOTER last_known_addr { host: "127.12.120.195" port: 38139 } }
I20260709 12:17:40.416088 13099 raft_consensus.cc:385] T f4e2d04f745646c6941d00f4d5367a05 P b53bd7fd55e24a04ae8414c7351f7a4c [term 0 FOLLOWER]: Consensus starting up: Expiring failure detector timer to make a prompt election more likely
I20260709 12:17:40.416579 13099 raft_consensus.cc:740] T f4e2d04f745646c6941d00f4d5367a05 P b53bd7fd55e24a04ae8414c7351f7a4c [term 0 FOLLOWER]: Becoming Follower/Learner. State: Replica: b53bd7fd55e24a04ae8414c7351f7a4c, State: Initialized, Role: FOLLOWER
I20260709 12:17:40.419374 13099 consensus_queue.cc:260] T f4e2d04f745646c6941d00f4d5367a05 P b53bd7fd55e24a04ae8414c7351f7a4c [NON_LEADER]: Queue going to NON_LEADER mode. State: All replicated index: 0, Majority replicated index: 0, Committed index: 0, Last appended: 0.0, Last appended by leader: 0, Current term: 0, Majority size: -1, State: 0, Mode: NON_LEADER, active raft config: opid_index: -1 OBSOLETE_local: false peers { permanent_uuid: "2ba54f16d30c44528ea37d9ae7b35630" member_type: VOTER last_known_addr { host: "127.12.120.193" port: 39475 } } peers { permanent_uuid: "ada61376ae4c48468fd07e291adbea26" member_type: VOTER last_known_addr { host: "127.12.120.194" port: 44667 } } peers { permanent_uuid: "b53bd7fd55e24a04ae8414c7351f7a4c" member_type: VOTER last_known_addr { host: "127.12.120.195" port: 38139 } }
I20260709 12:17:40.421485 13106 raft_consensus.cc:515] T 56648d566bb24f0997d49ad156e91451 P 2ba54f16d30c44528ea37d9ae7b35630 [term 1 FOLLOWER]: Starting leader election with config: opid_index: -1 OBSOLETE_local: false peers { permanent_uuid: "2ba54f16d30c44528ea37d9ae7b35630" member_type: VOTER last_known_addr { host: "127.12.120.193" port: 39475 } } peers { permanent_uuid: "ada61376ae4c48468fd07e291adbea26" member_type: VOTER last_known_addr { host: "127.12.120.194" port: 44667 } } peers { permanent_uuid: "b53bd7fd55e24a04ae8414c7351f7a4c" member_type: VOTER last_known_addr { host: "127.12.120.195" port: 38139 } }
I20260709 12:17:40.428658 13104 raft_consensus.cc:493] T 9640c730e2a94907a14ac463446ac8e1 P b53bd7fd55e24a04ae8414c7351f7a4c [term 0 FOLLOWER]: Starting pre-election (no leader contacted us within the election timeout)
I20260709 12:17:40.429298 13104 raft_consensus.cc:515] T 9640c730e2a94907a14ac463446ac8e1 P b53bd7fd55e24a04ae8414c7351f7a4c [term 0 FOLLOWER]: Starting pre-election with config: opid_index: -1 OBSOLETE_local: false peers { permanent_uuid: "2ba54f16d30c44528ea37d9ae7b35630" member_type: VOTER last_known_addr { host: "127.12.120.193" port: 39475 } } peers { permanent_uuid: "ada61376ae4c48468fd07e291adbea26" member_type: VOTER last_known_addr { host: "127.12.120.194" port: 44667 } } peers { permanent_uuid: "b53bd7fd55e24a04ae8414c7351f7a4c" member_type: VOTER last_known_addr { host: "127.12.120.195" port: 38139 } }
I20260709 12:17:40.431684 13104 leader_election.cc:290] T 9640c730e2a94907a14ac463446ac8e1 P b53bd7fd55e24a04ae8414c7351f7a4c [CANDIDATE]: Term 1 pre-election: Requested pre-vote from peers 2ba54f16d30c44528ea37d9ae7b35630 (127.12.120.193:39475), ada61376ae4c48468fd07e291adbea26 (127.12.120.194:44667)
I20260709 12:17:40.438375 13098 tablet_bootstrap.cc:492] T 3f70a9c1297544cc895b39cd60e74103 P ada61376ae4c48468fd07e291adbea26: No bootstrap required, opened a new log
I20260709 12:17:40.438932 13098 ts_tablet_manager.cc:1403] T 3f70a9c1297544cc895b39cd60e74103 P ada61376ae4c48468fd07e291adbea26: Time spent bootstrapping tablet: real 0.074s	user 0.013s	sys 0.003s
I20260709 12:17:40.444536 12906 tablet_service.cc:1917] Received RequestConsensusVote() RPC: tablet_id: "56648d566bb24f0997d49ad156e91451" candidate_uuid: "ada61376ae4c48468fd07e291adbea26" candidate_term: 1 candidate_status { last_received { term: 0 index: 0 } } ignore_live_leader: false dest_uuid: "2ba54f16d30c44528ea37d9ae7b35630" is_pre_election: true
I20260709 12:17:40.443966 13099 ts_tablet_manager.cc:1434] T f4e2d04f745646c6941d00f4d5367a05 P b53bd7fd55e24a04ae8414c7351f7a4c: Time spent starting tablet: real 0.052s	user 0.011s	sys 0.002s
I20260709 12:17:40.445052 13055 tablet_service.cc:1917] Received RequestConsensusVote() RPC: tablet_id: "f4e2d04f745646c6941d00f4d5367a05" candidate_uuid: "2ba54f16d30c44528ea37d9ae7b35630" candidate_term: 1 candidate_status { last_received { term: 0 index: 0 } } ignore_live_leader: false dest_uuid: "b53bd7fd55e24a04ae8414c7351f7a4c" is_pre_election: true
I20260709 12:17:40.447227 12906 raft_consensus.cc:2393] T 56648d566bb24f0997d49ad156e91451 P 2ba54f16d30c44528ea37d9ae7b35630 [term 1 FOLLOWER]: Leader pre-election vote request: Denying vote to candidate ada61376ae4c48468fd07e291adbea26 in current term 1: Already voted for candidate 2ba54f16d30c44528ea37d9ae7b35630 in this term.
I20260709 12:17:40.447345 13055 raft_consensus.cc:2468] T f4e2d04f745646c6941d00f4d5367a05 P b53bd7fd55e24a04ae8414c7351f7a4c [term 0 FOLLOWER]: Leader pre-election vote request: Granting yes vote for candidate 2ba54f16d30c44528ea37d9ae7b35630 in term 0.
I20260709 12:17:40.449640 13054 tablet_service.cc:1917] Received RequestConsensusVote() RPC: tablet_id: "ed99d7c58a99430ba8a36721670d8043" candidate_uuid: "2ba54f16d30c44528ea37d9ae7b35630" candidate_term: 1 candidate_status { last_received { term: 0 index: 0 } } ignore_live_leader: false dest_uuid: "b53bd7fd55e24a04ae8414c7351f7a4c" is_pre_election: true
I20260709 12:17:40.451390 13106 leader_election.cc:290] T 56648d566bb24f0997d49ad156e91451 P 2ba54f16d30c44528ea37d9ae7b35630 [CANDIDATE]: Term 1 election: Requested vote from peers ada61376ae4c48468fd07e291adbea26 (127.12.120.194:44667), b53bd7fd55e24a04ae8414c7351f7a4c (127.12.120.195:38139)
I20260709 12:17:40.452204 12980 tablet_service.cc:1917] Received RequestConsensusVote() RPC: tablet_id: "56648d566bb24f0997d49ad156e91451" candidate_uuid: "2ba54f16d30c44528ea37d9ae7b35630" candidate_term: 1 candidate_status { last_received { term: 0 index: 0 } } ignore_live_leader: false dest_uuid: "ada61376ae4c48468fd07e291adbea26"
I20260709 12:17:40.452083 13098 raft_consensus.cc:359] T 3f70a9c1297544cc895b39cd60e74103 P ada61376ae4c48468fd07e291adbea26 [term 0 FOLLOWER]: Replica starting. Triggering 0 pending ops. Active config: opid_index: -1 OBSOLETE_local: false peers { permanent_uuid: "2ba54f16d30c44528ea37d9ae7b35630" member_type: VOTER last_known_addr { host: "127.12.120.193" port: 39475 } } peers { permanent_uuid: "ada61376ae4c48468fd07e291adbea26" member_type: VOTER last_known_addr { host: "127.12.120.194" port: 44667 } } peers { permanent_uuid: "b53bd7fd55e24a04ae8414c7351f7a4c" member_type: VOTER last_known_addr { host: "127.12.120.195" port: 38139 } }
I20260709 12:17:40.449927 13100 tablet_bootstrap.cc:492] T f3186eb31cdd4fb9bc665822c2bbb864 P 2ba54f16d30c44528ea37d9ae7b35630: No bootstrap required, opened a new log
I20260709 12:17:40.452898 13099 tablet_bootstrap.cc:492] T d6a3402c888f4548bf6a2b59a1486280 P b53bd7fd55e24a04ae8414c7351f7a4c: Bootstrap starting.
I20260709 12:17:40.453397 13100 ts_tablet_manager.cc:1403] T f3186eb31cdd4fb9bc665822c2bbb864 P 2ba54f16d30c44528ea37d9ae7b35630: Time spent bootstrapping tablet: real 0.147s	user 0.036s	sys 0.017s
I20260709 12:17:40.452898 12980 raft_consensus.cc:3060] T 56648d566bb24f0997d49ad156e91451 P ada61376ae4c48468fd07e291adbea26 [term 0 FOLLOWER]: Advancing to term 1
I20260709 12:17:40.452978 13098 raft_consensus.cc:385] T 3f70a9c1297544cc895b39cd60e74103 P ada61376ae4c48468fd07e291adbea26 [term 0 FOLLOWER]: Consensus starting up: Expiring failure detector timer to make a prompt election more likely
I20260709 12:17:40.454679 13098 raft_consensus.cc:740] T 3f70a9c1297544cc895b39cd60e74103 P ada61376ae4c48468fd07e291adbea26 [term 0 FOLLOWER]: Becoming Follower/Learner. State: Replica: ada61376ae4c48468fd07e291adbea26, State: Initialized, Role: FOLLOWER
I20260709 12:17:40.456277 13098 consensus_queue.cc:260] T 3f70a9c1297544cc895b39cd60e74103 P ada61376ae4c48468fd07e291adbea26 [NON_LEADER]: Queue going to NON_LEADER mode. State: All replicated index: 0, Majority replicated index: 0, Committed index: 0, Last appended: 0.0, Last appended by leader: 0, Current term: 0, Majority size: -1, State: 0, Mode: NON_LEADER, active raft config: opid_index: -1 OBSOLETE_local: false peers { permanent_uuid: "2ba54f16d30c44528ea37d9ae7b35630" member_type: VOTER last_known_addr { host: "127.12.120.193" port: 39475 } } peers { permanent_uuid: "ada61376ae4c48468fd07e291adbea26" member_type: VOTER last_known_addr { host: "127.12.120.194" port: 44667 } } peers { permanent_uuid: "b53bd7fd55e24a04ae8414c7351f7a4c" member_type: VOTER last_known_addr { host: "127.12.120.195" port: 38139 } }
I20260709 12:17:40.459992 13055 tablet_service.cc:1917] Received RequestConsensusVote() RPC: tablet_id: "56648d566bb24f0997d49ad156e91451" candidate_uuid: "2ba54f16d30c44528ea37d9ae7b35630" candidate_term: 1 candidate_status { last_received { term: 0 index: 0 } } ignore_live_leader: false dest_uuid: "b53bd7fd55e24a04ae8414c7351f7a4c" is_pre_election: true
W20260709 12:17:40.460021 12870 leader_election.cc:343] T ed99d7c58a99430ba8a36721670d8043 P 2ba54f16d30c44528ea37d9ae7b35630 [CANDIDATE]: Term 1 pre-election: Tablet error from VoteRequest() call to peer b53bd7fd55e24a04ae8414c7351f7a4c (127.12.120.195:38139): Illegal state: must be running to vote when last-logged opid is not known
I20260709 12:17:40.460929 12870 leader_election.cc:304] T ed99d7c58a99430ba8a36721670d8043 P 2ba54f16d30c44528ea37d9ae7b35630 [CANDIDATE]: Term 1 pre-election: Election decided. Result: candidate lost. Election summary: received 3 responses out of 3 voters: 1 yes votes; 2 no votes. yes voters: 2ba54f16d30c44528ea37d9ae7b35630; no voters: ada61376ae4c48468fd07e291adbea26, b53bd7fd55e24a04ae8414c7351f7a4c
I20260709 12:17:40.460827 13055 raft_consensus.cc:2468] T 56648d566bb24f0997d49ad156e91451 P b53bd7fd55e24a04ae8414c7351f7a4c [term 0 FOLLOWER]: Leader pre-election vote request: Granting yes vote for candidate 2ba54f16d30c44528ea37d9ae7b35630 in term 0.
I20260709 12:17:40.465314 12870 leader_election.cc:304] T f4e2d04f745646c6941d00f4d5367a05 P 2ba54f16d30c44528ea37d9ae7b35630 [CANDIDATE]: Term 1 pre-election: Election decided. Result: candidate won. Election summary: received 3 responses out of 3 voters: 2 yes votes; 1 no votes. yes voters: 2ba54f16d30c44528ea37d9ae7b35630, b53bd7fd55e24a04ae8414c7351f7a4c; no voters: ada61376ae4c48468fd07e291adbea26
I20260709 12:17:40.465935 13106 raft_consensus.cc:2749] T ed99d7c58a99430ba8a36721670d8043 P 2ba54f16d30c44528ea37d9ae7b35630 [term 0 FOLLOWER]: Leader pre-election lost for term 1. Reason: could not achieve majority
I20260709 12:17:40.467283 13099 tablet_bootstrap.cc:654] T d6a3402c888f4548bf6a2b59a1486280 P b53bd7fd55e24a04ae8414c7351f7a4c: Neither blocks nor log segments found. Creating new log.
I20260709 12:17:40.460316 13100 raft_consensus.cc:359] T f3186eb31cdd4fb9bc665822c2bbb864 P 2ba54f16d30c44528ea37d9ae7b35630 [term 0 FOLLOWER]: Replica starting. Triggering 0 pending ops. Active config: opid_index: -1 OBSOLETE_local: false peers { permanent_uuid: "2ba54f16d30c44528ea37d9ae7b35630" member_type: VOTER last_known_addr { host: "127.12.120.193" port: 39475 } } peers { permanent_uuid: "ada61376ae4c48468fd07e291adbea26" member_type: VOTER last_known_addr { host: "127.12.120.194" port: 44667 } } peers { permanent_uuid: "b53bd7fd55e24a04ae8414c7351f7a4c" member_type: VOTER last_known_addr { host: "127.12.120.195" port: 38139 } }
I20260709 12:17:40.469785 13100 raft_consensus.cc:385] T f3186eb31cdd4fb9bc665822c2bbb864 P 2ba54f16d30c44528ea37d9ae7b35630 [term 0 FOLLOWER]: Consensus starting up: Expiring failure detector timer to make a prompt election more likely
I20260709 12:17:40.470346 13106 raft_consensus.cc:2804] T f4e2d04f745646c6941d00f4d5367a05 P 2ba54f16d30c44528ea37d9ae7b35630 [term 0 FOLLOWER]: Leader pre-election won for term 1
I20260709 12:17:40.470541 13100 raft_consensus.cc:740] T f3186eb31cdd4fb9bc665822c2bbb864 P 2ba54f16d30c44528ea37d9ae7b35630 [term 0 FOLLOWER]: Becoming Follower/Learner. State: Replica: 2ba54f16d30c44528ea37d9ae7b35630, State: Initialized, Role: FOLLOWER
I20260709 12:17:40.470804 13106 raft_consensus.cc:493] T f4e2d04f745646c6941d00f4d5367a05 P 2ba54f16d30c44528ea37d9ae7b35630 [term 0 FOLLOWER]: Starting leader election (no leader contacted us within the election timeout)
I20260709 12:17:40.471591 13106 raft_consensus.cc:3060] T f4e2d04f745646c6941d00f4d5367a05 P 2ba54f16d30c44528ea37d9ae7b35630 [term 0 FOLLOWER]: Advancing to term 1
I20260709 12:17:40.472319 12906 tablet_service.cc:1917] Received RequestConsensusVote() RPC: tablet_id: "56648d566bb24f0997d49ad156e91451" candidate_uuid: "b53bd7fd55e24a04ae8414c7351f7a4c" candidate_term: 1 candidate_status { last_received { term: 0 index: 0 } } ignore_live_leader: false dest_uuid: "2ba54f16d30c44528ea37d9ae7b35630" is_pre_election: true
I20260709 12:17:40.473150 12906 raft_consensus.cc:2393] T 56648d566bb24f0997d49ad156e91451 P 2ba54f16d30c44528ea37d9ae7b35630 [term 1 FOLLOWER]: Leader pre-election vote request: Denying vote to candidate b53bd7fd55e24a04ae8414c7351f7a4c in current term 1: Already voted for candidate 2ba54f16d30c44528ea37d9ae7b35630 in this term.
I20260709 12:17:40.475062 12906 tablet_service.cc:1917] Received RequestConsensusVote() RPC: tablet_id: "9640c730e2a94907a14ac463446ac8e1" candidate_uuid: "b53bd7fd55e24a04ae8414c7351f7a4c" candidate_term: 1 candidate_status { last_received { term: 0 index: 0 } } ignore_live_leader: false dest_uuid: "2ba54f16d30c44528ea37d9ae7b35630" is_pre_election: true
I20260709 12:17:40.474953 13100 consensus_queue.cc:260] T f3186eb31cdd4fb9bc665822c2bbb864 P 2ba54f16d30c44528ea37d9ae7b35630 [NON_LEADER]: Queue going to NON_LEADER mode. State: All replicated index: 0, Majority replicated index: 0, Committed index: 0, Last appended: 0.0, Last appended by leader: 0, Current term: 0, Majority size: -1, State: 0, Mode: NON_LEADER, active raft config: opid_index: -1 OBSOLETE_local: false peers { permanent_uuid: "2ba54f16d30c44528ea37d9ae7b35630" member_type: VOTER last_known_addr { host: "127.12.120.193" port: 39475 } } peers { permanent_uuid: "ada61376ae4c48468fd07e291adbea26" member_type: VOTER last_known_addr { host: "127.12.120.194" port: 44667 } } peers { permanent_uuid: "b53bd7fd55e24a04ae8414c7351f7a4c" member_type: VOTER last_known_addr { host: "127.12.120.195" port: 38139 } }
I20260709 12:17:40.478731 13098 ts_tablet_manager.cc:1434] T 3f70a9c1297544cc895b39cd60e74103 P ada61376ae4c48468fd07e291adbea26: Time spent starting tablet: real 0.039s	user 0.007s	sys 0.001s
I20260709 12:17:40.479859 13098 tablet_bootstrap.cc:492] T f4e2d04f745646c6941d00f4d5367a05 P ada61376ae4c48468fd07e291adbea26: Bootstrap starting.
I20260709 12:17:40.482076 13055 tablet_service.cc:1917] Received RequestConsensusVote() RPC: tablet_id: "56648d566bb24f0997d49ad156e91451" candidate_uuid: "ada61376ae4c48468fd07e291adbea26" candidate_term: 1 candidate_status { last_received { term: 0 index: 0 } } ignore_live_leader: false dest_uuid: "b53bd7fd55e24a04ae8414c7351f7a4c" is_pre_election: true
I20260709 12:17:40.482712 13055 raft_consensus.cc:2468] T 56648d566bb24f0997d49ad156e91451 P b53bd7fd55e24a04ae8414c7351f7a4c [term 0 FOLLOWER]: Leader pre-election vote request: Granting yes vote for candidate ada61376ae4c48468fd07e291adbea26 in term 0.
I20260709 12:17:40.483604 13100 ts_tablet_manager.cc:1434] T f3186eb31cdd4fb9bc665822c2bbb864 P 2ba54f16d30c44528ea37d9ae7b35630: Time spent starting tablet: real 0.030s	user 0.008s	sys 0.000s
I20260709 12:17:40.487593 12945 leader_election.cc:304] T 56648d566bb24f0997d49ad156e91451 P ada61376ae4c48468fd07e291adbea26 [CANDIDATE]: Term 1 pre-election: Election decided. Result: candidate won. Election summary: received 3 responses out of 3 voters: 2 yes votes; 1 no votes. yes voters: ada61376ae4c48468fd07e291adbea26, b53bd7fd55e24a04ae8414c7351f7a4c; no voters: 2ba54f16d30c44528ea37d9ae7b35630
I20260709 12:17:40.488713 12980 raft_consensus.cc:2468] T 56648d566bb24f0997d49ad156e91451 P ada61376ae4c48468fd07e291adbea26 [term 1 FOLLOWER]: Leader election vote request: Granting yes vote for candidate 2ba54f16d30c44528ea37d9ae7b35630 in term 1.
I20260709 12:17:40.488936 13106 raft_consensus.cc:515] T f4e2d04f745646c6941d00f4d5367a05 P 2ba54f16d30c44528ea37d9ae7b35630 [term 1 FOLLOWER]: Starting leader election with config: opid_index: -1 OBSOLETE_local: false peers { permanent_uuid: "2ba54f16d30c44528ea37d9ae7b35630" member_type: VOTER last_known_addr { host: "127.12.120.193" port: 39475 } } peers { permanent_uuid: "ada61376ae4c48468fd07e291adbea26" member_type: VOTER last_known_addr { host: "127.12.120.194" port: 44667 } } peers { permanent_uuid: "b53bd7fd55e24a04ae8414c7351f7a4c" member_type: VOTER last_known_addr { host: "127.12.120.195" port: 38139 } }
I20260709 12:17:40.491109 12981 tablet_service.cc:1917] Received RequestConsensusVote() RPC: tablet_id: "56648d566bb24f0997d49ad156e91451" candidate_uuid: "b53bd7fd55e24a04ae8414c7351f7a4c" candidate_term: 1 candidate_status { last_received { term: 0 index: 0 } } ignore_live_leader: false dest_uuid: "ada61376ae4c48468fd07e291adbea26" is_pre_election: true
I20260709 12:17:40.491921 13055 tablet_service.cc:1917] Received RequestConsensusVote() RPC: tablet_id: "56648d566bb24f0997d49ad156e91451" candidate_uuid: "2ba54f16d30c44528ea37d9ae7b35630" candidate_term: 1 candidate_status { last_received { term: 0 index: 0 } } ignore_live_leader: false dest_uuid: "b53bd7fd55e24a04ae8414c7351f7a4c"
I20260709 12:17:40.492504 13055 raft_consensus.cc:3060] T 56648d566bb24f0997d49ad156e91451 P b53bd7fd55e24a04ae8414c7351f7a4c [term 0 FOLLOWER]: Advancing to term 1
I20260709 12:17:40.492622 13106 leader_election.cc:290] T f4e2d04f745646c6941d00f4d5367a05 P 2ba54f16d30c44528ea37d9ae7b35630 [CANDIDATE]: Term 1 election: Requested vote from peers ada61376ae4c48468fd07e291adbea26 (127.12.120.194:44667), b53bd7fd55e24a04ae8414c7351f7a4c (127.12.120.195:38139)
I20260709 12:17:40.489821 13100 tablet_bootstrap.cc:492] T d448206446fb439d9f910e90ce1601ef P 2ba54f16d30c44528ea37d9ae7b35630: Bootstrap starting.
I20260709 12:17:40.491060 13105 raft_consensus.cc:2764] T 56648d566bb24f0997d49ad156e91451 P ada61376ae4c48468fd07e291adbea26 [term 1 FOLLOWER]: Leader pre-election decision vote started in defunct term 0: won
I20260709 12:17:40.494067 12981 raft_consensus.cc:2393] T 56648d566bb24f0997d49ad156e91451 P ada61376ae4c48468fd07e291adbea26 [term 1 FOLLOWER]: Leader pre-election vote request: Denying vote to candidate b53bd7fd55e24a04ae8414c7351f7a4c in current term 1: Already voted for candidate 2ba54f16d30c44528ea37d9ae7b35630 in this term.
W20260709 12:17:40.494910 13021 leader_election.cc:343] T 9640c730e2a94907a14ac463446ac8e1 P b53bd7fd55e24a04ae8414c7351f7a4c [CANDIDATE]: Term 1 pre-election: Tablet error from VoteRequest() call to peer 2ba54f16d30c44528ea37d9ae7b35630 (127.12.120.193:39475): Illegal state: must be running to vote when last-logged opid is not known
I20260709 12:17:40.498317 12978 tablet_service.cc:1917] Received RequestConsensusVote() RPC: tablet_id: "f4e2d04f745646c6941d00f4d5367a05" candidate_uuid: "2ba54f16d30c44528ea37d9ae7b35630" candidate_term: 1 candidate_status { last_received { term: 0 index: 0 } } ignore_live_leader: false dest_uuid: "ada61376ae4c48468fd07e291adbea26"
I20260709 12:17:40.497471 13054 tablet_service.cc:1917] Received RequestConsensusVote() RPC: tablet_id: "f4e2d04f745646c6941d00f4d5367a05" candidate_uuid: "2ba54f16d30c44528ea37d9ae7b35630" candidate_term: 1 candidate_status { last_received { term: 0 index: 0 } } ignore_live_leader: false dest_uuid: "b53bd7fd55e24a04ae8414c7351f7a4c"
W20260709 12:17:40.499600 12872 leader_election.cc:343] T f4e2d04f745646c6941d00f4d5367a05 P 2ba54f16d30c44528ea37d9ae7b35630 [CANDIDATE]: Term 1 election: Tablet error from VoteRequest() call to peer ada61376ae4c48468fd07e291adbea26 (127.12.120.194:44667): Illegal state: must be running to vote when last-logged opid is not known
I20260709 12:17:40.500012 13054 raft_consensus.cc:3060] T f4e2d04f745646c6941d00f4d5367a05 P b53bd7fd55e24a04ae8414c7351f7a4c [term 0 FOLLOWER]: Advancing to term 1
I20260709 12:17:40.494025 12979 tablet_service.cc:1917] Received RequestConsensusVote() RPC: tablet_id: "9640c730e2a94907a14ac463446ac8e1" candidate_uuid: "b53bd7fd55e24a04ae8414c7351f7a4c" candidate_term: 1 candidate_status { last_received { term: 0 index: 0 } } ignore_live_leader: false dest_uuid: "ada61376ae4c48468fd07e291adbea26" is_pre_election: true
I20260709 12:17:40.504017 13098 tablet_bootstrap.cc:654] T f4e2d04f745646c6941d00f4d5367a05 P ada61376ae4c48468fd07e291adbea26: Neither blocks nor log segments found. Creating new log.
I20260709 12:17:40.508780 13021 leader_election.cc:304] T 56648d566bb24f0997d49ad156e91451 P b53bd7fd55e24a04ae8414c7351f7a4c [CANDIDATE]: Term 1 pre-election: Election decided. Result: candidate lost. Election summary: received 3 responses out of 3 voters: 1 yes votes; 2 no votes. yes voters: b53bd7fd55e24a04ae8414c7351f7a4c; no voters: 2ba54f16d30c44528ea37d9ae7b35630, ada61376ae4c48468fd07e291adbea26
W20260709 12:17:40.510191 13021 leader_election.cc:343] T 9640c730e2a94907a14ac463446ac8e1 P b53bd7fd55e24a04ae8414c7351f7a4c [CANDIDATE]: Term 1 pre-election: Tablet error from VoteRequest() call to peer ada61376ae4c48468fd07e291adbea26 (127.12.120.194:44667): Illegal state: must be running to vote when last-logged opid is not known
I20260709 12:17:40.510625 13021 leader_election.cc:304] T 9640c730e2a94907a14ac463446ac8e1 P b53bd7fd55e24a04ae8414c7351f7a4c [CANDIDATE]: Term 1 pre-election: Election decided. Result: candidate lost. Election summary: received 3 responses out of 3 voters: 1 yes votes; 2 no votes. yes voters: b53bd7fd55e24a04ae8414c7351f7a4c; no voters: 2ba54f16d30c44528ea37d9ae7b35630, ada61376ae4c48468fd07e291adbea26
I20260709 12:17:40.502089 12872 leader_election.cc:304] T 56648d566bb24f0997d49ad156e91451 P 2ba54f16d30c44528ea37d9ae7b35630 [CANDIDATE]: Term 1 election: Election decided. Result: candidate won. Election summary: received 2 responses out of 3 voters: 2 yes votes; 0 no votes. yes voters: 2ba54f16d30c44528ea37d9ae7b35630, ada61376ae4c48468fd07e291adbea26; no voters: 
I20260709 12:17:40.513619 13106 raft_consensus.cc:2804] T 56648d566bb24f0997d49ad156e91451 P 2ba54f16d30c44528ea37d9ae7b35630 [term 1 FOLLOWER]: Leader election won for term 1
I20260709 12:17:40.513711 13055 raft_consensus.cc:2468] T 56648d566bb24f0997d49ad156e91451 P b53bd7fd55e24a04ae8414c7351f7a4c [term 1 FOLLOWER]: Leader election vote request: Granting yes vote for candidate 2ba54f16d30c44528ea37d9ae7b35630 in term 1.
I20260709 12:17:40.514890 13099 tablet_bootstrap.cc:492] T d6a3402c888f4548bf6a2b59a1486280 P b53bd7fd55e24a04ae8414c7351f7a4c: No bootstrap required, opened a new log
I20260709 12:17:40.515084 13104 raft_consensus.cc:2749] T 56648d566bb24f0997d49ad156e91451 P b53bd7fd55e24a04ae8414c7351f7a4c [term 1 FOLLOWER]: Leader pre-election lost for term 1. Reason: could not achieve majority
I20260709 12:17:40.515946 13099 ts_tablet_manager.cc:1403] T d6a3402c888f4548bf6a2b59a1486280 P b53bd7fd55e24a04ae8414c7351f7a4c: Time spent bootstrapping tablet: real 0.066s	user 0.014s	sys 0.003s
I20260709 12:17:40.522142 13104 raft_consensus.cc:2749] T 9640c730e2a94907a14ac463446ac8e1 P b53bd7fd55e24a04ae8414c7351f7a4c [term 0 FOLLOWER]: Leader pre-election lost for term 1. Reason: could not achieve majority
I20260709 12:17:40.523106 13099 raft_consensus.cc:359] T d6a3402c888f4548bf6a2b59a1486280 P b53bd7fd55e24a04ae8414c7351f7a4c [term 0 FOLLOWER]: Replica starting. Triggering 0 pending ops. Active config: opid_index: -1 OBSOLETE_local: false peers { permanent_uuid: "2ba54f16d30c44528ea37d9ae7b35630" member_type: VOTER last_known_addr { host: "127.12.120.193" port: 39475 } } peers { permanent_uuid: "ada61376ae4c48468fd07e291adbea26" member_type: VOTER last_known_addr { host: "127.12.120.194" port: 44667 } } peers { permanent_uuid: "b53bd7fd55e24a04ae8414c7351f7a4c" member_type: VOTER last_known_addr { host: "127.12.120.195" port: 38139 } }
I20260709 12:17:40.525512 13100 tablet_bootstrap.cc:654] T d448206446fb439d9f910e90ce1601ef P 2ba54f16d30c44528ea37d9ae7b35630: Neither blocks nor log segments found. Creating new log.
I20260709 12:17:40.515013 13106 raft_consensus.cc:697] T 56648d566bb24f0997d49ad156e91451 P 2ba54f16d30c44528ea37d9ae7b35630 [term 1 LEADER]: Becoming Leader. State: Replica: 2ba54f16d30c44528ea37d9ae7b35630, State: Running, Role: LEADER
I20260709 12:17:40.528570 13106 consensus_queue.cc:237] T 56648d566bb24f0997d49ad156e91451 P 2ba54f16d30c44528ea37d9ae7b35630 [LEADER]: Queue going to LEADER mode. State: All replicated index: 0, Majority replicated index: 0, Committed index: 0, Last appended: 0.0, Last appended by leader: 0, Current term: 1, Majority size: 2, State: 0, Mode: LEADER, active raft config: opid_index: -1 OBSOLETE_local: false peers { permanent_uuid: "2ba54f16d30c44528ea37d9ae7b35630" member_type: VOTER last_known_addr { host: "127.12.120.193" port: 39475 } } peers { permanent_uuid: "ada61376ae4c48468fd07e291adbea26" member_type: VOTER last_known_addr { host: "127.12.120.194" port: 44667 } } peers { permanent_uuid: "b53bd7fd55e24a04ae8414c7351f7a4c" member_type: VOTER last_known_addr { host: "127.12.120.195" port: 38139 } }
I20260709 12:17:40.527634 13099 raft_consensus.cc:385] T d6a3402c888f4548bf6a2b59a1486280 P b53bd7fd55e24a04ae8414c7351f7a4c [term 0 FOLLOWER]: Consensus starting up: Expiring failure detector timer to make a prompt election more likely
I20260709 12:17:40.529901 13099 raft_consensus.cc:740] T d6a3402c888f4548bf6a2b59a1486280 P b53bd7fd55e24a04ae8414c7351f7a4c [term 0 FOLLOWER]: Becoming Follower/Learner. State: Replica: b53bd7fd55e24a04ae8414c7351f7a4c, State: Initialized, Role: FOLLOWER
I20260709 12:17:40.530282 13054 raft_consensus.cc:2468] T f4e2d04f745646c6941d00f4d5367a05 P b53bd7fd55e24a04ae8414c7351f7a4c [term 1 FOLLOWER]: Leader election vote request: Granting yes vote for candidate 2ba54f16d30c44528ea37d9ae7b35630 in term 1.
