I20260709 12:17:53.880581 12659 leader_election.cc:290] T 97ba3508e121404d93be0617e39b4761 P f0e8f62f8c54440980e06cf6aaec0d24 [CANDIDATE]: Term 2 election: Requested vote from peers 72de5314c0724365b7e9be8b9a310371 (127.11.163.1:43275), b162f67fa3b74f04a3424673bfb3862d (127.11.163.3:36185)
I20260709 12:17:53.881572 12585 tablet_service.cc:1917] Received RequestConsensusVote() RPC: tablet_id: "97ba3508e121404d93be0617e39b4761" candidate_uuid: "f0e8f62f8c54440980e06cf6aaec0d24" candidate_term: 2 candidate_status { last_received { term: 1 index: 1 } } ignore_live_leader: true dest_uuid: "72de5314c0724365b7e9be8b9a310371"
I20260709 12:17:53.881582 12734 tablet_service.cc:1917] Received RequestConsensusVote() RPC: tablet_id: "97ba3508e121404d93be0617e39b4761" candidate_uuid: "f0e8f62f8c54440980e06cf6aaec0d24" candidate_term: 2 candidate_status { last_received { term: 1 index: 1 } } ignore_live_leader: true dest_uuid: "b162f67fa3b74f04a3424673bfb3862d"
I20260709 12:17:53.882153 12585 raft_consensus.cc:3055] T 97ba3508e121404d93be0617e39b4761 P 72de5314c0724365b7e9be8b9a310371 [term 1 LEADER]: Stepping down as leader of term 1
I20260709 12:17:53.882215 12734 raft_consensus.cc:3060] T 97ba3508e121404d93be0617e39b4761 P b162f67fa3b74f04a3424673bfb3862d [term 1 FOLLOWER]: Advancing to term 2
I20260709 12:17:53.882570 12585 raft_consensus.cc:740] T 97ba3508e121404d93be0617e39b4761 P 72de5314c0724365b7e9be8b9a310371 [term 1 LEADER]: Becoming Follower/Learner. State: Replica: 72de5314c0724365b7e9be8b9a310371, State: Running, Role: LEADER
I20260709 12:17:53.883277 12585 consensus_queue.cc:260] T 97ba3508e121404d93be0617e39b4761 P 72de5314c0724365b7e9be8b9a310371 [NON_LEADER]: Queue going to NON_LEADER mode. State: All replicated index: 0, Majority replicated index: 1, Committed index: 1, Last appended: 1.1, Last appended by leader: 1, Current term: 1, Majority size: -1, State: 0, Mode: NON_LEADER, active raft config: opid_index: -1 OBSOLETE_local: false peers { permanent_uuid: "72de5314c0724365b7e9be8b9a310371" member_type: VOTER last_known_addr { host: "127.11.163.1" port: 43275 } } peers { permanent_uuid: "f0e8f62f8c54440980e06cf6aaec0d24" member_type: VOTER last_known_addr { host: "127.11.163.2" port: 35079 } } peers { permanent_uuid: "b162f67fa3b74f04a3424673bfb3862d" member_type: VOTER last_known_addr { host: "127.11.163.3" port: 36185 } }
I20260709 12:17:53.884215 12585 raft_consensus.cc:3060] T 97ba3508e121404d93be0617e39b4761 P 72de5314c0724365b7e9be8b9a310371 [term 1 FOLLOWER]: Advancing to term 2
I20260709 12:17:53.887615 12734 raft_consensus.cc:2468] T 97ba3508e121404d93be0617e39b4761 P b162f67fa3b74f04a3424673bfb3862d [term 2 FOLLOWER]: Leader election vote request: Granting yes vote for candidate f0e8f62f8c54440980e06cf6aaec0d24 in term 2.
I20260709 12:17:53.888689 12626 leader_election.cc:304] T 97ba3508e121404d93be0617e39b4761 P f0e8f62f8c54440980e06cf6aaec0d24 [CANDIDATE]: Term 2 election: Election decided. Result: candidate won. Election summary: received 2 responses out of 3 voters: 2 yes votes; 0 no votes. yes voters: b162f67fa3b74f04a3424673bfb3862d, f0e8f62f8c54440980e06cf6aaec0d24; no voters: 
I20260709 12:17:53.888774 12585 raft_consensus.cc:2468] T 97ba3508e121404d93be0617e39b4761 P 72de5314c0724365b7e9be8b9a310371 [term 2 FOLLOWER]: Leader election vote request: Granting yes vote for candidate f0e8f62f8c54440980e06cf6aaec0d24 in term 2.
I20260709 12:17:53.889420 12782 raft_consensus.cc:2804] T 97ba3508e121404d93be0617e39b4761 P f0e8f62f8c54440980e06cf6aaec0d24 [term 2 FOLLOWER]: Leader election won for term 2
I20260709 12:17:53.889882 12782 raft_consensus.cc:697] T 97ba3508e121404d93be0617e39b4761 P f0e8f62f8c54440980e06cf6aaec0d24 [term 2 LEADER]: Becoming Leader. State: Replica: f0e8f62f8c54440980e06cf6aaec0d24, State: Running, Role: LEADER
I20260709 12:17:53.890594 12782 consensus_queue.cc:237] T 97ba3508e121404d93be0617e39b4761 P f0e8f62f8c54440980e06cf6aaec0d24 [LEADER]: Queue going to LEADER mode. State: All replicated index: 0, Majority replicated index: 1, Committed index: 1, Last appended: 1.1, Last appended by leader: 1, Current term: 2, Majority size: 2, State: 0, Mode: LEADER, active raft config: opid_index: -1 OBSOLETE_local: false peers { permanent_uuid: "72de5314c0724365b7e9be8b9a310371" member_type: VOTER last_known_addr { host: "127.11.163.1" port: 43275 } } peers { permanent_uuid: "f0e8f62f8c54440980e06cf6aaec0d24" member_type: VOTER last_known_addr { host: "127.11.163.2" port: 35079 } } peers { permanent_uuid: "b162f67fa3b74f04a3424673bfb3862d" member_type: VOTER last_known_addr { host: "127.11.163.3" port: 36185 } }
I20260709 12:17:53.896611 12482 catalog_manager.cc:5697] T 97ba3508e121404d93be0617e39b4761 P f0e8f62f8c54440980e06cf6aaec0d24 reported cstate change: term changed from 1 to 2, leader changed from 72de5314c0724365b7e9be8b9a310371 (127.11.163.1) to f0e8f62f8c54440980e06cf6aaec0d24 (127.11.163.2). New cstate: current_term: 2 leader_uuid: "f0e8f62f8c54440980e06cf6aaec0d24" committed_config { opid_index: -1 OBSOLETE_local: false peers { permanent_uuid: "72de5314c0724365b7e9be8b9a310371" member_type: VOTER last_known_addr { host: "127.11.163.1" port: 43275 } health_report { overall_health: UNKNOWN } } peers { permanent_uuid: "f0e8f62f8c54440980e06cf6aaec0d24" member_type: VOTER last_known_addr { host: "127.11.163.2" port: 35079 } health_report { overall_health: HEALTHY } } peers { permanent_uuid: "b162f67fa3b74f04a3424673bfb3862d" member_type: VOTER last_known_addr { host: "127.11.163.3" port: 36185 } health_report { overall_health: UNKNOWN } } }
I20260709 12:17:54.454141 12734 raft_consensus.cc:1275] T 8550130ad49e4eb5baa0a9b8b74e5a86 P b162f67fa3b74f04a3424673bfb3862d [term 2 FOLLOWER]: Refusing update from remote peer 72de5314c0724365b7e9be8b9a310371: Log matching property violated. Preceding OpId in replica: term: 1 index: 1. Preceding OpId from leader: term: 2 index: 2. (index mismatch)
I20260709 12:17:54.461566 12865 consensus_queue.cc:1048] T 8550130ad49e4eb5baa0a9b8b74e5a86 P 72de5314c0724365b7e9be8b9a310371 [LEADER]: Connected to new peer: Peer: permanent_uuid: "b162f67fa3b74f04a3424673bfb3862d" member_type: VOTER last_known_addr { host: "127.11.163.3" port: 36185 }, Status: LMP_MISMATCH, Last received: 0.0, Next index: 2, Last known committed idx: 1, Time since last communication: 0.001s
I20260709 12:17:54.468017 12659 raft_consensus.cc:1275] T 8550130ad49e4eb5baa0a9b8b74e5a86 P f0e8f62f8c54440980e06cf6aaec0d24 [term 2 FOLLOWER]: Refusing update from remote peer 72de5314c0724365b7e9be8b9a310371: Log matching property violated. Preceding OpId in replica: term: 1 index: 1. Preceding OpId from leader: term: 2 index: 2. (index mismatch)
I20260709 12:17:54.474977 12867 consensus_queue.cc:1048] T 8550130ad49e4eb5baa0a9b8b74e5a86 P 72de5314c0724365b7e9be8b9a310371 [LEADER]: Connected to new peer: Peer: permanent_uuid: "f0e8f62f8c54440980e06cf6aaec0d24" member_type: VOTER last_known_addr { host: "127.11.163.2" port: 35079 }, Status: LMP_MISMATCH, Last received: 0.0, Next index: 2, Last known committed idx: 1, Time since last communication: 0.000s
I20260709 12:17:54.490545 12585 raft_consensus.cc:1275] T 05ee51fe7dd94be09755c2d154bb04bc P 72de5314c0724365b7e9be8b9a310371 [term 2 FOLLOWER]: Refusing update from remote peer b162f67fa3b74f04a3424673bfb3862d: Log matching property violated. Preceding OpId in replica: term: 1 index: 1. Preceding OpId from leader: term: 2 index: 2. (index mismatch)
I20260709 12:17:54.493559 12863 consensus_queue.cc:1048] T 05ee51fe7dd94be09755c2d154bb04bc P b162f67fa3b74f04a3424673bfb3862d [LEADER]: Connected to new peer: Peer: permanent_uuid: "72de5314c0724365b7e9be8b9a310371" member_type: VOTER last_known_addr { host: "127.11.163.1" port: 43275 }, Status: LMP_MISMATCH, Last received: 0.0, Next index: 2, Last known committed idx: 1, Time since last communication: 0.000s
I20260709 12:17:54.526712 12583 raft_consensus.cc:1275] T e2d9b2d826a044f397d5372acbc7200b P 72de5314c0724365b7e9be8b9a310371 [term 2 FOLLOWER]: Refusing update from remote peer f0e8f62f8c54440980e06cf6aaec0d24: Log matching property violated. Preceding OpId in replica: term: 1 index: 1. Preceding OpId from leader: term: 2 index: 2. (index mismatch)
I20260709 12:17:54.548816 12583 raft_consensus.cc:1275] T 97ba3508e121404d93be0617e39b4761 P 72de5314c0724365b7e9be8b9a310371 [term 2 FOLLOWER]: Refusing update from remote peer f0e8f62f8c54440980e06cf6aaec0d24: Log matching property violated. Preceding OpId in replica: term: 1 index: 1. Preceding OpId from leader: term: 2 index: 2. (index mismatch)
I20260709 12:17:54.551167 12874 consensus_queue.cc:1048] T e2d9b2d826a044f397d5372acbc7200b P f0e8f62f8c54440980e06cf6aaec0d24 [LEADER]: Connected to new peer: Peer: permanent_uuid: "72de5314c0724365b7e9be8b9a310371" member_type: VOTER last_known_addr { host: "127.11.163.1" port: 43275 }, Status: LMP_MISMATCH, Last received: 0.0, Next index: 2, Last known committed idx: 1, Time since last communication: 0.001s
I20260709 12:17:54.551357 12875 consensus_queue.cc:1048] T 97ba3508e121404d93be0617e39b4761 P f0e8f62f8c54440980e06cf6aaec0d24 [LEADER]: Connected to new peer: Peer: permanent_uuid: "72de5314c0724365b7e9be8b9a310371" member_type: VOTER last_known_addr { host: "127.11.163.1" port: 43275 }, Status: LMP_MISMATCH, Last received: 0.0, Next index: 2, Last known committed idx: 1, Time since last communication: 0.001s
I20260709 12:17:54.554544 12660 raft_consensus.cc:1275] T 05ee51fe7dd94be09755c2d154bb04bc P f0e8f62f8c54440980e06cf6aaec0d24 [term 2 FOLLOWER]: Refusing update from remote peer b162f67fa3b74f04a3424673bfb3862d: Log matching property violated. Preceding OpId in replica: term: 1 index: 1. Preceding OpId from leader: term: 2 index: 2. (index mismatch)
I20260709 12:17:54.565379 12862 consensus_queue.cc:1048] T 05ee51fe7dd94be09755c2d154bb04bc P b162f67fa3b74f04a3424673bfb3862d [LEADER]: Connected to new peer: Peer: permanent_uuid: "f0e8f62f8c54440980e06cf6aaec0d24" member_type: VOTER last_known_addr { host: "127.11.163.2" port: 35079 }, Status: LMP_MISMATCH, Last received: 0.0, Next index: 2, Last known committed idx: 1, Time since last communication: 0.000s
I20260709 12:17:54.593317 12732 raft_consensus.cc:1275] T e2d9b2d826a044f397d5372acbc7200b P b162f67fa3b74f04a3424673bfb3862d [term 2 FOLLOWER]: Refusing update from remote peer f0e8f62f8c54440980e06cf6aaec0d24: Log matching property violated. Preceding OpId in replica: term: 1 index: 1. Preceding OpId from leader: term: 2 index: 2. (index mismatch)
I20260709 12:17:54.594707 12869 consensus_queue.cc:1048] T e2d9b2d826a044f397d5372acbc7200b P f0e8f62f8c54440980e06cf6aaec0d24 [LEADER]: Connected to new peer: Peer: permanent_uuid: "b162f67fa3b74f04a3424673bfb3862d" member_type: VOTER last_known_addr { host: "127.11.163.3" port: 36185 }, Status: LMP_MISMATCH, Last received: 0.0, Next index: 2, Last known committed idx: 1, Time since last communication: 0.000s
I20260709 12:17:54.596448 12731 raft_consensus.cc:1275] T 97ba3508e121404d93be0617e39b4761 P b162f67fa3b74f04a3424673bfb3862d [term 2 FOLLOWER]: Refusing update from remote peer f0e8f62f8c54440980e06cf6aaec0d24: Log matching property violated. Preceding OpId in replica: term: 1 index: 1. Preceding OpId from leader: term: 2 index: 2. (index mismatch)
I20260709 12:17:54.597749 12869 consensus_queue.cc:1048] T 97ba3508e121404d93be0617e39b4761 P f0e8f62f8c54440980e06cf6aaec0d24 [LEADER]: Connected to new peer: Peer: permanent_uuid: "b162f67fa3b74f04a3424673bfb3862d" member_type: VOTER last_known_addr { host: "127.11.163.3" port: 36185 }, Status: LMP_MISMATCH, Last received: 0.0, Next index: 2, Last known committed idx: 1, Time since last communication: 0.000s
W20260709 12:17:55.534333 12681 debug-util.cc:398] Leaking SignalData structure 0x7b08000ecd20 after lost signal to thread 11919
W20260709 12:17:55.535185 12681 debug-util.cc:398] Leaking SignalData structure 0x7b080012fe00 after lost signal to thread 12517
W20260709 12:17:55.536057 12681 debug-util.cc:398] Leaking SignalData structure 0x7b08000c9cc0 after lost signal to thread 12609
W20260709 12:17:55.536785 12681 debug-util.cc:398] Leaking SignalData structure 0x7b08001591a0 after lost signal to thread 12684
W20260709 12:17:55.537498 12681 debug-util.cc:398] Leaking SignalData structure 0x7b0800108660 after lost signal to thread 12758
I20260709 12:17:57.096868 11916 auto_leader_rebalancer-test.cc:365] The leader distribution is 
I20260709 12:17:57.097543 11916 auto_leader_rebalancer.cc:141] leader rebalance for table test-workload
I20260709 12:17:57.116050 12583 tablet_service.cc:2072] Received LeaderStepDown RPC: tablet_id: "4ff7da6340cc41388f09bd5414a82387"
dest_uuid: "72de5314c0724365b7e9be8b9a310371"
mode: GRACEFUL
new_leader_uuid: "b162f67fa3b74f04a3424673bfb3862d"
 from {username='slave'} at 127.0.0.1:53116
I20260709 12:17:57.116567 12583 raft_consensus.cc:606] T 4ff7da6340cc41388f09bd5414a82387 P 72de5314c0724365b7e9be8b9a310371 [term 1 LEADER]: Received request to transfer leadership to TS b162f67fa3b74f04a3424673bfb3862d
I20260709 12:17:57.119102 12583 tablet_service.cc:2072] Received LeaderStepDown RPC: tablet_id: "8550130ad49e4eb5baa0a9b8b74e5a86"
dest_uuid: "72de5314c0724365b7e9be8b9a310371"
mode: GRACEFUL
new_leader_uuid: "b162f67fa3b74f04a3424673bfb3862d"
 from {username='slave'} at 127.0.0.1:53116
I20260709 12:17:57.119596 12583 raft_consensus.cc:606] T 8550130ad49e4eb5baa0a9b8b74e5a86 P 72de5314c0724365b7e9be8b9a310371 [term 2 LEADER]: Received request to transfer leadership to TS b162f67fa3b74f04a3424673bfb3862d
I20260709 12:17:57.120657 11916 auto_leader_rebalancer.cc:440] table: test-workload, leader rebalance finish, leader transfer count: 2
I20260709 12:17:57.121098 11916 auto_leader_rebalancer.cc:515] All tables' leader rebalancing finished this round
I20260709 12:17:57.130754 12888 raft_consensus.cc:993] T 8550130ad49e4eb5baa0a9b8b74e5a86 P 72de5314c0724365b7e9be8b9a310371: : Instructing follower b162f67fa3b74f04a3424673bfb3862d to start an election
I20260709 12:17:57.131222 12884 raft_consensus.cc:1081] T 8550130ad49e4eb5baa0a9b8b74e5a86 P 72de5314c0724365b7e9be8b9a310371 [term 2 LEADER]: Signalling peer b162f67fa3b74f04a3424673bfb3862d to start an election
I20260709 12:17:57.132867 12731 tablet_service.cc:2044] Received Run Leader Election RPC: tablet_id: "8550130ad49e4eb5baa0a9b8b74e5a86"
dest_uuid: "b162f67fa3b74f04a3424673bfb3862d"
 from {username='slave'} at 127.0.0.1:36002
I20260709 12:17:57.133471 12731 raft_consensus.cc:493] T 8550130ad49e4eb5baa0a9b8b74e5a86 P b162f67fa3b74f04a3424673bfb3862d [term 2 FOLLOWER]: Starting forced leader election (received explicit request)
I20260709 12:17:57.133854 12731 raft_consensus.cc:3060] T 8550130ad49e4eb5baa0a9b8b74e5a86 P b162f67fa3b74f04a3424673bfb3862d [term 2 FOLLOWER]: Advancing to term 3
I20260709 12:17:57.141893 12731 raft_consensus.cc:515] T 8550130ad49e4eb5baa0a9b8b74e5a86 P b162f67fa3b74f04a3424673bfb3862d [term 3 FOLLOWER]: Starting forced leader election with config: opid_index: -1 OBSOLETE_local: false peers { permanent_uuid: "72de5314c0724365b7e9be8b9a310371" member_type: VOTER last_known_addr { host: "127.11.163.1" port: 43275 } } peers { permanent_uuid: "f0e8f62f8c54440980e06cf6aaec0d24" member_type: VOTER last_known_addr { host: "127.11.163.2" port: 35079 } } peers { permanent_uuid: "b162f67fa3b74f04a3424673bfb3862d" member_type: VOTER last_known_addr { host: "127.11.163.3" port: 36185 } }
I20260709 12:17:57.144176 12731 leader_election.cc:290] T 8550130ad49e4eb5baa0a9b8b74e5a86 P b162f67fa3b74f04a3424673bfb3862d [CANDIDATE]: Term 3 election: Requested vote from peers 72de5314c0724365b7e9be8b9a310371 (127.11.163.1:43275), f0e8f62f8c54440980e06cf6aaec0d24 (127.11.163.2:35079)
I20260709 12:17:57.144975 12583 tablet_service.cc:1917] Received RequestConsensusVote() RPC: tablet_id: "8550130ad49e4eb5baa0a9b8b74e5a86" candidate_uuid: "b162f67fa3b74f04a3424673bfb3862d" candidate_term: 3 candidate_status { last_received { term: 2 index: 2 } } ignore_live_leader: true dest_uuid: "72de5314c0724365b7e9be8b9a310371"
I20260709 12:17:57.145635 12583 raft_consensus.cc:3055] T 8550130ad49e4eb5baa0a9b8b74e5a86 P 72de5314c0724365b7e9be8b9a310371 [term 2 LEADER]: Stepping down as leader of term 2
I20260709 12:17:57.145753 12660 tablet_service.cc:1917] Received RequestConsensusVote() RPC: tablet_id: "8550130ad49e4eb5baa0a9b8b74e5a86" candidate_uuid: "b162f67fa3b74f04a3424673bfb3862d" candidate_term: 3 candidate_status { last_received { term: 2 index: 2 } } ignore_live_leader: true dest_uuid: "f0e8f62f8c54440980e06cf6aaec0d24"
I20260709 12:17:57.146049 12583 raft_consensus.cc:740] T 8550130ad49e4eb5baa0a9b8b74e5a86 P 72de5314c0724365b7e9be8b9a310371 [term 2 LEADER]: Becoming Follower/Learner. State: Replica: 72de5314c0724365b7e9be8b9a310371, State: Running, Role: LEADER
I20260709 12:17:57.146322 12660 raft_consensus.cc:3060] T 8550130ad49e4eb5baa0a9b8b74e5a86 P f0e8f62f8c54440980e06cf6aaec0d24 [term 2 FOLLOWER]: Advancing to term 3
I20260709 12:17:57.146970 12583 consensus_queue.cc:260] T 8550130ad49e4eb5baa0a9b8b74e5a86 P 72de5314c0724365b7e9be8b9a310371 [NON_LEADER]: Queue going to NON_LEADER mode. State: All replicated index: 0, Majority replicated index: 2, Committed index: 2, Last appended: 2.2, Last appended by leader: 2, Current term: 2, Majority size: -1, State: 0, Mode: NON_LEADER, active raft config: opid_index: -1 OBSOLETE_local: false peers { permanent_uuid: "72de5314c0724365b7e9be8b9a310371" member_type: VOTER last_known_addr { host: "127.11.163.1" port: 43275 } } peers { permanent_uuid: "f0e8f62f8c54440980e06cf6aaec0d24" member_type: VOTER last_known_addr { host: "127.11.163.2" port: 35079 } } peers { permanent_uuid: "b162f67fa3b74f04a3424673bfb3862d" member_type: VOTER last_known_addr { host: "127.11.163.3" port: 36185 } }
I20260709 12:17:57.148203 12583 raft_consensus.cc:3060] T 8550130ad49e4eb5baa0a9b8b74e5a86 P 72de5314c0724365b7e9be8b9a310371 [term 2 FOLLOWER]: Advancing to term 3
I20260709 12:17:57.153970 12660 raft_consensus.cc:2468] T 8550130ad49e4eb5baa0a9b8b74e5a86 P f0e8f62f8c54440980e06cf6aaec0d24 [term 3 FOLLOWER]: Leader election vote request: Granting yes vote for candidate b162f67fa3b74f04a3424673bfb3862d in term 3.
I20260709 12:17:57.155169 12700 leader_election.cc:304] T 8550130ad49e4eb5baa0a9b8b74e5a86 P b162f67fa3b74f04a3424673bfb3862d [CANDIDATE]: Term 3 election: Election decided. Result: candidate won. Election summary: received 2 responses out of 3 voters: 2 yes votes; 0 no votes. yes voters: b162f67fa3b74f04a3424673bfb3862d, f0e8f62f8c54440980e06cf6aaec0d24; no voters: 
I20260709 12:17:57.155685 12583 raft_consensus.cc:2468] T 8550130ad49e4eb5baa0a9b8b74e5a86 P 72de5314c0724365b7e9be8b9a310371 [term 3 FOLLOWER]: Leader election vote request: Granting yes vote for candidate b162f67fa3b74f04a3424673bfb3862d in term 3.
I20260709 12:17:57.156088 12885 raft_consensus.cc:2804] T 8550130ad49e4eb5baa0a9b8b74e5a86 P b162f67fa3b74f04a3424673bfb3862d [term 3 FOLLOWER]: Leader election won for term 3
I20260709 12:17:57.157244 12885 raft_consensus.cc:697] T 8550130ad49e4eb5baa0a9b8b74e5a86 P b162f67fa3b74f04a3424673bfb3862d [term 3 LEADER]: Becoming Leader. State: Replica: b162f67fa3b74f04a3424673bfb3862d, State: Running, Role: LEADER
I20260709 12:17:57.158177 12885 consensus_queue.cc:237] T 8550130ad49e4eb5baa0a9b8b74e5a86 P b162f67fa3b74f04a3424673bfb3862d [LEADER]: Queue going to LEADER mode. State: All replicated index: 0, Majority replicated index: 2, Committed index: 2, Last appended: 2.2, Last appended by leader: 2, Current term: 3, Majority size: 2, State: 0, Mode: LEADER, active raft config: opid_index: -1 OBSOLETE_local: false peers { permanent_uuid: "72de5314c0724365b7e9be8b9a310371" member_type: VOTER last_known_addr { host: "127.11.163.1" port: 43275 } } peers { permanent_uuid: "f0e8f62f8c54440980e06cf6aaec0d24" member_type: VOTER last_known_addr { host: "127.11.163.2" port: 35079 } } peers { permanent_uuid: "b162f67fa3b74f04a3424673bfb3862d" member_type: VOTER last_known_addr { host: "127.11.163.3" port: 36185 } }
I20260709 12:17:57.168524 12482 catalog_manager.cc:5697] T 8550130ad49e4eb5baa0a9b8b74e5a86 P b162f67fa3b74f04a3424673bfb3862d reported cstate change: term changed from 2 to 3, leader changed from 72de5314c0724365b7e9be8b9a310371 (127.11.163.1) to b162f67fa3b74f04a3424673bfb3862d (127.11.163.3). New cstate: current_term: 3 leader_uuid: "b162f67fa3b74f04a3424673bfb3862d" committed_config { opid_index: -1 OBSOLETE_local: false peers { permanent_uuid: "72de5314c0724365b7e9be8b9a310371" member_type: VOTER last_known_addr { host: "127.11.163.1" port: 43275 } health_report { overall_health: UNKNOWN } } peers { permanent_uuid: "f0e8f62f8c54440980e06cf6aaec0d24" member_type: VOTER last_known_addr { host: "127.11.163.2" port: 35079 } health_report { overall_health: UNKNOWN } } peers { permanent_uuid: "b162f67fa3b74f04a3424673bfb3862d" member_type: VOTER last_known_addr { host: "127.11.163.3" port: 36185 } health_report { overall_health: HEALTHY } } }
I20260709 12:17:57.354907 12888 raft_consensus.cc:993] T 4ff7da6340cc41388f09bd5414a82387 P 72de5314c0724365b7e9be8b9a310371: : Instructing follower b162f67fa3b74f04a3424673bfb3862d to start an election
I20260709 12:17:57.355355 12884 raft_consensus.cc:1081] T 4ff7da6340cc41388f09bd5414a82387 P 72de5314c0724365b7e9be8b9a310371 [term 1 LEADER]: Signalling peer b162f67fa3b74f04a3424673bfb3862d to start an election
I20260709 12:17:57.356961 12731 tablet_service.cc:2044] Received Run Leader Election RPC: tablet_id: "4ff7da6340cc41388f09bd5414a82387"
dest_uuid: "b162f67fa3b74f04a3424673bfb3862d"
 from {username='slave'} at 127.0.0.1:36002
I20260709 12:17:57.357586 12731 raft_consensus.cc:493] T 4ff7da6340cc41388f09bd5414a82387 P b162f67fa3b74f04a3424673bfb3862d [term 1 FOLLOWER]: Starting forced leader election (received explicit request)
I20260709 12:17:57.357999 12731 raft_consensus.cc:3060] T 4ff7da6340cc41388f09bd5414a82387 P b162f67fa3b74f04a3424673bfb3862d [term 1 FOLLOWER]: Advancing to term 2
I20260709 12:17:57.365859 12731 raft_consensus.cc:515] T 4ff7da6340cc41388f09bd5414a82387 P b162f67fa3b74f04a3424673bfb3862d [term 2 FOLLOWER]: Starting forced leader election with config: opid_index: -1 OBSOLETE_local: false peers { permanent_uuid: "72de5314c0724365b7e9be8b9a310371" member_type: VOTER last_known_addr { host: "127.11.163.1" port: 43275 } } peers { permanent_uuid: "f0e8f62f8c54440980e06cf6aaec0d24" member_type: VOTER last_known_addr { host: "127.11.163.2" port: 35079 } } peers { permanent_uuid: "b162f67fa3b74f04a3424673bfb3862d" member_type: VOTER last_known_addr { host: "127.11.163.3" port: 36185 } }
I20260709 12:17:57.368131 12731 leader_election.cc:290] T 4ff7da6340cc41388f09bd5414a82387 P b162f67fa3b74f04a3424673bfb3862d [CANDIDATE]: Term 2 election: Requested vote from peers 72de5314c0724365b7e9be8b9a310371 (127.11.163.1:43275), f0e8f62f8c54440980e06cf6aaec0d24 (127.11.163.2:35079)
I20260709 12:17:57.369077 12583 tablet_service.cc:1917] Received RequestConsensusVote() RPC: tablet_id: "4ff7da6340cc41388f09bd5414a82387" candidate_uuid: "b162f67fa3b74f04a3424673bfb3862d" candidate_term: 2 candidate_status { last_received { term: 1 index: 1 } } ignore_live_leader: true dest_uuid: "72de5314c0724365b7e9be8b9a310371"
I20260709 12:17:57.369509 12660 tablet_service.cc:1917] Received RequestConsensusVote() RPC: tablet_id: "4ff7da6340cc41388f09bd5414a82387" candidate_uuid: "b162f67fa3b74f04a3424673bfb3862d" candidate_term: 2 candidate_status { last_received { term: 1 index: 1 } } ignore_live_leader: true dest_uuid: "f0e8f62f8c54440980e06cf6aaec0d24"
I20260709 12:17:57.369796 12583 raft_consensus.cc:3055] T 4ff7da6340cc41388f09bd5414a82387 P 72de5314c0724365b7e9be8b9a310371 [term 1 LEADER]: Stepping down as leader of term 1
I20260709 12:17:57.370131 12660 raft_consensus.cc:3060] T 4ff7da6340cc41388f09bd5414a82387 P f0e8f62f8c54440980e06cf6aaec0d24 [term 1 FOLLOWER]: Advancing to term 2
I20260709 12:17:57.375638 12660 raft_consensus.cc:2468] T 4ff7da6340cc41388f09bd5414a82387 P f0e8f62f8c54440980e06cf6aaec0d24 [term 2 FOLLOWER]: Leader election vote request: Granting yes vote for candidate b162f67fa3b74f04a3424673bfb3862d in term 2.
I20260709 12:17:57.370184 12583 raft_consensus.cc:740] T 4ff7da6340cc41388f09bd5414a82387 P 72de5314c0724365b7e9be8b9a310371 [term 1 LEADER]: Becoming Follower/Learner. State: Replica: 72de5314c0724365b7e9be8b9a310371, State: Running, Role: LEADER
I20260709 12:17:57.376752 12700 leader_election.cc:304] T 4ff7da6340cc41388f09bd5414a82387 P b162f67fa3b74f04a3424673bfb3862d [CANDIDATE]: Term 2 election: Election decided. Result: candidate won. Election summary: received 2 responses out of 3 voters: 2 yes votes; 0 no votes. yes voters: b162f67fa3b74f04a3424673bfb3862d, f0e8f62f8c54440980e06cf6aaec0d24; no voters: 
I20260709 12:17:57.376660 12583 consensus_queue.cc:260] T 4ff7da6340cc41388f09bd5414a82387 P 72de5314c0724365b7e9be8b9a310371 [NON_LEADER]: Queue going to NON_LEADER mode. State: All replicated index: 0, Majority replicated index: 1, Committed index: 1, Last appended: 1.1, Last appended by leader: 1, Current term: 1, Majority size: -1, State: 0, Mode: NON_LEADER, active raft config: opid_index: -1 OBSOLETE_local: false peers { permanent_uuid: "72de5314c0724365b7e9be8b9a310371" member_type: VOTER last_known_addr { host: "127.11.163.1" port: 43275 } } peers { permanent_uuid: "f0e8f62f8c54440980e06cf6aaec0d24" member_type: VOTER last_known_addr { host: "127.11.163.2" port: 35079 } } peers { permanent_uuid: "b162f67fa3b74f04a3424673bfb3862d" member_type: VOTER last_known_addr { host: "127.11.163.3" port: 36185 } }
I20260709 12:17:57.377592 12885 raft_consensus.cc:2804] T 4ff7da6340cc41388f09bd5414a82387 P b162f67fa3b74f04a3424673bfb3862d [term 2 FOLLOWER]: Leader election won for term 2
I20260709 12:17:57.378113 12885 raft_consensus.cc:697] T 4ff7da6340cc41388f09bd5414a82387 P b162f67fa3b74f04a3424673bfb3862d [term 2 LEADER]: Becoming Leader. State: Replica: b162f67fa3b74f04a3424673bfb3862d, State: Running, Role: LEADER
I20260709 12:17:57.378121 12583 raft_consensus.cc:3060] T 4ff7da6340cc41388f09bd5414a82387 P 72de5314c0724365b7e9be8b9a310371 [term 1 FOLLOWER]: Advancing to term 2
I20260709 12:17:57.379195 12885 consensus_queue.cc:237] T 4ff7da6340cc41388f09bd5414a82387 P b162f67fa3b74f04a3424673bfb3862d [LEADER]: Queue going to LEADER mode. State: All replicated index: 0, Majority replicated index: 1, Committed index: 1, Last appended: 1.1, Last appended by leader: 1, Current term: 2, Majority size: 2, State: 0, Mode: LEADER, active raft config: opid_index: -1 OBSOLETE_local: false peers { permanent_uuid: "72de5314c0724365b7e9be8b9a310371" member_type: VOTER last_known_addr { host: "127.11.163.1" port: 43275 } } peers { permanent_uuid: "f0e8f62f8c54440980e06cf6aaec0d24" member_type: VOTER last_known_addr { host: "127.11.163.2" port: 35079 } } peers { permanent_uuid: "b162f67fa3b74f04a3424673bfb3862d" member_type: VOTER last_known_addr { host: "127.11.163.3" port: 36185 } }
I20260709 12:17:57.386631 12583 raft_consensus.cc:2468] T 4ff7da6340cc41388f09bd5414a82387 P 72de5314c0724365b7e9be8b9a310371 [term 2 FOLLOWER]: Leader election vote request: Granting yes vote for candidate b162f67fa3b74f04a3424673bfb3862d in term 2.
I20260709 12:17:57.390352 12482 catalog_manager.cc:5697] T 4ff7da6340cc41388f09bd5414a82387 P b162f67fa3b74f04a3424673bfb3862d reported cstate change: term changed from 1 to 2, leader changed from 72de5314c0724365b7e9be8b9a310371 (127.11.163.1) to b162f67fa3b74f04a3424673bfb3862d (127.11.163.3). New cstate: current_term: 2 leader_uuid: "b162f67fa3b74f04a3424673bfb3862d" committed_config { opid_index: -1 OBSOLETE_local: false peers { permanent_uuid: "72de5314c0724365b7e9be8b9a310371" member_type: VOTER last_known_addr { host: "127.11.163.1" port: 43275 } health_report { overall_health: UNKNOWN } } peers { permanent_uuid: "f0e8f62f8c54440980e06cf6aaec0d24" member_type: VOTER last_known_addr { host: "127.11.163.2" port: 35079 } health_report { overall_health: UNKNOWN } } peers { permanent_uuid: "b162f67fa3b74f04a3424673bfb3862d" member_type: VOTER last_known_addr { host: "127.11.163.3" port: 36185 } health_report { overall_health: HEALTHY } } }
I20260709 12:17:57.665251 12658 raft_consensus.cc:1275] T 8550130ad49e4eb5baa0a9b8b74e5a86 P f0e8f62f8c54440980e06cf6aaec0d24 [term 3 FOLLOWER]: Refusing update from remote peer b162f67fa3b74f04a3424673bfb3862d: Log matching property violated. Preceding OpId in replica: term: 2 index: 2. Preceding OpId from leader: term: 3 index: 3. (index mismatch)
I20260709 12:17:57.666815 12889 consensus_queue.cc:1048] T 8550130ad49e4eb5baa0a9b8b74e5a86 P b162f67fa3b74f04a3424673bfb3862d [LEADER]: Connected to new peer: Peer: permanent_uuid: "f0e8f62f8c54440980e06cf6aaec0d24" member_type: VOTER last_known_addr { host: "127.11.163.2" port: 35079 }, Status: LMP_MISMATCH, Last received: 0.0, Next index: 3, Last known committed idx: 2, Time since last communication: 0.000s
I20260709 12:17:57.681011 12583 raft_consensus.cc:1275] T 8550130ad49e4eb5baa0a9b8b74e5a86 P 72de5314c0724365b7e9be8b9a310371 [term 3 FOLLOWER]: Refusing update from remote peer b162f67fa3b74f04a3424673bfb3862d: Log matching property violated. Preceding OpId in replica: term: 2 index: 2. Preceding OpId from leader: term: 3 index: 3. (index mismatch)
I20260709 12:17:57.682479 12889 consensus_queue.cc:1048] T 8550130ad49e4eb5baa0a9b8b74e5a86 P b162f67fa3b74f04a3424673bfb3862d [LEADER]: Connected to new peer: Peer: permanent_uuid: "72de5314c0724365b7e9be8b9a310371" member_type: VOTER last_known_addr { host: "127.11.163.1" port: 43275 }, Status: LMP_MISMATCH, Last received: 0.0, Next index: 3, Last known committed idx: 2, Time since last communication: 0.000s
I20260709 12:17:57.882747 12658 raft_consensus.cc:1275] T 4ff7da6340cc41388f09bd5414a82387 P f0e8f62f8c54440980e06cf6aaec0d24 [term 2 FOLLOWER]: Refusing update from remote peer b162f67fa3b74f04a3424673bfb3862d: Log matching property violated. Preceding OpId in replica: term: 1 index: 1. Preceding OpId from leader: term: 2 index: 2. (index mismatch)
I20260709 12:17:57.884003 12889 consensus_queue.cc:1048] T 4ff7da6340cc41388f09bd5414a82387 P b162f67fa3b74f04a3424673bfb3862d [LEADER]: Connected to new peer: Peer: permanent_uuid: "f0e8f62f8c54440980e06cf6aaec0d24" member_type: VOTER last_known_addr { host: "127.11.163.2" port: 35079 }, Status: LMP_MISMATCH, Last received: 0.0, Next index: 2, Last known committed idx: 1, Time since last communication: 0.000s
I20260709 12:17:57.892436 12583 raft_consensus.cc:1275] T 4ff7da6340cc41388f09bd5414a82387 P 72de5314c0724365b7e9be8b9a310371 [term 2 FOLLOWER]: Refusing update from remote peer b162f67fa3b74f04a3424673bfb3862d: Log matching property violated. Preceding OpId in replica: term: 1 index: 1. Preceding OpId from leader: term: 2 index: 2. (index mismatch)
I20260709 12:17:57.894345 12885 consensus_queue.cc:1048] T 4ff7da6340cc41388f09bd5414a82387 P b162f67fa3b74f04a3424673bfb3862d [LEADER]: Connected to new peer: Peer: permanent_uuid: "72de5314c0724365b7e9be8b9a310371" member_type: VOTER last_known_addr { host: "127.11.163.1" port: 43275 }, Status: LMP_MISMATCH, Last received: 0.0, Next index: 2, Last known committed idx: 1, Time since last communication: 0.000s
I20260709 12:17:58.122009 11916 auto_leader_rebalancer.cc:141] leader rebalance for table test-workload
I20260709 12:17:58.127403 11916 auto_leader_rebalancer.cc:440] table: test-workload, leader rebalance finish, leader transfer count: 0
I20260709 12:17:58.127918 11916 auto_leader_rebalancer.cc:515] All tables' leader rebalancing finished this round
I20260709 12:17:59.152388 11916 auto_leader_rebalancer.cc:141] leader rebalance for table test-workload
I20260709 12:17:59.163054 11916 auto_leader_rebalancer.cc:440] table: test-workload, leader rebalance finish, leader transfer count: 0
I20260709 12:17:59.163511 11916 auto_leader_rebalancer.cc:515] All tables' leader rebalancing finished this round
I20260709 12:18:00.164598 11916 auto_leader_rebalancer.cc:141] leader rebalance for table test-workload
I20260709 12:18:00.171075 11916 auto_leader_rebalancer.cc:440] table: test-workload, leader rebalance finish, leader transfer count: 0
I20260709 12:18:00.171473 11916 auto_leader_rebalancer.cc:515] All tables' leader rebalancing finished this round
I20260709 12:18:01.250584 11916 auto_leader_rebalancer.cc:141] leader rebalance for table test-workload
I20260709 12:18:01.266402 11916 auto_leader_rebalancer.cc:440] table: test-workload, leader rebalance finish, leader transfer count: 0
I20260709 12:18:01.267083 11916 auto_leader_rebalancer.cc:515] All tables' leader rebalancing finished this round
W20260709 12:18:02.252427 12606 debug-util.cc:398] Leaking SignalData structure 0x7b08000c1f80 after lost signal to thread 11919
W20260709 12:18:02.253214 12606 debug-util.cc:398] Leaking SignalData structure 0x7b08001a6c40 after lost signal to thread 12517
W20260709 12:18:02.253994 12606 debug-util.cc:398] Leaking SignalData structure 0x7b08001d5c40 after lost signal to thread 12609
W20260709 12:18:02.254678 12606 debug-util.cc:398] Leaking SignalData structure 0x7b08000d2d80 after lost signal to thread 12684
W20260709 12:18:02.255312 12606 debug-util.cc:398] Leaking SignalData structure 0x7b08000aa300 after lost signal to thread 12758
I20260709 12:18:02.268041 11916 auto_leader_rebalancer.cc:141] leader rebalance for table test-workload
I20260709 12:18:02.273574 11916 auto_leader_rebalancer.cc:440] table: test-workload, leader rebalance finish, leader transfer count: 0
I20260709 12:18:02.274019 11916 auto_leader_rebalancer.cc:515] All tables' leader rebalancing finished this round
I20260709 12:18:03.275185 11916 auto_leader_rebalancer.cc:141] leader rebalance for table test-workload
I20260709 12:18:03.284590 11916 auto_leader_rebalancer.cc:440] table: test-workload, leader rebalance finish, leader transfer count: 0
I20260709 12:18:03.285224 11916 auto_leader_rebalancer.cc:515] All tables' leader rebalancing finished this round
I20260709 12:18:04.286425 11916 auto_leader_rebalancer.cc:141] leader rebalance for table test-workload
I20260709 12:18:04.295461 11916 auto_leader_rebalancer.cc:440] table: test-workload, leader rebalance finish, leader transfer count: 0
I20260709 12:18:04.296075 11916 auto_leader_rebalancer.cc:515] All tables' leader rebalancing finished this round
I20260709 12:18:05.297042 11916 auto_leader_rebalancer.cc:141] leader rebalance for table test-workload
I20260709 12:18:05.302423 11916 auto_leader_rebalancer.cc:440] table: test-workload, leader rebalance finish, leader transfer count: 0
I20260709 12:18:05.302799 11916 auto_leader_rebalancer.cc:515] All tables' leader rebalancing finished this round
I20260709 12:18:06.303905 11916 auto_leader_rebalancer.cc:141] leader rebalance for table test-workload
I20260709 12:18:06.309422 11916 auto_leader_rebalancer.cc:440] table: test-workload, leader rebalance finish, leader transfer count: 0
I20260709 12:18:06.309836 11916 auto_leader_rebalancer.cc:515] All tables' leader rebalancing finished this round
I20260709 12:18:07.340123 11916 auto_leader_rebalancer-test.cc:384] The leader distribution is 
I20260709 12:18:07.349330 12731 tablet_service.cc:2072] Received LeaderStepDown RPC: tablet_id: "8550130ad49e4eb5baa0a9b8b74e5a86"
dest_uuid: "b162f67fa3b74f04a3424673bfb3862d"
mode: GRACEFUL
new_leader_uuid: "72de5314c0724365b7e9be8b9a310371"
 from {username='slave'} at 127.0.0.1:36006
I20260709 12:18:07.349977 12731 raft_consensus.cc:606] T 8550130ad49e4eb5baa0a9b8b74e5a86 P b162f67fa3b74f04a3424673bfb3862d [term 3 LEADER]: Received request to transfer leadership to TS 72de5314c0724365b7e9be8b9a310371
I20260709 12:18:07.354712 12731 tablet_service.cc:2072] Received LeaderStepDown RPC: tablet_id: "4ff7da6340cc41388f09bd5414a82387"
dest_uuid: "b162f67fa3b74f04a3424673bfb3862d"
mode: GRACEFUL
new_leader_uuid: "72de5314c0724365b7e9be8b9a310371"
 from {username='slave'} at 127.0.0.1:36006
I20260709 12:18:07.355165 12731 raft_consensus.cc:606] T 4ff7da6340cc41388f09bd5414a82387 P b162f67fa3b74f04a3424673bfb3862d [term 2 LEADER]: Received request to transfer leadership to TS 72de5314c0724365b7e9be8b9a310371
I20260709 12:18:07.380612 12658 tablet_service.cc:2072] Received LeaderStepDown RPC: tablet_id: "e0e447db86a44533bb94a5dea94eddac"
dest_uuid: "f0e8f62f8c54440980e06cf6aaec0d24"
mode: GRACEFUL
new_leader_uuid: "72de5314c0724365b7e9be8b9a310371"
 from {username='slave'} at 127.0.0.1:45616
I20260709 12:18:07.381088 12658 raft_consensus.cc:606] T e0e447db86a44533bb94a5dea94eddac P f0e8f62f8c54440980e06cf6aaec0d24 [term 1 LEADER]: Received request to transfer leadership to TS 72de5314c0724365b7e9be8b9a310371
I20260709 12:18:07.386080 12658 tablet_service.cc:2072] Received LeaderStepDown RPC: tablet_id: "97ba3508e121404d93be0617e39b4761"
dest_uuid: "f0e8f62f8c54440980e06cf6aaec0d24"
mode: GRACEFUL
new_leader_uuid: "72de5314c0724365b7e9be8b9a310371"
 from {username='slave'} at 127.0.0.1:45616
I20260709 12:18:07.386534 12658 raft_consensus.cc:606] T 97ba3508e121404d93be0617e39b4761 P f0e8f62f8c54440980e06cf6aaec0d24 [term 2 LEADER]: Received request to transfer leadership to TS 72de5314c0724365b7e9be8b9a310371
I20260709 12:18:07.391096 12658 tablet_service.cc:2072] Received LeaderStepDown RPC: tablet_id: "05f6c5e91ca64d548d544dcc61cd58c9"
dest_uuid: "f0e8f62f8c54440980e06cf6aaec0d24"
mode: GRACEFUL
new_leader_uuid: "72de5314c0724365b7e9be8b9a310371"
 from {username='slave'} at 127.0.0.1:45616
I20260709 12:18:07.391592 12658 raft_consensus.cc:606] T 05f6c5e91ca64d548d544dcc61cd58c9 P f0e8f62f8c54440980e06cf6aaec0d24 [term 1 LEADER]: Received request to transfer leadership to TS 72de5314c0724365b7e9be8b9a310371
I20260709 12:18:07.585650 12912 raft_consensus.cc:993] T e0e447db86a44533bb94a5dea94eddac P f0e8f62f8c54440980e06cf6aaec0d24: : Instructing follower 72de5314c0724365b7e9be8b9a310371 to start an election
I20260709 12:18:07.586300 12915 raft_consensus.cc:1081] T e0e447db86a44533bb94a5dea94eddac P f0e8f62f8c54440980e06cf6aaec0d24 [term 1 LEADER]: Signalling peer 72de5314c0724365b7e9be8b9a310371 to start an election
I20260709 12:18:07.588076 12584 tablet_service.cc:2044] Received Run Leader Election RPC: tablet_id: "e0e447db86a44533bb94a5dea94eddac"
dest_uuid: "72de5314c0724365b7e9be8b9a310371"
 from {username='slave'} at 127.0.0.1:53104
I20260709 12:18:07.588587 12584 raft_consensus.cc:493] T e0e447db86a44533bb94a5dea94eddac P 72de5314c0724365b7e9be8b9a310371 [term 1 FOLLOWER]: Starting forced leader election (received explicit request)
I20260709 12:18:07.588917 12584 raft_consensus.cc:3060] T e0e447db86a44533bb94a5dea94eddac P 72de5314c0724365b7e9be8b9a310371 [term 1 FOLLOWER]: Advancing to term 2
I20260709 12:18:07.595702 12584 raft_consensus.cc:515] T e0e447db86a44533bb94a5dea94eddac P 72de5314c0724365b7e9be8b9a310371 [term 2 FOLLOWER]: Starting forced leader election with config: opid_index: -1 OBSOLETE_local: false peers { permanent_uuid: "72de5314c0724365b7e9be8b9a310371" member_type: VOTER last_known_addr { host: "127.11.163.1" port: 43275 } } peers { permanent_uuid: "f0e8f62f8c54440980e06cf6aaec0d24" member_type: VOTER last_known_addr { host: "127.11.163.2" port: 35079 } } peers { permanent_uuid: "b162f67fa3b74f04a3424673bfb3862d" member_type: VOTER last_known_addr { host: "127.11.163.3" port: 36185 } }
I20260709 12:18:07.597404 12584 leader_election.cc:290] T e0e447db86a44533bb94a5dea94eddac P 72de5314c0724365b7e9be8b9a310371 [CANDIDATE]: Term 2 election: Requested vote from peers f0e8f62f8c54440980e06cf6aaec0d24 (127.11.163.2:35079), b162f67fa3b74f04a3424673bfb3862d (127.11.163.3:36185)
I20260709 12:18:07.598546 12731 tablet_service.cc:1917] Received RequestConsensusVote() RPC: tablet_id: "e0e447db86a44533bb94a5dea94eddac" candidate_uuid: "72de5314c0724365b7e9be8b9a310371" candidate_term: 2 candidate_status { last_received { term: 1 index: 1 } } ignore_live_leader: true dest_uuid: "b162f67fa3b74f04a3424673bfb3862d"
I20260709 12:18:07.598241 12658 tablet_service.cc:1917] Received RequestConsensusVote() RPC: tablet_id: "e0e447db86a44533bb94a5dea94eddac" candidate_uuid: "72de5314c0724365b7e9be8b9a310371" candidate_term: 2 candidate_status { last_received { term: 1 index: 1 } } ignore_live_leader: true dest_uuid: "f0e8f62f8c54440980e06cf6aaec0d24"
I20260709 12:18:07.599092 12731 raft_consensus.cc:3060] T e0e447db86a44533bb94a5dea94eddac P b162f67fa3b74f04a3424673bfb3862d [term 1 FOLLOWER]: Advancing to term 2
I20260709 12:18:07.599222 12658 raft_consensus.cc:3055] T e0e447db86a44533bb94a5dea94eddac P f0e8f62f8c54440980e06cf6aaec0d24 [term 1 LEADER]: Stepping down as leader of term 1
I20260709 12:18:07.599706 12658 raft_consensus.cc:740] T e0e447db86a44533bb94a5dea94eddac P f0e8f62f8c54440980e06cf6aaec0d24 [term 1 LEADER]: Becoming Follower/Learner. State: Replica: f0e8f62f8c54440980e06cf6aaec0d24, State: Running, Role: LEADER
I20260709 12:18:07.600414 12658 consensus_queue.cc:260] T e0e447db86a44533bb94a5dea94eddac P f0e8f62f8c54440980e06cf6aaec0d24 [NON_LEADER]: Queue going to NON_LEADER mode. State: All replicated index: 0, Majority replicated index: 1, Committed index: 1, Last appended: 1.1, Last appended by leader: 1, Current term: 1, Majority size: -1, State: 0, Mode: NON_LEADER, active raft config: opid_index: -1 OBSOLETE_local: false peers { permanent_uuid: "72de5314c0724365b7e9be8b9a310371" member_type: VOTER last_known_addr { host: "127.11.163.1" port: 43275 } } peers { permanent_uuid: "f0e8f62f8c54440980e06cf6aaec0d24" member_type: VOTER last_known_addr { host: "127.11.163.2" port: 35079 } } peers { permanent_uuid: "b162f67fa3b74f04a3424673bfb3862d" member_type: VOTER last_known_addr { host: "127.11.163.3" port: 36185 } }
I20260709 12:18:07.601640 12658 raft_consensus.cc:3060] T e0e447db86a44533bb94a5dea94eddac P f0e8f62f8c54440980e06cf6aaec0d24 [term 1 FOLLOWER]: Advancing to term 2
I20260709 12:18:07.605944 12731 raft_consensus.cc:2468] T e0e447db86a44533bb94a5dea94eddac P b162f67fa3b74f04a3424673bfb3862d [term 2 FOLLOWER]: Leader election vote request: Granting yes vote for candidate 72de5314c0724365b7e9be8b9a310371 in term 2.
I20260709 12:18:07.607354 12551 leader_election.cc:304] T e0e447db86a44533bb94a5dea94eddac P 72de5314c0724365b7e9be8b9a310371 [CANDIDATE]: Term 2 election: Election decided. Result: candidate won. Election summary: received 2 responses out of 3 voters: 2 yes votes; 0 no votes. yes voters: 72de5314c0724365b7e9be8b9a310371, b162f67fa3b74f04a3424673bfb3862d; no voters: 
I20260709 12:18:07.608479 12908 raft_consensus.cc:2804] T e0e447db86a44533bb94a5dea94eddac P 72de5314c0724365b7e9be8b9a310371 [term 2 FOLLOWER]: Leader election won for term 2
I20260709 12:18:07.609033 12658 raft_consensus.cc:2468] T e0e447db86a44533bb94a5dea94eddac P f0e8f62f8c54440980e06cf6aaec0d24 [term 2 FOLLOWER]: Leader election vote request: Granting yes vote for candidate 72de5314c0724365b7e9be8b9a310371 in term 2.
I20260709 12:18:07.609737 12908 raft_consensus.cc:697] T e0e447db86a44533bb94a5dea94eddac P 72de5314c0724365b7e9be8b9a310371 [term 2 LEADER]: Becoming Leader. State: Replica: 72de5314c0724365b7e9be8b9a310371, State: Running, Role: LEADER
I20260709 12:18:07.610788 12908 consensus_queue.cc:237] T e0e447db86a44533bb94a5dea94eddac P 72de5314c0724365b7e9be8b9a310371 [LEADER]: Queue going to LEADER mode. State: All replicated index: 0, Majority replicated index: 1, Committed index: 1, Last appended: 1.1, Last appended by leader: 1, Current term: 2, Majority size: 2, State: 0, Mode: LEADER, active raft config: opid_index: -1 OBSOLETE_local: false peers { permanent_uuid: "72de5314c0724365b7e9be8b9a310371" member_type: VOTER last_known_addr { host: "127.11.163.1" port: 43275 } } peers { permanent_uuid: "f0e8f62f8c54440980e06cf6aaec0d24" member_type: VOTER last_known_addr { host: "127.11.163.2" port: 35079 } } peers { permanent_uuid: "b162f67fa3b74f04a3424673bfb3862d" member_type: VOTER last_known_addr { host: "127.11.163.3" port: 36185 } }
I20260709 12:18:07.616160 12909 raft_consensus.cc:993] T 8550130ad49e4eb5baa0a9b8b74e5a86 P b162f67fa3b74f04a3424673bfb3862d: : Instructing follower 72de5314c0724365b7e9be8b9a310371 to start an election
I20260709 12:18:07.617336 12909 raft_consensus.cc:1081] T 8550130ad49e4eb5baa0a9b8b74e5a86 P b162f67fa3b74f04a3424673bfb3862d [term 3 LEADER]: Signalling peer 72de5314c0724365b7e9be8b9a310371 to start an election
I20260709 12:18:07.618831 12584 tablet_service.cc:2044] Received Run Leader Election RPC: tablet_id: "8550130ad49e4eb5baa0a9b8b74e5a86"
dest_uuid: "72de5314c0724365b7e9be8b9a310371"
 from {username='slave'} at 127.0.0.1:53098
I20260709 12:18:07.619350 12584 raft_consensus.cc:493] T 8550130ad49e4eb5baa0a9b8b74e5a86 P 72de5314c0724365b7e9be8b9a310371 [term 3 FOLLOWER]: Starting forced leader election (received explicit request)
I20260709 12:18:07.619743 12584 raft_consensus.cc:3060] T 8550130ad49e4eb5baa0a9b8b74e5a86 P 72de5314c0724365b7e9be8b9a310371 [term 3 FOLLOWER]: Advancing to term 4
I20260709 12:18:07.623075 12482 catalog_manager.cc:5697] T e0e447db86a44533bb94a5dea94eddac P 72de5314c0724365b7e9be8b9a310371 reported cstate change: term changed from 1 to 2, leader changed from f0e8f62f8c54440980e06cf6aaec0d24 (127.11.163.2) to 72de5314c0724365b7e9be8b9a310371 (127.11.163.1). New cstate: current_term: 2 leader_uuid: "72de5314c0724365b7e9be8b9a310371" committed_config { opid_index: -1 OBSOLETE_local: false peers { permanent_uuid: "72de5314c0724365b7e9be8b9a310371" member_type: VOTER last_known_addr { host: "127.11.163.1" port: 43275 } health_report { overall_health: HEALTHY } } peers { permanent_uuid: "f0e8f62f8c54440980e06cf6aaec0d24" member_type: VOTER last_known_addr { host: "127.11.163.2" port: 35079 } health_report { overall_health: UNKNOWN } } peers { permanent_uuid: "b162f67fa3b74f04a3424673bfb3862d" member_type: VOTER last_known_addr { host: "127.11.163.3" port: 36185 } health_report { overall_health: UNKNOWN } } }
I20260709 12:18:07.627152 12584 raft_consensus.cc:515] T 8550130ad49e4eb5baa0a9b8b74e5a86 P 72de5314c0724365b7e9be8b9a310371 [term 4 FOLLOWER]: Starting forced leader election with config: opid_index: -1 OBSOLETE_local: false peers { permanent_uuid: "72de5314c0724365b7e9be8b9a310371" member_type: VOTER last_known_addr { host: "127.11.163.1" port: 43275 } } peers { permanent_uuid: "f0e8f62f8c54440980e06cf6aaec0d24" member_type: VOTER last_known_addr { host: "127.11.163.2" port: 35079 } } peers { permanent_uuid: "b162f67fa3b74f04a3424673bfb3862d" member_type: VOTER last_known_addr { host: "127.11.163.3" port: 36185 } }
I20260709 12:18:07.630353 12584 leader_election.cc:290] T 8550130ad49e4eb5baa0a9b8b74e5a86 P 72de5314c0724365b7e9be8b9a310371 [CANDIDATE]: Term 4 election: Requested vote from peers f0e8f62f8c54440980e06cf6aaec0d24 (127.11.163.2:35079), b162f67fa3b74f04a3424673bfb3862d (127.11.163.3:36185)
I20260709 12:18:07.631022 12658 tablet_service.cc:1917] Received RequestConsensusVote() RPC: tablet_id: "8550130ad49e4eb5baa0a9b8b74e5a86" candidate_uuid: "72de5314c0724365b7e9be8b9a310371" candidate_term: 4 candidate_status { last_received { term: 3 index: 3 } } ignore_live_leader: true dest_uuid: "f0e8f62f8c54440980e06cf6aaec0d24"
I20260709 12:18:07.631822 12658 raft_consensus.cc:3060] T 8550130ad49e4eb5baa0a9b8b74e5a86 P f0e8f62f8c54440980e06cf6aaec0d24 [term 3 FOLLOWER]: Advancing to term 4
I20260709 12:18:07.635205 12731 tablet_service.cc:1917] Received RequestConsensusVote() RPC: tablet_id: "8550130ad49e4eb5baa0a9b8b74e5a86" candidate_uuid: "72de5314c0724365b7e9be8b9a310371" candidate_term: 4 candidate_status { last_received { term: 3 index: 3 } } ignore_live_leader: true dest_uuid: "b162f67fa3b74f04a3424673bfb3862d"
I20260709 12:18:07.635856 12731 raft_consensus.cc:3055] T 8550130ad49e4eb5baa0a9b8b74e5a86 P b162f67fa3b74f04a3424673bfb3862d [term 3 LEADER]: Stepping down as leader of term 3
I20260709 12:18:07.636186 12731 raft_consensus.cc:740] T 8550130ad49e4eb5baa0a9b8b74e5a86 P b162f67fa3b74f04a3424673bfb3862d [term 3 LEADER]: Becoming Follower/Learner. State: Replica: b162f67fa3b74f04a3424673bfb3862d, State: Running, Role: LEADER
I20260709 12:18:07.637022 12731 consensus_queue.cc:260] T 8550130ad49e4eb5baa0a9b8b74e5a86 P b162f67fa3b74f04a3424673bfb3862d [NON_LEADER]: Queue going to NON_LEADER mode. State: All replicated index: 0, Majority replicated index: 3, Committed index: 3, Last appended: 3.3, Last appended by leader: 3, Current term: 3, Majority size: -1, State: 0, Mode: NON_LEADER, active raft config: opid_index: -1 OBSOLETE_local: false peers { permanent_uuid: "72de5314c0724365b7e9be8b9a310371" member_type: VOTER last_known_addr { host: "127.11.163.1" port: 43275 } } peers { permanent_uuid: "f0e8f62f8c54440980e06cf6aaec0d24" member_type: VOTER last_known_addr { host: "127.11.163.2" port: 35079 } } peers { permanent_uuid: "b162f67fa3b74f04a3424673bfb3862d" member_type: VOTER last_known_addr { host: "127.11.163.3" port: 36185 } }
I20260709 12:18:07.638322 12731 raft_consensus.cc:3060] T 8550130ad49e4eb5baa0a9b8b74e5a86 P b162f67fa3b74f04a3424673bfb3862d [term 3 FOLLOWER]: Advancing to term 4
I20260709 12:18:07.639813 12658 raft_consensus.cc:2468] T 8550130ad49e4eb5baa0a9b8b74e5a86 P f0e8f62f8c54440980e06cf6aaec0d24 [term 4 FOLLOWER]: Leader election vote request: Granting yes vote for candidate 72de5314c0724365b7e9be8b9a310371 in term 4.
I20260709 12:18:07.641069 12551 leader_election.cc:304] T 8550130ad49e4eb5baa0a9b8b74e5a86 P 72de5314c0724365b7e9be8b9a310371 [CANDIDATE]: Term 4 election: Election decided. Result: candidate won. Election summary: received 2 responses out of 3 voters: 2 yes votes; 0 no votes. yes voters: 72de5314c0724365b7e9be8b9a310371, f0e8f62f8c54440980e06cf6aaec0d24; no voters: 
