I20260709 12:09:17.331192 31911 raft_consensus.cc:359] T 60634f22e12449fd8bf596cfe571b90b P 7dc5018025cc4ce6ad1ed945d1aaaa8f [term 0 FOLLOWER]: Replica starting. Triggering 0 pending ops. Active config: opid_index: -1 OBSOLETE_local: false peers { permanent_uuid: "ff4ffb7b0fce410983bcdc8cff65054e" member_type: VOTER last_known_addr { host: "127.29.218.65" port: 41231 } } peers { permanent_uuid: "7dc5018025cc4ce6ad1ed945d1aaaa8f" member_type: VOTER last_known_addr { host: "127.29.218.66" port: 37127 } } peers { permanent_uuid: "4da363ae48f140799e984cc391d04f29" member_type: VOTER last_known_addr { host: "127.29.218.67" port: 42217 } }
I20260709 12:09:17.331862 31911 raft_consensus.cc:385] T 60634f22e12449fd8bf596cfe571b90b P 7dc5018025cc4ce6ad1ed945d1aaaa8f [term 0 FOLLOWER]: Consensus starting up: Expiring failure detector timer to make a prompt election more likely
I20260709 12:09:17.332142 31911 raft_consensus.cc:740] T 60634f22e12449fd8bf596cfe571b90b P 7dc5018025cc4ce6ad1ed945d1aaaa8f [term 0 FOLLOWER]: Becoming Follower/Learner. State: Replica: 7dc5018025cc4ce6ad1ed945d1aaaa8f, State: Initialized, Role: FOLLOWER
I20260709 12:09:17.332911 31911 consensus_queue.cc:260] T 60634f22e12449fd8bf596cfe571b90b P 7dc5018025cc4ce6ad1ed945d1aaaa8f [NON_LEADER]: Queue going to NON_LEADER mode. State: All replicated index: 0, Majority replicated index: 0, Committed index: 0, Last appended: 0.0, Last appended by leader: 0, Current term: 0, Majority size: -1, State: 0, Mode: NON_LEADER, active raft config: opid_index: -1 OBSOLETE_local: false peers { permanent_uuid: "ff4ffb7b0fce410983bcdc8cff65054e" member_type: VOTER last_known_addr { host: "127.29.218.65" port: 41231 } } peers { permanent_uuid: "7dc5018025cc4ce6ad1ed945d1aaaa8f" member_type: VOTER last_known_addr { host: "127.29.218.66" port: 37127 } } peers { permanent_uuid: "4da363ae48f140799e984cc391d04f29" member_type: VOTER last_known_addr { host: "127.29.218.67" port: 42217 } }
I20260709 12:09:17.333425 31908 tablet_bootstrap.cc:492] T e2ad109cdb6b43258d3b705e34035266 P ff4ffb7b0fce410983bcdc8cff65054e: Bootstrap starting.
I20260709 12:09:17.335114 31911 ts_tablet_manager.cc:1434] T 60634f22e12449fd8bf596cfe571b90b P 7dc5018025cc4ce6ad1ed945d1aaaa8f: Time spent starting tablet: real 0.007s	user 0.006s	sys 0.002s
I20260709 12:09:17.335886 31906 tablet_bootstrap.cc:654] T 227952e19e8b4a5f8da18fb79c99e9d8 P 4da363ae48f140799e984cc391d04f29: Neither blocks nor log segments found. Creating new log.
I20260709 12:09:17.336117 31911 tablet_bootstrap.cc:492] T b0ab19c1b414404fa6326c8ab707c13c P 7dc5018025cc4ce6ad1ed945d1aaaa8f: Bootstrap starting.
I20260709 12:09:17.339969 31908 tablet_bootstrap.cc:654] T e2ad109cdb6b43258d3b705e34035266 P ff4ffb7b0fce410983bcdc8cff65054e: Neither blocks nor log segments found. Creating new log.
I20260709 12:09:17.342059 31911 tablet_bootstrap.cc:654] T b0ab19c1b414404fa6326c8ab707c13c P 7dc5018025cc4ce6ad1ed945d1aaaa8f: Neither blocks nor log segments found. Creating new log.
I20260709 12:09:17.346632 31791 raft_consensus.cc:3060] T 558255a6afec4409829d9369902a8ffa P 7dc5018025cc4ce6ad1ed945d1aaaa8f [term 0 FOLLOWER]: Advancing to term 1
I20260709 12:09:17.351632 31919 raft_consensus.cc:493] T f6a9847022de4f22b9bbc0cb48321905 P 4da363ae48f140799e984cc391d04f29 [term 0 FOLLOWER]: Starting pre-election (no leader contacted us within the election timeout)
I20260709 12:09:17.352252 31919 raft_consensus.cc:515] T f6a9847022de4f22b9bbc0cb48321905 P 4da363ae48f140799e984cc391d04f29 [term 0 FOLLOWER]: Starting pre-election with config: opid_index: -1 OBSOLETE_local: false peers { permanent_uuid: "ff4ffb7b0fce410983bcdc8cff65054e" member_type: VOTER last_known_addr { host: "127.29.218.65" port: 41231 } } peers { permanent_uuid: "7dc5018025cc4ce6ad1ed945d1aaaa8f" member_type: VOTER last_known_addr { host: "127.29.218.66" port: 37127 } } peers { permanent_uuid: "4da363ae48f140799e984cc391d04f29" member_type: VOTER last_known_addr { host: "127.29.218.67" port: 42217 } }
I20260709 12:09:17.356334 31919 leader_election.cc:290] T f6a9847022de4f22b9bbc0cb48321905 P 4da363ae48f140799e984cc391d04f29 [CANDIDATE]: Term 1 pre-election: Requested pre-vote from peers ff4ffb7b0fce410983bcdc8cff65054e (127.29.218.65:41231), 7dc5018025cc4ce6ad1ed945d1aaaa8f (127.29.218.66:37127)
I20260709 12:09:17.356459 31790 tablet_service.cc:1917] Received RequestConsensusVote() RPC: tablet_id: "f6a9847022de4f22b9bbc0cb48321905" candidate_uuid: "4da363ae48f140799e984cc391d04f29" candidate_term: 1 candidate_status { last_received { term: 0 index: 0 } } ignore_live_leader: false dest_uuid: "7dc5018025cc4ce6ad1ed945d1aaaa8f" is_pre_election: true
I20260709 12:09:17.358347 31715 tablet_service.cc:1917] Received RequestConsensusVote() RPC: tablet_id: "f6a9847022de4f22b9bbc0cb48321905" candidate_uuid: "4da363ae48f140799e984cc391d04f29" candidate_term: 1 candidate_status { last_received { term: 0 index: 0 } } ignore_live_leader: false dest_uuid: "ff4ffb7b0fce410983bcdc8cff65054e" is_pre_election: true
I20260709 12:09:17.359457 31715 raft_consensus.cc:2393] T f6a9847022de4f22b9bbc0cb48321905 P ff4ffb7b0fce410983bcdc8cff65054e [term 1 FOLLOWER]: Leader pre-election vote request: Denying vote to candidate 4da363ae48f140799e984cc391d04f29 in current term 1: Already voted for candidate 7dc5018025cc4ce6ad1ed945d1aaaa8f in this term.
I20260709 12:09:17.359839 31908 tablet_bootstrap.cc:492] T e2ad109cdb6b43258d3b705e34035266 P ff4ffb7b0fce410983bcdc8cff65054e: No bootstrap required, opened a new log
I20260709 12:09:17.360541 31908 ts_tablet_manager.cc:1403] T e2ad109cdb6b43258d3b705e34035266 P ff4ffb7b0fce410983bcdc8cff65054e: Time spent bootstrapping tablet: real 0.027s	user 0.011s	sys 0.007s
I20260709 12:09:17.361099 31830 leader_election.cc:304] T f6a9847022de4f22b9bbc0cb48321905 P 4da363ae48f140799e984cc391d04f29 [CANDIDATE]: Term 1 pre-election: Election decided. Result: candidate lost. Election summary: received 3 responses out of 3 voters: 1 yes votes; 2 no votes. yes voters: 4da363ae48f140799e984cc391d04f29; no voters: 7dc5018025cc4ce6ad1ed945d1aaaa8f, ff4ffb7b0fce410983bcdc8cff65054e
I20260709 12:09:17.363057 31909 raft_consensus.cc:3060] T f6a9847022de4f22b9bbc0cb48321905 P 4da363ae48f140799e984cc391d04f29 [term 0 FOLLOWER]: Advancing to term 1
I20260709 12:09:17.364550 31908 raft_consensus.cc:359] T e2ad109cdb6b43258d3b705e34035266 P ff4ffb7b0fce410983bcdc8cff65054e [term 0 FOLLOWER]: Replica starting. Triggering 0 pending ops. Active config: opid_index: -1 OBSOLETE_local: false peers { permanent_uuid: "ff4ffb7b0fce410983bcdc8cff65054e" member_type: VOTER last_known_addr { host: "127.29.218.65" port: 41231 } } peers { permanent_uuid: "7dc5018025cc4ce6ad1ed945d1aaaa8f" member_type: VOTER last_known_addr { host: "127.29.218.66" port: 37127 } } peers { permanent_uuid: "4da363ae48f140799e984cc391d04f29" member_type: VOTER last_known_addr { host: "127.29.218.67" port: 42217 } }
I20260709 12:09:17.366010 31908 raft_consensus.cc:385] T e2ad109cdb6b43258d3b705e34035266 P ff4ffb7b0fce410983bcdc8cff65054e [term 0 FOLLOWER]: Consensus starting up: Expiring failure detector timer to make a prompt election more likely
I20260709 12:09:17.366307 31908 raft_consensus.cc:740] T e2ad109cdb6b43258d3b705e34035266 P ff4ffb7b0fce410983bcdc8cff65054e [term 0 FOLLOWER]: Becoming Follower/Learner. State: Replica: ff4ffb7b0fce410983bcdc8cff65054e, State: Initialized, Role: FOLLOWER
I20260709 12:09:17.367090 31908 consensus_queue.cc:260] T e2ad109cdb6b43258d3b705e34035266 P ff4ffb7b0fce410983bcdc8cff65054e [NON_LEADER]: Queue going to NON_LEADER mode. State: All replicated index: 0, Majority replicated index: 0, Committed index: 0, Last appended: 0.0, Last appended by leader: 0, Current term: 0, Majority size: -1, State: 0, Mode: NON_LEADER, active raft config: opid_index: -1 OBSOLETE_local: false peers { permanent_uuid: "ff4ffb7b0fce410983bcdc8cff65054e" member_type: VOTER last_known_addr { host: "127.29.218.65" port: 41231 } } peers { permanent_uuid: "7dc5018025cc4ce6ad1ed945d1aaaa8f" member_type: VOTER last_known_addr { host: "127.29.218.66" port: 37127 } } peers { permanent_uuid: "4da363ae48f140799e984cc391d04f29" member_type: VOTER last_known_addr { host: "127.29.218.67" port: 42217 } }
I20260709 12:09:17.368089 31911 tablet_bootstrap.cc:492] T b0ab19c1b414404fa6326c8ab707c13c P 7dc5018025cc4ce6ad1ed945d1aaaa8f: No bootstrap required, opened a new log
I20260709 12:09:17.368558 31911 ts_tablet_manager.cc:1403] T b0ab19c1b414404fa6326c8ab707c13c P 7dc5018025cc4ce6ad1ed945d1aaaa8f: Time spent bootstrapping tablet: real 0.033s	user 0.022s	sys 0.010s
I20260709 12:09:17.369097 31908 ts_tablet_manager.cc:1434] T e2ad109cdb6b43258d3b705e34035266 P ff4ffb7b0fce410983bcdc8cff65054e: Time spent starting tablet: real 0.008s	user 0.004s	sys 0.003s
I20260709 12:09:17.369998 31908 tablet_bootstrap.cc:492] T 227952e19e8b4a5f8da18fb79c99e9d8 P ff4ffb7b0fce410983bcdc8cff65054e: Bootstrap starting.
I20260709 12:09:17.371248 31911 raft_consensus.cc:359] T b0ab19c1b414404fa6326c8ab707c13c P 7dc5018025cc4ce6ad1ed945d1aaaa8f [term 0 FOLLOWER]: Replica starting. Triggering 0 pending ops. Active config: opid_index: -1 OBSOLETE_local: false peers { permanent_uuid: "ff4ffb7b0fce410983bcdc8cff65054e" member_type: VOTER last_known_addr { host: "127.29.218.65" port: 41231 } } peers { permanent_uuid: "7dc5018025cc4ce6ad1ed945d1aaaa8f" member_type: VOTER last_known_addr { host: "127.29.218.66" port: 37127 } } peers { permanent_uuid: "4da363ae48f140799e984cc391d04f29" member_type: VOTER last_known_addr { host: "127.29.218.67" port: 42217 } }
I20260709 12:09:17.371922 31911 raft_consensus.cc:385] T b0ab19c1b414404fa6326c8ab707c13c P 7dc5018025cc4ce6ad1ed945d1aaaa8f [term 0 FOLLOWER]: Consensus starting up: Expiring failure detector timer to make a prompt election more likely
I20260709 12:09:17.372234 31911 raft_consensus.cc:740] T b0ab19c1b414404fa6326c8ab707c13c P 7dc5018025cc4ce6ad1ed945d1aaaa8f [term 0 FOLLOWER]: Becoming Follower/Learner. State: Replica: 7dc5018025cc4ce6ad1ed945d1aaaa8f, State: Initialized, Role: FOLLOWER
I20260709 12:09:17.373102 31911 consensus_queue.cc:260] T b0ab19c1b414404fa6326c8ab707c13c P 7dc5018025cc4ce6ad1ed945d1aaaa8f [NON_LEADER]: Queue going to NON_LEADER mode. State: All replicated index: 0, Majority replicated index: 0, Committed index: 0, Last appended: 0.0, Last appended by leader: 0, Current term: 0, Majority size: -1, State: 0, Mode: NON_LEADER, active raft config: opid_index: -1 OBSOLETE_local: false peers { permanent_uuid: "ff4ffb7b0fce410983bcdc8cff65054e" member_type: VOTER last_known_addr { host: "127.29.218.65" port: 41231 } } peers { permanent_uuid: "7dc5018025cc4ce6ad1ed945d1aaaa8f" member_type: VOTER last_known_addr { host: "127.29.218.66" port: 37127 } } peers { permanent_uuid: "4da363ae48f140799e984cc391d04f29" member_type: VOTER last_known_addr { host: "127.29.218.67" port: 42217 } }
I20260709 12:09:17.375507 31911 ts_tablet_manager.cc:1434] T b0ab19c1b414404fa6326c8ab707c13c P 7dc5018025cc4ce6ad1ed945d1aaaa8f: Time spent starting tablet: real 0.007s	user 0.002s	sys 0.002s
I20260709 12:09:17.376335 31908 tablet_bootstrap.cc:654] T 227952e19e8b4a5f8da18fb79c99e9d8 P ff4ffb7b0fce410983bcdc8cff65054e: Neither blocks nor log segments found. Creating new log.
I20260709 12:09:17.376416 31911 tablet_bootstrap.cc:492] T f29c0f17686a47e78ef6552765fbf373 P 7dc5018025cc4ce6ad1ed945d1aaaa8f: Bootstrap starting.
I20260709 12:09:17.383868 31911 tablet_bootstrap.cc:654] T f29c0f17686a47e78ef6552765fbf373 P 7dc5018025cc4ce6ad1ed945d1aaaa8f: Neither blocks nor log segments found. Creating new log.
I20260709 12:09:17.412240 31909 raft_consensus.cc:2749] T f6a9847022de4f22b9bbc0cb48321905 P 4da363ae48f140799e984cc391d04f29 [term 1 FOLLOWER]: Leader pre-election lost for term 1. Reason: could not achieve majority
I20260709 12:09:17.465811 31919 consensus_queue.cc:1048] T b0cfd1b3232d472daf6ea6113b256984 P 4da363ae48f140799e984cc391d04f29 [LEADER]: Connected to new peer: Peer: permanent_uuid: "7dc5018025cc4ce6ad1ed945d1aaaa8f" member_type: VOTER last_known_addr { host: "127.29.218.66" port: 37127 }, Status: LMP_MISMATCH, Last received: 0.0, Next index: 1, Last known committed idx: 0, Time since last communication: 0.001s
I20260709 12:09:17.495026 31906 tablet_bootstrap.cc:492] T 227952e19e8b4a5f8da18fb79c99e9d8 P 4da363ae48f140799e984cc391d04f29: No bootstrap required, opened a new log
I20260709 12:09:17.495508 31906 ts_tablet_manager.cc:1403] T 227952e19e8b4a5f8da18fb79c99e9d8 P 4da363ae48f140799e984cc391d04f29: Time spent bootstrapping tablet: real 0.166s	user 0.070s	sys 0.087s
I20260709 12:09:17.496878 31911 tablet_bootstrap.cc:492] T f29c0f17686a47e78ef6552765fbf373 P 7dc5018025cc4ce6ad1ed945d1aaaa8f: No bootstrap required, opened a new log
I20260709 12:09:17.497376 31911 ts_tablet_manager.cc:1403] T f29c0f17686a47e78ef6552765fbf373 P 7dc5018025cc4ce6ad1ed945d1aaaa8f: Time spent bootstrapping tablet: real 0.121s	user 0.036s	sys 0.050s
I20260709 12:09:17.497998 31982 raft_consensus.cc:493] T e2ad109cdb6b43258d3b705e34035266 P ff4ffb7b0fce410983bcdc8cff65054e [term 0 FOLLOWER]: Starting pre-election (no leader contacted us within the election timeout)
I20260709 12:09:17.498468 31982 raft_consensus.cc:515] T e2ad109cdb6b43258d3b705e34035266 P ff4ffb7b0fce410983bcdc8cff65054e [term 0 FOLLOWER]: Starting pre-election with config: opid_index: -1 OBSOLETE_local: false peers { permanent_uuid: "ff4ffb7b0fce410983bcdc8cff65054e" member_type: VOTER last_known_addr { host: "127.29.218.65" port: 41231 } } peers { permanent_uuid: "7dc5018025cc4ce6ad1ed945d1aaaa8f" member_type: VOTER last_known_addr { host: "127.29.218.66" port: 37127 } } peers { permanent_uuid: "4da363ae48f140799e984cc391d04f29" member_type: VOTER last_known_addr { host: "127.29.218.67" port: 42217 } }
I20260709 12:09:17.500614 31982 leader_election.cc:290] T e2ad109cdb6b43258d3b705e34035266 P ff4ffb7b0fce410983bcdc8cff65054e [CANDIDATE]: Term 1 pre-election: Requested pre-vote from peers 7dc5018025cc4ce6ad1ed945d1aaaa8f (127.29.218.66:37127), 4da363ae48f140799e984cc391d04f29 (127.29.218.67:42217)
I20260709 12:09:17.501379 31908 tablet_bootstrap.cc:492] T 227952e19e8b4a5f8da18fb79c99e9d8 P ff4ffb7b0fce410983bcdc8cff65054e: No bootstrap required, opened a new log
I20260709 12:09:17.500720 31911 raft_consensus.cc:359] T f29c0f17686a47e78ef6552765fbf373 P 7dc5018025cc4ce6ad1ed945d1aaaa8f [term 0 FOLLOWER]: Replica starting. Triggering 0 pending ops. Active config: opid_index: -1 OBSOLETE_local: false peers { permanent_uuid: "ff4ffb7b0fce410983bcdc8cff65054e" member_type: VOTER last_known_addr { host: "127.29.218.65" port: 41231 } } peers { permanent_uuid: "7dc5018025cc4ce6ad1ed945d1aaaa8f" member_type: VOTER last_known_addr { host: "127.29.218.66" port: 37127 } } peers { permanent_uuid: "4da363ae48f140799e984cc391d04f29" member_type: VOTER last_known_addr { host: "127.29.218.67" port: 42217 } }
I20260709 12:09:17.501818 31908 ts_tablet_manager.cc:1403] T 227952e19e8b4a5f8da18fb79c99e9d8 P ff4ffb7b0fce410983bcdc8cff65054e: Time spent bootstrapping tablet: real 0.132s	user 0.035s	sys 0.082s
W20260709 12:09:17.502269 31830 consensus_peers.cc:597] T b0cfd1b3232d472daf6ea6113b256984 P 4da363ae48f140799e984cc391d04f29 -> Peer ff4ffb7b0fce410983bcdc8cff65054e (127.29.218.65:41231): Couldn't send request to peer ff4ffb7b0fce410983bcdc8cff65054e. Error code: TABLET_NOT_RUNNING (12). Status: Illegal state: Tablet not RUNNING: INITIALIZED. This is attempt 1: this message will repeat every 5th retry.
I20260709 12:09:17.502496 31792 tablet_service.cc:1917] Received RequestConsensusVote() RPC: tablet_id: "e2ad109cdb6b43258d3b705e34035266" candidate_uuid: "ff4ffb7b0fce410983bcdc8cff65054e" candidate_term: 1 candidate_status { last_received { term: 0 index: 0 } } ignore_live_leader: false dest_uuid: "7dc5018025cc4ce6ad1ed945d1aaaa8f" is_pre_election: true
I20260709 12:09:17.502925 31865 tablet_service.cc:1917] Received RequestConsensusVote() RPC: tablet_id: "e2ad109cdb6b43258d3b705e34035266" candidate_uuid: "ff4ffb7b0fce410983bcdc8cff65054e" candidate_term: 1 candidate_status { last_received { term: 0 index: 0 } } ignore_live_leader: false dest_uuid: "4da363ae48f140799e984cc391d04f29" is_pre_election: true
W20260709 12:09:17.503870 31682 leader_election.cc:343] T e2ad109cdb6b43258d3b705e34035266 P ff4ffb7b0fce410983bcdc8cff65054e [CANDIDATE]: Term 1 pre-election: Tablet error from VoteRequest() call to peer 7dc5018025cc4ce6ad1ed945d1aaaa8f (127.29.218.66:37127): Illegal state: must be running to vote when last-logged opid is not known
I20260709 12:09:17.504338 31908 raft_consensus.cc:359] T 227952e19e8b4a5f8da18fb79c99e9d8 P ff4ffb7b0fce410983bcdc8cff65054e [term 0 FOLLOWER]: Replica starting. Triggering 0 pending ops. Active config: opid_index: -1 OBSOLETE_local: false peers { permanent_uuid: "ff4ffb7b0fce410983bcdc8cff65054e" member_type: VOTER last_known_addr { host: "127.29.218.65" port: 41231 } } peers { permanent_uuid: "7dc5018025cc4ce6ad1ed945d1aaaa8f" member_type: VOTER last_known_addr { host: "127.29.218.66" port: 37127 } } peers { permanent_uuid: "4da363ae48f140799e984cc391d04f29" member_type: VOTER last_known_addr { host: "127.29.218.67" port: 42217 } }
W20260709 12:09:17.504581 31682 leader_election.cc:343] T e2ad109cdb6b43258d3b705e34035266 P ff4ffb7b0fce410983bcdc8cff65054e [CANDIDATE]: Term 1 pre-election: Tablet error from VoteRequest() call to peer 4da363ae48f140799e984cc391d04f29 (127.29.218.67:42217): Illegal state: must be running to vote when last-logged opid is not known
I20260709 12:09:17.504243 31906 raft_consensus.cc:359] T 227952e19e8b4a5f8da18fb79c99e9d8 P 4da363ae48f140799e984cc391d04f29 [term 0 FOLLOWER]: Replica starting. Triggering 0 pending ops. Active config: opid_index: -1 OBSOLETE_local: false peers { permanent_uuid: "ff4ffb7b0fce410983bcdc8cff65054e" member_type: VOTER last_known_addr { host: "127.29.218.65" port: 41231 } } peers { permanent_uuid: "7dc5018025cc4ce6ad1ed945d1aaaa8f" member_type: VOTER last_known_addr { host: "127.29.218.66" port: 37127 } } peers { permanent_uuid: "4da363ae48f140799e984cc391d04f29" member_type: VOTER last_known_addr { host: "127.29.218.67" port: 42217 } }
I20260709 12:09:17.504971 31908 raft_consensus.cc:385] T 227952e19e8b4a5f8da18fb79c99e9d8 P ff4ffb7b0fce410983bcdc8cff65054e [term 0 FOLLOWER]: Consensus starting up: Expiring failure detector timer to make a prompt election more likely
I20260709 12:09:17.505071 31906 raft_consensus.cc:385] T 227952e19e8b4a5f8da18fb79c99e9d8 P 4da363ae48f140799e984cc391d04f29 [term 0 FOLLOWER]: Consensus starting up: Expiring failure detector timer to make a prompt election more likely
I20260709 12:09:17.505300 31908 raft_consensus.cc:740] T 227952e19e8b4a5f8da18fb79c99e9d8 P ff4ffb7b0fce410983bcdc8cff65054e [term 0 FOLLOWER]: Becoming Follower/Learner. State: Replica: ff4ffb7b0fce410983bcdc8cff65054e, State: Initialized, Role: FOLLOWER
I20260709 12:09:17.505055 31682 leader_election.cc:304] T e2ad109cdb6b43258d3b705e34035266 P ff4ffb7b0fce410983bcdc8cff65054e [CANDIDATE]: Term 1 pre-election: Election decided. Result: candidate lost. Election summary: received 3 responses out of 3 voters: 1 yes votes; 2 no votes. yes voters: ff4ffb7b0fce410983bcdc8cff65054e; no voters: 4da363ae48f140799e984cc391d04f29, 7dc5018025cc4ce6ad1ed945d1aaaa8f
I20260709 12:09:17.505527 31906 raft_consensus.cc:740] T 227952e19e8b4a5f8da18fb79c99e9d8 P 4da363ae48f140799e984cc391d04f29 [term 0 FOLLOWER]: Becoming Follower/Learner. State: Replica: 4da363ae48f140799e984cc391d04f29, State: Initialized, Role: FOLLOWER
I20260709 12:09:17.505972 31908 consensus_queue.cc:260] T 227952e19e8b4a5f8da18fb79c99e9d8 P ff4ffb7b0fce410983bcdc8cff65054e [NON_LEADER]: Queue going to NON_LEADER mode. State: All replicated index: 0, Majority replicated index: 0, Committed index: 0, Last appended: 0.0, Last appended by leader: 0, Current term: 0, Majority size: -1, State: 0, Mode: NON_LEADER, active raft config: opid_index: -1 OBSOLETE_local: false peers { permanent_uuid: "ff4ffb7b0fce410983bcdc8cff65054e" member_type: VOTER last_known_addr { host: "127.29.218.65" port: 41231 } } peers { permanent_uuid: "7dc5018025cc4ce6ad1ed945d1aaaa8f" member_type: VOTER last_known_addr { host: "127.29.218.66" port: 37127 } } peers { permanent_uuid: "4da363ae48f140799e984cc391d04f29" member_type: VOTER last_known_addr { host: "127.29.218.67" port: 42217 } }
I20260709 12:09:17.507033 31983 raft_consensus.cc:2749] T e2ad109cdb6b43258d3b705e34035266 P ff4ffb7b0fce410983bcdc8cff65054e [term 0 FOLLOWER]: Leader pre-election lost for term 1. Reason: could not achieve majority
I20260709 12:09:17.507902 31908 ts_tablet_manager.cc:1434] T 227952e19e8b4a5f8da18fb79c99e9d8 P ff4ffb7b0fce410983bcdc8cff65054e: Time spent starting tablet: real 0.006s	user 0.005s	sys 0.000s
I20260709 12:09:17.501986 31911 raft_consensus.cc:385] T f29c0f17686a47e78ef6552765fbf373 P 7dc5018025cc4ce6ad1ed945d1aaaa8f [term 0 FOLLOWER]: Consensus starting up: Expiring failure detector timer to make a prompt election more likely
I20260709 12:09:17.508924 31908 tablet_bootstrap.cc:492] T b0cfd1b3232d472daf6ea6113b256984 P ff4ffb7b0fce410983bcdc8cff65054e: Bootstrap starting.
I20260709 12:09:17.510988 31911 raft_consensus.cc:740] T f29c0f17686a47e78ef6552765fbf373 P 7dc5018025cc4ce6ad1ed945d1aaaa8f [term 0 FOLLOWER]: Becoming Follower/Learner. State: Replica: 7dc5018025cc4ce6ad1ed945d1aaaa8f, State: Initialized, Role: FOLLOWER
I20260709 12:09:17.511075 31906 consensus_queue.cc:260] T 227952e19e8b4a5f8da18fb79c99e9d8 P 4da363ae48f140799e984cc391d04f29 [NON_LEADER]: Queue going to NON_LEADER mode. State: All replicated index: 0, Majority replicated index: 0, Committed index: 0, Last appended: 0.0, Last appended by leader: 0, Current term: 0, Majority size: -1, State: 0, Mode: NON_LEADER, active raft config: opid_index: -1 OBSOLETE_local: false peers { permanent_uuid: "ff4ffb7b0fce410983bcdc8cff65054e" member_type: VOTER last_known_addr { host: "127.29.218.65" port: 41231 } } peers { permanent_uuid: "7dc5018025cc4ce6ad1ed945d1aaaa8f" member_type: VOTER last_known_addr { host: "127.29.218.66" port: 37127 } } peers { permanent_uuid: "4da363ae48f140799e984cc391d04f29" member_type: VOTER last_known_addr { host: "127.29.218.67" port: 42217 } }
I20260709 12:09:17.508225 31983 raft_consensus.cc:493] T 5f11be17eece4f77b421623503feaee4 P ff4ffb7b0fce410983bcdc8cff65054e [term 0 FOLLOWER]: Starting pre-election (no leader contacted us within the election timeout)
I20260709 12:09:17.511925 31911 consensus_queue.cc:260] T f29c0f17686a47e78ef6552765fbf373 P 7dc5018025cc4ce6ad1ed945d1aaaa8f [NON_LEADER]: Queue going to NON_LEADER mode. State: All replicated index: 0, Majority replicated index: 0, Committed index: 0, Last appended: 0.0, Last appended by leader: 0, Current term: 0, Majority size: -1, State: 0, Mode: NON_LEADER, active raft config: opid_index: -1 OBSOLETE_local: false peers { permanent_uuid: "ff4ffb7b0fce410983bcdc8cff65054e" member_type: VOTER last_known_addr { host: "127.29.218.65" port: 41231 } } peers { permanent_uuid: "7dc5018025cc4ce6ad1ed945d1aaaa8f" member_type: VOTER last_known_addr { host: "127.29.218.66" port: 37127 } } peers { permanent_uuid: "4da363ae48f140799e984cc391d04f29" member_type: VOTER last_known_addr { host: "127.29.218.67" port: 42217 } }
I20260709 12:09:17.512161 31983 raft_consensus.cc:515] T 5f11be17eece4f77b421623503feaee4 P ff4ffb7b0fce410983bcdc8cff65054e [term 0 FOLLOWER]: Starting pre-election with config: opid_index: -1 OBSOLETE_local: false peers { permanent_uuid: "ff4ffb7b0fce410983bcdc8cff65054e" member_type: VOTER last_known_addr { host: "127.29.218.65" port: 41231 } } peers { permanent_uuid: "7dc5018025cc4ce6ad1ed945d1aaaa8f" member_type: VOTER last_known_addr { host: "127.29.218.66" port: 37127 } } peers { permanent_uuid: "4da363ae48f140799e984cc391d04f29" member_type: VOTER last_known_addr { host: "127.29.218.67" port: 42217 } }
I20260709 12:09:17.513084 31906 ts_tablet_manager.cc:1434] T 227952e19e8b4a5f8da18fb79c99e9d8 P 4da363ae48f140799e984cc391d04f29: Time spent starting tablet: real 0.017s	user 0.008s	sys 0.000s
I20260709 12:09:17.514060 31906 tablet_bootstrap.cc:492] T e2ad109cdb6b43258d3b705e34035266 P 4da363ae48f140799e984cc391d04f29: Bootstrap starting.
I20260709 12:09:17.514599 31983 leader_election.cc:290] T 5f11be17eece4f77b421623503feaee4 P ff4ffb7b0fce410983bcdc8cff65054e [CANDIDATE]: Term 1 pre-election: Requested pre-vote from peers 7dc5018025cc4ce6ad1ed945d1aaaa8f (127.29.218.66:37127), 4da363ae48f140799e984cc391d04f29 (127.29.218.67:42217)
I20260709 12:09:17.516283 31908 tablet_bootstrap.cc:654] T b0cfd1b3232d472daf6ea6113b256984 P ff4ffb7b0fce410983bcdc8cff65054e: Neither blocks nor log segments found. Creating new log.
I20260709 12:09:17.517468 31865 tablet_service.cc:1917] Received RequestConsensusVote() RPC: tablet_id: "5f11be17eece4f77b421623503feaee4" candidate_uuid: "ff4ffb7b0fce410983bcdc8cff65054e" candidate_term: 1 candidate_status { last_received { term: 0 index: 0 } } ignore_live_leader: false dest_uuid: "4da363ae48f140799e984cc391d04f29" is_pre_election: true
I20260709 12:09:17.516096 31792 tablet_service.cc:1917] Received RequestConsensusVote() RPC: tablet_id: "5f11be17eece4f77b421623503feaee4" candidate_uuid: "ff4ffb7b0fce410983bcdc8cff65054e" candidate_term: 1 candidate_status { last_received { term: 0 index: 0 } } ignore_live_leader: false dest_uuid: "7dc5018025cc4ce6ad1ed945d1aaaa8f" is_pre_election: true
I20260709 12:09:17.519695 31906 tablet_bootstrap.cc:654] T e2ad109cdb6b43258d3b705e34035266 P 4da363ae48f140799e984cc391d04f29: Neither blocks nor log segments found. Creating new log.
I20260709 12:09:17.520207 31682 leader_election.cc:304] T 5f11be17eece4f77b421623503feaee4 P ff4ffb7b0fce410983bcdc8cff65054e [CANDIDATE]: Term 1 pre-election: Election decided. Result: candidate lost. Election summary: received 3 responses out of 3 voters: 1 yes votes; 2 no votes. yes voters: ff4ffb7b0fce410983bcdc8cff65054e; no voters: 4da363ae48f140799e984cc391d04f29, 7dc5018025cc4ce6ad1ed945d1aaaa8f
I20260709 12:09:17.522311 31983 raft_consensus.cc:2749] T 5f11be17eece4f77b421623503feaee4 P ff4ffb7b0fce410983bcdc8cff65054e [term 0 FOLLOWER]: Leader pre-election lost for term 1. Reason: could not achieve majority
I20260709 12:09:17.523152 31911 ts_tablet_manager.cc:1434] T f29c0f17686a47e78ef6552765fbf373 P 7dc5018025cc4ce6ad1ed945d1aaaa8f: Time spent starting tablet: real 0.025s	user 0.006s	sys 0.000s
I20260709 12:09:17.524092 31911 tablet_bootstrap.cc:492] T dec3611310584b739b296afce9564e0d P 7dc5018025cc4ce6ad1ed945d1aaaa8f: Bootstrap starting.
I20260709 12:09:17.529793 31911 tablet_bootstrap.cc:654] T dec3611310584b739b296afce9564e0d P 7dc5018025cc4ce6ad1ed945d1aaaa8f: Neither blocks nor log segments found. Creating new log.
I20260709 12:09:17.531603 31906 tablet_bootstrap.cc:492] T e2ad109cdb6b43258d3b705e34035266 P 4da363ae48f140799e984cc391d04f29: No bootstrap required, opened a new log
I20260709 12:09:17.532078 31906 ts_tablet_manager.cc:1403] T e2ad109cdb6b43258d3b705e34035266 P 4da363ae48f140799e984cc391d04f29: Time spent bootstrapping tablet: real 0.018s	user 0.007s	sys 0.008s
I20260709 12:09:17.534263 31908 tablet_bootstrap.cc:492] T b0cfd1b3232d472daf6ea6113b256984 P ff4ffb7b0fce410983bcdc8cff65054e: No bootstrap required, opened a new log
I20260709 12:09:17.534696 31908 ts_tablet_manager.cc:1403] T b0cfd1b3232d472daf6ea6113b256984 P ff4ffb7b0fce410983bcdc8cff65054e: Time spent bootstrapping tablet: real 0.026s	user 0.016s	sys 0.000s
I20260709 12:09:17.535488 31906 raft_consensus.cc:359] T e2ad109cdb6b43258d3b705e34035266 P 4da363ae48f140799e984cc391d04f29 [term 0 FOLLOWER]: Replica starting. Triggering 0 pending ops. Active config: opid_index: -1 OBSOLETE_local: false peers { permanent_uuid: "ff4ffb7b0fce410983bcdc8cff65054e" member_type: VOTER last_known_addr { host: "127.29.218.65" port: 41231 } } peers { permanent_uuid: "7dc5018025cc4ce6ad1ed945d1aaaa8f" member_type: VOTER last_known_addr { host: "127.29.218.66" port: 37127 } } peers { permanent_uuid: "4da363ae48f140799e984cc391d04f29" member_type: VOTER last_known_addr { host: "127.29.218.67" port: 42217 } }
I20260709 12:09:17.536191 31906 raft_consensus.cc:385] T e2ad109cdb6b43258d3b705e34035266 P 4da363ae48f140799e984cc391d04f29 [term 0 FOLLOWER]: Consensus starting up: Expiring failure detector timer to make a prompt election more likely
I20260709 12:09:17.536489 31906 raft_consensus.cc:740] T e2ad109cdb6b43258d3b705e34035266 P 4da363ae48f140799e984cc391d04f29 [term 0 FOLLOWER]: Becoming Follower/Learner. State: Replica: 4da363ae48f140799e984cc391d04f29, State: Initialized, Role: FOLLOWER
I20260709 12:09:17.537170 31911 tablet_bootstrap.cc:492] T dec3611310584b739b296afce9564e0d P 7dc5018025cc4ce6ad1ed945d1aaaa8f: No bootstrap required, opened a new log
I20260709 12:09:17.537231 31906 consensus_queue.cc:260] T e2ad109cdb6b43258d3b705e34035266 P 4da363ae48f140799e984cc391d04f29 [NON_LEADER]: Queue going to NON_LEADER mode. State: All replicated index: 0, Majority replicated index: 0, Committed index: 0, Last appended: 0.0, Last appended by leader: 0, Current term: 0, Majority size: -1, State: 0, Mode: NON_LEADER, active raft config: opid_index: -1 OBSOLETE_local: false peers { permanent_uuid: "ff4ffb7b0fce410983bcdc8cff65054e" member_type: VOTER last_known_addr { host: "127.29.218.65" port: 41231 } } peers { permanent_uuid: "7dc5018025cc4ce6ad1ed945d1aaaa8f" member_type: VOTER last_known_addr { host: "127.29.218.66" port: 37127 } } peers { permanent_uuid: "4da363ae48f140799e984cc391d04f29" member_type: VOTER last_known_addr { host: "127.29.218.67" port: 42217 } }
I20260709 12:09:17.537710 31911 ts_tablet_manager.cc:1403] T dec3611310584b739b296afce9564e0d P 7dc5018025cc4ce6ad1ed945d1aaaa8f: Time spent bootstrapping tablet: real 0.014s	user 0.010s	sys 0.001s
I20260709 12:09:17.537633 31908 raft_consensus.cc:359] T b0cfd1b3232d472daf6ea6113b256984 P ff4ffb7b0fce410983bcdc8cff65054e [term 0 FOLLOWER]: Replica starting. Triggering 0 pending ops. Active config: opid_index: -1 OBSOLETE_local: false peers { permanent_uuid: "ff4ffb7b0fce410983bcdc8cff65054e" member_type: VOTER last_known_addr { host: "127.29.218.65" port: 41231 } } peers { permanent_uuid: "7dc5018025cc4ce6ad1ed945d1aaaa8f" member_type: VOTER last_known_addr { host: "127.29.218.66" port: 37127 } } peers { permanent_uuid: "4da363ae48f140799e984cc391d04f29" member_type: VOTER last_known_addr { host: "127.29.218.67" port: 42217 } }
I20260709 12:09:17.538341 31908 raft_consensus.cc:385] T b0cfd1b3232d472daf6ea6113b256984 P ff4ffb7b0fce410983bcdc8cff65054e [term 0 FOLLOWER]: Consensus starting up: Expiring failure detector timer to make a prompt election more likely
I20260709 12:09:17.538623 31908 raft_consensus.cc:740] T b0cfd1b3232d472daf6ea6113b256984 P ff4ffb7b0fce410983bcdc8cff65054e [term 0 FOLLOWER]: Becoming Follower/Learner. State: Replica: ff4ffb7b0fce410983bcdc8cff65054e, State: Initialized, Role: FOLLOWER
I20260709 12:09:17.539248 31908 consensus_queue.cc:260] T b0cfd1b3232d472daf6ea6113b256984 P ff4ffb7b0fce410983bcdc8cff65054e [NON_LEADER]: Queue going to NON_LEADER mode. State: All replicated index: 0, Majority replicated index: 0, Committed index: 0, Last appended: 0.0, Last appended by leader: 0, Current term: 0, Majority size: -1, State: 0, Mode: NON_LEADER, active raft config: opid_index: -1 OBSOLETE_local: false peers { permanent_uuid: "ff4ffb7b0fce410983bcdc8cff65054e" member_type: VOTER last_known_addr { host: "127.29.218.65" port: 41231 } } peers { permanent_uuid: "7dc5018025cc4ce6ad1ed945d1aaaa8f" member_type: VOTER last_known_addr { host: "127.29.218.66" port: 37127 } } peers { permanent_uuid: "4da363ae48f140799e984cc391d04f29" member_type: VOTER last_known_addr { host: "127.29.218.67" port: 42217 } }
I20260709 12:09:17.540548 31911 raft_consensus.cc:359] T dec3611310584b739b296afce9564e0d P 7dc5018025cc4ce6ad1ed945d1aaaa8f [term 0 FOLLOWER]: Replica starting. Triggering 0 pending ops. Active config: opid_index: -1 OBSOLETE_local: false peers { permanent_uuid: "ff4ffb7b0fce410983bcdc8cff65054e" member_type: VOTER last_known_addr { host: "127.29.218.65" port: 41231 } } peers { permanent_uuid: "7dc5018025cc4ce6ad1ed945d1aaaa8f" member_type: VOTER last_known_addr { host: "127.29.218.66" port: 37127 } } peers { permanent_uuid: "4da363ae48f140799e984cc391d04f29" member_type: VOTER last_known_addr { host: "127.29.218.67" port: 42217 } }
I20260709 12:09:17.541308 31911 raft_consensus.cc:385] T dec3611310584b739b296afce9564e0d P 7dc5018025cc4ce6ad1ed945d1aaaa8f [term 0 FOLLOWER]: Consensus starting up: Expiring failure detector timer to make a prompt election more likely
I20260709 12:09:17.541550 31908 ts_tablet_manager.cc:1434] T b0cfd1b3232d472daf6ea6113b256984 P ff4ffb7b0fce410983bcdc8cff65054e: Time spent starting tablet: real 0.007s	user 0.005s	sys 0.001s
I20260709 12:09:17.541653 31911 raft_consensus.cc:740] T dec3611310584b739b296afce9564e0d P 7dc5018025cc4ce6ad1ed945d1aaaa8f [term 0 FOLLOWER]: Becoming Follower/Learner. State: Replica: 7dc5018025cc4ce6ad1ed945d1aaaa8f, State: Initialized, Role: FOLLOWER
I20260709 12:09:17.542462 31908 tablet_bootstrap.cc:492] T dec3611310584b739b296afce9564e0d P ff4ffb7b0fce410983bcdc8cff65054e: Bootstrap starting.
I20260709 12:09:17.542888 31906 ts_tablet_manager.cc:1434] T e2ad109cdb6b43258d3b705e34035266 P 4da363ae48f140799e984cc391d04f29: Time spent starting tablet: real 0.011s	user 0.004s	sys 0.004s
I20260709 12:09:17.542582 31911 consensus_queue.cc:260] T dec3611310584b739b296afce9564e0d P 7dc5018025cc4ce6ad1ed945d1aaaa8f [NON_LEADER]: Queue going to NON_LEADER mode. State: All replicated index: 0, Majority replicated index: 0, Committed index: 0, Last appended: 0.0, Last appended by leader: 0, Current term: 0, Majority size: -1, State: 0, Mode: NON_LEADER, active raft config: opid_index: -1 OBSOLETE_local: false peers { permanent_uuid: "ff4ffb7b0fce410983bcdc8cff65054e" member_type: VOTER last_known_addr { host: "127.29.218.65" port: 41231 } } peers { permanent_uuid: "7dc5018025cc4ce6ad1ed945d1aaaa8f" member_type: VOTER last_known_addr { host: "127.29.218.66" port: 37127 } } peers { permanent_uuid: "4da363ae48f140799e984cc391d04f29" member_type: VOTER last_known_addr { host: "127.29.218.67" port: 42217 } }
I20260709 12:09:17.543707 31906 tablet_bootstrap.cc:492] T 9062852f655645d2ab5a403af9c9e72b P 4da363ae48f140799e984cc391d04f29: Bootstrap starting.
I20260709 12:09:17.545423 31983 raft_consensus.cc:493] T 60634f22e12449fd8bf596cfe571b90b P ff4ffb7b0fce410983bcdc8cff65054e [term 0 FOLLOWER]: Starting pre-election (no leader contacted us within the election timeout)
I20260709 12:09:17.545387 31911 ts_tablet_manager.cc:1434] T dec3611310584b739b296afce9564e0d P 7dc5018025cc4ce6ad1ed945d1aaaa8f: Time spent starting tablet: real 0.007s	user 0.002s	sys 0.004s
I20260709 12:09:17.545910 31983 raft_consensus.cc:515] T 60634f22e12449fd8bf596cfe571b90b P ff4ffb7b0fce410983bcdc8cff65054e [term 0 FOLLOWER]: Starting pre-election with config: opid_index: -1 OBSOLETE_local: false peers { permanent_uuid: "ff4ffb7b0fce410983bcdc8cff65054e" member_type: VOTER last_known_addr { host: "127.29.218.65" port: 41231 } } peers { permanent_uuid: "7dc5018025cc4ce6ad1ed945d1aaaa8f" member_type: VOTER last_known_addr { host: "127.29.218.66" port: 37127 } } peers { permanent_uuid: "4da363ae48f140799e984cc391d04f29" member_type: VOTER last_known_addr { host: "127.29.218.67" port: 42217 } }
I20260709 12:09:17.546654 31911 tablet_bootstrap.cc:492] T 227952e19e8b4a5f8da18fb79c99e9d8 P 7dc5018025cc4ce6ad1ed945d1aaaa8f: Bootstrap starting.
I20260709 12:09:17.548017 31983 leader_election.cc:290] T 60634f22e12449fd8bf596cfe571b90b P ff4ffb7b0fce410983bcdc8cff65054e [CANDIDATE]: Term 1 pre-election: Requested pre-vote from peers 7dc5018025cc4ce6ad1ed945d1aaaa8f (127.29.218.66:37127), 4da363ae48f140799e984cc391d04f29 (127.29.218.67:42217)
I20260709 12:09:17.550280 31906 tablet_bootstrap.cc:654] T 9062852f655645d2ab5a403af9c9e72b P 4da363ae48f140799e984cc391d04f29: Neither blocks nor log segments found. Creating new log.
I20260709 12:09:17.550427 31865 tablet_service.cc:1917] Received RequestConsensusVote() RPC: tablet_id: "60634f22e12449fd8bf596cfe571b90b" candidate_uuid: "ff4ffb7b0fce410983bcdc8cff65054e" candidate_term: 1 candidate_status { last_received { term: 0 index: 0 } } ignore_live_leader: false dest_uuid: "4da363ae48f140799e984cc391d04f29" is_pre_election: true
I20260709 12:09:17.551016 31865 raft_consensus.cc:2468] T 60634f22e12449fd8bf596cfe571b90b P 4da363ae48f140799e984cc391d04f29 [term 0 FOLLOWER]: Leader pre-election vote request: Granting yes vote for candidate ff4ffb7b0fce410983bcdc8cff65054e in term 0.
I20260709 12:09:17.552223 31682 leader_election.cc:304] T 60634f22e12449fd8bf596cfe571b90b P ff4ffb7b0fce410983bcdc8cff65054e [CANDIDATE]: Term 1 pre-election: Election decided. Result: candidate won. Election summary: received 2 responses out of 3 voters: 2 yes votes; 0 no votes. yes voters: 4da363ae48f140799e984cc391d04f29, ff4ffb7b0fce410983bcdc8cff65054e; no voters: 
I20260709 12:09:17.553040 31911 tablet_bootstrap.cc:654] T 227952e19e8b4a5f8da18fb79c99e9d8 P 7dc5018025cc4ce6ad1ed945d1aaaa8f: Neither blocks nor log segments found. Creating new log.
I20260709 12:09:17.553050 31983 raft_consensus.cc:2804] T 60634f22e12449fd8bf596cfe571b90b P ff4ffb7b0fce410983bcdc8cff65054e [term 0 FOLLOWER]: Leader pre-election won for term 1
I20260709 12:09:17.553582 31983 raft_consensus.cc:493] T 60634f22e12449fd8bf596cfe571b90b P ff4ffb7b0fce410983bcdc8cff65054e [term 0 FOLLOWER]: Starting leader election (no leader contacted us within the election timeout)
I20260709 12:09:17.553992 31983 raft_consensus.cc:3060] T 60634f22e12449fd8bf596cfe571b90b P ff4ffb7b0fce410983bcdc8cff65054e [term 0 FOLLOWER]: Advancing to term 1
I20260709 12:09:17.561548 31983 raft_consensus.cc:515] T 60634f22e12449fd8bf596cfe571b90b P ff4ffb7b0fce410983bcdc8cff65054e [term 1 FOLLOWER]: Starting leader election with config: opid_index: -1 OBSOLETE_local: false peers { permanent_uuid: "ff4ffb7b0fce410983bcdc8cff65054e" member_type: VOTER last_known_addr { host: "127.29.218.65" port: 41231 } } peers { permanent_uuid: "7dc5018025cc4ce6ad1ed945d1aaaa8f" member_type: VOTER last_known_addr { host: "127.29.218.66" port: 37127 } } peers { permanent_uuid: "4da363ae48f140799e984cc391d04f29" member_type: VOTER last_known_addr { host: "127.29.218.67" port: 42217 } }
I20260709 12:09:17.564554 31791 tablet_service.cc:1917] Received RequestConsensusVote() RPC: tablet_id: "60634f22e12449fd8bf596cfe571b90b" candidate_uuid: "ff4ffb7b0fce410983bcdc8cff65054e" candidate_term: 1 candidate_status { last_received { term: 0 index: 0 } } ignore_live_leader: false dest_uuid: "7dc5018025cc4ce6ad1ed945d1aaaa8f"
I20260709 12:09:17.564877 31906 tablet_bootstrap.cc:492] T 9062852f655645d2ab5a403af9c9e72b P 4da363ae48f140799e984cc391d04f29: No bootstrap required, opened a new log
I20260709 12:09:17.565145 31791 raft_consensus.cc:3060] T 60634f22e12449fd8bf596cfe571b90b P 7dc5018025cc4ce6ad1ed945d1aaaa8f [term 0 FOLLOWER]: Advancing to term 1
I20260709 12:09:17.565313 31906 ts_tablet_manager.cc:1403] T 9062852f655645d2ab5a403af9c9e72b P 4da363ae48f140799e984cc391d04f29: Time spent bootstrapping tablet: real 0.022s	user 0.012s	sys 0.000s
I20260709 12:09:17.568014 31906 raft_consensus.cc:359] T 9062852f655645d2ab5a403af9c9e72b P 4da363ae48f140799e984cc391d04f29 [term 0 FOLLOWER]: Replica starting. Triggering 0 pending ops. Active config: opid_index: -1 OBSOLETE_local: false peers { permanent_uuid: "ff4ffb7b0fce410983bcdc8cff65054e" member_type: VOTER last_known_addr { host: "127.29.218.65" port: 41231 } } peers { permanent_uuid: "7dc5018025cc4ce6ad1ed945d1aaaa8f" member_type: VOTER last_known_addr { host: "127.29.218.66" port: 37127 } } peers { permanent_uuid: "4da363ae48f140799e984cc391d04f29" member_type: VOTER last_known_addr { host: "127.29.218.67" port: 42217 } }
I20260709 12:09:17.569681 31906 raft_consensus.cc:385] T 9062852f655645d2ab5a403af9c9e72b P 4da363ae48f140799e984cc391d04f29 [term 0 FOLLOWER]: Consensus starting up: Expiring failure detector timer to make a prompt election more likely
I20260709 12:09:17.569949 31906 raft_consensus.cc:740] T 9062852f655645d2ab5a403af9c9e72b P 4da363ae48f140799e984cc391d04f29 [term 0 FOLLOWER]: Becoming Follower/Learner. State: Replica: 4da363ae48f140799e984cc391d04f29, State: Initialized, Role: FOLLOWER
I20260709 12:09:17.570647 31906 consensus_queue.cc:260] T 9062852f655645d2ab5a403af9c9e72b P 4da363ae48f140799e984cc391d04f29 [NON_LEADER]: Queue going to NON_LEADER mode. State: All replicated index: 0, Majority replicated index: 0, Committed index: 0, Last appended: 0.0, Last appended by leader: 0, Current term: 0, Majority size: -1, State: 0, Mode: NON_LEADER, active raft config: opid_index: -1 OBSOLETE_local: false peers { permanent_uuid: "ff4ffb7b0fce410983bcdc8cff65054e" member_type: VOTER last_known_addr { host: "127.29.218.65" port: 41231 } } peers { permanent_uuid: "7dc5018025cc4ce6ad1ed945d1aaaa8f" member_type: VOTER last_known_addr { host: "127.29.218.66" port: 37127 } } peers { permanent_uuid: "4da363ae48f140799e984cc391d04f29" member_type: VOTER last_known_addr { host: "127.29.218.67" port: 42217 } }
I20260709 12:09:17.572023 31791 raft_consensus.cc:2468] T 60634f22e12449fd8bf596cfe571b90b P 7dc5018025cc4ce6ad1ed945d1aaaa8f [term 1 FOLLOWER]: Leader election vote request: Granting yes vote for candidate ff4ffb7b0fce410983bcdc8cff65054e in term 1.
I20260709 12:09:17.573442 31682 leader_election.cc:304] T 60634f22e12449fd8bf596cfe571b90b P ff4ffb7b0fce410983bcdc8cff65054e [CANDIDATE]: Term 1 election: Election decided. Result: candidate won. Election summary: received 2 responses out of 3 voters: 2 yes votes; 0 no votes. yes voters: 7dc5018025cc4ce6ad1ed945d1aaaa8f, ff4ffb7b0fce410983bcdc8cff65054e; no voters: 
I20260709 12:09:17.574241 31982 raft_consensus.cc:2804] T 60634f22e12449fd8bf596cfe571b90b P ff4ffb7b0fce410983bcdc8cff65054e [term 1 FOLLOWER]: Leader election won for term 1
I20260709 12:09:17.574446 31790 tablet_service.cc:1917] Received RequestConsensusVote() RPC: tablet_id: "60634f22e12449fd8bf596cfe571b90b" candidate_uuid: "ff4ffb7b0fce410983bcdc8cff65054e" candidate_term: 1 candidate_status { last_received { term: 0 index: 0 } } ignore_live_leader: false dest_uuid: "7dc5018025cc4ce6ad1ed945d1aaaa8f" is_pre_election: true
I20260709 12:09:17.574945 31982 raft_consensus.cc:697] T 60634f22e12449fd8bf596cfe571b90b P ff4ffb7b0fce410983bcdc8cff65054e [term 1 LEADER]: Becoming Leader. State: Replica: ff4ffb7b0fce410983bcdc8cff65054e, State: Running, Role: LEADER
I20260709 12:09:17.575098 31790 raft_consensus.cc:2376] T 60634f22e12449fd8bf596cfe571b90b P 7dc5018025cc4ce6ad1ed945d1aaaa8f [term 1 FOLLOWER]: Leader pre-election vote request: Already granted yes vote for candidate ff4ffb7b0fce410983bcdc8cff65054e in term 1. Re-sending same reply.
I20260709 12:09:17.576133 31982 consensus_queue.cc:237] T 60634f22e12449fd8bf596cfe571b90b P ff4ffb7b0fce410983bcdc8cff65054e [LEADER]: Queue going to LEADER mode. State: All replicated index: 0, Majority replicated index: 0, Committed index: 0, Last appended: 0.0, Last appended by leader: 0, Current term: 1, Majority size: 2, State: 0, Mode: LEADER, active raft config: opid_index: -1 OBSOLETE_local: false peers { permanent_uuid: "ff4ffb7b0fce410983bcdc8cff65054e" member_type: VOTER last_known_addr { host: "127.29.218.65" port: 41231 } } peers { permanent_uuid: "7dc5018025cc4ce6ad1ed945d1aaaa8f" member_type: VOTER last_known_addr { host: "127.29.218.66" port: 37127 } } peers { permanent_uuid: "4da363ae48f140799e984cc391d04f29" member_type: VOTER last_known_addr { host: "127.29.218.67" port: 42217 } }
I20260709 12:09:17.577323 31906 ts_tablet_manager.cc:1434] T 9062852f655645d2ab5a403af9c9e72b P 4da363ae48f140799e984cc391d04f29: Time spent starting tablet: real 0.012s	user 0.006s	sys 0.001s
I20260709 12:09:17.578299 31906 tablet_bootstrap.cc:492] T 3089eae6e7384476b31392c19b673433 P 4da363ae48f140799e984cc391d04f29: Bootstrap starting.
I20260709 12:09:17.579870 31908 tablet_bootstrap.cc:654] T dec3611310584b739b296afce9564e0d P ff4ffb7b0fce410983bcdc8cff65054e: Neither blocks nor log segments found. Creating new log.
W20260709 12:09:17.583420 31662 auto_rebalancer.cc:288] Could not retrieve cluster info: Service unavailable: Tablet not running
I20260709 12:09:17.584503 31906 tablet_bootstrap.cc:654] T 3089eae6e7384476b31392c19b673433 P 4da363ae48f140799e984cc391d04f29: Neither blocks nor log segments found. Creating new log.
I20260709 12:09:17.584865 31983 leader_election.cc:290] T 60634f22e12449fd8bf596cfe571b90b P ff4ffb7b0fce410983bcdc8cff65054e [CANDIDATE]: Term 1 election: Requested vote from peers 7dc5018025cc4ce6ad1ed945d1aaaa8f (127.29.218.66:37127), 4da363ae48f140799e984cc391d04f29 (127.29.218.67:42217)
I20260709 12:09:17.585105 31865 tablet_service.cc:1917] Received RequestConsensusVote() RPC: tablet_id: "60634f22e12449fd8bf596cfe571b90b" candidate_uuid: "ff4ffb7b0fce410983bcdc8cff65054e" candidate_term: 1 candidate_status { last_received { term: 0 index: 0 } } ignore_live_leader: false dest_uuid: "4da363ae48f140799e984cc391d04f29"
I20260709 12:09:17.586558 31865 raft_consensus.cc:3060] T 60634f22e12449fd8bf596cfe571b90b P 4da363ae48f140799e984cc391d04f29 [term 0 FOLLOWER]: Advancing to term 1
I20260709 12:09:17.595510 31865 raft_consensus.cc:2468] T 60634f22e12449fd8bf596cfe571b90b P 4da363ae48f140799e984cc391d04f29 [term 1 FOLLOWER]: Leader election vote request: Granting yes vote for candidate ff4ffb7b0fce410983bcdc8cff65054e in term 1.
I20260709 12:09:17.597147 31614 catalog_manager.cc:5697] T 60634f22e12449fd8bf596cfe571b90b P ff4ffb7b0fce410983bcdc8cff65054e reported cstate change: term changed from 0 to 1, leader changed from <none> to ff4ffb7b0fce410983bcdc8cff65054e (127.29.218.65). New cstate: current_term: 1 leader_uuid: "ff4ffb7b0fce410983bcdc8cff65054e" committed_config { opid_index: -1 OBSOLETE_local: false peers { permanent_uuid: "ff4ffb7b0fce410983bcdc8cff65054e" member_type: VOTER last_known_addr { host: "127.29.218.65" port: 41231 } health_report { overall_health: HEALTHY } } peers { permanent_uuid: "7dc5018025cc4ce6ad1ed945d1aaaa8f" member_type: VOTER last_known_addr { host: "127.29.218.66" port: 37127 } health_report { overall_health: UNKNOWN } } peers { permanent_uuid: "4da363ae48f140799e984cc391d04f29" member_type: VOTER last_known_addr { host: "127.29.218.67" port: 42217 } health_report { overall_health: UNKNOWN } } }
I20260709 12:09:17.599632 31911 tablet_bootstrap.cc:492] T 227952e19e8b4a5f8da18fb79c99e9d8 P 7dc5018025cc4ce6ad1ed945d1aaaa8f: No bootstrap required, opened a new log
I20260709 12:09:17.600143 31911 ts_tablet_manager.cc:1403] T 227952e19e8b4a5f8da18fb79c99e9d8 P 7dc5018025cc4ce6ad1ed945d1aaaa8f: Time spent bootstrapping tablet: real 0.054s	user 0.023s	sys 0.010s
I20260709 12:09:17.600822 31908 tablet_bootstrap.cc:492] T dec3611310584b739b296afce9564e0d P ff4ffb7b0fce410983bcdc8cff65054e: No bootstrap required, opened a new log
I20260709 12:09:17.601248 31908 ts_tablet_manager.cc:1403] T dec3611310584b739b296afce9564e0d P ff4ffb7b0fce410983bcdc8cff65054e: Time spent bootstrapping tablet: real 0.059s	user 0.003s	sys 0.008s
I20260709 12:09:17.603711 31908 raft_consensus.cc:359] T dec3611310584b739b296afce9564e0d P ff4ffb7b0fce410983bcdc8cff65054e [term 0 FOLLOWER]: Replica starting. Triggering 0 pending ops. Active config: opid_index: -1 OBSOLETE_local: false peers { permanent_uuid: "ff4ffb7b0fce410983bcdc8cff65054e" member_type: VOTER last_known_addr { host: "127.29.218.65" port: 41231 } } peers { permanent_uuid: "7dc5018025cc4ce6ad1ed945d1aaaa8f" member_type: VOTER last_known_addr { host: "127.29.218.66" port: 37127 } } peers { permanent_uuid: "4da363ae48f140799e984cc391d04f29" member_type: VOTER last_known_addr { host: "127.29.218.67" port: 42217 } }
I20260709 12:09:17.604301 31908 raft_consensus.cc:385] T dec3611310584b739b296afce9564e0d P ff4ffb7b0fce410983bcdc8cff65054e [term 0 FOLLOWER]: Consensus starting up: Expiring failure detector timer to make a prompt election more likely
I20260709 12:09:17.604525 31908 raft_consensus.cc:740] T dec3611310584b739b296afce9564e0d P ff4ffb7b0fce410983bcdc8cff65054e [term 0 FOLLOWER]: Becoming Follower/Learner. State: Replica: ff4ffb7b0fce410983bcdc8cff65054e, State: Initialized, Role: FOLLOWER
I20260709 12:09:17.605203 31908 consensus_queue.cc:260] T dec3611310584b739b296afce9564e0d P ff4ffb7b0fce410983bcdc8cff65054e [NON_LEADER]: Queue going to NON_LEADER mode. State: All replicated index: 0, Majority replicated index: 0, Committed index: 0, Last appended: 0.0, Last appended by leader: 0, Current term: 0, Majority size: -1, State: 0, Mode: NON_LEADER, active raft config: opid_index: -1 OBSOLETE_local: false peers { permanent_uuid: "ff4ffb7b0fce410983bcdc8cff65054e" member_type: VOTER last_known_addr { host: "127.29.218.65" port: 41231 } } peers { permanent_uuid: "7dc5018025cc4ce6ad1ed945d1aaaa8f" member_type: VOTER last_known_addr { host: "127.29.218.66" port: 37127 } } peers { permanent_uuid: "4da363ae48f140799e984cc391d04f29" member_type: VOTER last_known_addr { host: "127.29.218.67" port: 42217 } }
I20260709 12:09:17.607080 31908 ts_tablet_manager.cc:1434] T dec3611310584b739b296afce9564e0d P ff4ffb7b0fce410983bcdc8cff65054e: Time spent starting tablet: real 0.006s	user 0.004s	sys 0.000s
I20260709 12:09:17.607878 31908 tablet_bootstrap.cc:492] T 8d9192a9140d4df99ae55ef9d626e908 P ff4ffb7b0fce410983bcdc8cff65054e: Bootstrap starting.
