I20260709 12:18:05.953716  2550 raft_consensus.cc:515] T d05f9dbdb66b4f0587a5946125b17d9f P 393b76150c3941a99c7b98637d1397e0 [term 0 FOLLOWER]: Starting pre-election with config: opid_index: -1 OBSOLETE_local: false peers { permanent_uuid: "393b76150c3941a99c7b98637d1397e0" member_type: VOTER last_known_addr { host: "127.1.6.1" port: 46265 } } peers { permanent_uuid: "b753638b6c094bba90fb25d2d30c03ef" member_type: VOTER last_known_addr { host: "127.1.6.2" port: 36245 } } peers { permanent_uuid: "34d405ef94e848d1ad1c10eb9765018e" member_type: VOTER last_known_addr { host: "127.1.6.3" port: 40357 } }
I20260709 12:18:05.954651  2200 raft_consensus.cc:2468] T d05f9dbdb66b4f0587a5946125b17d9f P 393b76150c3941a99c7b98637d1397e0 [term 0 FOLLOWER]: Leader pre-election vote request: Granting yes vote for candidate 34d405ef94e848d1ad1c10eb9765018e in term 0.
I20260709 12:18:05.843685  2457 raft_consensus.cc:493] T 34583f132e154ed5ba40ae49cc40b127 P 393b76150c3941a99c7b98637d1397e0 [term 0 FOLLOWER]: Starting pre-election (no leader contacted us within the election timeout)
I20260709 12:18:05.957247  2457 raft_consensus.cc:515] T 34583f132e154ed5ba40ae49cc40b127 P 393b76150c3941a99c7b98637d1397e0 [term 0 FOLLOWER]: Starting pre-election with config: opid_index: -1 OBSOLETE_local: false peers { permanent_uuid: "393b76150c3941a99c7b98637d1397e0" member_type: VOTER last_known_addr { host: "127.1.6.1" port: 46265 } } peers { permanent_uuid: "b753638b6c094bba90fb25d2d30c03ef" member_type: VOTER last_known_addr { host: "127.1.6.2" port: 36245 } } peers { permanent_uuid: "34d405ef94e848d1ad1c10eb9765018e" member_type: VOTER last_known_addr { host: "127.1.6.3" port: 40357 } }
I20260709 12:18:05.959014  2315 leader_election.cc:304] T d05f9dbdb66b4f0587a5946125b17d9f P 34d405ef94e848d1ad1c10eb9765018e [CANDIDATE]: Term 1 pre-election: Election decided. Result: candidate won. Election summary: received 2 responses out of 3 voters: 2 yes votes; 0 no votes. yes voters: 34d405ef94e848d1ad1c10eb9765018e, 393b76150c3941a99c7b98637d1397e0; no voters: 
I20260709 12:18:05.959861  2514 raft_consensus.cc:2804] T d05f9dbdb66b4f0587a5946125b17d9f P 34d405ef94e848d1ad1c10eb9765018e [term 0 FOLLOWER]: Leader pre-election won for term 1
I20260709 12:18:05.960210  2514 raft_consensus.cc:493] T d05f9dbdb66b4f0587a5946125b17d9f P 34d405ef94e848d1ad1c10eb9765018e [term 0 FOLLOWER]: Starting leader election (no leader contacted us within the election timeout)
I20260709 12:18:05.960552  2514 raft_consensus.cc:3060] T d05f9dbdb66b4f0587a5946125b17d9f P 34d405ef94e848d1ad1c10eb9765018e [term 0 FOLLOWER]: Advancing to term 1
I20260709 12:18:05.961421  2391 tablet_bootstrap.cc:492] T dfe6bfa1421a420895e2edd98a910f35 P 393b76150c3941a99c7b98637d1397e0: No bootstrap required, opened a new log
I20260709 12:18:05.961961  2391 ts_tablet_manager.cc:1403] T dfe6bfa1421a420895e2edd98a910f35 P 393b76150c3941a99c7b98637d1397e0: Time spent bootstrapping tablet: real 0.070s	user 0.019s	sys 0.018s
I20260709 12:18:05.962527  2393 tablet_bootstrap.cc:654] T e411891bb196445fa230fd75861f7b79 P b753638b6c094bba90fb25d2d30c03ef: Neither blocks nor log segments found. Creating new log.
I20260709 12:18:05.964568  2391 raft_consensus.cc:359] T dfe6bfa1421a420895e2edd98a910f35 P 393b76150c3941a99c7b98637d1397e0 [term 0 FOLLOWER]: Replica starting. Triggering 0 pending ops. Active config: opid_index: -1 OBSOLETE_local: false peers { permanent_uuid: "393b76150c3941a99c7b98637d1397e0" member_type: VOTER last_known_addr { host: "127.1.6.1" port: 46265 } } peers { permanent_uuid: "b753638b6c094bba90fb25d2d30c03ef" member_type: VOTER last_known_addr { host: "127.1.6.2" port: 36245 } } peers { permanent_uuid: "34d405ef94e848d1ad1c10eb9765018e" member_type: VOTER last_known_addr { host: "127.1.6.3" port: 40357 } }
I20260709 12:18:05.965279  2391 raft_consensus.cc:385] T dfe6bfa1421a420895e2edd98a910f35 P 393b76150c3941a99c7b98637d1397e0 [term 0 FOLLOWER]: Consensus starting up: Expiring failure detector timer to make a prompt election more likely
I20260709 12:18:05.965588  2391 raft_consensus.cc:740] T dfe6bfa1421a420895e2edd98a910f35 P 393b76150c3941a99c7b98637d1397e0 [term 0 FOLLOWER]: Becoming Follower/Learner. State: Replica: 393b76150c3941a99c7b98637d1397e0, State: Initialized, Role: FOLLOWER
I20260709 12:18:05.965623  2392 tablet_bootstrap.cc:654] T 9a64e764779547d78d20dc0235b32b3e P 34d405ef94e848d1ad1c10eb9765018e: Neither blocks nor log segments found. Creating new log.
I20260709 12:18:05.967015  2550 leader_election.cc:290] T d05f9dbdb66b4f0587a5946125b17d9f P 393b76150c3941a99c7b98637d1397e0 [CANDIDATE]: Term 1 pre-election: Requested pre-vote from peers b753638b6c094bba90fb25d2d30c03ef (127.1.6.2:36245), 34d405ef94e848d1ad1c10eb9765018e (127.1.6.3:40357)
I20260709 12:18:05.968575  2391 consensus_queue.cc:260] T dfe6bfa1421a420895e2edd98a910f35 P 393b76150c3941a99c7b98637d1397e0 [NON_LEADER]: Queue going to NON_LEADER mode. State: All replicated index: 0, Majority replicated index: 0, Committed index: 0, Last appended: 0.0, Last appended by leader: 0, Current term: 0, Majority size: -1, State: 0, Mode: NON_LEADER, active raft config: opid_index: -1 OBSOLETE_local: false peers { permanent_uuid: "393b76150c3941a99c7b98637d1397e0" member_type: VOTER last_known_addr { host: "127.1.6.1" port: 46265 } } peers { permanent_uuid: "b753638b6c094bba90fb25d2d30c03ef" member_type: VOTER last_known_addr { host: "127.1.6.2" port: 36245 } } peers { permanent_uuid: "34d405ef94e848d1ad1c10eb9765018e" member_type: VOTER last_known_addr { host: "127.1.6.3" port: 40357 } }
I20260709 12:18:05.969208  2393 tablet_bootstrap.cc:492] T e411891bb196445fa230fd75861f7b79 P b753638b6c094bba90fb25d2d30c03ef: No bootstrap required, opened a new log
I20260709 12:18:05.970095  2393 ts_tablet_manager.cc:1403] T e411891bb196445fa230fd75861f7b79 P b753638b6c094bba90fb25d2d30c03ef: Time spent bootstrapping tablet: real 0.069s	user 0.007s	sys 0.004s
I20260709 12:18:05.971753  2391 ts_tablet_manager.cc:1434] T dfe6bfa1421a420895e2edd98a910f35 P 393b76150c3941a99c7b98637d1397e0: Time spent starting tablet: real 0.009s	user 0.006s	sys 0.000s
I20260709 12:18:05.973837  2391 tablet_bootstrap.cc:492] T 9a64e764779547d78d20dc0235b32b3e P 393b76150c3941a99c7b98637d1397e0: Bootstrap starting.
I20260709 12:18:05.975607  2274 tablet_service.cc:1917] Received RequestConsensusVote() RPC: tablet_id: "d05f9dbdb66b4f0587a5946125b17d9f" candidate_uuid: "393b76150c3941a99c7b98637d1397e0" candidate_term: 1 candidate_status { last_received { term: 0 index: 0 } } ignore_live_leader: false dest_uuid: "b753638b6c094bba90fb25d2d30c03ef" is_pre_election: true
I20260709 12:18:05.976186  2274 raft_consensus.cc:2468] T d05f9dbdb66b4f0587a5946125b17d9f P b753638b6c094bba90fb25d2d30c03ef [term 0 FOLLOWER]: Leader pre-election vote request: Granting yes vote for candidate 393b76150c3941a99c7b98637d1397e0 in term 0.
I20260709 12:18:05.974035  2275 tablet_service.cc:1917] Received RequestConsensusVote() RPC: tablet_id: "e411891bb196445fa230fd75861f7b79" candidate_uuid: "393b76150c3941a99c7b98637d1397e0" candidate_term: 1 candidate_status { last_received { term: 0 index: 0 } } ignore_live_leader: false dest_uuid: "b753638b6c094bba90fb25d2d30c03ef" is_pre_election: true
I20260709 12:18:05.973901  2393 raft_consensus.cc:359] T e411891bb196445fa230fd75861f7b79 P b753638b6c094bba90fb25d2d30c03ef [term 0 FOLLOWER]: Replica starting. Triggering 0 pending ops. Active config: opid_index: -1 OBSOLETE_local: false peers { permanent_uuid: "393b76150c3941a99c7b98637d1397e0" member_type: VOTER last_known_addr { host: "127.1.6.1" port: 46265 } } peers { permanent_uuid: "b753638b6c094bba90fb25d2d30c03ef" member_type: VOTER last_known_addr { host: "127.1.6.2" port: 36245 } } peers { permanent_uuid: "34d405ef94e848d1ad1c10eb9765018e" member_type: VOTER last_known_addr { host: "127.1.6.3" port: 40357 } }
I20260709 12:18:05.976939  2393 raft_consensus.cc:385] T e411891bb196445fa230fd75861f7b79 P b753638b6c094bba90fb25d2d30c03ef [term 0 FOLLOWER]: Consensus starting up: Expiring failure detector timer to make a prompt election more likely
I20260709 12:18:05.977180  2392 tablet_bootstrap.cc:492] T 9a64e764779547d78d20dc0235b32b3e P 34d405ef94e848d1ad1c10eb9765018e: No bootstrap required, opened a new log
I20260709 12:18:05.977279  2393 raft_consensus.cc:740] T e411891bb196445fa230fd75861f7b79 P b753638b6c094bba90fb25d2d30c03ef [term 0 FOLLOWER]: Becoming Follower/Learner. State: Replica: b753638b6c094bba90fb25d2d30c03ef, State: Initialized, Role: FOLLOWER
I20260709 12:18:05.977815  2392 ts_tablet_manager.cc:1403] T 9a64e764779547d78d20dc0235b32b3e P 34d405ef94e848d1ad1c10eb9765018e: Time spent bootstrapping tablet: real 0.056s	user 0.013s	sys 0.000s
I20260709 12:18:05.977692  2164 leader_election.cc:304] T c25150835eec4efcbc30c90589293050 P 393b76150c3941a99c7b98637d1397e0 [CANDIDATE]: Term 1 election: Election decided. Result: candidate won. Election summary: received 2 responses out of 3 voters: 2 yes votes; 0 no votes. yes voters: 393b76150c3941a99c7b98637d1397e0, b753638b6c094bba90fb25d2d30c03ef; no voters: 
I20260709 12:18:05.978056  2393 consensus_queue.cc:260] T e411891bb196445fa230fd75861f7b79 P b753638b6c094bba90fb25d2d30c03ef [NON_LEADER]: Queue going to NON_LEADER mode. State: All replicated index: 0, Majority replicated index: 0, Committed index: 0, Last appended: 0.0, Last appended by leader: 0, Current term: 0, Majority size: -1, State: 0, Mode: NON_LEADER, active raft config: opid_index: -1 OBSOLETE_local: false peers { permanent_uuid: "393b76150c3941a99c7b98637d1397e0" member_type: VOTER last_known_addr { host: "127.1.6.1" port: 46265 } } peers { permanent_uuid: "b753638b6c094bba90fb25d2d30c03ef" member_type: VOTER last_known_addr { host: "127.1.6.2" port: 36245 } } peers { permanent_uuid: "34d405ef94e848d1ad1c10eb9765018e" member_type: VOTER last_known_addr { host: "127.1.6.3" port: 40357 } }
I20260709 12:18:05.978909  2275 raft_consensus.cc:2468] T e411891bb196445fa230fd75861f7b79 P b753638b6c094bba90fb25d2d30c03ef [term 0 FOLLOWER]: Leader pre-election vote request: Granting yes vote for candidate 393b76150c3941a99c7b98637d1397e0 in term 0.
I20260709 12:18:05.980187  2393 ts_tablet_manager.cc:1434] T e411891bb196445fa230fd75861f7b79 P b753638b6c094bba90fb25d2d30c03ef: Time spent starting tablet: real 0.010s	user 0.003s	sys 0.004s
I20260709 12:18:05.981052  2393 tablet_bootstrap.cc:492] T 9a64e764779547d78d20dc0235b32b3e P b753638b6c094bba90fb25d2d30c03ef: Bootstrap starting.
I20260709 12:18:05.980789  2392 raft_consensus.cc:359] T 9a64e764779547d78d20dc0235b32b3e P 34d405ef94e848d1ad1c10eb9765018e [term 0 FOLLOWER]: Replica starting. Triggering 0 pending ops. Active config: opid_index: -1 OBSOLETE_local: false peers { permanent_uuid: "393b76150c3941a99c7b98637d1397e0" member_type: VOTER last_known_addr { host: "127.1.6.1" port: 46265 } } peers { permanent_uuid: "b753638b6c094bba90fb25d2d30c03ef" member_type: VOTER last_known_addr { host: "127.1.6.2" port: 36245 } } peers { permanent_uuid: "34d405ef94e848d1ad1c10eb9765018e" member_type: VOTER last_known_addr { host: "127.1.6.3" port: 40357 } }
I20260709 12:18:05.981556  2558 raft_consensus.cc:2804] T c25150835eec4efcbc30c90589293050 P 393b76150c3941a99c7b98637d1397e0 [term 1 FOLLOWER]: Leader election won for term 1
I20260709 12:18:05.982050  2558 raft_consensus.cc:697] T c25150835eec4efcbc30c90589293050 P 393b76150c3941a99c7b98637d1397e0 [term 1 LEADER]: Becoming Leader. State: Replica: 393b76150c3941a99c7b98637d1397e0, State: Running, Role: LEADER
I20260709 12:18:05.982764  2558 consensus_queue.cc:237] T c25150835eec4efcbc30c90589293050 P 393b76150c3941a99c7b98637d1397e0 [LEADER]: Queue going to LEADER mode. State: All replicated index: 0, Majority replicated index: 0, Committed index: 0, Last appended: 0.0, Last appended by leader: 0, Current term: 1, Majority size: 2, State: 0, Mode: LEADER, active raft config: opid_index: -1 OBSOLETE_local: false peers { permanent_uuid: "393b76150c3941a99c7b98637d1397e0" member_type: VOTER last_known_addr { host: "127.1.6.1" port: 46265 } } peers { permanent_uuid: "b753638b6c094bba90fb25d2d30c03ef" member_type: VOTER last_known_addr { host: "127.1.6.2" port: 36245 } } peers { permanent_uuid: "34d405ef94e848d1ad1c10eb9765018e" member_type: VOTER last_known_addr { host: "127.1.6.3" port: 40357 } }
I20260709 12:18:05.981551  2392 raft_consensus.cc:385] T 9a64e764779547d78d20dc0235b32b3e P 34d405ef94e848d1ad1c10eb9765018e [term 0 FOLLOWER]: Consensus starting up: Expiring failure detector timer to make a prompt election more likely
I20260709 12:18:05.987700  2392 raft_consensus.cc:740] T 9a64e764779547d78d20dc0235b32b3e P 34d405ef94e848d1ad1c10eb9765018e [term 0 FOLLOWER]: Becoming Follower/Learner. State: Replica: 34d405ef94e848d1ad1c10eb9765018e, State: Initialized, Role: FOLLOWER
I20260709 12:18:05.988700  2392 consensus_queue.cc:260] T 9a64e764779547d78d20dc0235b32b3e P 34d405ef94e848d1ad1c10eb9765018e [NON_LEADER]: Queue going to NON_LEADER mode. State: All replicated index: 0, Majority replicated index: 0, Committed index: 0, Last appended: 0.0, Last appended by leader: 0, Current term: 0, Majority size: -1, State: 0, Mode: NON_LEADER, active raft config: opid_index: -1 OBSOLETE_local: false peers { permanent_uuid: "393b76150c3941a99c7b98637d1397e0" member_type: VOTER last_known_addr { host: "127.1.6.1" port: 46265 } } peers { permanent_uuid: "b753638b6c094bba90fb25d2d30c03ef" member_type: VOTER last_known_addr { host: "127.1.6.2" port: 36245 } } peers { permanent_uuid: "34d405ef94e848d1ad1c10eb9765018e" member_type: VOTER last_known_addr { host: "127.1.6.3" port: 40357 } }
I20260709 12:18:05.990229  2391 tablet_bootstrap.cc:654] T 9a64e764779547d78d20dc0235b32b3e P 393b76150c3941a99c7b98637d1397e0: Neither blocks nor log segments found. Creating new log.
I20260709 12:18:05.991824  2422 raft_consensus.cc:493] T dfe6bfa1421a420895e2edd98a910f35 P b753638b6c094bba90fb25d2d30c03ef [term 0 FOLLOWER]: Starting pre-election (no leader contacted us within the election timeout)
I20260709 12:18:05.992262  2457 leader_election.cc:290] T 34583f132e154ed5ba40ae49cc40b127 P 393b76150c3941a99c7b98637d1397e0 [CANDIDATE]: Term 1 pre-election: Requested pre-vote from peers b753638b6c094bba90fb25d2d30c03ef (127.1.6.2:36245), 34d405ef94e848d1ad1c10eb9765018e (127.1.6.3:40357)
I20260709 12:18:05.992321  2422 raft_consensus.cc:515] T dfe6bfa1421a420895e2edd98a910f35 P b753638b6c094bba90fb25d2d30c03ef [term 0 FOLLOWER]: Starting pre-election with config: opid_index: -1 OBSOLETE_local: false peers { permanent_uuid: "393b76150c3941a99c7b98637d1397e0" member_type: VOTER last_known_addr { host: "127.1.6.1" port: 46265 } } peers { permanent_uuid: "b753638b6c094bba90fb25d2d30c03ef" member_type: VOTER last_known_addr { host: "127.1.6.2" port: 36245 } } peers { permanent_uuid: "34d405ef94e848d1ad1c10eb9765018e" member_type: VOTER last_known_addr { host: "127.1.6.3" port: 40357 } }
I20260709 12:18:05.993881  2393 tablet_bootstrap.cc:654] T 9a64e764779547d78d20dc0235b32b3e P b753638b6c094bba90fb25d2d30c03ef: Neither blocks nor log segments found. Creating new log.
I20260709 12:18:05.994421  2422 leader_election.cc:290] T dfe6bfa1421a420895e2edd98a910f35 P b753638b6c094bba90fb25d2d30c03ef [CANDIDATE]: Term 1 pre-election: Requested pre-vote from peers 393b76150c3941a99c7b98637d1397e0 (127.1.6.1:46265), 34d405ef94e848d1ad1c10eb9765018e (127.1.6.3:40357)
I20260709 12:18:05.996574  2349 tablet_service.cc:1917] Received RequestConsensusVote() RPC: tablet_id: "dfe6bfa1421a420895e2edd98a910f35" candidate_uuid: "b753638b6c094bba90fb25d2d30c03ef" candidate_term: 1 candidate_status { last_received { term: 0 index: 0 } } ignore_live_leader: false dest_uuid: "34d405ef94e848d1ad1c10eb9765018e" is_pre_election: true
I20260709 12:18:05.997920  2392 ts_tablet_manager.cc:1434] T 9a64e764779547d78d20dc0235b32b3e P 34d405ef94e848d1ad1c10eb9765018e: Time spent starting tablet: real 0.020s	user 0.006s	sys 0.000s
I20260709 12:18:05.998688  2200 tablet_service.cc:1917] Received RequestConsensusVote() RPC: tablet_id: "dfe6bfa1421a420895e2edd98a910f35" candidate_uuid: "b753638b6c094bba90fb25d2d30c03ef" candidate_term: 1 candidate_status { last_received { term: 0 index: 0 } } ignore_live_leader: false dest_uuid: "393b76150c3941a99c7b98637d1397e0" is_pre_election: true
I20260709 12:18:05.999960  2164 leader_election.cc:304] T d05f9dbdb66b4f0587a5946125b17d9f P 393b76150c3941a99c7b98637d1397e0 [CANDIDATE]: Term 1 pre-election: Election decided. Result: candidate won. Election summary: received 2 responses out of 3 voters: 2 yes votes; 0 no votes. yes voters: 393b76150c3941a99c7b98637d1397e0, b753638b6c094bba90fb25d2d30c03ef; no voters: 
I20260709 12:18:06.000384  2200 raft_consensus.cc:2468] T dfe6bfa1421a420895e2edd98a910f35 P 393b76150c3941a99c7b98637d1397e0 [term 0 FOLLOWER]: Leader pre-election vote request: Granting yes vote for candidate b753638b6c094bba90fb25d2d30c03ef in term 0.
I20260709 12:18:06.000921  2164 leader_election.cc:304] T e411891bb196445fa230fd75861f7b79 P 393b76150c3941a99c7b98637d1397e0 [CANDIDATE]: Term 1 pre-election: Election decided. Result: candidate won. Election summary: received 2 responses out of 3 voters: 2 yes votes; 0 no votes. yes voters: 393b76150c3941a99c7b98637d1397e0, b753638b6c094bba90fb25d2d30c03ef; no voters: 
I20260709 12:18:06.001854  2548 raft_consensus.cc:2804] T d05f9dbdb66b4f0587a5946125b17d9f P 393b76150c3941a99c7b98637d1397e0 [term 0 FOLLOWER]: Leader pre-election won for term 1
I20260709 12:18:06.002300  2548 raft_consensus.cc:493] T d05f9dbdb66b4f0587a5946125b17d9f P 393b76150c3941a99c7b98637d1397e0 [term 0 FOLLOWER]: Starting leader election (no leader contacted us within the election timeout)
I20260709 12:18:06.002655  2457 raft_consensus.cc:2804] T e411891bb196445fa230fd75861f7b79 P 393b76150c3941a99c7b98637d1397e0 [term 0 FOLLOWER]: Leader pre-election won for term 1
I20260709 12:18:06.002751  2548 raft_consensus.cc:3060] T d05f9dbdb66b4f0587a5946125b17d9f P 393b76150c3941a99c7b98637d1397e0 [term 0 FOLLOWER]: Advancing to term 1
I20260709 12:18:06.003159  2457 raft_consensus.cc:493] T e411891bb196445fa230fd75861f7b79 P 393b76150c3941a99c7b98637d1397e0 [term 0 FOLLOWER]: Starting leader election (no leader contacted us within the election timeout)
I20260709 12:18:06.003669  2457 raft_consensus.cc:3060] T e411891bb196445fa230fd75861f7b79 P 393b76150c3941a99c7b98637d1397e0 [term 0 FOLLOWER]: Advancing to term 1
I20260709 12:18:06.010465  2392 tablet_bootstrap.cc:492] T dfe6bfa1421a420895e2edd98a910f35 P 34d405ef94e848d1ad1c10eb9765018e: Bootstrap starting.
I20260709 12:18:06.011387  2275 tablet_service.cc:1917] Received RequestConsensusVote() RPC: tablet_id: "34583f132e154ed5ba40ae49cc40b127" candidate_uuid: "393b76150c3941a99c7b98637d1397e0" candidate_term: 1 candidate_status { last_received { term: 0 index: 0 } } ignore_live_leader: false dest_uuid: "b753638b6c094bba90fb25d2d30c03ef" is_pre_election: true
I20260709 12:18:06.017053  2275 raft_consensus.cc:2468] T 34583f132e154ed5ba40ae49cc40b127 P b753638b6c094bba90fb25d2d30c03ef [term 0 FOLLOWER]: Leader pre-election vote request: Granting yes vote for candidate 393b76150c3941a99c7b98637d1397e0 in term 0.
I20260709 12:18:06.022140  2477 raft_consensus.cc:493] T 9a64e764779547d78d20dc0235b32b3e P 34d405ef94e848d1ad1c10eb9765018e [term 0 FOLLOWER]: Starting pre-election (no leader contacted us within the election timeout)
I20260709 12:18:06.022764  2477 raft_consensus.cc:515] T 9a64e764779547d78d20dc0235b32b3e P 34d405ef94e848d1ad1c10eb9765018e [term 0 FOLLOWER]: Starting pre-election with config: opid_index: -1 OBSOLETE_local: false peers { permanent_uuid: "393b76150c3941a99c7b98637d1397e0" member_type: VOTER last_known_addr { host: "127.1.6.1" port: 46265 } } peers { permanent_uuid: "b753638b6c094bba90fb25d2d30c03ef" member_type: VOTER last_known_addr { host: "127.1.6.2" port: 36245 } } peers { permanent_uuid: "34d405ef94e848d1ad1c10eb9765018e" member_type: VOTER last_known_addr { host: "127.1.6.3" port: 40357 } }
I20260709 12:18:06.024784  2477 leader_election.cc:290] T 9a64e764779547d78d20dc0235b32b3e P 34d405ef94e848d1ad1c10eb9765018e [CANDIDATE]: Term 1 pre-election: Requested pre-vote from peers 393b76150c3941a99c7b98637d1397e0 (127.1.6.1:46265), b753638b6c094bba90fb25d2d30c03ef (127.1.6.2:36245)
I20260709 12:18:06.026041  2548 raft_consensus.cc:515] T d05f9dbdb66b4f0587a5946125b17d9f P 393b76150c3941a99c7b98637d1397e0 [term 1 FOLLOWER]: Starting leader election with config: opid_index: -1 OBSOLETE_local: false peers { permanent_uuid: "393b76150c3941a99c7b98637d1397e0" member_type: VOTER last_known_addr { host: "127.1.6.1" port: 46265 } } peers { permanent_uuid: "b753638b6c094bba90fb25d2d30c03ef" member_type: VOTER last_known_addr { host: "127.1.6.2" port: 36245 } } peers { permanent_uuid: "34d405ef94e848d1ad1c10eb9765018e" member_type: VOTER last_known_addr { host: "127.1.6.3" port: 40357 } }
I20260709 12:18:06.026858  2201 tablet_service.cc:1917] Received RequestConsensusVote() RPC: tablet_id: "9a64e764779547d78d20dc0235b32b3e" candidate_uuid: "34d405ef94e848d1ad1c10eb9765018e" candidate_term: 1 candidate_status { last_received { term: 0 index: 0 } } ignore_live_leader: false dest_uuid: "393b76150c3941a99c7b98637d1397e0" is_pre_election: true
W20260709 12:18:06.028200  2315 leader_election.cc:343] T 9a64e764779547d78d20dc0235b32b3e P 34d405ef94e848d1ad1c10eb9765018e [CANDIDATE]: Term 1 pre-election: Tablet error from VoteRequest() call to peer 393b76150c3941a99c7b98637d1397e0 (127.1.6.1:46265): Illegal state: must be running to vote when last-logged opid is not known
I20260709 12:18:06.029129  2275 tablet_service.cc:1917] Received RequestConsensusVote() RPC: tablet_id: "d05f9dbdb66b4f0587a5946125b17d9f" candidate_uuid: "34d405ef94e848d1ad1c10eb9765018e" candidate_term: 1 candidate_status { last_received { term: 0 index: 0 } } ignore_live_leader: false dest_uuid: "b753638b6c094bba90fb25d2d30c03ef" is_pre_election: true
I20260709 12:18:06.029879  2275 raft_consensus.cc:2468] T d05f9dbdb66b4f0587a5946125b17d9f P b753638b6c094bba90fb25d2d30c03ef [term 0 FOLLOWER]: Leader pre-election vote request: Granting yes vote for candidate 34d405ef94e848d1ad1c10eb9765018e in term 0.
I20260709 12:18:06.031828  2392 tablet_bootstrap.cc:654] T dfe6bfa1421a420895e2edd98a910f35 P 34d405ef94e848d1ad1c10eb9765018e: Neither blocks nor log segments found. Creating new log.
I20260709 12:18:06.040709  2275 tablet_service.cc:1917] Received RequestConsensusVote() RPC: tablet_id: "9a64e764779547d78d20dc0235b32b3e" candidate_uuid: "34d405ef94e848d1ad1c10eb9765018e" candidate_term: 1 candidate_status { last_received { term: 0 index: 0 } } ignore_live_leader: false dest_uuid: "b753638b6c094bba90fb25d2d30c03ef" is_pre_election: true
I20260709 12:18:06.042776  2313 leader_election.cc:304] T af36c53c6a464b04a4a3072de19d7369 P 34d405ef94e848d1ad1c10eb9765018e [CANDIDATE]: Term 1 pre-election: Election decided. Result: candidate lost. Election summary: received 3 responses out of 3 voters: 1 yes votes; 2 no votes. yes voters: 34d405ef94e848d1ad1c10eb9765018e; no voters: 393b76150c3941a99c7b98637d1397e0, b753638b6c094bba90fb25d2d30c03ef
I20260709 12:18:06.043653  2392 tablet_bootstrap.cc:492] T dfe6bfa1421a420895e2edd98a910f35 P 34d405ef94e848d1ad1c10eb9765018e: No bootstrap required, opened a new log
I20260709 12:18:06.012228  2514 raft_consensus.cc:515] T d05f9dbdb66b4f0587a5946125b17d9f P 34d405ef94e848d1ad1c10eb9765018e [term 1 FOLLOWER]: Starting leader election with config: opid_index: -1 OBSOLETE_local: false peers { permanent_uuid: "393b76150c3941a99c7b98637d1397e0" member_type: VOTER last_known_addr { host: "127.1.6.1" port: 46265 } } peers { permanent_uuid: "b753638b6c094bba90fb25d2d30c03ef" member_type: VOTER last_known_addr { host: "127.1.6.2" port: 36245 } } peers { permanent_uuid: "34d405ef94e848d1ad1c10eb9765018e" member_type: VOTER last_known_addr { host: "127.1.6.3" port: 40357 } }
I20260709 12:18:06.014711  2241 leader_election.cc:304] T dfe6bfa1421a420895e2edd98a910f35 P b753638b6c094bba90fb25d2d30c03ef [CANDIDATE]: Term 1 pre-election: Election decided. Result: candidate won. Election summary: received 2 responses out of 3 voters: 2 yes votes; 0 no votes. yes voters: 393b76150c3941a99c7b98637d1397e0, b753638b6c094bba90fb25d2d30c03ef; no voters: 
I20260709 12:18:06.045571  2392 ts_tablet_manager.cc:1403] T dfe6bfa1421a420895e2edd98a910f35 P 34d405ef94e848d1ad1c10eb9765018e: Time spent bootstrapping tablet: real 0.035s	user 0.009s	sys 0.008s
I20260709 12:18:06.045800  2461 raft_consensus.cc:2804] T dfe6bfa1421a420895e2edd98a910f35 P b753638b6c094bba90fb25d2d30c03ef [term 0 FOLLOWER]: Leader pre-election won for term 1
I20260709 12:18:06.046166  2461 raft_consensus.cc:493] T dfe6bfa1421a420895e2edd98a910f35 P b753638b6c094bba90fb25d2d30c03ef [term 0 FOLLOWER]: Starting leader election (no leader contacted us within the election timeout)
W20260709 12:18:06.046344  2240 leader_election.cc:343] T dfe6bfa1421a420895e2edd98a910f35 P b753638b6c094bba90fb25d2d30c03ef [CANDIDATE]: Term 1 pre-election: Tablet error from VoteRequest() call to peer 34d405ef94e848d1ad1c10eb9765018e (127.1.6.3:40357): Illegal state: must be running to vote when last-logged opid is not known
I20260709 12:18:06.048386  2461 raft_consensus.cc:3060] T dfe6bfa1421a420895e2edd98a910f35 P b753638b6c094bba90fb25d2d30c03ef [term 0 FOLLOWER]: Advancing to term 1
I20260709 12:18:06.053506  2200 tablet_service.cc:1917] Received RequestConsensusVote() RPC: tablet_id: "d05f9dbdb66b4f0587a5946125b17d9f" candidate_uuid: "34d405ef94e848d1ad1c10eb9765018e" candidate_term: 1 candidate_status { last_received { term: 0 index: 0 } } ignore_live_leader: false dest_uuid: "393b76150c3941a99c7b98637d1397e0"
I20260709 12:18:06.054456  2200 raft_consensus.cc:2393] T d05f9dbdb66b4f0587a5946125b17d9f P 393b76150c3941a99c7b98637d1397e0 [term 1 FOLLOWER]: Leader election vote request: Denying vote to candidate 34d405ef94e848d1ad1c10eb9765018e in current term 1: Already voted for candidate 393b76150c3941a99c7b98637d1397e0 in this term.
I20260709 12:18:06.055315  2164 leader_election.cc:304] T 34583f132e154ed5ba40ae49cc40b127 P 393b76150c3941a99c7b98637d1397e0 [CANDIDATE]: Term 1 pre-election: Election decided. Result: candidate won. Election summary: received 2 responses out of 3 voters: 2 yes votes; 0 no votes. yes voters: 393b76150c3941a99c7b98637d1397e0, b753638b6c094bba90fb25d2d30c03ef; no voters: 
I20260709 12:18:06.055636  2610 raft_consensus.cc:2749] T af36c53c6a464b04a4a3072de19d7369 P 34d405ef94e848d1ad1c10eb9765018e [term 1 FOLLOWER]: Leader pre-election lost for term 1. Reason: could not achieve majority
I20260709 12:18:06.055976  2514 leader_election.cc:290] T d05f9dbdb66b4f0587a5946125b17d9f P 34d405ef94e848d1ad1c10eb9765018e [CANDIDATE]: Term 1 election: Requested vote from peers 393b76150c3941a99c7b98637d1397e0 (127.1.6.1:46265), b753638b6c094bba90fb25d2d30c03ef (127.1.6.2:36245)
I20260709 12:18:06.056306  2618 raft_consensus.cc:2804] T 34583f132e154ed5ba40ae49cc40b127 P 393b76150c3941a99c7b98637d1397e0 [term 0 FOLLOWER]: Leader pre-election won for term 1
I20260709 12:18:06.056697  2618 raft_consensus.cc:493] T 34583f132e154ed5ba40ae49cc40b127 P 393b76150c3941a99c7b98637d1397e0 [term 0 FOLLOWER]: Starting leader election (no leader contacted us within the election timeout)
I20260709 12:18:06.057045  2618 raft_consensus.cc:3060] T 34583f132e154ed5ba40ae49cc40b127 P 393b76150c3941a99c7b98637d1397e0 [term 0 FOLLOWER]: Advancing to term 1
I20260709 12:18:06.054443  2457 raft_consensus.cc:515] T e411891bb196445fa230fd75861f7b79 P 393b76150c3941a99c7b98637d1397e0 [term 1 FOLLOWER]: Starting leader election with config: opid_index: -1 OBSOLETE_local: false peers { permanent_uuid: "393b76150c3941a99c7b98637d1397e0" member_type: VOTER last_known_addr { host: "127.1.6.1" port: 46265 } } peers { permanent_uuid: "b753638b6c094bba90fb25d2d30c03ef" member_type: VOTER last_known_addr { host: "127.1.6.2" port: 36245 } } peers { permanent_uuid: "34d405ef94e848d1ad1c10eb9765018e" member_type: VOTER last_known_addr { host: "127.1.6.3" port: 40357 } }
I20260709 12:18:06.059718  2457 leader_election.cc:290] T e411891bb196445fa230fd75861f7b79 P 393b76150c3941a99c7b98637d1397e0 [CANDIDATE]: Term 1 election: Requested vote from peers b753638b6c094bba90fb25d2d30c03ef (127.1.6.2:36245), 34d405ef94e848d1ad1c10eb9765018e (127.1.6.3:40357)
I20260709 12:18:06.064375  2391 tablet_bootstrap.cc:492] T 9a64e764779547d78d20dc0235b32b3e P 393b76150c3941a99c7b98637d1397e0: No bootstrap required, opened a new log
I20260709 12:18:06.064812  2391 ts_tablet_manager.cc:1403] T 9a64e764779547d78d20dc0235b32b3e P 393b76150c3941a99c7b98637d1397e0: Time spent bootstrapping tablet: real 0.091s	user 0.011s	sys 0.030s
I20260709 12:18:06.060945  2548 leader_election.cc:290] T d05f9dbdb66b4f0587a5946125b17d9f P 393b76150c3941a99c7b98637d1397e0 [CANDIDATE]: Term 1 election: Requested vote from peers b753638b6c094bba90fb25d2d30c03ef (127.1.6.2:36245), 34d405ef94e848d1ad1c10eb9765018e (127.1.6.3:40357)
I20260709 12:18:06.070669  2274 tablet_service.cc:1917] Received RequestConsensusVote() RPC: tablet_id: "d05f9dbdb66b4f0587a5946125b17d9f" candidate_uuid: "393b76150c3941a99c7b98637d1397e0" candidate_term: 1 candidate_status { last_received { term: 0 index: 0 } } ignore_live_leader: false dest_uuid: "b753638b6c094bba90fb25d2d30c03ef"
I20260709 12:18:06.071200  2274 raft_consensus.cc:3060] T d05f9dbdb66b4f0587a5946125b17d9f P b753638b6c094bba90fb25d2d30c03ef [term 0 FOLLOWER]: Advancing to term 1
I20260709 12:18:06.069594  2392 raft_consensus.cc:359] T dfe6bfa1421a420895e2edd98a910f35 P 34d405ef94e848d1ad1c10eb9765018e [term 0 FOLLOWER]: Replica starting. Triggering 0 pending ops. Active config: opid_index: -1 OBSOLETE_local: false peers { permanent_uuid: "393b76150c3941a99c7b98637d1397e0" member_type: VOTER last_known_addr { host: "127.1.6.1" port: 46265 } } peers { permanent_uuid: "b753638b6c094bba90fb25d2d30c03ef" member_type: VOTER last_known_addr { host: "127.1.6.2" port: 36245 } } peers { permanent_uuid: "34d405ef94e848d1ad1c10eb9765018e" member_type: VOTER last_known_addr { host: "127.1.6.3" port: 40357 } }
I20260709 12:18:06.073707  2392 raft_consensus.cc:385] T dfe6bfa1421a420895e2edd98a910f35 P 34d405ef94e848d1ad1c10eb9765018e [term 0 FOLLOWER]: Consensus starting up: Expiring failure detector timer to make a prompt election more likely
I20260709 12:18:06.074070  2392 raft_consensus.cc:740] T dfe6bfa1421a420895e2edd98a910f35 P 34d405ef94e848d1ad1c10eb9765018e [term 0 FOLLOWER]: Becoming Follower/Learner. State: Replica: 34d405ef94e848d1ad1c10eb9765018e, State: Initialized, Role: FOLLOWER
I20260709 12:18:06.076761  2461 raft_consensus.cc:515] T dfe6bfa1421a420895e2edd98a910f35 P b753638b6c094bba90fb25d2d30c03ef [term 1 FOLLOWER]: Starting leader election with config: opid_index: -1 OBSOLETE_local: false peers { permanent_uuid: "393b76150c3941a99c7b98637d1397e0" member_type: VOTER last_known_addr { host: "127.1.6.1" port: 46265 } } peers { permanent_uuid: "b753638b6c094bba90fb25d2d30c03ef" member_type: VOTER last_known_addr { host: "127.1.6.2" port: 36245 } } peers { permanent_uuid: "34d405ef94e848d1ad1c10eb9765018e" member_type: VOTER last_known_addr { host: "127.1.6.3" port: 40357 } }
I20260709 12:18:06.075268  2392 consensus_queue.cc:260] T dfe6bfa1421a420895e2edd98a910f35 P 34d405ef94e848d1ad1c10eb9765018e [NON_LEADER]: Queue going to NON_LEADER mode. State: All replicated index: 0, Majority replicated index: 0, Committed index: 0, Last appended: 0.0, Last appended by leader: 0, Current term: 0, Majority size: -1, State: 0, Mode: NON_LEADER, active raft config: opid_index: -1 OBSOLETE_local: false peers { permanent_uuid: "393b76150c3941a99c7b98637d1397e0" member_type: VOTER last_known_addr { host: "127.1.6.1" port: 46265 } } peers { permanent_uuid: "b753638b6c094bba90fb25d2d30c03ef" member_type: VOTER last_known_addr { host: "127.1.6.2" port: 36245 } } peers { permanent_uuid: "34d405ef94e848d1ad1c10eb9765018e" member_type: VOTER last_known_addr { host: "127.1.6.3" port: 40357 } }
I20260709 12:18:06.065352  2514 consensus_queue.cc:1048] T a63d0d37a4ad4f1ab9032ada72e96e59 P 34d405ef94e848d1ad1c10eb9765018e [LEADER]: Connected to new peer: Peer: permanent_uuid: "b753638b6c094bba90fb25d2d30c03ef" member_type: VOTER last_known_addr { host: "127.1.6.2" port: 36245 }, Status: LMP_MISMATCH, Last received: 0.0, Next index: 1, Last known committed idx: 0, Time since last communication: 0.015s
W20260709 12:18:06.082930  2313 leader_election.cc:343] T 9a64e764779547d78d20dc0235b32b3e P 34d405ef94e848d1ad1c10eb9765018e [CANDIDATE]: Term 1 pre-election: Tablet error from VoteRequest() call to peer b753638b6c094bba90fb25d2d30c03ef (127.1.6.2:36245): Illegal state: must be running to vote when last-logged opid is not known
I20260709 12:18:06.079885  2618 raft_consensus.cc:515] T 34583f132e154ed5ba40ae49cc40b127 P 393b76150c3941a99c7b98637d1397e0 [term 1 FOLLOWER]: Starting leader election with config: opid_index: -1 OBSOLETE_local: false peers { permanent_uuid: "393b76150c3941a99c7b98637d1397e0" member_type: VOTER last_known_addr { host: "127.1.6.1" port: 46265 } } peers { permanent_uuid: "b753638b6c094bba90fb25d2d30c03ef" member_type: VOTER last_known_addr { host: "127.1.6.2" port: 36245 } } peers { permanent_uuid: "34d405ef94e848d1ad1c10eb9765018e" member_type: VOTER last_known_addr { host: "127.1.6.3" port: 40357 } }
I20260709 12:18:06.083461  2313 leader_election.cc:304] T 9a64e764779547d78d20dc0235b32b3e P 34d405ef94e848d1ad1c10eb9765018e [CANDIDATE]: Term 1 pre-election: Election decided. Result: candidate lost. Election summary: received 3 responses out of 3 voters: 1 yes votes; 2 no votes. yes voters: 34d405ef94e848d1ad1c10eb9765018e; no voters: 393b76150c3941a99c7b98637d1397e0, b753638b6c094bba90fb25d2d30c03ef
I20260709 12:18:06.083571  2275 tablet_service.cc:1917] Received RequestConsensusVote() RPC: tablet_id: "e411891bb196445fa230fd75861f7b79" candidate_uuid: "393b76150c3941a99c7b98637d1397e0" candidate_term: 1 candidate_status { last_received { term: 0 index: 0 } } ignore_live_leader: false dest_uuid: "b753638b6c094bba90fb25d2d30c03ef"
I20260709 12:18:06.084190  2275 raft_consensus.cc:3060] T e411891bb196445fa230fd75861f7b79 P b753638b6c094bba90fb25d2d30c03ef [term 0 FOLLOWER]: Advancing to term 1
I20260709 12:18:06.084278  2477 raft_consensus.cc:2749] T 9a64e764779547d78d20dc0235b32b3e P 34d405ef94e848d1ad1c10eb9765018e [term 0 FOLLOWER]: Leader pre-election lost for term 1. Reason: could not achieve majority
I20260709 12:18:06.083602  2392 ts_tablet_manager.cc:1434] T dfe6bfa1421a420895e2edd98a910f35 P 34d405ef94e848d1ad1c10eb9765018e: Time spent starting tablet: real 0.038s	user 0.007s	sys 0.000s
I20260709 12:18:06.086530  2351 tablet_service.cc:1917] Received RequestConsensusVote() RPC: tablet_id: "c25150835eec4efcbc30c90589293050" candidate_uuid: "393b76150c3941a99c7b98637d1397e0" candidate_term: 1 candidate_status { last_received { term: 0 index: 0 } } ignore_live_leader: false dest_uuid: "34d405ef94e848d1ad1c10eb9765018e"
I20260709 12:18:06.087352  2351 raft_consensus.cc:3060] T c25150835eec4efcbc30c90589293050 P 34d405ef94e848d1ad1c10eb9765018e [term 0 FOLLOWER]: Advancing to term 1
I20260709 12:18:06.087529  2348 tablet_service.cc:1917] Received RequestConsensusVote() RPC: tablet_id: "e411891bb196445fa230fd75861f7b79" candidate_uuid: "393b76150c3941a99c7b98637d1397e0" candidate_term: 1 candidate_status { last_received { term: 0 index: 0 } } ignore_live_leader: false dest_uuid: "34d405ef94e848d1ad1c10eb9765018e" is_pre_election: true
I20260709 12:18:06.085743  2461 leader_election.cc:290] T dfe6bfa1421a420895e2edd98a910f35 P b753638b6c094bba90fb25d2d30c03ef [CANDIDATE]: Term 1 election: Requested vote from peers 393b76150c3941a99c7b98637d1397e0 (127.1.6.1:46265), 34d405ef94e848d1ad1c10eb9765018e (127.1.6.3:40357)
I20260709 12:18:06.088141  2348 raft_consensus.cc:2468] T e411891bb196445fa230fd75861f7b79 P 34d405ef94e848d1ad1c10eb9765018e [term 0 FOLLOWER]: Leader pre-election vote request: Granting yes vote for candidate 393b76150c3941a99c7b98637d1397e0 in term 0.
I20260709 12:18:06.090008  2393 tablet_bootstrap.cc:492] T 9a64e764779547d78d20dc0235b32b3e P b753638b6c094bba90fb25d2d30c03ef: No bootstrap required, opened a new log
I20260709 12:18:06.092670  2393 ts_tablet_manager.cc:1403] T 9a64e764779547d78d20dc0235b32b3e P b753638b6c094bba90fb25d2d30c03ef: Time spent bootstrapping tablet: real 0.112s	user 0.017s	sys 0.036s
I20260709 12:18:06.091452  2200 tablet_service.cc:1917] Received RequestConsensusVote() RPC: tablet_id: "dfe6bfa1421a420895e2edd98a910f35" candidate_uuid: "b753638b6c094bba90fb25d2d30c03ef" candidate_term: 1 candidate_status { last_received { term: 0 index: 0 } } ignore_live_leader: false dest_uuid: "393b76150c3941a99c7b98637d1397e0"
I20260709 12:18:06.099608  2200 raft_consensus.cc:3060] T dfe6bfa1421a420895e2edd98a910f35 P 393b76150c3941a99c7b98637d1397e0 [term 0 FOLLOWER]: Advancing to term 1
I20260709 12:18:06.100030  2350 tablet_service.cc:1917] Received RequestConsensusVote() RPC: tablet_id: "34583f132e154ed5ba40ae49cc40b127" candidate_uuid: "393b76150c3941a99c7b98637d1397e0" candidate_term: 1 candidate_status { last_received { term: 0 index: 0 } } ignore_live_leader: false dest_uuid: "34d405ef94e848d1ad1c10eb9765018e" is_pre_election: true
I20260709 12:18:06.100412  2276 tablet_service.cc:1917] Received RequestConsensusVote() RPC: tablet_id: "34583f132e154ed5ba40ae49cc40b127" candidate_uuid: "393b76150c3941a99c7b98637d1397e0" candidate_term: 1 candidate_status { last_received { term: 0 index: 0 } } ignore_live_leader: false dest_uuid: "b753638b6c094bba90fb25d2d30c03ef"
I20260709 12:18:06.100991  2276 raft_consensus.cc:3060] T 34583f132e154ed5ba40ae49cc40b127 P b753638b6c094bba90fb25d2d30c03ef [term 0 FOLLOWER]: Advancing to term 1
I20260709 12:18:06.100045  2477 raft_consensus.cc:493] T dfe6bfa1421a420895e2edd98a910f35 P 34d405ef94e848d1ad1c10eb9765018e [term 0 FOLLOWER]: Starting pre-election (no leader contacted us within the election timeout)
I20260709 12:18:06.103946  2477 raft_consensus.cc:515] T dfe6bfa1421a420895e2edd98a910f35 P 34d405ef94e848d1ad1c10eb9765018e [term 0 FOLLOWER]: Starting pre-election with config: opid_index: -1 OBSOLETE_local: false peers { permanent_uuid: "393b76150c3941a99c7b98637d1397e0" member_type: VOTER last_known_addr { host: "127.1.6.1" port: 46265 } } peers { permanent_uuid: "b753638b6c094bba90fb25d2d30c03ef" member_type: VOTER last_known_addr { host: "127.1.6.2" port: 36245 } } peers { permanent_uuid: "34d405ef94e848d1ad1c10eb9765018e" member_type: VOTER last_known_addr { host: "127.1.6.3" port: 40357 } }
I20260709 12:18:06.105413  2350 tablet_service.cc:1917] Received RequestConsensusVote() RPC: tablet_id: "d05f9dbdb66b4f0587a5946125b17d9f" candidate_uuid: "393b76150c3941a99c7b98637d1397e0" candidate_term: 1 candidate_status { last_received { term: 0 index: 0 } } ignore_live_leader: false dest_uuid: "34d405ef94e848d1ad1c10eb9765018e"
I20260709 12:18:06.105849  2477 leader_election.cc:290] T dfe6bfa1421a420895e2edd98a910f35 P 34d405ef94e848d1ad1c10eb9765018e [CANDIDATE]: Term 1 pre-election: Requested pre-vote from peers 393b76150c3941a99c7b98637d1397e0 (127.1.6.1:46265), b753638b6c094bba90fb25d2d30c03ef (127.1.6.2:36245)
I20260709 12:18:06.106304  2350 raft_consensus.cc:2393] T d05f9dbdb66b4f0587a5946125b17d9f P 34d405ef94e848d1ad1c10eb9765018e [term 1 FOLLOWER]: Leader election vote request: Denying vote to candidate 393b76150c3941a99c7b98637d1397e0 in current term 1: Already voted for candidate 34d405ef94e848d1ad1c10eb9765018e in this term.
I20260709 12:18:06.107383  2201 tablet_service.cc:1917] Received RequestConsensusVote() RPC: tablet_id: "dfe6bfa1421a420895e2edd98a910f35" candidate_uuid: "34d405ef94e848d1ad1c10eb9765018e" candidate_term: 1 candidate_status { last_received { term: 0 index: 0 } } ignore_live_leader: false dest_uuid: "393b76150c3941a99c7b98637d1397e0" is_pre_election: true
I20260709 12:18:06.107554  2350 tablet_service.cc:1917] Received RequestConsensusVote() RPC: tablet_id: "e411891bb196445fa230fd75861f7b79" candidate_uuid: "393b76150c3941a99c7b98637d1397e0" candidate_term: 1 candidate_status { last_received { term: 0 index: 0 } } ignore_live_leader: false dest_uuid: "34d405ef94e848d1ad1c10eb9765018e"
I20260709 12:18:06.108206  2350 raft_consensus.cc:3060] T e411891bb196445fa230fd75861f7b79 P 34d405ef94e848d1ad1c10eb9765018e [term 0 FOLLOWER]: Advancing to term 1
I20260709 12:18:06.092931  2349 tablet_service.cc:1917] Received RequestConsensusVote() RPC: tablet_id: "dfe6bfa1421a420895e2edd98a910f35" candidate_uuid: "b753638b6c094bba90fb25d2d30c03ef" candidate_term: 1 candidate_status { last_received { term: 0 index: 0 } } ignore_live_leader: false dest_uuid: "34d405ef94e848d1ad1c10eb9765018e"
I20260709 12:18:06.108855  2349 raft_consensus.cc:3060] T dfe6bfa1421a420895e2edd98a910f35 P 34d405ef94e848d1ad1c10eb9765018e [term 0 FOLLOWER]: Advancing to term 1
I20260709 12:18:06.111325  2275 raft_consensus.cc:2468] T e411891bb196445fa230fd75861f7b79 P b753638b6c094bba90fb25d2d30c03ef [term 1 FOLLOWER]: Leader election vote request: Granting yes vote for candidate 393b76150c3941a99c7b98637d1397e0 in term 1.
I20260709 12:18:06.090864  2348 tablet_service.cc:1917] Received RequestConsensusVote() RPC: tablet_id: "d05f9dbdb66b4f0587a5946125b17d9f" candidate_uuid: "393b76150c3941a99c7b98637d1397e0" candidate_term: 1 candidate_status { last_received { term: 0 index: 0 } } ignore_live_leader: false dest_uuid: "34d405ef94e848d1ad1c10eb9765018e" is_pre_election: true
I20260709 12:18:06.112452  2348 raft_consensus.cc:2393] T d05f9dbdb66b4f0587a5946125b17d9f P 34d405ef94e848d1ad1c10eb9765018e [term 1 FOLLOWER]: Leader pre-election vote request: Denying vote to candidate 393b76150c3941a99c7b98637d1397e0 in current term 1: Already voted for candidate 34d405ef94e848d1ad1c10eb9765018e in this term.
I20260709 12:18:06.114703  2351 raft_consensus.cc:2468] T c25150835eec4efcbc30c90589293050 P 34d405ef94e848d1ad1c10eb9765018e [term 1 FOLLOWER]: Leader election vote request: Granting yes vote for candidate 393b76150c3941a99c7b98637d1397e0 in term 1.
I20260709 12:18:06.093943  2274 raft_consensus.cc:2468] T d05f9dbdb66b4f0587a5946125b17d9f P b753638b6c094bba90fb25d2d30c03ef [term 1 FOLLOWER]: Leader election vote request: Granting yes vote for candidate 393b76150c3941a99c7b98637d1397e0 in term 1.
I20260709 12:18:06.093804  2391 raft_consensus.cc:359] T 9a64e764779547d78d20dc0235b32b3e P 393b76150c3941a99c7b98637d1397e0 [term 0 FOLLOWER]: Replica starting. Triggering 0 pending ops. Active config: opid_index: -1 OBSOLETE_local: false peers { permanent_uuid: "393b76150c3941a99c7b98637d1397e0" member_type: VOTER last_known_addr { host: "127.1.6.1" port: 46265 } } peers { permanent_uuid: "b753638b6c094bba90fb25d2d30c03ef" member_type: VOTER last_known_addr { host: "127.1.6.2" port: 36245 } } peers { permanent_uuid: "34d405ef94e848d1ad1c10eb9765018e" member_type: VOTER last_known_addr { host: "127.1.6.3" port: 40357 } }
I20260709 12:18:06.094880  2392 tablet_bootstrap.cc:492] T 34583f132e154ed5ba40ae49cc40b127 P 34d405ef94e848d1ad1c10eb9765018e: Bootstrap starting.
I20260709 12:18:06.092142  2618 leader_election.cc:290] T 34583f132e154ed5ba40ae49cc40b127 P 393b76150c3941a99c7b98637d1397e0 [CANDIDATE]: Term 1 election: Requested vote from peers b753638b6c094bba90fb25d2d30c03ef (127.1.6.2:36245), 34d405ef94e848d1ad1c10eb9765018e (127.1.6.3:40357)
I20260709 12:18:06.115535  2348 tablet_service.cc:1917] Received RequestConsensusVote() RPC: tablet_id: "34583f132e154ed5ba40ae49cc40b127" candidate_uuid: "393b76150c3941a99c7b98637d1397e0" candidate_term: 1 candidate_status { last_received { term: 0 index: 0 } } ignore_live_leader: false dest_uuid: "34d405ef94e848d1ad1c10eb9765018e"
I20260709 12:18:06.103225  2393 raft_consensus.cc:359] T 9a64e764779547d78d20dc0235b32b3e P b753638b6c094bba90fb25d2d30c03ef [term 0 FOLLOWER]: Replica starting. Triggering 0 pending ops. Active config: opid_index: -1 OBSOLETE_local: false peers { permanent_uuid: "393b76150c3941a99c7b98637d1397e0" member_type: VOTER last_known_addr { host: "127.1.6.1" port: 46265 } } peers { permanent_uuid: "b753638b6c094bba90fb25d2d30c03ef" member_type: VOTER last_known_addr { host: "127.1.6.2" port: 36245 } } peers { permanent_uuid: "34d405ef94e848d1ad1c10eb9765018e" member_type: VOTER last_known_addr { host: "127.1.6.3" port: 40357 } }
I20260709 12:18:06.119493  2393 raft_consensus.cc:385] T 9a64e764779547d78d20dc0235b32b3e P b753638b6c094bba90fb25d2d30c03ef [term 0 FOLLOWER]: Consensus starting up: Expiring failure detector timer to make a prompt election more likely
I20260709 12:18:06.119781  2393 raft_consensus.cc:740] T 9a64e764779547d78d20dc0235b32b3e P b753638b6c094bba90fb25d2d30c03ef [term 0 FOLLOWER]: Becoming Follower/Learner. State: Replica: b753638b6c094bba90fb25d2d30c03ef, State: Initialized, Role: FOLLOWER
I20260709 12:18:06.120456  2276 raft_consensus.cc:2468] T 34583f132e154ed5ba40ae49cc40b127 P b753638b6c094bba90fb25d2d30c03ef [term 1 FOLLOWER]: Leader election vote request: Granting yes vote for candidate 393b76150c3941a99c7b98637d1397e0 in term 1.
I20260709 12:18:06.120362  2393 consensus_queue.cc:260] T 9a64e764779547d78d20dc0235b32b3e P b753638b6c094bba90fb25d2d30c03ef [NON_LEADER]: Queue going to NON_LEADER mode. State: All replicated index: 0, Majority replicated index: 0, Committed index: 0, Last appended: 0.0, Last appended by leader: 0, Current term: 0, Majority size: -1, State: 0, Mode: NON_LEADER, active raft config: opid_index: -1 OBSOLETE_local: false peers { permanent_uuid: "393b76150c3941a99c7b98637d1397e0" member_type: VOTER last_known_addr { host: "127.1.6.1" port: 46265 } } peers { permanent_uuid: "b753638b6c094bba90fb25d2d30c03ef" member_type: VOTER last_known_addr { host: "127.1.6.2" port: 36245 } } peers { permanent_uuid: "34d405ef94e848d1ad1c10eb9765018e" member_type: VOTER last_known_addr { host: "127.1.6.3" port: 40357 } }
I20260709 12:18:06.115552  2391 raft_consensus.cc:385] T 9a64e764779547d78d20dc0235b32b3e P 393b76150c3941a99c7b98637d1397e0 [term 0 FOLLOWER]: Consensus starting up: Expiring failure detector timer to make a prompt election more likely
I20260709 12:18:06.122397  2393 ts_tablet_manager.cc:1434] T 9a64e764779547d78d20dc0235b32b3e P b753638b6c094bba90fb25d2d30c03ef: Time spent starting tablet: real 0.023s	user 0.003s	sys 0.000s
I20260709 12:18:06.122610  2391 raft_consensus.cc:740] T 9a64e764779547d78d20dc0235b32b3e P 393b76150c3941a99c7b98637d1397e0 [term 0 FOLLOWER]: Becoming Follower/Learner. State: Replica: 393b76150c3941a99c7b98637d1397e0, State: Initialized, Role: FOLLOWER
I20260709 12:18:06.123339  2393 tablet_bootstrap.cc:492] T d94310efa5384c6da9b89344e906a0a0 P b753638b6c094bba90fb25d2d30c03ef: Bootstrap starting.
I20260709 12:18:06.131039  2349 raft_consensus.cc:2468] T dfe6bfa1421a420895e2edd98a910f35 P 34d405ef94e848d1ad1c10eb9765018e [term 1 FOLLOWER]: Leader election vote request: Granting yes vote for candidate b753638b6c094bba90fb25d2d30c03ef in term 1.
I20260709 12:18:06.135589  2392 tablet_bootstrap.cc:654] T 34583f132e154ed5ba40ae49cc40b127 P 34d405ef94e848d1ad1c10eb9765018e: Neither blocks nor log segments found. Creating new log.
I20260709 12:18:06.129221  2350 raft_consensus.cc:2468] T e411891bb196445fa230fd75861f7b79 P 34d405ef94e848d1ad1c10eb9765018e [term 1 FOLLOWER]: Leader election vote request: Granting yes vote for candidate 393b76150c3941a99c7b98637d1397e0 in term 1.
I20260709 12:18:06.123569  2391 consensus_queue.cc:260] T 9a64e764779547d78d20dc0235b32b3e P 393b76150c3941a99c7b98637d1397e0 [NON_LEADER]: Queue going to NON_LEADER mode. State: All replicated index: 0, Majority replicated index: 0, Committed index: 0, Last appended: 0.0, Last appended by leader: 0, Current term: 0, Majority size: -1, State: 0, Mode: NON_LEADER, active raft config: opid_index: -1 OBSOLETE_local: false peers { permanent_uuid: "393b76150c3941a99c7b98637d1397e0" member_type: VOTER last_known_addr { host: "127.1.6.1" port: 46265 } } peers { permanent_uuid: "b753638b6c094bba90fb25d2d30c03ef" member_type: VOTER last_known_addr { host: "127.1.6.2" port: 36245 } } peers { permanent_uuid: "34d405ef94e848d1ad1c10eb9765018e" member_type: VOTER last_known_addr { host: "127.1.6.3" port: 40357 } }
I20260709 12:18:06.136890  2271 tablet_service.cc:1917] Received RequestConsensusVote() RPC: tablet_id: "dfe6bfa1421a420895e2edd98a910f35" candidate_uuid: "34d405ef94e848d1ad1c10eb9765018e" candidate_term: 1 candidate_status { last_received { term: 0 index: 0 } } ignore_live_leader: false dest_uuid: "b753638b6c094bba90fb25d2d30c03ef" is_pre_election: true
I20260709 12:18:06.137725  2271 raft_consensus.cc:2393] T dfe6bfa1421a420895e2edd98a910f35 P b753638b6c094bba90fb25d2d30c03ef [term 1 FOLLOWER]: Leader pre-election vote request: Denying vote to candidate 34d405ef94e848d1ad1c10eb9765018e in current term 1: Already voted for candidate b753638b6c094bba90fb25d2d30c03ef in this term.
I20260709 12:18:06.105880  2200 raft_consensus.cc:2468] T dfe6bfa1421a420895e2edd98a910f35 P 393b76150c3941a99c7b98637d1397e0 [term 1 FOLLOWER]: Leader election vote request: Granting yes vote for candidate b753638b6c094bba90fb25d2d30c03ef in term 1.
I20260709 12:18:06.138408  2391 ts_tablet_manager.cc:1434] T 9a64e764779547d78d20dc0235b32b3e P 393b76150c3941a99c7b98637d1397e0: Time spent starting tablet: real 0.073s	user 0.007s	sys 0.000s
