I20260709 12:17:56.555775 19344 raft_consensus.cc:515] T bb92ea6b3d47401eaa29327276cc77ef P abe227521e7b4d8c8afe74fe02470402 [term 0 FOLLOWER]: Starting pre-election with config: opid_index: -1 OBSOLETE_local: false peers { permanent_uuid: "abe227521e7b4d8c8afe74fe02470402" member_type: VOTER last_known_addr { host: "127.17.141.193" port: 34987 } } peers { permanent_uuid: "d06d401b50284db39552cc40f74b8c46" member_type: VOTER last_known_addr { host: "127.17.141.194" port: 33997 } } peers { permanent_uuid: "28eb118233444e9fa78ab9a3dc5f2e25" member_type: VOTER last_known_addr { host: "127.17.141.195" port: 34277 } }
I20260709 12:17:56.563261 19206 tablet_service.cc:1917] Received RequestConsensusVote() RPC: tablet_id: "bb92ea6b3d47401eaa29327276cc77ef" candidate_uuid: "abe227521e7b4d8c8afe74fe02470402" candidate_term: 1 candidate_status { last_received { term: 0 index: 0 } } ignore_live_leader: false dest_uuid: "d06d401b50284db39552cc40f74b8c46" is_pre_election: true
W20260709 12:17:56.564857 19096 leader_election.cc:343] T bb92ea6b3d47401eaa29327276cc77ef P abe227521e7b4d8c8afe74fe02470402 [CANDIDATE]: Term 1 pre-election: Tablet error from VoteRequest() call to peer d06d401b50284db39552cc40f74b8c46 (127.17.141.194:33997): Illegal state: must be running to vote when last-logged opid is not known
I20260709 12:17:56.565371 19028 catalog_manager.cc:5697] T d17f38fb7c2d458398d8a0c058186180 P d06d401b50284db39552cc40f74b8c46 reported cstate change: term changed from 0 to 1, leader changed from <none> to d06d401b50284db39552cc40f74b8c46 (127.17.141.194). New cstate: current_term: 1 leader_uuid: "d06d401b50284db39552cc40f74b8c46" committed_config { opid_index: -1 OBSOLETE_local: false peers { permanent_uuid: "abe227521e7b4d8c8afe74fe02470402" member_type: VOTER last_known_addr { host: "127.17.141.193" port: 34987 } health_report { overall_health: UNKNOWN } } peers { permanent_uuid: "d06d401b50284db39552cc40f74b8c46" member_type: VOTER last_known_addr { host: "127.17.141.194" port: 33997 } health_report { overall_health: HEALTHY } } peers { permanent_uuid: "28eb118233444e9fa78ab9a3dc5f2e25" member_type: VOTER last_known_addr { host: "127.17.141.195" port: 34277 } health_report { overall_health: UNKNOWN } } }
I20260709 12:17:56.566958 19280 tablet_service.cc:1917] Received RequestConsensusVote() RPC: tablet_id: "bb92ea6b3d47401eaa29327276cc77ef" candidate_uuid: "abe227521e7b4d8c8afe74fe02470402" candidate_term: 1 candidate_status { last_received { term: 0 index: 0 } } ignore_live_leader: false dest_uuid: "28eb118233444e9fa78ab9a3dc5f2e25" is_pre_election: true
W20260709 12:17:56.568302 19094 leader_election.cc:343] T bb92ea6b3d47401eaa29327276cc77ef P abe227521e7b4d8c8afe74fe02470402 [CANDIDATE]: Term 1 pre-election: Tablet error from VoteRequest() call to peer 28eb118233444e9fa78ab9a3dc5f2e25 (127.17.141.195:34277): Illegal state: must be running to vote when last-logged opid is not known
I20260709 12:17:56.568699 19094 leader_election.cc:304] T bb92ea6b3d47401eaa29327276cc77ef P abe227521e7b4d8c8afe74fe02470402 [CANDIDATE]: Term 1 pre-election: Election decided. Result: candidate lost. Election summary: received 3 responses out of 3 voters: 1 yes votes; 2 no votes. yes voters: abe227521e7b4d8c8afe74fe02470402; no voters: 28eb118233444e9fa78ab9a3dc5f2e25, d06d401b50284db39552cc40f74b8c46
I20260709 12:17:56.569519 19323 raft_consensus.cc:2749] T bb92ea6b3d47401eaa29327276cc77ef P abe227521e7b4d8c8afe74fe02470402 [term 0 FOLLOWER]: Leader pre-election lost for term 1. Reason: could not achieve majority
I20260709 12:17:56.540683 19270 tablet_service.cc:1511] Processing CreateTablet for tablet 619eea8d2a6940a399a6c26953eac209 (DEFAULT_TABLE table=test-workload [id=6efc26a207d74ab18529ccfc6d38f373]), partition=RANGE (key) PARTITION 1856299377 <= VALUES < 1892697404
I20260709 12:17:56.570662 19344 leader_election.cc:290] T bb92ea6b3d47401eaa29327276cc77ef P abe227521e7b4d8c8afe74fe02470402 [CANDIDATE]: Term 1 pre-election: Requested pre-vote from peers d06d401b50284db39552cc40f74b8c46 (127.17.141.194:33997), 28eb118233444e9fa78ab9a3dc5f2e25 (127.17.141.195:34277)
I20260709 12:17:56.530579 19261 tablet_service.cc:1511] Processing CreateTablet for tablet 1d56314006e74641bc339ed00517a9ff (DEFAULT_TABLE table=test-workload [id=6efc26a207d74ab18529ccfc6d38f373]), partition=RANGE (key) PARTITION 1747105296 <= VALUES < 1783503323
I20260709 12:17:56.572369 19261 data_dirs.cc:400] Could only allocate 1 dirs of requested 3 for tablet 1d56314006e74641bc339ed00517a9ff. 1 dirs total, 0 dirs full, 0 dirs failed
I20260709 12:17:56.575704 19270 data_dirs.cc:400] Could only allocate 1 dirs of requested 3 for tablet 619eea8d2a6940a399a6c26953eac209. 1 dirs total, 0 dirs full, 0 dirs failed
I20260709 12:17:56.576792 19116 tablet_service.cc:1511] Processing CreateTablet for tablet 35146961231640469ac0b79bea561a63 (DEFAULT_TABLE table=test-workload [id=6efc26a207d74ab18529ccfc6d38f373]), partition=RANGE (key) PARTITION 2074687539 <= VALUES < 2111085566
I20260709 12:17:56.578154 19117 tablet_service.cc:1511] Processing CreateTablet for tablet f5fc3498b54546428dc5aa6627d6fd3b (DEFAULT_TABLE table=test-workload [id=6efc26a207d74ab18529ccfc6d38f373]), partition=RANGE (key) PARTITION 2111085566 <= VALUES
I20260709 12:17:56.580606 19117 data_dirs.cc:400] Could only allocate 1 dirs of requested 3 for tablet f5fc3498b54546428dc5aa6627d6fd3b. 1 dirs total, 0 dirs full, 0 dirs failed
I20260709 12:17:56.581596 19191 tablet_service.cc:1511] Processing CreateTablet for tablet f5fc3498b54546428dc5aa6627d6fd3b (DEFAULT_TABLE table=test-workload [id=6efc26a207d74ab18529ccfc6d38f373]), partition=RANGE (key) PARTITION 2111085566 <= VALUES
I20260709 12:17:56.582701 19191 data_dirs.cc:400] Could only allocate 1 dirs of requested 3 for tablet f5fc3498b54546428dc5aa6627d6fd3b. 1 dirs total, 0 dirs full, 0 dirs failed
I20260709 12:17:56.583750 19116 data_dirs.cc:400] Could only allocate 1 dirs of requested 3 for tablet 35146961231640469ac0b79bea561a63. 1 dirs total, 0 dirs full, 0 dirs failed
I20260709 12:17:56.591298 19324 tablet_bootstrap.cc:654] T 2bc86b79cb6d490e86730217e105ab46 P 28eb118233444e9fa78ab9a3dc5f2e25: Neither blocks nor log segments found. Creating new log.
I20260709 12:17:56.595757 19262 tablet_service.cc:1511] Processing CreateTablet for tablet 8284c2031cc941a0ac498a8360802352 (DEFAULT_TABLE table=test-workload [id=6efc26a207d74ab18529ccfc6d38f373]), partition=RANGE (key) PARTITION 1892697404 <= VALUES < 1929095431
I20260709 12:17:56.596896 19262 data_dirs.cc:400] Could only allocate 1 dirs of requested 3 for tablet 8284c2031cc941a0ac498a8360802352. 1 dirs total, 0 dirs full, 0 dirs failed
I20260709 12:17:56.603605 19189 tablet_service.cc:1511] Processing CreateTablet for tablet 35146961231640469ac0b79bea561a63 (DEFAULT_TABLE table=test-workload [id=6efc26a207d74ab18529ccfc6d38f373]), partition=RANGE (key) PARTITION 2074687539 <= VALUES < 2111085566
I20260709 12:17:56.623554 19268 tablet_service.cc:1511] Processing CreateTablet for tablet dc5e8f6d69eb4c69a23e27e229cf375d (DEFAULT_TABLE table=test-workload [id=6efc26a207d74ab18529ccfc6d38f373]), partition=RANGE (key) PARTITION 1929095431 <= VALUES < 1965493458
I20260709 12:17:56.624758 19268 data_dirs.cc:400] Could only allocate 1 dirs of requested 3 for tablet dc5e8f6d69eb4c69a23e27e229cf375d. 1 dirs total, 0 dirs full, 0 dirs failed
I20260709 12:17:56.625739 19189 data_dirs.cc:400] Could only allocate 1 dirs of requested 3 for tablet 35146961231640469ac0b79bea561a63. 1 dirs total, 0 dirs full, 0 dirs failed
I20260709 12:17:56.631754 19266 tablet_service.cc:1511] Processing CreateTablet for tablet 08d0b3ee7d28404f971ba9b3c86a608c (DEFAULT_TABLE table=test-workload [id=6efc26a207d74ab18529ccfc6d38f373]), partition=RANGE (key) PARTITION 1965493458 <= VALUES < 2001891485
I20260709 12:17:56.632973 19266 data_dirs.cc:400] Could only allocate 1 dirs of requested 3 for tablet 08d0b3ee7d28404f971ba9b3c86a608c. 1 dirs total, 0 dirs full, 0 dirs failed
I20260709 12:17:56.633944 19324 tablet_bootstrap.cc:492] T 2bc86b79cb6d490e86730217e105ab46 P 28eb118233444e9fa78ab9a3dc5f2e25: No bootstrap required, opened a new log
I20260709 12:17:56.636420 19334 raft_consensus.cc:493] T 19a12b9aaf7248b4be67389d81e4e216 P 28eb118233444e9fa78ab9a3dc5f2e25 [term 0 FOLLOWER]: Starting pre-election (no leader contacted us within the election timeout)
I20260709 12:17:56.637442 19324 ts_tablet_manager.cc:1403] T 2bc86b79cb6d490e86730217e105ab46 P 28eb118233444e9fa78ab9a3dc5f2e25: Time spent bootstrapping tablet: real 0.103s	user 0.007s	sys 0.012s
I20260709 12:17:56.637542 19334 raft_consensus.cc:515] T 19a12b9aaf7248b4be67389d81e4e216 P 28eb118233444e9fa78ab9a3dc5f2e25 [term 0 FOLLOWER]: Starting pre-election with config: opid_index: -1 OBSOLETE_local: false peers { permanent_uuid: "abe227521e7b4d8c8afe74fe02470402" member_type: VOTER last_known_addr { host: "127.17.141.193" port: 34987 } } peers { permanent_uuid: "d06d401b50284db39552cc40f74b8c46" member_type: VOTER last_known_addr { host: "127.17.141.194" port: 33997 } } peers { permanent_uuid: "28eb118233444e9fa78ab9a3dc5f2e25" member_type: VOTER last_known_addr { host: "127.17.141.195" port: 34277 } }
I20260709 12:17:56.642913 19269 tablet_service.cc:1511] Processing CreateTablet for tablet b3aed142c09f4f44b5bf74dd4ab6660b (DEFAULT_TABLE table=test-workload [id=6efc26a207d74ab18529ccfc6d38f373]), partition=RANGE (key) PARTITION 2001891485 <= VALUES < 2038289512
I20260709 12:17:56.646925 19320 tablet_bootstrap.cc:492] T bb92ea6b3d47401eaa29327276cc77ef P d06d401b50284db39552cc40f74b8c46: No bootstrap required, opened a new log
I20260709 12:17:56.647377 19320 ts_tablet_manager.cc:1403] T bb92ea6b3d47401eaa29327276cc77ef P d06d401b50284db39552cc40f74b8c46: Time spent bootstrapping tablet: real 0.306s	user 0.021s	sys 0.005s
I20260709 12:17:56.647935 19131 tablet_service.cc:1917] Received RequestConsensusVote() RPC: tablet_id: "19a12b9aaf7248b4be67389d81e4e216" candidate_uuid: "28eb118233444e9fa78ab9a3dc5f2e25" candidate_term: 1 candidate_status { last_received { term: 0 index: 0 } } ignore_live_leader: false dest_uuid: "abe227521e7b4d8c8afe74fe02470402" is_pre_election: true
W20260709 12:17:56.649250 19243 leader_election.cc:343] T 19a12b9aaf7248b4be67389d81e4e216 P 28eb118233444e9fa78ab9a3dc5f2e25 [CANDIDATE]: Term 1 pre-election: Tablet error from VoteRequest() call to peer abe227521e7b4d8c8afe74fe02470402 (127.17.141.193:34987): Illegal state: must be running to vote when last-logged opid is not known
I20260709 12:17:56.650025 19320 raft_consensus.cc:359] T bb92ea6b3d47401eaa29327276cc77ef P d06d401b50284db39552cc40f74b8c46 [term 0 FOLLOWER]: Replica starting. Triggering 0 pending ops. Active config: opid_index: -1 OBSOLETE_local: false peers { permanent_uuid: "abe227521e7b4d8c8afe74fe02470402" member_type: VOTER last_known_addr { host: "127.17.141.193" port: 34987 } } peers { permanent_uuid: "d06d401b50284db39552cc40f74b8c46" member_type: VOTER last_known_addr { host: "127.17.141.194" port: 33997 } } peers { permanent_uuid: "28eb118233444e9fa78ab9a3dc5f2e25" member_type: VOTER last_known_addr { host: "127.17.141.195" port: 34277 } }
I20260709 12:17:56.650681 19320 raft_consensus.cc:385] T bb92ea6b3d47401eaa29327276cc77ef P d06d401b50284db39552cc40f74b8c46 [term 0 FOLLOWER]: Consensus starting up: Expiring failure detector timer to make a prompt election more likely
I20260709 12:17:56.651197 19206 tablet_service.cc:1917] Received RequestConsensusVote() RPC: tablet_id: "19a12b9aaf7248b4be67389d81e4e216" candidate_uuid: "28eb118233444e9fa78ab9a3dc5f2e25" candidate_term: 1 candidate_status { last_received { term: 0 index: 0 } } ignore_live_leader: false dest_uuid: "d06d401b50284db39552cc40f74b8c46" is_pre_election: true
W20260709 12:17:56.652683 19245 leader_election.cc:343] T 19a12b9aaf7248b4be67389d81e4e216 P 28eb118233444e9fa78ab9a3dc5f2e25 [CANDIDATE]: Term 1 pre-election: Tablet error from VoteRequest() call to peer d06d401b50284db39552cc40f74b8c46 (127.17.141.194:33997): Illegal state: must be running to vote when last-logged opid is not known
I20260709 12:17:56.653085 19245 leader_election.cc:304] T 19a12b9aaf7248b4be67389d81e4e216 P 28eb118233444e9fa78ab9a3dc5f2e25 [CANDIDATE]: Term 1 pre-election: Election decided. Result: candidate lost. Election summary: received 3 responses out of 3 voters: 1 yes votes; 2 no votes. yes voters: 28eb118233444e9fa78ab9a3dc5f2e25; no voters: abe227521e7b4d8c8afe74fe02470402, d06d401b50284db39552cc40f74b8c46
I20260709 12:17:56.653326 19329 raft_consensus.cc:493] T e49d270a0b73442e9db2ec41dc9ee8b2 P d06d401b50284db39552cc40f74b8c46 [term 0 FOLLOWER]: Starting pre-election (no leader contacted us within the election timeout)
I20260709 12:17:56.653828 19264 tablet_service.cc:1511] Processing CreateTablet for tablet b9ae4ab926714659ab0197b23aac4265 (DEFAULT_TABLE table=test-workload [id=6efc26a207d74ab18529ccfc6d38f373]), partition=RANGE (key) PARTITION 2038289512 <= VALUES < 2074687539
I20260709 12:17:56.653776 19329 raft_consensus.cc:515] T e49d270a0b73442e9db2ec41dc9ee8b2 P d06d401b50284db39552cc40f74b8c46 [term 0 FOLLOWER]: Starting pre-election with config: opid_index: -1 OBSOLETE_local: false peers { permanent_uuid: "abe227521e7b4d8c8afe74fe02470402" member_type: VOTER last_known_addr { host: "127.17.141.193" port: 34987 } } peers { permanent_uuid: "d06d401b50284db39552cc40f74b8c46" member_type: VOTER last_known_addr { host: "127.17.141.194" port: 33997 } } peers { permanent_uuid: "28eb118233444e9fa78ab9a3dc5f2e25" member_type: VOTER last_known_addr { host: "127.17.141.195" port: 34277 } }
I20260709 12:17:56.655189 19264 data_dirs.cc:400] Could only allocate 1 dirs of requested 3 for tablet b9ae4ab926714659ab0197b23aac4265. 1 dirs total, 0 dirs full, 0 dirs failed
I20260709 12:17:56.655304 19334 leader_election.cc:290] T 19a12b9aaf7248b4be67389d81e4e216 P 28eb118233444e9fa78ab9a3dc5f2e25 [CANDIDATE]: Term 1 pre-election: Requested pre-vote from peers abe227521e7b4d8c8afe74fe02470402 (127.17.141.193:34987), d06d401b50284db39552cc40f74b8c46 (127.17.141.194:33997)
I20260709 12:17:56.655917 19329 leader_election.cc:290] T e49d270a0b73442e9db2ec41dc9ee8b2 P d06d401b50284db39552cc40f74b8c46 [CANDIDATE]: Term 1 pre-election: Requested pre-vote from peers abe227521e7b4d8c8afe74fe02470402 (127.17.141.193:34987), 28eb118233444e9fa78ab9a3dc5f2e25 (127.17.141.195:34277)
I20260709 12:17:56.657970 19280 tablet_service.cc:1917] Received RequestConsensusVote() RPC: tablet_id: "e49d270a0b73442e9db2ec41dc9ee8b2" candidate_uuid: "d06d401b50284db39552cc40f74b8c46" candidate_term: 1 candidate_status { last_received { term: 0 index: 0 } } ignore_live_leader: false dest_uuid: "28eb118233444e9fa78ab9a3dc5f2e25" is_pre_election: true
I20260709 12:17:56.658708 19131 tablet_service.cc:1917] Received RequestConsensusVote() RPC: tablet_id: "e49d270a0b73442e9db2ec41dc9ee8b2" candidate_uuid: "d06d401b50284db39552cc40f74b8c46" candidate_term: 1 candidate_status { last_received { term: 0 index: 0 } } ignore_live_leader: false dest_uuid: "abe227521e7b4d8c8afe74fe02470402" is_pre_election: true
I20260709 12:17:56.650933 19320 raft_consensus.cc:740] T bb92ea6b3d47401eaa29327276cc77ef P d06d401b50284db39552cc40f74b8c46 [term 0 FOLLOWER]: Becoming Follower/Learner. State: Replica: d06d401b50284db39552cc40f74b8c46, State: Initialized, Role: FOLLOWER
W20260709 12:17:56.667286 19169 leader_election.cc:343] T e49d270a0b73442e9db2ec41dc9ee8b2 P d06d401b50284db39552cc40f74b8c46 [CANDIDATE]: Term 1 pre-election: Tablet error from VoteRequest() call to peer 28eb118233444e9fa78ab9a3dc5f2e25 (127.17.141.195:34277): Illegal state: must be running to vote when last-logged opid is not known
W20260709 12:17:56.668238 19169 leader_election.cc:343] T e49d270a0b73442e9db2ec41dc9ee8b2 P d06d401b50284db39552cc40f74b8c46 [CANDIDATE]: Term 1 pre-election: Tablet error from VoteRequest() call to peer abe227521e7b4d8c8afe74fe02470402 (127.17.141.193:34987): Illegal state: must be running to vote when last-logged opid is not known
I20260709 12:17:56.668618 19169 leader_election.cc:304] T e49d270a0b73442e9db2ec41dc9ee8b2 P d06d401b50284db39552cc40f74b8c46 [CANDIDATE]: Term 1 pre-election: Election decided. Result: candidate lost. Election summary: received 3 responses out of 3 voters: 1 yes votes; 2 no votes. yes voters: d06d401b50284db39552cc40f74b8c46; no voters: 28eb118233444e9fa78ab9a3dc5f2e25, abe227521e7b4d8c8afe74fe02470402
I20260709 12:17:56.669596 19329 raft_consensus.cc:2749] T e49d270a0b73442e9db2ec41dc9ee8b2 P d06d401b50284db39552cc40f74b8c46 [term 0 FOLLOWER]: Leader pre-election lost for term 1. Reason: could not achieve majority
I20260709 12:17:56.670157 19321 tablet_bootstrap.cc:492] T b643b310173542bdbb2ac1143567a989 P abe227521e7b4d8c8afe74fe02470402: Bootstrap starting.
I20260709 12:17:56.692345 19263 tablet_service.cc:1511] Processing CreateTablet for tablet 35146961231640469ac0b79bea561a63 (DEFAULT_TABLE table=test-workload [id=6efc26a207d74ab18529ccfc6d38f373]), partition=RANGE (key) PARTITION 2074687539 <= VALUES < 2111085566
I20260709 12:17:56.664405 19334 raft_consensus.cc:2749] T 19a12b9aaf7248b4be67389d81e4e216 P 28eb118233444e9fa78ab9a3dc5f2e25 [term 0 FOLLOWER]: Leader pre-election lost for term 1. Reason: could not achieve majority
I20260709 12:17:56.697232 19261 tablet_service.cc:1511] Processing CreateTablet for tablet f5fc3498b54546428dc5aa6627d6fd3b (DEFAULT_TABLE table=test-workload [id=6efc26a207d74ab18529ccfc6d38f373]), partition=RANGE (key) PARTITION 2111085566 <= VALUES
I20260709 12:17:56.676471 19320 consensus_queue.cc:260] T bb92ea6b3d47401eaa29327276cc77ef P d06d401b50284db39552cc40f74b8c46 [NON_LEADER]: Queue going to NON_LEADER mode. State: All replicated index: 0, Majority replicated index: 0, Committed index: 0, Last appended: 0.0, Last appended by leader: 0, Current term: 0, Majority size: -1, State: 0, Mode: NON_LEADER, active raft config: opid_index: -1 OBSOLETE_local: false peers { permanent_uuid: "abe227521e7b4d8c8afe74fe02470402" member_type: VOTER last_known_addr { host: "127.17.141.193" port: 34987 } } peers { permanent_uuid: "d06d401b50284db39552cc40f74b8c46" member_type: VOTER last_known_addr { host: "127.17.141.194" port: 33997 } } peers { permanent_uuid: "28eb118233444e9fa78ab9a3dc5f2e25" member_type: VOTER last_known_addr { host: "127.17.141.195" port: 34277 } }
I20260709 12:17:56.698534 19269 data_dirs.cc:400] Could only allocate 1 dirs of requested 3 for tablet b3aed142c09f4f44b5bf74dd4ab6660b. 1 dirs total, 0 dirs full, 0 dirs failed
I20260709 12:17:56.700130 19320 ts_tablet_manager.cc:1434] T bb92ea6b3d47401eaa29327276cc77ef P d06d401b50284db39552cc40f74b8c46: Time spent starting tablet: real 0.052s	user 0.006s	sys 0.000s
I20260709 12:17:56.700042 19324 raft_consensus.cc:359] T 2bc86b79cb6d490e86730217e105ab46 P 28eb118233444e9fa78ab9a3dc5f2e25 [term 0 FOLLOWER]: Replica starting. Triggering 0 pending ops. Active config: opid_index: -1 OBSOLETE_local: false peers { permanent_uuid: "abe227521e7b4d8c8afe74fe02470402" member_type: VOTER last_known_addr { host: "127.17.141.193" port: 34987 } } peers { permanent_uuid: "d06d401b50284db39552cc40f74b8c46" member_type: VOTER last_known_addr { host: "127.17.141.194" port: 33997 } } peers { permanent_uuid: "28eb118233444e9fa78ab9a3dc5f2e25" member_type: VOTER last_known_addr { host: "127.17.141.195" port: 34277 } }
I20260709 12:17:56.700821 19324 raft_consensus.cc:385] T 2bc86b79cb6d490e86730217e105ab46 P 28eb118233444e9fa78ab9a3dc5f2e25 [term 0 FOLLOWER]: Consensus starting up: Expiring failure detector timer to make a prompt election more likely
I20260709 12:17:56.701159 19324 raft_consensus.cc:740] T 2bc86b79cb6d490e86730217e105ab46 P 28eb118233444e9fa78ab9a3dc5f2e25 [term 0 FOLLOWER]: Becoming Follower/Learner. State: Replica: 28eb118233444e9fa78ab9a3dc5f2e25, State: Initialized, Role: FOLLOWER
I20260709 12:17:56.701357 19320 tablet_bootstrap.cc:492] T 812c12b5b2d44b6aa0764cf80dd80971 P d06d401b50284db39552cc40f74b8c46: Bootstrap starting.
I20260709 12:17:56.701941 19324 consensus_queue.cc:260] T 2bc86b79cb6d490e86730217e105ab46 P 28eb118233444e9fa78ab9a3dc5f2e25 [NON_LEADER]: Queue going to NON_LEADER mode. State: All replicated index: 0, Majority replicated index: 0, Committed index: 0, Last appended: 0.0, Last appended by leader: 0, Current term: 0, Majority size: -1, State: 0, Mode: NON_LEADER, active raft config: opid_index: -1 OBSOLETE_local: false peers { permanent_uuid: "abe227521e7b4d8c8afe74fe02470402" member_type: VOTER last_known_addr { host: "127.17.141.193" port: 34987 } } peers { permanent_uuid: "d06d401b50284db39552cc40f74b8c46" member_type: VOTER last_known_addr { host: "127.17.141.194" port: 33997 } } peers { permanent_uuid: "28eb118233444e9fa78ab9a3dc5f2e25" member_type: VOTER last_known_addr { host: "127.17.141.195" port: 34277 } }
I20260709 12:17:56.713996 19321 tablet_bootstrap.cc:654] T b643b310173542bdbb2ac1143567a989 P abe227521e7b4d8c8afe74fe02470402: Neither blocks nor log segments found. Creating new log.
I20260709 12:17:56.718186 19263 data_dirs.cc:400] Could only allocate 1 dirs of requested 3 for tablet 35146961231640469ac0b79bea561a63. 1 dirs total, 0 dirs full, 0 dirs failed
I20260709 12:17:56.722313 19261 data_dirs.cc:400] Could only allocate 1 dirs of requested 3 for tablet f5fc3498b54546428dc5aa6627d6fd3b. 1 dirs total, 0 dirs full, 0 dirs failed
I20260709 12:17:56.726205 19320 tablet_bootstrap.cc:654] T 812c12b5b2d44b6aa0764cf80dd80971 P d06d401b50284db39552cc40f74b8c46: Neither blocks nor log segments found. Creating new log.
I20260709 12:17:56.733314 19324 ts_tablet_manager.cc:1434] T 2bc86b79cb6d490e86730217e105ab46 P 28eb118233444e9fa78ab9a3dc5f2e25: Time spent starting tablet: real 0.094s	user 0.006s	sys 0.000s
I20260709 12:17:56.734342 19324 tablet_bootstrap.cc:492] T 812c12b5b2d44b6aa0764cf80dd80971 P 28eb118233444e9fa78ab9a3dc5f2e25: Bootstrap starting.
W20260709 12:17:56.727433 19245 outbound_call.cc:321] RPC callback for RPC call kudu.consensus.ConsensusService.RequestConsensusVote -> {remote=127.17.141.194:33997, user_credentials={real_user=slave}} blocked reactor thread for 74787.5us
I20260709 12:17:56.738288 19321 tablet_bootstrap.cc:492] T b643b310173542bdbb2ac1143567a989 P abe227521e7b4d8c8afe74fe02470402: No bootstrap required, opened a new log
I20260709 12:17:56.738857 19321 ts_tablet_manager.cc:1403] T b643b310173542bdbb2ac1143567a989 P abe227521e7b4d8c8afe74fe02470402: Time spent bootstrapping tablet: real 0.069s	user 0.004s	sys 0.008s
I20260709 12:17:56.742151 19324 tablet_bootstrap.cc:654] T 812c12b5b2d44b6aa0764cf80dd80971 P 28eb118233444e9fa78ab9a3dc5f2e25: Neither blocks nor log segments found. Creating new log.
I20260709 12:17:56.755698 19320 tablet_bootstrap.cc:492] T 812c12b5b2d44b6aa0764cf80dd80971 P d06d401b50284db39552cc40f74b8c46: No bootstrap required, opened a new log
I20260709 12:17:56.756238 19320 ts_tablet_manager.cc:1403] T 812c12b5b2d44b6aa0764cf80dd80971 P d06d401b50284db39552cc40f74b8c46: Time spent bootstrapping tablet: real 0.055s	user 0.017s	sys 0.007s
I20260709 12:17:56.757005 19321 raft_consensus.cc:359] T b643b310173542bdbb2ac1143567a989 P abe227521e7b4d8c8afe74fe02470402 [term 0 FOLLOWER]: Replica starting. Triggering 0 pending ops. Active config: opid_index: -1 OBSOLETE_local: false peers { permanent_uuid: "abe227521e7b4d8c8afe74fe02470402" member_type: VOTER last_known_addr { host: "127.17.141.193" port: 34987 } } peers { permanent_uuid: "d06d401b50284db39552cc40f74b8c46" member_type: VOTER last_known_addr { host: "127.17.141.194" port: 33997 } } peers { permanent_uuid: "28eb118233444e9fa78ab9a3dc5f2e25" member_type: VOTER last_known_addr { host: "127.17.141.195" port: 34277 } }
I20260709 12:17:56.757721 19321 raft_consensus.cc:385] T b643b310173542bdbb2ac1143567a989 P abe227521e7b4d8c8afe74fe02470402 [term 0 FOLLOWER]: Consensus starting up: Expiring failure detector timer to make a prompt election more likely
I20260709 12:17:56.758001 19321 raft_consensus.cc:740] T b643b310173542bdbb2ac1143567a989 P abe227521e7b4d8c8afe74fe02470402 [term 0 FOLLOWER]: Becoming Follower/Learner. State: Replica: abe227521e7b4d8c8afe74fe02470402, State: Initialized, Role: FOLLOWER
I20260709 12:17:56.758682 19321 consensus_queue.cc:260] T b643b310173542bdbb2ac1143567a989 P abe227521e7b4d8c8afe74fe02470402 [NON_LEADER]: Queue going to NON_LEADER mode. State: All replicated index: 0, Majority replicated index: 0, Committed index: 0, Last appended: 0.0, Last appended by leader: 0, Current term: 0, Majority size: -1, State: 0, Mode: NON_LEADER, active raft config: opid_index: -1 OBSOLETE_local: false peers { permanent_uuid: "abe227521e7b4d8c8afe74fe02470402" member_type: VOTER last_known_addr { host: "127.17.141.193" port: 34987 } } peers { permanent_uuid: "d06d401b50284db39552cc40f74b8c46" member_type: VOTER last_known_addr { host: "127.17.141.194" port: 33997 } } peers { permanent_uuid: "28eb118233444e9fa78ab9a3dc5f2e25" member_type: VOTER last_known_addr { host: "127.17.141.195" port: 34277 } }
I20260709 12:17:56.758864 19320 raft_consensus.cc:359] T 812c12b5b2d44b6aa0764cf80dd80971 P d06d401b50284db39552cc40f74b8c46 [term 0 FOLLOWER]: Replica starting. Triggering 0 pending ops. Active config: opid_index: -1 OBSOLETE_local: false peers { permanent_uuid: "abe227521e7b4d8c8afe74fe02470402" member_type: VOTER last_known_addr { host: "127.17.141.193" port: 34987 } } peers { permanent_uuid: "d06d401b50284db39552cc40f74b8c46" member_type: VOTER last_known_addr { host: "127.17.141.194" port: 33997 } } peers { permanent_uuid: "28eb118233444e9fa78ab9a3dc5f2e25" member_type: VOTER last_known_addr { host: "127.17.141.195" port: 34277 } }
I20260709 12:17:56.760795 19324 tablet_bootstrap.cc:492] T 812c12b5b2d44b6aa0764cf80dd80971 P 28eb118233444e9fa78ab9a3dc5f2e25: No bootstrap required, opened a new log
I20260709 12:17:56.761264 19324 ts_tablet_manager.cc:1403] T 812c12b5b2d44b6aa0764cf80dd80971 P 28eb118233444e9fa78ab9a3dc5f2e25: Time spent bootstrapping tablet: real 0.027s	user 0.005s	sys 0.006s
I20260709 12:17:56.764052 19324 raft_consensus.cc:359] T 812c12b5b2d44b6aa0764cf80dd80971 P 28eb118233444e9fa78ab9a3dc5f2e25 [term 0 FOLLOWER]: Replica starting. Triggering 0 pending ops. Active config: opid_index: -1 OBSOLETE_local: false peers { permanent_uuid: "abe227521e7b4d8c8afe74fe02470402" member_type: VOTER last_known_addr { host: "127.17.141.193" port: 34987 } } peers { permanent_uuid: "d06d401b50284db39552cc40f74b8c46" member_type: VOTER last_known_addr { host: "127.17.141.194" port: 33997 } } peers { permanent_uuid: "28eb118233444e9fa78ab9a3dc5f2e25" member_type: VOTER last_known_addr { host: "127.17.141.195" port: 34277 } }
I20260709 12:17:56.764545 19324 raft_consensus.cc:385] T 812c12b5b2d44b6aa0764cf80dd80971 P 28eb118233444e9fa78ab9a3dc5f2e25 [term 0 FOLLOWER]: Consensus starting up: Expiring failure detector timer to make a prompt election more likely
I20260709 12:17:56.764780 19324 raft_consensus.cc:740] T 812c12b5b2d44b6aa0764cf80dd80971 P 28eb118233444e9fa78ab9a3dc5f2e25 [term 0 FOLLOWER]: Becoming Follower/Learner. State: Replica: 28eb118233444e9fa78ab9a3dc5f2e25, State: Initialized, Role: FOLLOWER
I20260709 12:17:56.765436 19324 consensus_queue.cc:260] T 812c12b5b2d44b6aa0764cf80dd80971 P 28eb118233444e9fa78ab9a3dc5f2e25 [NON_LEADER]: Queue going to NON_LEADER mode. State: All replicated index: 0, Majority replicated index: 0, Committed index: 0, Last appended: 0.0, Last appended by leader: 0, Current term: 0, Majority size: -1, State: 0, Mode: NON_LEADER, active raft config: opid_index: -1 OBSOLETE_local: false peers { permanent_uuid: "abe227521e7b4d8c8afe74fe02470402" member_type: VOTER last_known_addr { host: "127.17.141.193" port: 34987 } } peers { permanent_uuid: "d06d401b50284db39552cc40f74b8c46" member_type: VOTER last_known_addr { host: "127.17.141.194" port: 33997 } } peers { permanent_uuid: "28eb118233444e9fa78ab9a3dc5f2e25" member_type: VOTER last_known_addr { host: "127.17.141.195" port: 34277 } }
I20260709 12:17:56.767328 19324 ts_tablet_manager.cc:1434] T 812c12b5b2d44b6aa0764cf80dd80971 P 28eb118233444e9fa78ab9a3dc5f2e25: Time spent starting tablet: real 0.006s	user 0.006s	sys 0.001s
I20260709 12:17:56.767416 19321 ts_tablet_manager.cc:1434] T b643b310173542bdbb2ac1143567a989 P abe227521e7b4d8c8afe74fe02470402: Time spent starting tablet: real 0.028s	user 0.006s	sys 0.000s
I20260709 12:17:56.768337 19324 tablet_bootstrap.cc:492] T ab2741152683432189aeadb729c8e7de P 28eb118233444e9fa78ab9a3dc5f2e25: Bootstrap starting.
I20260709 12:17:56.768507 19321 tablet_bootstrap.cc:492] T 2bc86b79cb6d490e86730217e105ab46 P abe227521e7b4d8c8afe74fe02470402: Bootstrap starting.
I20260709 12:17:56.767518 19320 raft_consensus.cc:385] T 812c12b5b2d44b6aa0764cf80dd80971 P d06d401b50284db39552cc40f74b8c46 [term 0 FOLLOWER]: Consensus starting up: Expiring failure detector timer to make a prompt election more likely
I20260709 12:17:56.776331 19320 raft_consensus.cc:740] T 812c12b5b2d44b6aa0764cf80dd80971 P d06d401b50284db39552cc40f74b8c46 [term 0 FOLLOWER]: Becoming Follower/Learner. State: Replica: d06d401b50284db39552cc40f74b8c46, State: Initialized, Role: FOLLOWER
I20260709 12:17:56.784037 19324 tablet_bootstrap.cc:654] T ab2741152683432189aeadb729c8e7de P 28eb118233444e9fa78ab9a3dc5f2e25: Neither blocks nor log segments found. Creating new log.
I20260709 12:17:56.786711 19321 tablet_bootstrap.cc:654] T 2bc86b79cb6d490e86730217e105ab46 P abe227521e7b4d8c8afe74fe02470402: Neither blocks nor log segments found. Creating new log.
I20260709 12:17:56.787453 19320 consensus_queue.cc:260] T 812c12b5b2d44b6aa0764cf80dd80971 P d06d401b50284db39552cc40f74b8c46 [NON_LEADER]: Queue going to NON_LEADER mode. State: All replicated index: 0, Majority replicated index: 0, Committed index: 0, Last appended: 0.0, Last appended by leader: 0, Current term: 0, Majority size: -1, State: 0, Mode: NON_LEADER, active raft config: opid_index: -1 OBSOLETE_local: false peers { permanent_uuid: "abe227521e7b4d8c8afe74fe02470402" member_type: VOTER last_known_addr { host: "127.17.141.193" port: 34987 } } peers { permanent_uuid: "d06d401b50284db39552cc40f74b8c46" member_type: VOTER last_known_addr { host: "127.17.141.194" port: 33997 } } peers { permanent_uuid: "28eb118233444e9fa78ab9a3dc5f2e25" member_type: VOTER last_known_addr { host: "127.17.141.195" port: 34277 } }
I20260709 12:17:56.790866 19324 tablet_bootstrap.cc:492] T ab2741152683432189aeadb729c8e7de P 28eb118233444e9fa78ab9a3dc5f2e25: No bootstrap required, opened a new log
I20260709 12:17:56.791329 19324 ts_tablet_manager.cc:1403] T ab2741152683432189aeadb729c8e7de P 28eb118233444e9fa78ab9a3dc5f2e25: Time spent bootstrapping tablet: real 0.023s	user 0.014s	sys 0.008s
I20260709 12:17:56.792335 19320 ts_tablet_manager.cc:1434] T 812c12b5b2d44b6aa0764cf80dd80971 P d06d401b50284db39552cc40f74b8c46: Time spent starting tablet: real 0.036s	user 0.006s	sys 0.003s
I20260709 12:17:56.793196 19320 tablet_bootstrap.cc:492] T e48d9c0ec0104988a898151ce02e7495 P d06d401b50284db39552cc40f74b8c46: Bootstrap starting.
I20260709 12:17:56.793951 19324 raft_consensus.cc:359] T ab2741152683432189aeadb729c8e7de P 28eb118233444e9fa78ab9a3dc5f2e25 [term 0 FOLLOWER]: Replica starting. Triggering 0 pending ops. Active config: opid_index: -1 OBSOLETE_local: false peers { permanent_uuid: "abe227521e7b4d8c8afe74fe02470402" member_type: VOTER last_known_addr { host: "127.17.141.193" port: 34987 } } peers { permanent_uuid: "d06d401b50284db39552cc40f74b8c46" member_type: VOTER last_known_addr { host: "127.17.141.194" port: 33997 } } peers { permanent_uuid: "28eb118233444e9fa78ab9a3dc5f2e25" member_type: VOTER last_known_addr { host: "127.17.141.195" port: 34277 } }
I20260709 12:17:56.794651 19324 raft_consensus.cc:385] T ab2741152683432189aeadb729c8e7de P 28eb118233444e9fa78ab9a3dc5f2e25 [term 0 FOLLOWER]: Consensus starting up: Expiring failure detector timer to make a prompt election more likely
I20260709 12:17:56.794909 19324 raft_consensus.cc:740] T ab2741152683432189aeadb729c8e7de P 28eb118233444e9fa78ab9a3dc5f2e25 [term 0 FOLLOWER]: Becoming Follower/Learner. State: Replica: 28eb118233444e9fa78ab9a3dc5f2e25, State: Initialized, Role: FOLLOWER
I20260709 12:17:56.795616 19324 consensus_queue.cc:260] T ab2741152683432189aeadb729c8e7de P 28eb118233444e9fa78ab9a3dc5f2e25 [NON_LEADER]: Queue going to NON_LEADER mode. State: All replicated index: 0, Majority replicated index: 0, Committed index: 0, Last appended: 0.0, Last appended by leader: 0, Current term: 0, Majority size: -1, State: 0, Mode: NON_LEADER, active raft config: opid_index: -1 OBSOLETE_local: false peers { permanent_uuid: "abe227521e7b4d8c8afe74fe02470402" member_type: VOTER last_known_addr { host: "127.17.141.193" port: 34987 } } peers { permanent_uuid: "d06d401b50284db39552cc40f74b8c46" member_type: VOTER last_known_addr { host: "127.17.141.194" port: 33997 } } peers { permanent_uuid: "28eb118233444e9fa78ab9a3dc5f2e25" member_type: VOTER last_known_addr { host: "127.17.141.195" port: 34277 } }
I20260709 12:17:56.797502 19320 tablet_bootstrap.cc:654] T e48d9c0ec0104988a898151ce02e7495 P d06d401b50284db39552cc40f74b8c46: Neither blocks nor log segments found. Creating new log.
I20260709 12:17:56.797677 19324 ts_tablet_manager.cc:1434] T ab2741152683432189aeadb729c8e7de P 28eb118233444e9fa78ab9a3dc5f2e25: Time spent starting tablet: real 0.006s	user 0.004s	sys 0.000s
I20260709 12:17:56.798616 19324 tablet_bootstrap.cc:492] T e49d270a0b73442e9db2ec41dc9ee8b2 P 28eb118233444e9fa78ab9a3dc5f2e25: Bootstrap starting.
I20260709 12:17:56.804394 19324 tablet_bootstrap.cc:654] T e49d270a0b73442e9db2ec41dc9ee8b2 P 28eb118233444e9fa78ab9a3dc5f2e25: Neither blocks nor log segments found. Creating new log.
I20260709 12:17:56.815176 19324 tablet_bootstrap.cc:492] T e49d270a0b73442e9db2ec41dc9ee8b2 P 28eb118233444e9fa78ab9a3dc5f2e25: No bootstrap required, opened a new log
I20260709 12:17:56.814862 19329 consensus_queue.cc:1048] T d17f38fb7c2d458398d8a0c058186180 P d06d401b50284db39552cc40f74b8c46 [LEADER]: Connected to new peer: Peer: permanent_uuid: "abe227521e7b4d8c8afe74fe02470402" member_type: VOTER last_known_addr { host: "127.17.141.193" port: 34987 }, Status: LMP_MISMATCH, Last received: 0.0, Next index: 1, Last known committed idx: 0, Time since last communication: 0.001s
I20260709 12:17:56.815644 19324 ts_tablet_manager.cc:1403] T e49d270a0b73442e9db2ec41dc9ee8b2 P 28eb118233444e9fa78ab9a3dc5f2e25: Time spent bootstrapping tablet: real 0.017s	user 0.009s	sys 0.007s
I20260709 12:17:56.818379 19324 raft_consensus.cc:359] T e49d270a0b73442e9db2ec41dc9ee8b2 P 28eb118233444e9fa78ab9a3dc5f2e25 [term 0 FOLLOWER]: Replica starting. Triggering 0 pending ops. Active config: opid_index: -1 OBSOLETE_local: false peers { permanent_uuid: "abe227521e7b4d8c8afe74fe02470402" member_type: VOTER last_known_addr { host: "127.17.141.193" port: 34987 } } peers { permanent_uuid: "d06d401b50284db39552cc40f74b8c46" member_type: VOTER last_known_addr { host: "127.17.141.194" port: 33997 } } peers { permanent_uuid: "28eb118233444e9fa78ab9a3dc5f2e25" member_type: VOTER last_known_addr { host: "127.17.141.195" port: 34277 } }
I20260709 12:17:56.819046 19324 raft_consensus.cc:385] T e49d270a0b73442e9db2ec41dc9ee8b2 P 28eb118233444e9fa78ab9a3dc5f2e25 [term 0 FOLLOWER]: Consensus starting up: Expiring failure detector timer to make a prompt election more likely
I20260709 12:17:56.819341 19324 raft_consensus.cc:740] T e49d270a0b73442e9db2ec41dc9ee8b2 P 28eb118233444e9fa78ab9a3dc5f2e25 [term 0 FOLLOWER]: Becoming Follower/Learner. State: Replica: 28eb118233444e9fa78ab9a3dc5f2e25, State: Initialized, Role: FOLLOWER
I20260709 12:17:56.820232 19324 consensus_queue.cc:260] T e49d270a0b73442e9db2ec41dc9ee8b2 P 28eb118233444e9fa78ab9a3dc5f2e25 [NON_LEADER]: Queue going to NON_LEADER mode. State: All replicated index: 0, Majority replicated index: 0, Committed index: 0, Last appended: 0.0, Last appended by leader: 0, Current term: 0, Majority size: -1, State: 0, Mode: NON_LEADER, active raft config: opid_index: -1 OBSOLETE_local: false peers { permanent_uuid: "abe227521e7b4d8c8afe74fe02470402" member_type: VOTER last_known_addr { host: "127.17.141.193" port: 34987 } } peers { permanent_uuid: "d06d401b50284db39552cc40f74b8c46" member_type: VOTER last_known_addr { host: "127.17.141.194" port: 33997 } } peers { permanent_uuid: "28eb118233444e9fa78ab9a3dc5f2e25" member_type: VOTER last_known_addr { host: "127.17.141.195" port: 34277 } }
I20260709 12:17:56.825079 19321 tablet_bootstrap.cc:492] T 2bc86b79cb6d490e86730217e105ab46 P abe227521e7b4d8c8afe74fe02470402: No bootstrap required, opened a new log
I20260709 12:17:56.825584 19321 ts_tablet_manager.cc:1403] T 2bc86b79cb6d490e86730217e105ab46 P abe227521e7b4d8c8afe74fe02470402: Time spent bootstrapping tablet: real 0.057s	user 0.025s	sys 0.007s
I20260709 12:17:56.828439 19321 raft_consensus.cc:359] T 2bc86b79cb6d490e86730217e105ab46 P abe227521e7b4d8c8afe74fe02470402 [term 0 FOLLOWER]: Replica starting. Triggering 0 pending ops. Active config: opid_index: -1 OBSOLETE_local: false peers { permanent_uuid: "abe227521e7b4d8c8afe74fe02470402" member_type: VOTER last_known_addr { host: "127.17.141.193" port: 34987 } } peers { permanent_uuid: "d06d401b50284db39552cc40f74b8c46" member_type: VOTER last_known_addr { host: "127.17.141.194" port: 33997 } } peers { permanent_uuid: "28eb118233444e9fa78ab9a3dc5f2e25" member_type: VOTER last_known_addr { host: "127.17.141.195" port: 34277 } }
I20260709 12:17:56.830621 19320 tablet_bootstrap.cc:492] T e48d9c0ec0104988a898151ce02e7495 P d06d401b50284db39552cc40f74b8c46: No bootstrap required, opened a new log
I20260709 12:17:56.831243 19320 ts_tablet_manager.cc:1403] T e48d9c0ec0104988a898151ce02e7495 P d06d401b50284db39552cc40f74b8c46: Time spent bootstrapping tablet: real 0.038s	user 0.009s	sys 0.011s
W20260709 12:17:56.833077 19077 auto_rebalancer.cc:288] Could not retrieve cluster info: Service unavailable: Tablet not running
I20260709 12:17:56.833953 19320 raft_consensus.cc:359] T e48d9c0ec0104988a898151ce02e7495 P d06d401b50284db39552cc40f74b8c46 [term 0 FOLLOWER]: Replica starting. Triggering 0 pending ops. Active config: opid_index: -1 OBSOLETE_local: false peers { permanent_uuid: "abe227521e7b4d8c8afe74fe02470402" member_type: VOTER last_known_addr { host: "127.17.141.193" port: 34987 } } peers { permanent_uuid: "d06d401b50284db39552cc40f74b8c46" member_type: VOTER last_known_addr { host: "127.17.141.194" port: 33997 } } peers { permanent_uuid: "28eb118233444e9fa78ab9a3dc5f2e25" member_type: VOTER last_known_addr { host: "127.17.141.195" port: 34277 } }
I20260709 12:17:56.834708 19320 raft_consensus.cc:385] T e48d9c0ec0104988a898151ce02e7495 P d06d401b50284db39552cc40f74b8c46 [term 0 FOLLOWER]: Consensus starting up: Expiring failure detector timer to make a prompt election more likely
I20260709 12:17:56.835023 19320 raft_consensus.cc:740] T e48d9c0ec0104988a898151ce02e7495 P d06d401b50284db39552cc40f74b8c46 [term 0 FOLLOWER]: Becoming Follower/Learner. State: Replica: d06d401b50284db39552cc40f74b8c46, State: Initialized, Role: FOLLOWER
I20260709 12:17:56.835777 19320 consensus_queue.cc:260] T e48d9c0ec0104988a898151ce02e7495 P d06d401b50284db39552cc40f74b8c46 [NON_LEADER]: Queue going to NON_LEADER mode. State: All replicated index: 0, Majority replicated index: 0, Committed index: 0, Last appended: 0.0, Last appended by leader: 0, Current term: 0, Majority size: -1, State: 0, Mode: NON_LEADER, active raft config: opid_index: -1 OBSOLETE_local: false peers { permanent_uuid: "abe227521e7b4d8c8afe74fe02470402" member_type: VOTER last_known_addr { host: "127.17.141.193" port: 34987 } } peers { permanent_uuid: "d06d401b50284db39552cc40f74b8c46" member_type: VOTER last_known_addr { host: "127.17.141.194" port: 33997 } } peers { permanent_uuid: "28eb118233444e9fa78ab9a3dc5f2e25" member_type: VOTER last_known_addr { host: "127.17.141.195" port: 34277 } }
I20260709 12:17:56.837589 19324 ts_tablet_manager.cc:1434] T e49d270a0b73442e9db2ec41dc9ee8b2 P 28eb118233444e9fa78ab9a3dc5f2e25: Time spent starting tablet: real 0.022s	user 0.006s	sys 0.000s
I20260709 12:17:56.836489 19321 raft_consensus.cc:385] T 2bc86b79cb6d490e86730217e105ab46 P abe227521e7b4d8c8afe74fe02470402 [term 0 FOLLOWER]: Consensus starting up: Expiring failure detector timer to make a prompt election more likely
I20260709 12:17:56.837971 19321 raft_consensus.cc:740] T 2bc86b79cb6d490e86730217e105ab46 P abe227521e7b4d8c8afe74fe02470402 [term 0 FOLLOWER]: Becoming Follower/Learner. State: Replica: abe227521e7b4d8c8afe74fe02470402, State: Initialized, Role: FOLLOWER
I20260709 12:17:56.838711 19321 consensus_queue.cc:260] T 2bc86b79cb6d490e86730217e105ab46 P abe227521e7b4d8c8afe74fe02470402 [NON_LEADER]: Queue going to NON_LEADER mode. State: All replicated index: 0, Majority replicated index: 0, Committed index: 0, Last appended: 0.0, Last appended by leader: 0, Current term: 0, Majority size: -1, State: 0, Mode: NON_LEADER, active raft config: opid_index: -1 OBSOLETE_local: false peers { permanent_uuid: "abe227521e7b4d8c8afe74fe02470402" member_type: VOTER last_known_addr { host: "127.17.141.193" port: 34987 } } peers { permanent_uuid: "d06d401b50284db39552cc40f74b8c46" member_type: VOTER last_known_addr { host: "127.17.141.194" port: 33997 } } peers { permanent_uuid: "28eb118233444e9fa78ab9a3dc5f2e25" member_type: VOTER last_known_addr { host: "127.17.141.195" port: 34277 } }
I20260709 12:17:56.840873 19321 ts_tablet_manager.cc:1434] T 2bc86b79cb6d490e86730217e105ab46 P abe227521e7b4d8c8afe74fe02470402: Time spent starting tablet: real 0.015s	user 0.005s	sys 0.000s
I20260709 12:17:56.841481 19320 ts_tablet_manager.cc:1434] T e48d9c0ec0104988a898151ce02e7495 P d06d401b50284db39552cc40f74b8c46: Time spent starting tablet: real 0.010s	user 0.006s	sys 0.000s
I20260709 12:17:56.842630 19320 tablet_bootstrap.cc:492] T dd0ffc3d15014a50b38ecd126fbdb33f P d06d401b50284db39552cc40f74b8c46: Bootstrap starting.
I20260709 12:17:56.844224 19321 tablet_bootstrap.cc:492] T 0bad0c653f0e4e54afed930677da694f P abe227521e7b4d8c8afe74fe02470402: Bootstrap starting.
W20260709 12:17:56.846431 19169 consensus_peers.cc:597] T d17f38fb7c2d458398d8a0c058186180 P d06d401b50284db39552cc40f74b8c46 -> Peer 28eb118233444e9fa78ab9a3dc5f2e25 (127.17.141.195:34277): Couldn't send request to peer 28eb118233444e9fa78ab9a3dc5f2e25. Error code: TABLET_NOT_RUNNING (12). Status: Illegal state: Tablet not RUNNING: INITIALIZED. This is attempt 1: this message will repeat every 5th retry.
I20260709 12:17:56.847337 19324 tablet_bootstrap.cc:492] T d17f38fb7c2d458398d8a0c058186180 P 28eb118233444e9fa78ab9a3dc5f2e25: Bootstrap starting.
I20260709 12:17:56.849458 19320 tablet_bootstrap.cc:654] T dd0ffc3d15014a50b38ecd126fbdb33f P d06d401b50284db39552cc40f74b8c46: Neither blocks nor log segments found. Creating new log.
I20260709 12:17:56.850507 19321 tablet_bootstrap.cc:654] T 0bad0c653f0e4e54afed930677da694f P abe227521e7b4d8c8afe74fe02470402: Neither blocks nor log segments found. Creating new log.
I20260709 12:17:56.853886 19324 tablet_bootstrap.cc:654] T d17f38fb7c2d458398d8a0c058186180 P 28eb118233444e9fa78ab9a3dc5f2e25: Neither blocks nor log segments found. Creating new log.
I20260709 12:17:56.860682 19320 tablet_bootstrap.cc:492] T dd0ffc3d15014a50b38ecd126fbdb33f P d06d401b50284db39552cc40f74b8c46: No bootstrap required, opened a new log
I20260709 12:17:56.861209 19320 ts_tablet_manager.cc:1403] T dd0ffc3d15014a50b38ecd126fbdb33f P d06d401b50284db39552cc40f74b8c46: Time spent bootstrapping tablet: real 0.019s	user 0.008s	sys 0.008s
I20260709 12:17:56.864176 19320 raft_consensus.cc:359] T dd0ffc3d15014a50b38ecd126fbdb33f P d06d401b50284db39552cc40f74b8c46 [term 0 FOLLOWER]: Replica starting. Triggering 0 pending ops. Active config: opid_index: -1 OBSOLETE_local: false peers { permanent_uuid: "abe227521e7b4d8c8afe74fe02470402" member_type: VOTER last_known_addr { host: "127.17.141.193" port: 34987 } } peers { permanent_uuid: "d06d401b50284db39552cc40f74b8c46" member_type: VOTER last_known_addr { host: "127.17.141.194" port: 33997 } } peers { permanent_uuid: "28eb118233444e9fa78ab9a3dc5f2e25" member_type: VOTER last_known_addr { host: "127.17.141.195" port: 34277 } }
I20260709 12:17:56.865141 19320 raft_consensus.cc:385] T dd0ffc3d15014a50b38ecd126fbdb33f P d06d401b50284db39552cc40f74b8c46 [term 0 FOLLOWER]: Consensus starting up: Expiring failure detector timer to make a prompt election more likely
I20260709 12:17:56.865543 19320 raft_consensus.cc:740] T dd0ffc3d15014a50b38ecd126fbdb33f P d06d401b50284db39552cc40f74b8c46 [term 0 FOLLOWER]: Becoming Follower/Learner. State: Replica: d06d401b50284db39552cc40f74b8c46, State: Initialized, Role: FOLLOWER
I20260709 12:17:56.865101 19350 raft_consensus.cc:493] T 2bc86b79cb6d490e86730217e105ab46 P 28eb118233444e9fa78ab9a3dc5f2e25 [term 0 FOLLOWER]: Starting pre-election (no leader contacted us within the election timeout)
I20260709 12:17:56.866478 19350 raft_consensus.cc:515] T 2bc86b79cb6d490e86730217e105ab46 P 28eb118233444e9fa78ab9a3dc5f2e25 [term 0 FOLLOWER]: Starting pre-election with config: opid_index: -1 OBSOLETE_local: false peers { permanent_uuid: "abe227521e7b4d8c8afe74fe02470402" member_type: VOTER last_known_addr { host: "127.17.141.193" port: 34987 } } peers { permanent_uuid: "d06d401b50284db39552cc40f74b8c46" member_type: VOTER last_known_addr { host: "127.17.141.194" port: 33997 } } peers { permanent_uuid: "28eb118233444e9fa78ab9a3dc5f2e25" member_type: VOTER last_known_addr { host: "127.17.141.195" port: 34277 } }
I20260709 12:17:56.868757 19350 leader_election.cc:290] T 2bc86b79cb6d490e86730217e105ab46 P 28eb118233444e9fa78ab9a3dc5f2e25 [CANDIDATE]: Term 1 pre-election: Requested pre-vote from peers abe227521e7b4d8c8afe74fe02470402 (127.17.141.193:34987), d06d401b50284db39552cc40f74b8c46 (127.17.141.194:33997)
I20260709 12:17:56.866534 19320 consensus_queue.cc:260] T dd0ffc3d15014a50b38ecd126fbdb33f P d06d401b50284db39552cc40f74b8c46 [NON_LEADER]: Queue going to NON_LEADER mode. State: All replicated index: 0, Majority replicated index: 0, Committed index: 0, Last appended: 0.0, Last appended by leader: 0, Current term: 0, Majority size: -1, State: 0, Mode: NON_LEADER, active raft config: opid_index: -1 OBSOLETE_local: false peers { permanent_uuid: "abe227521e7b4d8c8afe74fe02470402" member_type: VOTER last_known_addr { host: "127.17.141.193" port: 34987 } } peers { permanent_uuid: "d06d401b50284db39552cc40f74b8c46" member_type: VOTER last_known_addr { host: "127.17.141.194" port: 33997 } } peers { permanent_uuid: "28eb118233444e9fa78ab9a3dc5f2e25" member_type: VOTER last_known_addr { host: "127.17.141.195" port: 34277 } }
I20260709 12:17:56.872030 19130 tablet_service.cc:1917] Received RequestConsensusVote() RPC: tablet_id: "2bc86b79cb6d490e86730217e105ab46" candidate_uuid: "28eb118233444e9fa78ab9a3dc5f2e25" candidate_term: 1 candidate_status { last_received { term: 0 index: 0 } } ignore_live_leader: false dest_uuid: "abe227521e7b4d8c8afe74fe02470402" is_pre_election: true
I20260709 12:17:56.873376 19130 raft_consensus.cc:2468] T 2bc86b79cb6d490e86730217e105ab46 P abe227521e7b4d8c8afe74fe02470402 [term 0 FOLLOWER]: Leader pre-election vote request: Granting yes vote for candidate 28eb118233444e9fa78ab9a3dc5f2e25 in term 0.
I20260709 12:17:56.873672 19206 tablet_service.cc:1917] Received RequestConsensusVote() RPC: tablet_id: "2bc86b79cb6d490e86730217e105ab46" candidate_uuid: "28eb118233444e9fa78ab9a3dc5f2e25" candidate_term: 1 candidate_status { last_received { term: 0 index: 0 } } ignore_live_leader: false dest_uuid: "d06d401b50284db39552cc40f74b8c46" is_pre_election: true
I20260709 12:17:56.874574 19243 leader_election.cc:304] T 2bc86b79cb6d490e86730217e105ab46 P 28eb118233444e9fa78ab9a3dc5f2e25 [CANDIDATE]: Term 1 pre-election: Election decided. Result: candidate won. Election summary: received 2 responses out of 3 voters: 2 yes votes; 0 no votes. yes voters: 28eb118233444e9fa78ab9a3dc5f2e25, abe227521e7b4d8c8afe74fe02470402; no voters: 
W20260709 12:17:56.875355 19245 leader_election.cc:343] T 2bc86b79cb6d490e86730217e105ab46 P 28eb118233444e9fa78ab9a3dc5f2e25 [CANDIDATE]: Term 1 pre-election: Tablet error from VoteRequest() call to peer d06d401b50284db39552cc40f74b8c46 (127.17.141.194:33997): Illegal state: must be running to vote when last-logged opid is not known
I20260709 12:17:56.875422 19350 raft_consensus.cc:2804] T 2bc86b79cb6d490e86730217e105ab46 P 28eb118233444e9fa78ab9a3dc5f2e25 [term 0 FOLLOWER]: Leader pre-election won for term 1
I20260709 12:17:56.875913 19350 raft_consensus.cc:493] T 2bc86b79cb6d490e86730217e105ab46 P 28eb118233444e9fa78ab9a3dc5f2e25 [term 0 FOLLOWER]: Starting leader election (no leader contacted us within the election timeout)
I20260709 12:17:56.876253 19350 raft_consensus.cc:3060] T 2bc86b79cb6d490e86730217e105ab46 P 28eb118233444e9fa78ab9a3dc5f2e25 [term 0 FOLLOWER]: Advancing to term 1
I20260709 12:17:56.877497 19320 ts_tablet_manager.cc:1434] T dd0ffc3d15014a50b38ecd126fbdb33f P d06d401b50284db39552cc40f74b8c46: Time spent starting tablet: real 0.016s	user 0.005s	sys 0.001s
I20260709 12:17:56.878533 19320 tablet_bootstrap.cc:492] T 661ff0f2f9294f1e8a5d317997491550 P d06d401b50284db39552cc40f74b8c46: Bootstrap starting.
I20260709 12:17:56.880765 19326 raft_consensus.cc:493] T e48d9c0ec0104988a898151ce02e7495 P d06d401b50284db39552cc40f74b8c46 [term 0 FOLLOWER]: Starting pre-election (no leader contacted us within the election timeout)
