I20260709 12:17:25.715536 11050 tablet_bootstrap.cc:492] T 6faaaf42ec9c4d9d8e28488307704c29 P 7958b57202224fc3bee3200b4213a722: Bootstrap starting.
I20260709 12:17:25.717754 11056 raft_consensus.cc:493] T 9dea06b8b78e44d681278240a92ef60f P e69c6774fa054507adff0ba5fe76e398 [term 0 FOLLOWER]: Starting pre-election (no leader contacted us within the election timeout)
I20260709 12:17:25.717548 11049 raft_consensus.cc:359] T 98cbee0436254f06a4ddd50f3ffb5e72 P 8a3c363d8adf434f844fea10f62f6c64 [term 0 FOLLOWER]: Replica starting. Triggering 0 pending ops. Active config: opid_index: -1 OBSOLETE_local: false peers { permanent_uuid: "7958b57202224fc3bee3200b4213a722" member_type: VOTER last_known_addr { host: "127.9.245.193" port: 39501 } } peers { permanent_uuid: "8a3c363d8adf434f844fea10f62f6c64" member_type: VOTER last_known_addr { host: "127.9.245.194" port: 37787 } } peers { permanent_uuid: "e69c6774fa054507adff0ba5fe76e398" member_type: VOTER last_known_addr { host: "127.9.245.195" port: 36303 } }
I20260709 12:17:25.718217 11056 raft_consensus.cc:515] T 9dea06b8b78e44d681278240a92ef60f P e69c6774fa054507adff0ba5fe76e398 [term 0 FOLLOWER]: Starting pre-election with config: opid_index: -1 OBSOLETE_local: false peers { permanent_uuid: "8a3c363d8adf434f844fea10f62f6c64" member_type: VOTER last_known_addr { host: "127.9.245.194" port: 37787 } } peers { permanent_uuid: "7958b57202224fc3bee3200b4213a722" member_type: VOTER last_known_addr { host: "127.9.245.193" port: 39501 } } peers { permanent_uuid: "e69c6774fa054507adff0ba5fe76e398" member_type: VOTER last_known_addr { host: "127.9.245.195" port: 36303 } }
I20260709 12:17:25.720304 10825 leader_election.cc:304] T 2a92d51799e84a0684479657718b62a1 P 7958b57202224fc3bee3200b4213a722 [CANDIDATE]: Term 1 election: Election decided. Result: candidate won. Election summary: received 3 responses out of 3 voters: 2 yes votes; 1 no votes. yes voters: 7958b57202224fc3bee3200b4213a722, 8a3c363d8adf434f844fea10f62f6c64; no voters: e69c6774fa054507adff0ba5fe76e398
I20260709 12:17:25.720602 11056 leader_election.cc:290] T 9dea06b8b78e44d681278240a92ef60f P e69c6774fa054507adff0ba5fe76e398 [CANDIDATE]: Term 1 pre-election: Requested pre-vote from peers 8a3c363d8adf434f844fea10f62f6c64 (127.9.245.194:37787), 7958b57202224fc3bee3200b4213a722 (127.9.245.193:39501)
I20260709 12:17:25.718281 11049 raft_consensus.cc:385] T 98cbee0436254f06a4ddd50f3ffb5e72 P 8a3c363d8adf434f844fea10f62f6c64 [term 0 FOLLOWER]: Consensus starting up: Expiring failure detector timer to make a prompt election more likely
I20260709 12:17:25.721127 11049 raft_consensus.cc:740] T 98cbee0436254f06a4ddd50f3ffb5e72 P 8a3c363d8adf434f844fea10f62f6c64 [term 0 FOLLOWER]: Becoming Follower/Learner. State: Replica: 8a3c363d8adf434f844fea10f62f6c64, State: Initialized, Role: FOLLOWER
I20260709 12:17:25.721871 11055 raft_consensus.cc:2804] T 2a92d51799e84a0684479657718b62a1 P 7958b57202224fc3bee3200b4213a722 [term 1 FOLLOWER]: Leader election won for term 1
I20260709 12:17:25.721911 11049 consensus_queue.cc:260] T 98cbee0436254f06a4ddd50f3ffb5e72 P 8a3c363d8adf434f844fea10f62f6c64 [NON_LEADER]: Queue going to NON_LEADER mode. State: All replicated index: 0, Majority replicated index: 0, Committed index: 0, Last appended: 0.0, Last appended by leader: 0, Current term: 0, Majority size: -1, State: 0, Mode: NON_LEADER, active raft config: opid_index: -1 OBSOLETE_local: false peers { permanent_uuid: "7958b57202224fc3bee3200b4213a722" member_type: VOTER last_known_addr { host: "127.9.245.193" port: 39501 } } peers { permanent_uuid: "8a3c363d8adf434f844fea10f62f6c64" member_type: VOTER last_known_addr { host: "127.9.245.194" port: 37787 } } peers { permanent_uuid: "e69c6774fa054507adff0ba5fe76e398" member_type: VOTER last_known_addr { host: "127.9.245.195" port: 36303 } }
I20260709 12:17:25.710893 11008 tablet_service.cc:1917] Received RequestConsensusVote() RPC: tablet_id: "481bbdac43204a7095db6251ce15725e" candidate_uuid: "8a3c363d8adf434f844fea10f62f6c64" candidate_term: 1 candidate_status { last_received { term: 0 index: 0 } } ignore_live_leader: false dest_uuid: "e69c6774fa054507adff0ba5fe76e398"
I20260709 12:17:25.712510 10860 tablet_service.cc:1917] Received RequestConsensusVote() RPC: tablet_id: "6faaaf42ec9c4d9d8e28488307704c29" candidate_uuid: "8a3c363d8adf434f844fea10f62f6c64" candidate_term: 1 candidate_status { last_received { term: 0 index: 0 } } ignore_live_leader: false dest_uuid: "7958b57202224fc3bee3200b4213a722" is_pre_election: true
I20260709 12:17:25.712750 11009 tablet_service.cc:1917] Received RequestConsensusVote() RPC: tablet_id: "6faaaf42ec9c4d9d8e28488307704c29" candidate_uuid: "8a3c363d8adf434f844fea10f62f6c64" candidate_term: 1 candidate_status { last_received { term: 0 index: 0 } } ignore_live_leader: false dest_uuid: "e69c6774fa054507adff0ba5fe76e398" is_pre_election: true
I20260709 12:17:25.723863 11009 raft_consensus.cc:2468] T 6faaaf42ec9c4d9d8e28488307704c29 P e69c6774fa054507adff0ba5fe76e398 [term 0 FOLLOWER]: Leader pre-election vote request: Granting yes vote for candidate 8a3c363d8adf434f844fea10f62f6c64 in term 0.
I20260709 12:17:25.724552 11049 ts_tablet_manager.cc:1434] T 98cbee0436254f06a4ddd50f3ffb5e72 P 8a3c363d8adf434f844fea10f62f6c64: Time spent starting tablet: real 0.010s	user 0.008s	sys 0.001s
I20260709 12:17:25.723070 11008 raft_consensus.cc:3060] T 481bbdac43204a7095db6251ce15725e P e69c6774fa054507adff0ba5fe76e398 [term 0 FOLLOWER]: Advancing to term 1
I20260709 12:17:25.725690 11049 tablet_bootstrap.cc:492] T 063ff785688942b398ea7c1e3055b405 P 8a3c363d8adf434f844fea10f62f6c64: Bootstrap starting.
I20260709 12:17:25.728016 10861 raft_consensus.cc:2468] T 481bbdac43204a7095db6251ce15725e P 7958b57202224fc3bee3200b4213a722 [term 1 FOLLOWER]: Leader election vote request: Granting yes vote for candidate 8a3c363d8adf434f844fea10f62f6c64 in term 1.
I20260709 12:17:25.713529 10902 leader_election.cc:304] T 2a92d51799e84a0684479657718b62a1 P 8a3c363d8adf434f844fea10f62f6c64 [CANDIDATE]: Term 1 pre-election: Election decided. Result: candidate lost. Election summary: received 3 responses out of 3 voters: 1 yes votes; 2 no votes. yes voters: 8a3c363d8adf434f844fea10f62f6c64; no voters: 7958b57202224fc3bee3200b4213a722, e69c6774fa054507adff0ba5fe76e398
I20260709 12:17:25.723047 10936 tablet_service.cc:1917] Received RequestConsensusVote() RPC: tablet_id: "9dea06b8b78e44d681278240a92ef60f" candidate_uuid: "e69c6774fa054507adff0ba5fe76e398" candidate_term: 1 candidate_status { last_received { term: 0 index: 0 } } ignore_live_leader: false dest_uuid: "8a3c363d8adf434f844fea10f62f6c64" is_pre_election: true
I20260709 12:17:25.732769 10936 raft_consensus.cc:2468] T 9dea06b8b78e44d681278240a92ef60f P 8a3c363d8adf434f844fea10f62f6c64 [term 0 FOLLOWER]: Leader pre-election vote request: Granting yes vote for candidate e69c6774fa054507adff0ba5fe76e398 in term 0.
I20260709 12:17:25.734053 10974 leader_election.cc:304] T 9dea06b8b78e44d681278240a92ef60f P e69c6774fa054507adff0ba5fe76e398 [CANDIDATE]: Term 1 pre-election: Election decided. Result: candidate won. Election summary: received 2 responses out of 3 voters: 2 yes votes; 0 no votes. yes voters: 8a3c363d8adf434f844fea10f62f6c64, e69c6774fa054507adff0ba5fe76e398; no voters: 
I20260709 12:17:25.734436 11008 raft_consensus.cc:2468] T 481bbdac43204a7095db6251ce15725e P e69c6774fa054507adff0ba5fe76e398 [term 1 FOLLOWER]: Leader election vote request: Granting yes vote for candidate 8a3c363d8adf434f844fea10f62f6c64 in term 1.
I20260709 12:17:25.711074 11051 tablet_bootstrap.cc:654] T 016d94bdcc974e58a07d873f695c9c01 P e69c6774fa054507adff0ba5fe76e398: Neither blocks nor log segments found. Creating new log.
I20260709 12:17:25.735062 11056 raft_consensus.cc:2804] T 9dea06b8b78e44d681278240a92ef60f P e69c6774fa054507adff0ba5fe76e398 [term 0 FOLLOWER]: Leader pre-election won for term 1
I20260709 12:17:25.735930 11056 raft_consensus.cc:493] T 9dea06b8b78e44d681278240a92ef60f P e69c6774fa054507adff0ba5fe76e398 [term 0 FOLLOWER]: Starting leader election (no leader contacted us within the election timeout)
I20260709 12:17:25.736400 11056 raft_consensus.cc:3060] T 9dea06b8b78e44d681278240a92ef60f P e69c6774fa054507adff0ba5fe76e398 [term 0 FOLLOWER]: Advancing to term 1
I20260709 12:17:25.722570 11050 tablet_bootstrap.cc:654] T 6faaaf42ec9c4d9d8e28488307704c29 P 7958b57202224fc3bee3200b4213a722: Neither blocks nor log segments found. Creating new log.
I20260709 12:17:25.744136 10861 tablet_service.cc:1917] Received RequestConsensusVote() RPC: tablet_id: "9dea06b8b78e44d681278240a92ef60f" candidate_uuid: "e69c6774fa054507adff0ba5fe76e398" candidate_term: 1 candidate_status { last_received { term: 0 index: 0 } } ignore_live_leader: false dest_uuid: "7958b57202224fc3bee3200b4213a722" is_pre_election: true
I20260709 12:17:25.744372 11049 tablet_bootstrap.cc:654] T 063ff785688942b398ea7c1e3055b405 P 8a3c363d8adf434f844fea10f62f6c64: Neither blocks nor log segments found. Creating new log.
I20260709 12:17:25.735543 11079 raft_consensus.cc:2749] T 2a92d51799e84a0684479657718b62a1 P 8a3c363d8adf434f844fea10f62f6c64 [term 1 FOLLOWER]: Leader pre-election lost for term 1. Reason: could not achieve majority
I20260709 12:17:25.745098 10861 raft_consensus.cc:2468] T 9dea06b8b78e44d681278240a92ef60f P 7958b57202224fc3bee3200b4213a722 [term 0 FOLLOWER]: Leader pre-election vote request: Granting yes vote for candidate e69c6774fa054507adff0ba5fe76e398 in term 0.
I20260709 12:17:25.734027 11057 leader_election.cc:290] T 6c537b40d59b47c8a1c12781517b4d0c P 8a3c363d8adf434f844fea10f62f6c64 [CANDIDATE]: Term 1 election: Requested vote from peers 7958b57202224fc3bee3200b4213a722 (127.9.245.193:39501), e69c6774fa054507adff0ba5fe76e398 (127.9.245.195:36303)
I20260709 12:17:25.752832 11055 raft_consensus.cc:697] T 2a92d51799e84a0684479657718b62a1 P 7958b57202224fc3bee3200b4213a722 [term 1 LEADER]: Becoming Leader. State: Replica: 7958b57202224fc3bee3200b4213a722, State: Running, Role: LEADER
I20260709 12:17:25.752739 11008 tablet_service.cc:1917] Received RequestConsensusVote() RPC: tablet_id: "6c537b40d59b47c8a1c12781517b4d0c" candidate_uuid: "8a3c363d8adf434f844fea10f62f6c64" candidate_term: 1 candidate_status { last_received { term: 0 index: 0 } } ignore_live_leader: false dest_uuid: "e69c6774fa054507adff0ba5fe76e398"
I20260709 12:17:25.752405 10902 leader_election.cc:304] T 6faaaf42ec9c4d9d8e28488307704c29 P 8a3c363d8adf434f844fea10f62f6c64 [CANDIDATE]: Term 1 pre-election: Election decided. Result: candidate won. Election summary: received 2 responses out of 3 voters: 2 yes votes; 0 no votes. yes voters: 8a3c363d8adf434f844fea10f62f6c64, e69c6774fa054507adff0ba5fe76e398; no voters: 
I20260709 12:17:25.753952 11055 consensus_queue.cc:237] T 2a92d51799e84a0684479657718b62a1 P 7958b57202224fc3bee3200b4213a722 [LEADER]: Queue going to LEADER mode. State: All replicated index: 0, Majority replicated index: 0, Committed index: 0, Last appended: 0.0, Last appended by leader: 0, Current term: 1, Majority size: 2, State: 0, Mode: LEADER, active raft config: opid_index: -1 OBSOLETE_local: false peers { permanent_uuid: "7958b57202224fc3bee3200b4213a722" member_type: VOTER last_known_addr { host: "127.9.245.193" port: 39501 } } peers { permanent_uuid: "8a3c363d8adf434f844fea10f62f6c64" member_type: VOTER last_known_addr { host: "127.9.245.194" port: 37787 } } peers { permanent_uuid: "e69c6774fa054507adff0ba5fe76e398" member_type: VOTER last_known_addr { host: "127.9.245.195" port: 36303 } }
I20260709 12:17:25.754740 10902 leader_election.cc:304] T 481bbdac43204a7095db6251ce15725e P 8a3c363d8adf434f844fea10f62f6c64 [CANDIDATE]: Term 1 election: Election decided. Result: candidate won. Election summary: received 2 responses out of 3 voters: 2 yes votes; 0 no votes. yes voters: 8a3c363d8adf434f844fea10f62f6c64, e69c6774fa054507adff0ba5fe76e398; no voters: 
I20260709 12:17:25.755159 11082 raft_consensus.cc:2804] T 6faaaf42ec9c4d9d8e28488307704c29 P 8a3c363d8adf434f844fea10f62f6c64 [term 0 FOLLOWER]: Leader pre-election won for term 1
W20260709 12:17:25.755677 10902 leader_election.cc:343] T 6c537b40d59b47c8a1c12781517b4d0c P 8a3c363d8adf434f844fea10f62f6c64 [CANDIDATE]: Term 1 election: Tablet error from VoteRequest() call to peer e69c6774fa054507adff0ba5fe76e398 (127.9.245.195:36303): Illegal state: must be running to vote when last-logged opid is not known
W20260709 12:17:25.756458 10902 leader_election.cc:343] T 6faaaf42ec9c4d9d8e28488307704c29 P 8a3c363d8adf434f844fea10f62f6c64 [CANDIDATE]: Term 1 pre-election: Tablet error from VoteRequest() call to peer 7958b57202224fc3bee3200b4213a722 (127.9.245.193:39501): Illegal state: must be running to vote when last-logged opid is not known
I20260709 12:17:25.757131 11057 raft_consensus.cc:2804] T 481bbdac43204a7095db6251ce15725e P 8a3c363d8adf434f844fea10f62f6c64 [term 1 FOLLOWER]: Leader election won for term 1
I20260709 12:17:25.755715 11082 raft_consensus.cc:493] T 6faaaf42ec9c4d9d8e28488307704c29 P 8a3c363d8adf434f844fea10f62f6c64 [term 0 FOLLOWER]: Starting leader election (no leader contacted us within the election timeout)
I20260709 12:17:25.759671 11082 raft_consensus.cc:3060] T 6faaaf42ec9c4d9d8e28488307704c29 P 8a3c363d8adf434f844fea10f62f6c64 [term 0 FOLLOWER]: Advancing to term 1
I20260709 12:17:25.760708 11049 tablet_bootstrap.cc:492] T 063ff785688942b398ea7c1e3055b405 P 8a3c363d8adf434f844fea10f62f6c64: No bootstrap required, opened a new log
I20260709 12:17:25.760669 11057 raft_consensus.cc:697] T 481bbdac43204a7095db6251ce15725e P 8a3c363d8adf434f844fea10f62f6c64 [term 1 LEADER]: Becoming Leader. State: Replica: 8a3c363d8adf434f844fea10f62f6c64, State: Running, Role: LEADER
I20260709 12:17:25.761291 11049 ts_tablet_manager.cc:1403] T 063ff785688942b398ea7c1e3055b405 P 8a3c363d8adf434f844fea10f62f6c64: Time spent bootstrapping tablet: real 0.036s	user 0.012s	sys 0.007s
I20260709 12:17:25.761746 11057 consensus_queue.cc:237] T 481bbdac43204a7095db6251ce15725e P 8a3c363d8adf434f844fea10f62f6c64 [LEADER]: Queue going to LEADER mode. State: All replicated index: 0, Majority replicated index: 0, Committed index: 0, Last appended: 0.0, Last appended by leader: 0, Current term: 1, Majority size: 2, State: 0, Mode: LEADER, active raft config: opid_index: -1 OBSOLETE_local: false peers { permanent_uuid: "7958b57202224fc3bee3200b4213a722" member_type: VOTER last_known_addr { host: "127.9.245.193" port: 39501 } } peers { permanent_uuid: "8a3c363d8adf434f844fea10f62f6c64" member_type: VOTER last_known_addr { host: "127.9.245.194" port: 37787 } } peers { permanent_uuid: "e69c6774fa054507adff0ba5fe76e398" member_type: VOTER last_known_addr { host: "127.9.245.195" port: 36303 } }
I20260709 12:17:25.764210 11049 raft_consensus.cc:359] T 063ff785688942b398ea7c1e3055b405 P 8a3c363d8adf434f844fea10f62f6c64 [term 0 FOLLOWER]: Replica starting. Triggering 0 pending ops. Active config: opid_index: -1 OBSOLETE_local: false peers { permanent_uuid: "7958b57202224fc3bee3200b4213a722" member_type: VOTER last_known_addr { host: "127.9.245.193" port: 39501 } } peers { permanent_uuid: "8a3c363d8adf434f844fea10f62f6c64" member_type: VOTER last_known_addr { host: "127.9.245.194" port: 37787 } } peers { permanent_uuid: "e69c6774fa054507adff0ba5fe76e398" member_type: VOTER last_known_addr { host: "127.9.245.195" port: 36303 } }
I20260709 12:17:25.764957 11049 raft_consensus.cc:385] T 063ff785688942b398ea7c1e3055b405 P 8a3c363d8adf434f844fea10f62f6c64 [term 0 FOLLOWER]: Consensus starting up: Expiring failure detector timer to make a prompt election more likely
I20260709 12:17:25.765486 11049 raft_consensus.cc:740] T 063ff785688942b398ea7c1e3055b405 P 8a3c363d8adf434f844fea10f62f6c64 [term 0 FOLLOWER]: Becoming Follower/Learner. State: Replica: 8a3c363d8adf434f844fea10f62f6c64, State: Initialized, Role: FOLLOWER
I20260709 12:17:25.766414 11049 consensus_queue.cc:260] T 063ff785688942b398ea7c1e3055b405 P 8a3c363d8adf434f844fea10f62f6c64 [NON_LEADER]: Queue going to NON_LEADER mode. State: All replicated index: 0, Majority replicated index: 0, Committed index: 0, Last appended: 0.0, Last appended by leader: 0, Current term: 0, Majority size: -1, State: 0, Mode: NON_LEADER, active raft config: opid_index: -1 OBSOLETE_local: false peers { permanent_uuid: "7958b57202224fc3bee3200b4213a722" member_type: VOTER last_known_addr { host: "127.9.245.193" port: 39501 } } peers { permanent_uuid: "8a3c363d8adf434f844fea10f62f6c64" member_type: VOTER last_known_addr { host: "127.9.245.194" port: 37787 } } peers { permanent_uuid: "e69c6774fa054507adff0ba5fe76e398" member_type: VOTER last_known_addr { host: "127.9.245.195" port: 36303 } }
I20260709 12:17:25.752739 10861 tablet_service.cc:1917] Received RequestConsensusVote() RPC: tablet_id: "6c537b40d59b47c8a1c12781517b4d0c" candidate_uuid: "8a3c363d8adf434f844fea10f62f6c64" candidate_term: 1 candidate_status { last_received { term: 0 index: 0 } } ignore_live_leader: false dest_uuid: "7958b57202224fc3bee3200b4213a722"
I20260709 12:17:25.768673 11049 ts_tablet_manager.cc:1434] T 063ff785688942b398ea7c1e3055b405 P 8a3c363d8adf434f844fea10f62f6c64: Time spent starting tablet: real 0.007s	user 0.007s	sys 0.000s
I20260709 12:17:25.768877 10861 raft_consensus.cc:3060] T 6c537b40d59b47c8a1c12781517b4d0c P 7958b57202224fc3bee3200b4213a722 [term 0 FOLLOWER]: Advancing to term 1
I20260709 12:17:25.769721 11049 tablet_bootstrap.cc:492] T 61ec1fa7414040ff9452d2bd7d6c063e P 8a3c363d8adf434f844fea10f62f6c64: Bootstrap starting.
I20260709 12:17:25.751411 11056 raft_consensus.cc:515] T 9dea06b8b78e44d681278240a92ef60f P e69c6774fa054507adff0ba5fe76e398 [term 1 FOLLOWER]: Starting leader election with config: opid_index: -1 OBSOLETE_local: false peers { permanent_uuid: "8a3c363d8adf434f844fea10f62f6c64" member_type: VOTER last_known_addr { host: "127.9.245.194" port: 37787 } } peers { permanent_uuid: "7958b57202224fc3bee3200b4213a722" member_type: VOTER last_known_addr { host: "127.9.245.193" port: 39501 } } peers { permanent_uuid: "e69c6774fa054507adff0ba5fe76e398" member_type: VOTER last_known_addr { host: "127.9.245.195" port: 36303 } }
I20260709 12:17:25.771159 10758 catalog_manager.cc:5697] T 2a92d51799e84a0684479657718b62a1 P 7958b57202224fc3bee3200b4213a722 reported cstate change: term changed from 0 to 1, leader changed from <none> to 7958b57202224fc3bee3200b4213a722 (127.9.245.193). New cstate: current_term: 1 leader_uuid: "7958b57202224fc3bee3200b4213a722" committed_config { opid_index: -1 OBSOLETE_local: false peers { permanent_uuid: "7958b57202224fc3bee3200b4213a722" member_type: VOTER last_known_addr { host: "127.9.245.193" port: 39501 } health_report { overall_health: HEALTHY } } peers { permanent_uuid: "8a3c363d8adf434f844fea10f62f6c64" member_type: VOTER last_known_addr { host: "127.9.245.194" port: 37787 } health_report { overall_health: UNKNOWN } } peers { permanent_uuid: "e69c6774fa054507adff0ba5fe76e398" member_type: VOTER last_known_addr { host: "127.9.245.195" port: 36303 } health_report { overall_health: UNKNOWN } } }
I20260709 12:17:25.772542 10936 tablet_service.cc:1917] Received RequestConsensusVote() RPC: tablet_id: "9dea06b8b78e44d681278240a92ef60f" candidate_uuid: "e69c6774fa054507adff0ba5fe76e398" candidate_term: 1 candidate_status { last_received { term: 0 index: 0 } } ignore_live_leader: false dest_uuid: "8a3c363d8adf434f844fea10f62f6c64"
I20260709 12:17:25.773082 10936 raft_consensus.cc:3060] T 9dea06b8b78e44d681278240a92ef60f P 8a3c363d8adf434f844fea10f62f6c64 [term 0 FOLLOWER]: Advancing to term 1
I20260709 12:17:25.774099 11050 tablet_bootstrap.cc:492] T 6faaaf42ec9c4d9d8e28488307704c29 P 7958b57202224fc3bee3200b4213a722: No bootstrap required, opened a new log
I20260709 12:17:25.775410 11050 ts_tablet_manager.cc:1403] T 6faaaf42ec9c4d9d8e28488307704c29 P 7958b57202224fc3bee3200b4213a722: Time spent bootstrapping tablet: real 0.060s	user 0.016s	sys 0.000s
I20260709 12:17:25.776072 11049 tablet_bootstrap.cc:654] T 61ec1fa7414040ff9452d2bd7d6c063e P 8a3c363d8adf434f844fea10f62f6c64: Neither blocks nor log segments found. Creating new log.
I20260709 12:17:25.778504 11050 raft_consensus.cc:359] T 6faaaf42ec9c4d9d8e28488307704c29 P 7958b57202224fc3bee3200b4213a722 [term 0 FOLLOWER]: Replica starting. Triggering 0 pending ops. Active config: opid_index: -1 OBSOLETE_local: false peers { permanent_uuid: "7958b57202224fc3bee3200b4213a722" member_type: VOTER last_known_addr { host: "127.9.245.193" port: 39501 } } peers { permanent_uuid: "8a3c363d8adf434f844fea10f62f6c64" member_type: VOTER last_known_addr { host: "127.9.245.194" port: 37787 } } peers { permanent_uuid: "e69c6774fa054507adff0ba5fe76e398" member_type: VOTER last_known_addr { host: "127.9.245.195" port: 36303 } }
I20260709 12:17:25.786993 10936 raft_consensus.cc:2468] T 9dea06b8b78e44d681278240a92ef60f P 8a3c363d8adf434f844fea10f62f6c64 [term 1 FOLLOWER]: Leader election vote request: Granting yes vote for candidate e69c6774fa054507adff0ba5fe76e398 in term 1.
I20260709 12:17:25.779456 11050 raft_consensus.cc:385] T 6faaaf42ec9c4d9d8e28488307704c29 P 7958b57202224fc3bee3200b4213a722 [term 0 FOLLOWER]: Consensus starting up: Expiring failure detector timer to make a prompt election more likely
I20260709 12:17:25.788717 11050 raft_consensus.cc:740] T 6faaaf42ec9c4d9d8e28488307704c29 P 7958b57202224fc3bee3200b4213a722 [term 0 FOLLOWER]: Becoming Follower/Learner. State: Replica: 7958b57202224fc3bee3200b4213a722, State: Initialized, Role: FOLLOWER
I20260709 12:17:25.789968 11050 consensus_queue.cc:260] T 6faaaf42ec9c4d9d8e28488307704c29 P 7958b57202224fc3bee3200b4213a722 [NON_LEADER]: Queue going to NON_LEADER mode. State: All replicated index: 0, Majority replicated index: 0, Committed index: 0, Last appended: 0.0, Last appended by leader: 0, Current term: 0, Majority size: -1, State: 0, Mode: NON_LEADER, active raft config: opid_index: -1 OBSOLETE_local: false peers { permanent_uuid: "7958b57202224fc3bee3200b4213a722" member_type: VOTER last_known_addr { host: "127.9.245.193" port: 39501 } } peers { permanent_uuid: "8a3c363d8adf434f844fea10f62f6c64" member_type: VOTER last_known_addr { host: "127.9.245.194" port: 37787 } } peers { permanent_uuid: "e69c6774fa054507adff0ba5fe76e398" member_type: VOTER last_known_addr { host: "127.9.245.195" port: 36303 } }
I20260709 12:17:25.792188 11090 raft_consensus.cc:493] T 61ec1fa7414040ff9452d2bd7d6c063e P e69c6774fa054507adff0ba5fe76e398 [term 0 FOLLOWER]: Starting pre-election (no leader contacted us within the election timeout)
I20260709 12:17:25.792755 10974 leader_election.cc:304] T 9dea06b8b78e44d681278240a92ef60f P e69c6774fa054507adff0ba5fe76e398 [CANDIDATE]: Term 1 election: Election decided. Result: candidate won. Election summary: received 2 responses out of 3 voters: 2 yes votes; 0 no votes. yes voters: 8a3c363d8adf434f844fea10f62f6c64, e69c6774fa054507adff0ba5fe76e398; no voters: 
I20260709 12:17:25.794934 11051 tablet_bootstrap.cc:492] T 016d94bdcc974e58a07d873f695c9c01 P e69c6774fa054507adff0ba5fe76e398: No bootstrap required, opened a new log
I20260709 12:17:25.795228 10861 raft_consensus.cc:2468] T 6c537b40d59b47c8a1c12781517b4d0c P 7958b57202224fc3bee3200b4213a722 [term 1 FOLLOWER]: Leader election vote request: Granting yes vote for candidate 8a3c363d8adf434f844fea10f62f6c64 in term 1.
I20260709 12:17:25.795537 11079 raft_consensus.cc:493] T 063ff785688942b398ea7c1e3055b405 P 8a3c363d8adf434f844fea10f62f6c64 [term 0 FOLLOWER]: Starting pre-election (no leader contacted us within the election timeout)
I20260709 12:17:25.796136 11079 raft_consensus.cc:515] T 063ff785688942b398ea7c1e3055b405 P 8a3c363d8adf434f844fea10f62f6c64 [term 0 FOLLOWER]: Starting pre-election with config: opid_index: -1 OBSOLETE_local: false peers { permanent_uuid: "7958b57202224fc3bee3200b4213a722" member_type: VOTER last_known_addr { host: "127.9.245.193" port: 39501 } } peers { permanent_uuid: "8a3c363d8adf434f844fea10f62f6c64" member_type: VOTER last_known_addr { host: "127.9.245.194" port: 37787 } } peers { permanent_uuid: "e69c6774fa054507adff0ba5fe76e398" member_type: VOTER last_known_addr { host: "127.9.245.195" port: 36303 } }
I20260709 12:17:25.796581 10902 leader_election.cc:304] T 6c537b40d59b47c8a1c12781517b4d0c P 8a3c363d8adf434f844fea10f62f6c64 [CANDIDATE]: Term 1 election: Election decided. Result: candidate won. Election summary: received 3 responses out of 3 voters: 2 yes votes; 1 no votes. yes voters: 7958b57202224fc3bee3200b4213a722, 8a3c363d8adf434f844fea10f62f6c64; no voters: e69c6774fa054507adff0ba5fe76e398
I20260709 12:17:25.797194 11056 leader_election.cc:290] T 9dea06b8b78e44d681278240a92ef60f P e69c6774fa054507adff0ba5fe76e398 [CANDIDATE]: Term 1 election: Requested vote from peers 8a3c363d8adf434f844fea10f62f6c64 (127.9.245.194:37787), 7958b57202224fc3bee3200b4213a722 (127.9.245.193:39501)
I20260709 12:17:25.797832 11056 raft_consensus.cc:2804] T 9dea06b8b78e44d681278240a92ef60f P e69c6774fa054507adff0ba5fe76e398 [term 1 FOLLOWER]: Leader election won for term 1
I20260709 12:17:25.798188 11079 leader_election.cc:290] T 063ff785688942b398ea7c1e3055b405 P 8a3c363d8adf434f844fea10f62f6c64 [CANDIDATE]: Term 1 pre-election: Requested pre-vote from peers 7958b57202224fc3bee3200b4213a722 (127.9.245.193:39501), e69c6774fa054507adff0ba5fe76e398 (127.9.245.195:36303)
I20260709 12:17:25.798382 10860 tablet_service.cc:1917] Received RequestConsensusVote() RPC: tablet_id: "9dea06b8b78e44d681278240a92ef60f" candidate_uuid: "e69c6774fa054507adff0ba5fe76e398" candidate_term: 1 candidate_status { last_received { term: 0 index: 0 } } ignore_live_leader: false dest_uuid: "7958b57202224fc3bee3200b4213a722"
I20260709 12:17:25.798705 11079 raft_consensus.cc:2804] T 6c537b40d59b47c8a1c12781517b4d0c P 8a3c363d8adf434f844fea10f62f6c64 [term 1 FOLLOWER]: Leader election won for term 1
I20260709 12:17:25.798955 10860 raft_consensus.cc:3060] T 9dea06b8b78e44d681278240a92ef60f P 7958b57202224fc3bee3200b4213a722 [term 0 FOLLOWER]: Advancing to term 1
I20260709 12:17:25.799170 11079 raft_consensus.cc:697] T 6c537b40d59b47c8a1c12781517b4d0c P 8a3c363d8adf434f844fea10f62f6c64 [term 1 LEADER]: Becoming Leader. State: Replica: 8a3c363d8adf434f844fea10f62f6c64, State: Running, Role: LEADER
I20260709 12:17:25.800071 11079 consensus_queue.cc:237] T 6c537b40d59b47c8a1c12781517b4d0c P 8a3c363d8adf434f844fea10f62f6c64 [LEADER]: Queue going to LEADER mode. State: All replicated index: 0, Majority replicated index: 0, Committed index: 0, Last appended: 0.0, Last appended by leader: 0, Current term: 1, Majority size: 2, State: 0, Mode: LEADER, active raft config: opid_index: -1 OBSOLETE_local: false peers { permanent_uuid: "7958b57202224fc3bee3200b4213a722" member_type: VOTER last_known_addr { host: "127.9.245.193" port: 39501 } } peers { permanent_uuid: "8a3c363d8adf434f844fea10f62f6c64" member_type: VOTER last_known_addr { host: "127.9.245.194" port: 37787 } } peers { permanent_uuid: "e69c6774fa054507adff0ba5fe76e398" member_type: VOTER last_known_addr { host: "127.9.245.195" port: 36303 } }
I20260709 12:17:25.801031 11090 raft_consensus.cc:515] T 61ec1fa7414040ff9452d2bd7d6c063e P e69c6774fa054507adff0ba5fe76e398 [term 0 FOLLOWER]: Starting pre-election with config: opid_index: -1 OBSOLETE_local: false peers { permanent_uuid: "7958b57202224fc3bee3200b4213a722" member_type: VOTER last_known_addr { host: "127.9.245.193" port: 39501 } } peers { permanent_uuid: "8a3c363d8adf434f844fea10f62f6c64" member_type: VOTER last_known_addr { host: "127.9.245.194" port: 37787 } } peers { permanent_uuid: "e69c6774fa054507adff0ba5fe76e398" member_type: VOTER last_known_addr { host: "127.9.245.195" port: 36303 } }
I20260709 12:17:25.795526 11051 ts_tablet_manager.cc:1403] T 016d94bdcc974e58a07d873f695c9c01 P e69c6774fa054507adff0ba5fe76e398: Time spent bootstrapping tablet: real 0.091s	user 0.016s	sys 0.003s
I20260709 12:17:25.811268 10861 tablet_service.cc:1917] Received RequestConsensusVote() RPC: tablet_id: "063ff785688942b398ea7c1e3055b405" candidate_uuid: "8a3c363d8adf434f844fea10f62f6c64" candidate_term: 1 candidate_status { last_received { term: 0 index: 0 } } ignore_live_leader: false dest_uuid: "7958b57202224fc3bee3200b4213a722" is_pre_election: true
I20260709 12:17:25.812264 11051 raft_consensus.cc:359] T 016d94bdcc974e58a07d873f695c9c01 P e69c6774fa054507adff0ba5fe76e398 [term 0 FOLLOWER]: Replica starting. Triggering 0 pending ops. Active config: opid_index: -1 OBSOLETE_local: false peers { permanent_uuid: "7958b57202224fc3bee3200b4213a722" member_type: VOTER last_known_addr { host: "127.9.245.193" port: 39501 } } peers { permanent_uuid: "8a3c363d8adf434f844fea10f62f6c64" member_type: VOTER last_known_addr { host: "127.9.245.194" port: 37787 } } peers { permanent_uuid: "e69c6774fa054507adff0ba5fe76e398" member_type: VOTER last_known_addr { host: "127.9.245.195" port: 36303 } }
I20260709 12:17:25.801927 11056 raft_consensus.cc:697] T 9dea06b8b78e44d681278240a92ef60f P e69c6774fa054507adff0ba5fe76e398 [term 1 LEADER]: Becoming Leader. State: Replica: e69c6774fa054507adff0ba5fe76e398, State: Running, Role: LEADER
I20260709 12:17:25.812933 10860 raft_consensus.cc:2468] T 9dea06b8b78e44d681278240a92ef60f P 7958b57202224fc3bee3200b4213a722 [term 1 FOLLOWER]: Leader election vote request: Granting yes vote for candidate e69c6774fa054507adff0ba5fe76e398 in term 1.
I20260709 12:17:25.813583 11056 consensus_queue.cc:237] T 9dea06b8b78e44d681278240a92ef60f P e69c6774fa054507adff0ba5fe76e398 [LEADER]: Queue going to LEADER mode. State: All replicated index: 0, Majority replicated index: 0, Committed index: 0, Last appended: 0.0, Last appended by leader: 0, Current term: 1, Majority size: 2, State: 0, Mode: LEADER, active raft config: opid_index: -1 OBSOLETE_local: false peers { permanent_uuid: "8a3c363d8adf434f844fea10f62f6c64" member_type: VOTER last_known_addr { host: "127.9.245.194" port: 37787 } } peers { permanent_uuid: "7958b57202224fc3bee3200b4213a722" member_type: VOTER last_known_addr { host: "127.9.245.193" port: 39501 } } peers { permanent_uuid: "e69c6774fa054507adff0ba5fe76e398" member_type: VOTER last_known_addr { host: "127.9.245.195" port: 36303 } }
I20260709 12:17:25.812943 11051 raft_consensus.cc:385] T 016d94bdcc974e58a07d873f695c9c01 P e69c6774fa054507adff0ba5fe76e398 [term 0 FOLLOWER]: Consensus starting up: Expiring failure detector timer to make a prompt election more likely
I20260709 12:17:25.816332 11051 raft_consensus.cc:740] T 016d94bdcc974e58a07d873f695c9c01 P e69c6774fa054507adff0ba5fe76e398 [term 0 FOLLOWER]: Becoming Follower/Learner. State: Replica: e69c6774fa054507adff0ba5fe76e398, State: Initialized, Role: FOLLOWER
I20260709 12:17:25.817142 11051 consensus_queue.cc:260] T 016d94bdcc974e58a07d873f695c9c01 P e69c6774fa054507adff0ba5fe76e398 [NON_LEADER]: Queue going to NON_LEADER mode. State: All replicated index: 0, Majority replicated index: 0, Committed index: 0, Last appended: 0.0, Last appended by leader: 0, Current term: 0, Majority size: -1, State: 0, Mode: NON_LEADER, active raft config: opid_index: -1 OBSOLETE_local: false peers { permanent_uuid: "7958b57202224fc3bee3200b4213a722" member_type: VOTER last_known_addr { host: "127.9.245.193" port: 39501 } } peers { permanent_uuid: "8a3c363d8adf434f844fea10f62f6c64" member_type: VOTER last_known_addr { host: "127.9.245.194" port: 37787 } } peers { permanent_uuid: "e69c6774fa054507adff0ba5fe76e398" member_type: VOTER last_known_addr { host: "127.9.245.195" port: 36303 } }
I20260709 12:17:25.820025 11094 raft_consensus.cc:493] T 016d94bdcc974e58a07d873f695c9c01 P 8a3c363d8adf434f844fea10f62f6c64 [term 0 FOLLOWER]: Starting pre-election (no leader contacted us within the election timeout)
I20260709 12:17:25.805629 11082 raft_consensus.cc:515] T 6faaaf42ec9c4d9d8e28488307704c29 P 8a3c363d8adf434f844fea10f62f6c64 [term 1 FOLLOWER]: Starting leader election with config: opid_index: -1 OBSOLETE_local: false peers { permanent_uuid: "7958b57202224fc3bee3200b4213a722" member_type: VOTER last_known_addr { host: "127.9.245.193" port: 39501 } } peers { permanent_uuid: "8a3c363d8adf434f844fea10f62f6c64" member_type: VOTER last_known_addr { host: "127.9.245.194" port: 37787 } } peers { permanent_uuid: "e69c6774fa054507adff0ba5fe76e398" member_type: VOTER last_known_addr { host: "127.9.245.195" port: 36303 } }
I20260709 12:17:25.823165 11082 leader_election.cc:290] T 6faaaf42ec9c4d9d8e28488307704c29 P 8a3c363d8adf434f844fea10f62f6c64 [CANDIDATE]: Term 1 election: Requested vote from peers 7958b57202224fc3bee3200b4213a722 (127.9.245.193:39501), e69c6774fa054507adff0ba5fe76e398 (127.9.245.195:36303)
I20260709 12:17:25.808188 11050 ts_tablet_manager.cc:1434] T 6faaaf42ec9c4d9d8e28488307704c29 P 7958b57202224fc3bee3200b4213a722: Time spent starting tablet: real 0.032s	user 0.007s	sys 0.001s
I20260709 12:17:25.807509 10754 catalog_manager.cc:5697] T 481bbdac43204a7095db6251ce15725e P 8a3c363d8adf434f844fea10f62f6c64 reported cstate change: term changed from 0 to 1, leader changed from <none> to 8a3c363d8adf434f844fea10f62f6c64 (127.9.245.194). New cstate: current_term: 1 leader_uuid: "8a3c363d8adf434f844fea10f62f6c64" committed_config { opid_index: -1 OBSOLETE_local: false peers { permanent_uuid: "7958b57202224fc3bee3200b4213a722" member_type: VOTER last_known_addr { host: "127.9.245.193" port: 39501 } health_report { overall_health: UNKNOWN } } peers { permanent_uuid: "8a3c363d8adf434f844fea10f62f6c64" member_type: VOTER last_known_addr { host: "127.9.245.194" port: 37787 } health_report { overall_health: HEALTHY } } peers { permanent_uuid: "e69c6774fa054507adff0ba5fe76e398" member_type: VOTER last_known_addr { host: "127.9.245.195" port: 36303 } health_report { overall_health: UNKNOWN } } }
W20260709 12:17:25.812685 10902 leader_election.cc:343] T 063ff785688942b398ea7c1e3055b405 P 8a3c363d8adf434f844fea10f62f6c64 [CANDIDATE]: Term 1 pre-election: Tablet error from VoteRequest() call to peer 7958b57202224fc3bee3200b4213a722 (127.9.245.193:39501): Illegal state: must be running to vote when last-logged opid is not known
I20260709 12:17:25.825917 11090 leader_election.cc:290] T 61ec1fa7414040ff9452d2bd7d6c063e P e69c6774fa054507adff0ba5fe76e398 [CANDIDATE]: Term 1 pre-election: Requested pre-vote from peers 7958b57202224fc3bee3200b4213a722 (127.9.245.193:39501), 8a3c363d8adf434f844fea10f62f6c64 (127.9.245.194:37787)
I20260709 12:17:25.841815 11050 tablet_bootstrap.cc:492] T 98cbee0436254f06a4ddd50f3ffb5e72 P 7958b57202224fc3bee3200b4213a722: Bootstrap starting.
W20260709 12:17:25.840193 10974 outbound_call.cc:321] RPC callback for RPC call kudu.consensus.ConsensusService.RequestConsensusVote -> {remote=127.9.245.194:37787, user_credentials={real_user=slave}} blocked reactor thread for 47503.3us
I20260709 12:17:25.840502 10861 tablet_service.cc:1917] Received RequestConsensusVote() RPC: tablet_id: "61ec1fa7414040ff9452d2bd7d6c063e" candidate_uuid: "e69c6774fa054507adff0ba5fe76e398" candidate_term: 1 candidate_status { last_received { term: 0 index: 0 } } ignore_live_leader: false dest_uuid: "7958b57202224fc3bee3200b4213a722" is_pre_election: true
I20260709 12:17:25.842603 10861 raft_consensus.cc:2468] T 61ec1fa7414040ff9452d2bd7d6c063e P 7958b57202224fc3bee3200b4213a722 [term 0 FOLLOWER]: Leader pre-election vote request: Granting yes vote for candidate e69c6774fa054507adff0ba5fe76e398 in term 0.
I20260709 12:17:25.843712 10976 leader_election.cc:304] T 61ec1fa7414040ff9452d2bd7d6c063e P e69c6774fa054507adff0ba5fe76e398 [CANDIDATE]: Term 1 pre-election: Election decided. Result: candidate won. Election summary: received 2 responses out of 3 voters: 2 yes votes; 0 no votes. yes voters: 7958b57202224fc3bee3200b4213a722, e69c6774fa054507adff0ba5fe76e398; no voters: 
I20260709 12:17:25.843915 10936 tablet_service.cc:1917] Received RequestConsensusVote() RPC: tablet_id: "61ec1fa7414040ff9452d2bd7d6c063e" candidate_uuid: "e69c6774fa054507adff0ba5fe76e398" candidate_term: 1 candidate_status { last_received { term: 0 index: 0 } } ignore_live_leader: false dest_uuid: "8a3c363d8adf434f844fea10f62f6c64" is_pre_election: true
I20260709 12:17:25.844797 11049 tablet_bootstrap.cc:492] T 61ec1fa7414040ff9452d2bd7d6c063e P 8a3c363d8adf434f844fea10f62f6c64: No bootstrap required, opened a new log
I20260709 12:17:25.845254 11049 ts_tablet_manager.cc:1403] T 61ec1fa7414040ff9452d2bd7d6c063e P 8a3c363d8adf434f844fea10f62f6c64: Time spent bootstrapping tablet: real 0.076s	user 0.021s	sys 0.011s
I20260709 12:17:25.845427 11093 raft_consensus.cc:2804] T 61ec1fa7414040ff9452d2bd7d6c063e P e69c6774fa054507adff0ba5fe76e398 [term 0 FOLLOWER]: Leader pre-election won for term 1
I20260709 12:17:25.846591 11008 tablet_service.cc:1917] Received RequestConsensusVote() RPC: tablet_id: "063ff785688942b398ea7c1e3055b405" candidate_uuid: "8a3c363d8adf434f844fea10f62f6c64" candidate_term: 1 candidate_status { last_received { term: 0 index: 0 } } ignore_live_leader: false dest_uuid: "e69c6774fa054507adff0ba5fe76e398" is_pre_election: true
I20260709 12:17:25.847971 11008 raft_consensus.cc:2468] T 063ff785688942b398ea7c1e3055b405 P e69c6774fa054507adff0ba5fe76e398 [term 0 FOLLOWER]: Leader pre-election vote request: Granting yes vote for candidate 8a3c363d8adf434f844fea10f62f6c64 in term 0.
I20260709 12:17:25.820699 11094 raft_consensus.cc:515] T 016d94bdcc974e58a07d873f695c9c01 P 8a3c363d8adf434f844fea10f62f6c64 [term 0 FOLLOWER]: Starting pre-election with config: opid_index: -1 OBSOLETE_local: false peers { permanent_uuid: "7958b57202224fc3bee3200b4213a722" member_type: VOTER last_known_addr { host: "127.9.245.193" port: 39501 } } peers { permanent_uuid: "8a3c363d8adf434f844fea10f62f6c64" member_type: VOTER last_known_addr { host: "127.9.245.194" port: 37787 } } peers { permanent_uuid: "e69c6774fa054507adff0ba5fe76e398" member_type: VOTER last_known_addr { host: "127.9.245.195" port: 36303 } }
I20260709 12:17:25.848587 11049 raft_consensus.cc:359] T 61ec1fa7414040ff9452d2bd7d6c063e P 8a3c363d8adf434f844fea10f62f6c64 [term 0 FOLLOWER]: Replica starting. Triggering 0 pending ops. Active config: opid_index: -1 OBSOLETE_local: false peers { permanent_uuid: "7958b57202224fc3bee3200b4213a722" member_type: VOTER last_known_addr { host: "127.9.245.193" port: 39501 } } peers { permanent_uuid: "8a3c363d8adf434f844fea10f62f6c64" member_type: VOTER last_known_addr { host: "127.9.245.194" port: 37787 } } peers { permanent_uuid: "e69c6774fa054507adff0ba5fe76e398" member_type: VOTER last_known_addr { host: "127.9.245.195" port: 36303 } }
I20260709 12:17:25.852444 11049 raft_consensus.cc:385] T 61ec1fa7414040ff9452d2bd7d6c063e P 8a3c363d8adf434f844fea10f62f6c64 [term 0 FOLLOWER]: Consensus starting up: Expiring failure detector timer to make a prompt election more likely
I20260709 12:17:25.852856 11049 raft_consensus.cc:740] T 61ec1fa7414040ff9452d2bd7d6c063e P 8a3c363d8adf434f844fea10f62f6c64 [term 0 FOLLOWER]: Becoming Follower/Learner. State: Replica: 8a3c363d8adf434f844fea10f62f6c64, State: Initialized, Role: FOLLOWER
I20260709 12:17:25.850538 10861 tablet_service.cc:1917] Received RequestConsensusVote() RPC: tablet_id: "6faaaf42ec9c4d9d8e28488307704c29" candidate_uuid: "8a3c363d8adf434f844fea10f62f6c64" candidate_term: 1 candidate_status { last_received { term: 0 index: 0 } } ignore_live_leader: false dest_uuid: "7958b57202224fc3bee3200b4213a722"
I20260709 12:17:25.851657 11093 raft_consensus.cc:493] T 61ec1fa7414040ff9452d2bd7d6c063e P e69c6774fa054507adff0ba5fe76e398 [term 0 FOLLOWER]: Starting leader election (no leader contacted us within the election timeout)
W20260709 12:17:25.847252 10974 leader_election.cc:343] T 61ec1fa7414040ff9452d2bd7d6c063e P e69c6774fa054507adff0ba5fe76e398 [CANDIDATE]: Term 1 pre-election: Tablet error from VoteRequest() call to peer 8a3c363d8adf434f844fea10f62f6c64 (127.9.245.194:37787): Illegal state: must be running to vote when last-logged opid is not known
I20260709 12:17:25.854573 10861 raft_consensus.cc:3060] T 6faaaf42ec9c4d9d8e28488307704c29 P 7958b57202224fc3bee3200b4213a722 [term 0 FOLLOWER]: Advancing to term 1
I20260709 12:17:25.856906 11049 consensus_queue.cc:260] T 61ec1fa7414040ff9452d2bd7d6c063e P 8a3c363d8adf434f844fea10f62f6c64 [NON_LEADER]: Queue going to NON_LEADER mode. State: All replicated index: 0, Majority replicated index: 0, Committed index: 0, Last appended: 0.0, Last appended by leader: 0, Current term: 0, Majority size: -1, State: 0, Mode: NON_LEADER, active raft config: opid_index: -1 OBSOLETE_local: false peers { permanent_uuid: "7958b57202224fc3bee3200b4213a722" member_type: VOTER last_known_addr { host: "127.9.245.193" port: 39501 } } peers { permanent_uuid: "8a3c363d8adf434f844fea10f62f6c64" member_type: VOTER last_known_addr { host: "127.9.245.194" port: 37787 } } peers { permanent_uuid: "e69c6774fa054507adff0ba5fe76e398" member_type: VOTER last_known_addr { host: "127.9.245.195" port: 36303 } }
I20260709 12:17:25.859898 11049 ts_tablet_manager.cc:1434] T 61ec1fa7414040ff9452d2bd7d6c063e P 8a3c363d8adf434f844fea10f62f6c64: Time spent starting tablet: real 0.014s	user 0.010s	sys 0.000s
I20260709 12:17:25.861230 11094 leader_election.cc:290] T 016d94bdcc974e58a07d873f695c9c01 P 8a3c363d8adf434f844fea10f62f6c64 [CANDIDATE]: Term 1 pre-election: Requested pre-vote from peers 7958b57202224fc3bee3200b4213a722 (127.9.245.193:39501), e69c6774fa054507adff0ba5fe76e398 (127.9.245.195:36303)
I20260709 12:17:25.862325 11008 tablet_service.cc:1917] Received RequestConsensusVote() RPC: tablet_id: "6faaaf42ec9c4d9d8e28488307704c29" candidate_uuid: "8a3c363d8adf434f844fea10f62f6c64" candidate_term: 1 candidate_status { last_received { term: 0 index: 0 } } ignore_live_leader: false dest_uuid: "e69c6774fa054507adff0ba5fe76e398"
I20260709 12:17:25.862951 11008 raft_consensus.cc:3060] T 6faaaf42ec9c4d9d8e28488307704c29 P e69c6774fa054507adff0ba5fe76e398 [term 0 FOLLOWER]: Advancing to term 1
I20260709 12:17:25.864277 11050 tablet_bootstrap.cc:654] T 98cbee0436254f06a4ddd50f3ffb5e72 P 7958b57202224fc3bee3200b4213a722: Neither blocks nor log segments found. Creating new log.
I20260709 12:17:25.854099 11093 raft_consensus.cc:3060] T 61ec1fa7414040ff9452d2bd7d6c063e P e69c6774fa054507adff0ba5fe76e398 [term 0 FOLLOWER]: Advancing to term 1
I20260709 12:17:25.868532 11051 ts_tablet_manager.cc:1434] T 016d94bdcc974e58a07d873f695c9c01 P e69c6774fa054507adff0ba5fe76e398: Time spent starting tablet: real 0.059s	user 0.019s	sys 0.003s
I20260709 12:17:25.869556 11049 tablet_bootstrap.cc:492] T 958b264a8876415c861fb4b3c3716c75 P 8a3c363d8adf434f844fea10f62f6c64: Bootstrap starting.
I20260709 12:17:25.869911 11051 tablet_bootstrap.cc:492] T 2a92d51799e84a0684479657718b62a1 P e69c6774fa054507adff0ba5fe76e398: Bootstrap starting.
I20260709 12:17:25.876652 11049 tablet_bootstrap.cc:654] T 958b264a8876415c861fb4b3c3716c75 P 8a3c363d8adf434f844fea10f62f6c64: Neither blocks nor log segments found. Creating new log.
I20260709 12:17:25.877199 11009 tablet_service.cc:1917] Received RequestConsensusVote() RPC: tablet_id: "016d94bdcc974e58a07d873f695c9c01" candidate_uuid: "8a3c363d8adf434f844fea10f62f6c64" candidate_term: 1 candidate_status { last_received { term: 0 index: 0 } } ignore_live_leader: false dest_uuid: "e69c6774fa054507adff0ba5fe76e398" is_pre_election: true
I20260709 12:17:25.877399 10860 tablet_service.cc:1917] Received RequestConsensusVote() RPC: tablet_id: "016d94bdcc974e58a07d873f695c9c01" candidate_uuid: "8a3c363d8adf434f844fea10f62f6c64" candidate_term: 1 candidate_status { last_received { term: 0 index: 0 } } ignore_live_leader: false dest_uuid: "7958b57202224fc3bee3200b4213a722" is_pre_election: true
I20260709 12:17:25.878065 11009 raft_consensus.cc:2468] T 016d94bdcc974e58a07d873f695c9c01 P e69c6774fa054507adff0ba5fe76e398 [term 0 FOLLOWER]: Leader pre-election vote request: Granting yes vote for candidate 8a3c363d8adf434f844fea10f62f6c64 in term 0.
I20260709 12:17:25.878111 10860 raft_consensus.cc:2468] T 016d94bdcc974e58a07d873f695c9c01 P 7958b57202224fc3bee3200b4213a722 [term 0 FOLLOWER]: Leader pre-election vote request: Granting yes vote for candidate 8a3c363d8adf434f844fea10f62f6c64 in term 0.
I20260709 12:17:25.876652 10902 leader_election.cc:304] T 063ff785688942b398ea7c1e3055b405 P 8a3c363d8adf434f844fea10f62f6c64 [CANDIDATE]: Term 1 pre-election: Election decided. Result: candidate won. Election summary: received 3 responses out of 3 voters: 2 yes votes; 1 no votes. yes voters: 8a3c363d8adf434f844fea10f62f6c64, e69c6774fa054507adff0ba5fe76e398; no voters: 7958b57202224fc3bee3200b4213a722
I20260709 12:17:25.883350 11094 raft_consensus.cc:2804] T 063ff785688942b398ea7c1e3055b405 P 8a3c363d8adf434f844fea10f62f6c64 [term 0 FOLLOWER]: Leader pre-election won for term 1
I20260709 12:17:25.883826 11094 raft_consensus.cc:493] T 063ff785688942b398ea7c1e3055b405 P 8a3c363d8adf434f844fea10f62f6c64 [term 0 FOLLOWER]: Starting leader election (no leader contacted us within the election timeout)
I20260709 12:17:25.883906 10902 leader_election.cc:304] T 016d94bdcc974e58a07d873f695c9c01 P 8a3c363d8adf434f844fea10f62f6c64 [CANDIDATE]: Term 1 pre-election: Election decided. Result: candidate won. Election summary: received 2 responses out of 3 voters: 2 yes votes; 0 no votes. yes voters: 7958b57202224fc3bee3200b4213a722, 8a3c363d8adf434f844fea10f62f6c64; no voters: 
I20260709 12:17:25.884255 11094 raft_consensus.cc:3060] T 063ff785688942b398ea7c1e3055b405 P 8a3c363d8adf434f844fea10f62f6c64 [term 0 FOLLOWER]: Advancing to term 1
I20260709 12:17:25.884796 11079 raft_consensus.cc:2804] T 016d94bdcc974e58a07d873f695c9c01 P 8a3c363d8adf434f844fea10f62f6c64 [term 0 FOLLOWER]: Leader pre-election won for term 1
I20260709 12:17:25.885311 11079 raft_consensus.cc:493] T 016d94bdcc974e58a07d873f695c9c01 P 8a3c363d8adf434f844fea10f62f6c64 [term 0 FOLLOWER]: Starting leader election (no leader contacted us within the election timeout)
I20260709 12:17:25.885684 11079 raft_consensus.cc:3060] T 016d94bdcc974e58a07d873f695c9c01 P 8a3c363d8adf434f844fea10f62f6c64 [term 0 FOLLOWER]: Advancing to term 1
I20260709 12:17:25.884855 10757 catalog_manager.cc:5697] T 6c537b40d59b47c8a1c12781517b4d0c P 8a3c363d8adf434f844fea10f62f6c64 reported cstate change: term changed from 0 to 1, leader changed from <none> to 8a3c363d8adf434f844fea10f62f6c64 (127.9.245.194). New cstate: current_term: 1 leader_uuid: "8a3c363d8adf434f844fea10f62f6c64" committed_config { opid_index: -1 OBSOLETE_local: false peers { permanent_uuid: "7958b57202224fc3bee3200b4213a722" member_type: VOTER last_known_addr { host: "127.9.245.193" port: 39501 } health_report { overall_health: UNKNOWN } } peers { permanent_uuid: "8a3c363d8adf434f844fea10f62f6c64" member_type: VOTER last_known_addr { host: "127.9.245.194" port: 37787 } health_report { overall_health: HEALTHY } } peers { permanent_uuid: "e69c6774fa054507adff0ba5fe76e398" member_type: VOTER last_known_addr { host: "127.9.245.195" port: 36303 } health_report { overall_health: UNKNOWN } } }
I20260709 12:17:25.894098 11051 tablet_bootstrap.cc:654] T 2a92d51799e84a0684479657718b62a1 P e69c6774fa054507adff0ba5fe76e398: Neither blocks nor log segments found. Creating new log.
I20260709 12:17:25.886526 11008 raft_consensus.cc:2468] T 6faaaf42ec9c4d9d8e28488307704c29 P e69c6774fa054507adff0ba5fe76e398 [term 1 FOLLOWER]: Leader election vote request: Granting yes vote for candidate 8a3c363d8adf434f844fea10f62f6c64 in term 1.
I20260709 12:17:25.900909 11079 raft_consensus.cc:515] T 016d94bdcc974e58a07d873f695c9c01 P 8a3c363d8adf434f844fea10f62f6c64 [term 1 FOLLOWER]: Starting leader election with config: opid_index: -1 OBSOLETE_local: false peers { permanent_uuid: "7958b57202224fc3bee3200b4213a722" member_type: VOTER last_known_addr { host: "127.9.245.193" port: 39501 } } peers { permanent_uuid: "8a3c363d8adf434f844fea10f62f6c64" member_type: VOTER last_known_addr { host: "127.9.245.194" port: 37787 } } peers { permanent_uuid: "e69c6774fa054507adff0ba5fe76e398" member_type: VOTER last_known_addr { host: "127.9.245.195" port: 36303 } }
I20260709 12:17:25.905679 10860 tablet_service.cc:1917] Received RequestConsensusVote() RPC: tablet_id: "016d94bdcc974e58a07d873f695c9c01" candidate_uuid: "8a3c363d8adf434f844fea10f62f6c64" candidate_term: 1 candidate_status { last_received { term: 0 index: 0 } } ignore_live_leader: false dest_uuid: "7958b57202224fc3bee3200b4213a722"
I20260709 12:17:25.906503 10860 raft_consensus.cc:3060] T 016d94bdcc974e58a07d873f695c9c01 P 7958b57202224fc3bee3200b4213a722 [term 0 FOLLOWER]: Advancing to term 1
I20260709 12:17:25.913950 11009 tablet_service.cc:1917] Received RequestConsensusVote() RPC: tablet_id: "016d94bdcc974e58a07d873f695c9c01" candidate_uuid: "8a3c363d8adf434f844fea10f62f6c64" candidate_term: 1 candidate_status { last_received { term: 0 index: 0 } } ignore_live_leader: false dest_uuid: "e69c6774fa054507adff0ba5fe76e398"
I20260709 12:17:25.914803 11009 raft_consensus.cc:3060] T 016d94bdcc974e58a07d873f695c9c01 P e69c6774fa054507adff0ba5fe76e398 [term 0 FOLLOWER]: Advancing to term 1
I20260709 12:17:25.919978 11079 leader_election.cc:290] T 016d94bdcc974e58a07d873f695c9c01 P 8a3c363d8adf434f844fea10f62f6c64 [CANDIDATE]: Term 1 election: Requested vote from peers 7958b57202224fc3bee3200b4213a722 (127.9.245.193:39501), e69c6774fa054507adff0ba5fe76e398 (127.9.245.195:36303)
