I20260709 12:16:49.115773 28326 raft_consensus.cc:740] T be0fa59b44fe4476ae11ae4ba8293bee P 98f3f2ee00b84174a7a69159ed54e84c [term 2 LEADER]: Becoming Follower/Learner. State: Replica: 98f3f2ee00b84174a7a69159ed54e84c, State: Running, Role: LEADER
I20260709 12:16:49.115912 28325 raft_consensus.cc:740] T 47e171623fb5413a8ba32aacbef44e34 P 98f3f2ee00b84174a7a69159ed54e84c [term 2 LEADER]: Becoming Follower/Learner. State: Replica: 98f3f2ee00b84174a7a69159ed54e84c, State: Running, Role: LEADER
I20260709 12:16:49.116276 28475 raft_consensus.cc:3060] T 47e171623fb5413a8ba32aacbef44e34 P 1ca2e3366914451da6c9e6e8df8a06c7 [term 2 FOLLOWER]: Advancing to term 3
I20260709 12:16:49.116737 28326 consensus_queue.cc:260] T be0fa59b44fe4476ae11ae4ba8293bee P 98f3f2ee00b84174a7a69159ed54e84c [NON_LEADER]: Queue going to NON_LEADER mode. State: All replicated index: 0, Majority replicated index: 2, Committed index: 2, Last appended: 2.2, Last appended by leader: 2, Current term: 2, Majority size: -1, State: 0, Mode: NON_LEADER, active raft config: opid_index: -1 OBSOLETE_local: false peers { permanent_uuid: "98f3f2ee00b84174a7a69159ed54e84c" member_type: VOTER last_known_addr { host: "127.27.135.193" port: 39399 } } peers { permanent_uuid: "de6d31d9b6a042dc8e4105b0338d54c8" member_type: VOTER last_known_addr { host: "127.27.135.194" port: 40843 } } peers { permanent_uuid: "1ca2e3366914451da6c9e6e8df8a06c7" member_type: VOTER last_known_addr { host: "127.27.135.195" port: 44689 } }
I20260709 12:16:49.116887 28325 consensus_queue.cc:260] T 47e171623fb5413a8ba32aacbef44e34 P 98f3f2ee00b84174a7a69159ed54e84c [NON_LEADER]: Queue going to NON_LEADER mode. State: All replicated index: 0, Majority replicated index: 2, Committed index: 2, Last appended: 2.2, Last appended by leader: 2, Current term: 2, Majority size: -1, State: 0, Mode: NON_LEADER, active raft config: opid_index: -1 OBSOLETE_local: false peers { permanent_uuid: "98f3f2ee00b84174a7a69159ed54e84c" member_type: VOTER last_known_addr { host: "127.27.135.193" port: 39399 } } peers { permanent_uuid: "de6d31d9b6a042dc8e4105b0338d54c8" member_type: VOTER last_known_addr { host: "127.27.135.194" port: 40843 } } peers { permanent_uuid: "1ca2e3366914451da6c9e6e8df8a06c7" member_type: VOTER last_known_addr { host: "127.27.135.195" port: 44689 } }
I20260709 12:16:49.115204 28474 tablet_service.cc:1917] Received RequestConsensusVote() RPC: tablet_id: "be0fa59b44fe4476ae11ae4ba8293bee" candidate_uuid: "de6d31d9b6a042dc8e4105b0338d54c8" candidate_term: 3 candidate_status { last_received { term: 2 index: 2 } } ignore_live_leader: true dest_uuid: "1ca2e3366914451da6c9e6e8df8a06c7"
I20260709 12:16:49.118273 28474 raft_consensus.cc:3060] T be0fa59b44fe4476ae11ae4ba8293bee P 1ca2e3366914451da6c9e6e8df8a06c7 [term 2 FOLLOWER]: Advancing to term 3
I20260709 12:16:49.118301 28325 raft_consensus.cc:3060] T 47e171623fb5413a8ba32aacbef44e34 P 98f3f2ee00b84174a7a69159ed54e84c [term 2 FOLLOWER]: Advancing to term 3
I20260709 12:16:49.118551 28401 leader_election.cc:290] T 47e171623fb5413a8ba32aacbef44e34 P de6d31d9b6a042dc8e4105b0338d54c8 [CANDIDATE]: Term 3 election: Requested vote from peers 98f3f2ee00b84174a7a69159ed54e84c (127.27.135.193:39399), 1ca2e3366914451da6c9e6e8df8a06c7 (127.27.135.195:44689)
I20260709 12:16:49.118335 28326 raft_consensus.cc:3060] T be0fa59b44fe4476ae11ae4ba8293bee P 98f3f2ee00b84174a7a69159ed54e84c [term 2 FOLLOWER]: Advancing to term 3
I20260709 12:16:49.124635 28475 raft_consensus.cc:2468] T 47e171623fb5413a8ba32aacbef44e34 P 1ca2e3366914451da6c9e6e8df8a06c7 [term 3 FOLLOWER]: Leader election vote request: Granting yes vote for candidate de6d31d9b6a042dc8e4105b0338d54c8 in term 3.
I20260709 12:16:49.127111 28474 raft_consensus.cc:2468] T be0fa59b44fe4476ae11ae4ba8293bee P 1ca2e3366914451da6c9e6e8df8a06c7 [term 3 FOLLOWER]: Leader election vote request: Granting yes vote for candidate de6d31d9b6a042dc8e4105b0338d54c8 in term 3.
I20260709 12:16:49.127595 28326 raft_consensus.cc:2468] T be0fa59b44fe4476ae11ae4ba8293bee P 98f3f2ee00b84174a7a69159ed54e84c [term 3 FOLLOWER]: Leader election vote request: Granting yes vote for candidate de6d31d9b6a042dc8e4105b0338d54c8 in term 3.
I20260709 12:16:49.128317 28364 leader_election.cc:304] T 47e171623fb5413a8ba32aacbef44e34 P de6d31d9b6a042dc8e4105b0338d54c8 [CANDIDATE]: Term 3 election: Election decided. Result: candidate won. Election summary: received 2 responses out of 3 voters: 2 yes votes; 0 no votes. yes voters: 1ca2e3366914451da6c9e6e8df8a06c7, de6d31d9b6a042dc8e4105b0338d54c8; no voters: 
I20260709 12:16:49.128767 28325 raft_consensus.cc:2468] T 47e171623fb5413a8ba32aacbef44e34 P 98f3f2ee00b84174a7a69159ed54e84c [term 3 FOLLOWER]: Leader election vote request: Granting yes vote for candidate de6d31d9b6a042dc8e4105b0338d54c8 in term 3.
I20260709 12:16:49.129604 28364 leader_election.cc:304] T be0fa59b44fe4476ae11ae4ba8293bee P de6d31d9b6a042dc8e4105b0338d54c8 [CANDIDATE]: Term 3 election: Election decided. Result: candidate won. Election summary: received 2 responses out of 3 voters: 2 yes votes; 0 no votes. yes voters: 1ca2e3366914451da6c9e6e8df8a06c7, de6d31d9b6a042dc8e4105b0338d54c8; no voters: 
I20260709 12:16:49.129633 28644 raft_consensus.cc:2804] T 47e171623fb5413a8ba32aacbef44e34 P de6d31d9b6a042dc8e4105b0338d54c8 [term 3 FOLLOWER]: Leader election won for term 3
I20260709 12:16:49.130407 28646 raft_consensus.cc:993] T e6d3cdd5a2eb447dabcb64df8a137609 P 98f3f2ee00b84174a7a69159ed54e84c: : Instructing follower de6d31d9b6a042dc8e4105b0338d54c8 to start an election
I20260709 12:16:49.131003 28646 raft_consensus.cc:1081] T e6d3cdd5a2eb447dabcb64df8a137609 P 98f3f2ee00b84174a7a69159ed54e84c [term 1 LEADER]: Signalling peer de6d31d9b6a042dc8e4105b0338d54c8 to start an election
I20260709 12:16:49.132057 28650 raft_consensus.cc:2804] T be0fa59b44fe4476ae11ae4ba8293bee P de6d31d9b6a042dc8e4105b0338d54c8 [term 3 FOLLOWER]: Leader election won for term 3
I20260709 12:16:49.131556 28644 raft_consensus.cc:697] T 47e171623fb5413a8ba32aacbef44e34 P de6d31d9b6a042dc8e4105b0338d54c8 [term 3 LEADER]: Becoming Leader. State: Replica: de6d31d9b6a042dc8e4105b0338d54c8, State: Running, Role: LEADER
I20260709 12:16:49.133136 28401 tablet_service.cc:2044] Received Run Leader Election RPC: tablet_id: "e6d3cdd5a2eb447dabcb64df8a137609"
dest_uuid: "de6d31d9b6a042dc8e4105b0338d54c8"
 from {username='slave'} at 127.0.0.1:51786
I20260709 12:16:49.133611 28650 raft_consensus.cc:697] T be0fa59b44fe4476ae11ae4ba8293bee P de6d31d9b6a042dc8e4105b0338d54c8 [term 3 LEADER]: Becoming Leader. State: Replica: de6d31d9b6a042dc8e4105b0338d54c8, State: Running, Role: LEADER
I20260709 12:16:49.133684 28401 raft_consensus.cc:493] T e6d3cdd5a2eb447dabcb64df8a137609 P de6d31d9b6a042dc8e4105b0338d54c8 [term 1 FOLLOWER]: Starting forced leader election (received explicit request)
I20260709 12:16:49.134397 28401 raft_consensus.cc:3060] T e6d3cdd5a2eb447dabcb64df8a137609 P de6d31d9b6a042dc8e4105b0338d54c8 [term 1 FOLLOWER]: Advancing to term 2
I20260709 12:16:49.134857 28650 consensus_queue.cc:237] T be0fa59b44fe4476ae11ae4ba8293bee P de6d31d9b6a042dc8e4105b0338d54c8 [LEADER]: Queue going to LEADER mode. State: All replicated index: 0, Majority replicated index: 2, Committed index: 2, Last appended: 2.2, Last appended by leader: 2, Current term: 3, Majority size: 2, State: 0, Mode: LEADER, active raft config: opid_index: -1 OBSOLETE_local: false peers { permanent_uuid: "98f3f2ee00b84174a7a69159ed54e84c" member_type: VOTER last_known_addr { host: "127.27.135.193" port: 39399 } } peers { permanent_uuid: "de6d31d9b6a042dc8e4105b0338d54c8" member_type: VOTER last_known_addr { host: "127.27.135.194" port: 40843 } } peers { permanent_uuid: "1ca2e3366914451da6c9e6e8df8a06c7" member_type: VOTER last_known_addr { host: "127.27.135.195" port: 44689 } }
I20260709 12:16:49.133630 28644 consensus_queue.cc:237] T 47e171623fb5413a8ba32aacbef44e34 P de6d31d9b6a042dc8e4105b0338d54c8 [LEADER]: Queue going to LEADER mode. State: All replicated index: 0, Majority replicated index: 2, Committed index: 2, Last appended: 2.2, Last appended by leader: 2, Current term: 3, Majority size: 2, State: 0, Mode: LEADER, active raft config: opid_index: -1 OBSOLETE_local: false peers { permanent_uuid: "98f3f2ee00b84174a7a69159ed54e84c" member_type: VOTER last_known_addr { host: "127.27.135.193" port: 39399 } } peers { permanent_uuid: "de6d31d9b6a042dc8e4105b0338d54c8" member_type: VOTER last_known_addr { host: "127.27.135.194" port: 40843 } } peers { permanent_uuid: "1ca2e3366914451da6c9e6e8df8a06c7" member_type: VOTER last_known_addr { host: "127.27.135.195" port: 44689 } }
I20260709 12:16:49.141109 28401 raft_consensus.cc:515] T e6d3cdd5a2eb447dabcb64df8a137609 P de6d31d9b6a042dc8e4105b0338d54c8 [term 2 FOLLOWER]: Starting forced leader election with config: opid_index: -1 OBSOLETE_local: false peers { permanent_uuid: "98f3f2ee00b84174a7a69159ed54e84c" member_type: VOTER last_known_addr { host: "127.27.135.193" port: 39399 } } peers { permanent_uuid: "de6d31d9b6a042dc8e4105b0338d54c8" member_type: VOTER last_known_addr { host: "127.27.135.194" port: 40843 } } peers { permanent_uuid: "1ca2e3366914451da6c9e6e8df8a06c7" member_type: VOTER last_known_addr { host: "127.27.135.195" port: 44689 } }
I20260709 12:16:49.143735 28401 leader_election.cc:290] T e6d3cdd5a2eb447dabcb64df8a137609 P de6d31d9b6a042dc8e4105b0338d54c8 [CANDIDATE]: Term 2 election: Requested vote from peers 98f3f2ee00b84174a7a69159ed54e84c (127.27.135.193:39399), 1ca2e3366914451da6c9e6e8df8a06c7 (127.27.135.195:44689)
I20260709 12:16:49.144757 28325 tablet_service.cc:1917] Received RequestConsensusVote() RPC: tablet_id: "e6d3cdd5a2eb447dabcb64df8a137609" candidate_uuid: "de6d31d9b6a042dc8e4105b0338d54c8" candidate_term: 2 candidate_status { last_received { term: 1 index: 1 } } ignore_live_leader: true dest_uuid: "98f3f2ee00b84174a7a69159ed54e84c"
I20260709 12:16:49.145081 28475 tablet_service.cc:1917] Received RequestConsensusVote() RPC: tablet_id: "e6d3cdd5a2eb447dabcb64df8a137609" candidate_uuid: "de6d31d9b6a042dc8e4105b0338d54c8" candidate_term: 2 candidate_status { last_received { term: 1 index: 1 } } ignore_live_leader: true dest_uuid: "1ca2e3366914451da6c9e6e8df8a06c7"
I20260709 12:16:49.145485 28325 raft_consensus.cc:3055] T e6d3cdd5a2eb447dabcb64df8a137609 P 98f3f2ee00b84174a7a69159ed54e84c [term 1 LEADER]: Stepping down as leader of term 1
I20260709 12:16:49.145645 28475 raft_consensus.cc:3060] T e6d3cdd5a2eb447dabcb64df8a137609 P 1ca2e3366914451da6c9e6e8df8a06c7 [term 1 FOLLOWER]: Advancing to term 2
I20260709 12:16:49.145901 28325 raft_consensus.cc:740] T e6d3cdd5a2eb447dabcb64df8a137609 P 98f3f2ee00b84174a7a69159ed54e84c [term 1 LEADER]: Becoming Follower/Learner. State: Replica: 98f3f2ee00b84174a7a69159ed54e84c, State: Running, Role: LEADER
I20260709 12:16:49.146735 28325 consensus_queue.cc:260] T e6d3cdd5a2eb447dabcb64df8a137609 P 98f3f2ee00b84174a7a69159ed54e84c [NON_LEADER]: Queue going to NON_LEADER mode. State: All replicated index: 0, Majority replicated index: 1, Committed index: 1, Last appended: 1.1, Last appended by leader: 1, Current term: 1, Majority size: -1, State: 0, Mode: NON_LEADER, active raft config: opid_index: -1 OBSOLETE_local: false peers { permanent_uuid: "98f3f2ee00b84174a7a69159ed54e84c" member_type: VOTER last_known_addr { host: "127.27.135.193" port: 39399 } } peers { permanent_uuid: "de6d31d9b6a042dc8e4105b0338d54c8" member_type: VOTER last_known_addr { host: "127.27.135.194" port: 40843 } } peers { permanent_uuid: "1ca2e3366914451da6c9e6e8df8a06c7" member_type: VOTER last_known_addr { host: "127.27.135.195" port: 44689 } }
I20260709 12:16:49.147843 28325 raft_consensus.cc:3060] T e6d3cdd5a2eb447dabcb64df8a137609 P 98f3f2ee00b84174a7a69159ed54e84c [term 1 FOLLOWER]: Advancing to term 2
I20260709 12:16:49.150328 28475 raft_consensus.cc:2468] T e6d3cdd5a2eb447dabcb64df8a137609 P 1ca2e3366914451da6c9e6e8df8a06c7 [term 2 FOLLOWER]: Leader election vote request: Granting yes vote for candidate de6d31d9b6a042dc8e4105b0338d54c8 in term 2.
I20260709 12:16:49.151489 28364 leader_election.cc:304] T e6d3cdd5a2eb447dabcb64df8a137609 P de6d31d9b6a042dc8e4105b0338d54c8 [CANDIDATE]: Term 2 election: Election decided. Result: candidate won. Election summary: received 2 responses out of 3 voters: 2 yes votes; 0 no votes. yes voters: 1ca2e3366914451da6c9e6e8df8a06c7, de6d31d9b6a042dc8e4105b0338d54c8; no voters: 
I20260709 12:16:49.152261 28644 raft_consensus.cc:2804] T e6d3cdd5a2eb447dabcb64df8a137609 P de6d31d9b6a042dc8e4105b0338d54c8 [term 2 FOLLOWER]: Leader election won for term 2
I20260709 12:16:49.152720 28644 raft_consensus.cc:697] T e6d3cdd5a2eb447dabcb64df8a137609 P de6d31d9b6a042dc8e4105b0338d54c8 [term 2 LEADER]: Becoming Leader. State: Replica: de6d31d9b6a042dc8e4105b0338d54c8, State: Running, Role: LEADER
I20260709 12:16:49.153482 28644 consensus_queue.cc:237] T e6d3cdd5a2eb447dabcb64df8a137609 P de6d31d9b6a042dc8e4105b0338d54c8 [LEADER]: Queue going to LEADER mode. State: All replicated index: 0, Majority replicated index: 1, Committed index: 1, Last appended: 1.1, Last appended by leader: 1, Current term: 2, Majority size: 2, State: 0, Mode: LEADER, active raft config: opid_index: -1 OBSOLETE_local: false peers { permanent_uuid: "98f3f2ee00b84174a7a69159ed54e84c" member_type: VOTER last_known_addr { host: "127.27.135.193" port: 39399 } } peers { permanent_uuid: "de6d31d9b6a042dc8e4105b0338d54c8" member_type: VOTER last_known_addr { host: "127.27.135.194" port: 40843 } } peers { permanent_uuid: "1ca2e3366914451da6c9e6e8df8a06c7" member_type: VOTER last_known_addr { host: "127.27.135.195" port: 44689 } }
I20260709 12:16:49.152871 28223 catalog_manager.cc:5697] T 47e171623fb5413a8ba32aacbef44e34 P de6d31d9b6a042dc8e4105b0338d54c8 reported cstate change: term changed from 2 to 3, leader changed from 98f3f2ee00b84174a7a69159ed54e84c (127.27.135.193) to de6d31d9b6a042dc8e4105b0338d54c8 (127.27.135.194). New cstate: current_term: 3 leader_uuid: "de6d31d9b6a042dc8e4105b0338d54c8" committed_config { opid_index: -1 OBSOLETE_local: false peers { permanent_uuid: "98f3f2ee00b84174a7a69159ed54e84c" member_type: VOTER last_known_addr { host: "127.27.135.193" port: 39399 } health_report { overall_health: UNKNOWN } } peers { permanent_uuid: "de6d31d9b6a042dc8e4105b0338d54c8" member_type: VOTER last_known_addr { host: "127.27.135.194" port: 40843 } health_report { overall_health: HEALTHY } } peers { permanent_uuid: "1ca2e3366914451da6c9e6e8df8a06c7" member_type: VOTER last_known_addr { host: "127.27.135.195" port: 44689 } health_report { overall_health: UNKNOWN } } }
I20260709 12:16:49.154764 28325 raft_consensus.cc:2468] T e6d3cdd5a2eb447dabcb64df8a137609 P 98f3f2ee00b84174a7a69159ed54e84c [term 2 FOLLOWER]: Leader election vote request: Granting yes vote for candidate de6d31d9b6a042dc8e4105b0338d54c8 in term 2.
I20260709 12:16:49.173635 28223 catalog_manager.cc:5697] T e6d3cdd5a2eb447dabcb64df8a137609 P de6d31d9b6a042dc8e4105b0338d54c8 reported cstate change: term changed from 1 to 2, leader changed from 98f3f2ee00b84174a7a69159ed54e84c (127.27.135.193) to de6d31d9b6a042dc8e4105b0338d54c8 (127.27.135.194). New cstate: current_term: 2 leader_uuid: "de6d31d9b6a042dc8e4105b0338d54c8" committed_config { opid_index: -1 OBSOLETE_local: false peers { permanent_uuid: "98f3f2ee00b84174a7a69159ed54e84c" member_type: VOTER last_known_addr { host: "127.27.135.193" port: 39399 } health_report { overall_health: UNKNOWN } } peers { permanent_uuid: "de6d31d9b6a042dc8e4105b0338d54c8" member_type: VOTER last_known_addr { host: "127.27.135.194" port: 40843 } health_report { overall_health: HEALTHY } } peers { permanent_uuid: "1ca2e3366914451da6c9e6e8df8a06c7" member_type: VOTER last_known_addr { host: "127.27.135.195" port: 44689 } health_report { overall_health: UNKNOWN } } }
I20260709 12:16:49.175033 28223 catalog_manager.cc:5697] T be0fa59b44fe4476ae11ae4ba8293bee P de6d31d9b6a042dc8e4105b0338d54c8 reported cstate change: term changed from 2 to 3, leader changed from 98f3f2ee00b84174a7a69159ed54e84c (127.27.135.193) to de6d31d9b6a042dc8e4105b0338d54c8 (127.27.135.194). New cstate: current_term: 3 leader_uuid: "de6d31d9b6a042dc8e4105b0338d54c8" committed_config { opid_index: -1 OBSOLETE_local: false peers { permanent_uuid: "98f3f2ee00b84174a7a69159ed54e84c" member_type: VOTER last_known_addr { host: "127.27.135.193" port: 39399 } health_report { overall_health: UNKNOWN } } peers { permanent_uuid: "de6d31d9b6a042dc8e4105b0338d54c8" member_type: VOTER last_known_addr { host: "127.27.135.194" port: 40843 } health_report { overall_health: HEALTHY } } peers { permanent_uuid: "1ca2e3366914451da6c9e6e8df8a06c7" member_type: VOTER last_known_addr { host: "127.27.135.195" port: 44689 } health_report { overall_health: UNKNOWN } } }
I20260709 12:16:49.176530 28633 raft_consensus.cc:993] T 78c6286e6483428a9782396ba99722bd P 1ca2e3366914451da6c9e6e8df8a06c7: : Instructing follower de6d31d9b6a042dc8e4105b0338d54c8 to start an election
I20260709 12:16:49.177134 28658 raft_consensus.cc:1081] T 78c6286e6483428a9782396ba99722bd P 1ca2e3366914451da6c9e6e8df8a06c7 [term 3 LEADER]: Signalling peer de6d31d9b6a042dc8e4105b0338d54c8 to start an election
I20260709 12:16:49.178809 28401 tablet_service.cc:2044] Received Run Leader Election RPC: tablet_id: "78c6286e6483428a9782396ba99722bd"
dest_uuid: "de6d31d9b6a042dc8e4105b0338d54c8"
 from {username='slave'} at 127.0.0.1:51802
I20260709 12:16:49.179358 28401 raft_consensus.cc:493] T 78c6286e6483428a9782396ba99722bd P de6d31d9b6a042dc8e4105b0338d54c8 [term 3 FOLLOWER]: Starting forced leader election (received explicit request)
I20260709 12:16:49.179685 28401 raft_consensus.cc:3060] T 78c6286e6483428a9782396ba99722bd P de6d31d9b6a042dc8e4105b0338d54c8 [term 3 FOLLOWER]: Advancing to term 4
I20260709 12:16:49.184814 28401 raft_consensus.cc:515] T 78c6286e6483428a9782396ba99722bd P de6d31d9b6a042dc8e4105b0338d54c8 [term 4 FOLLOWER]: Starting forced leader election with config: opid_index: -1 OBSOLETE_local: false peers { permanent_uuid: "1ca2e3366914451da6c9e6e8df8a06c7" member_type: VOTER last_known_addr { host: "127.27.135.195" port: 44689 } } peers { permanent_uuid: "98f3f2ee00b84174a7a69159ed54e84c" member_type: VOTER last_known_addr { host: "127.27.135.193" port: 39399 } } peers { permanent_uuid: "de6d31d9b6a042dc8e4105b0338d54c8" member_type: VOTER last_known_addr { host: "127.27.135.194" port: 40843 } }
I20260709 12:16:49.186578 28401 leader_election.cc:290] T 78c6286e6483428a9782396ba99722bd P de6d31d9b6a042dc8e4105b0338d54c8 [CANDIDATE]: Term 4 election: Requested vote from peers 1ca2e3366914451da6c9e6e8df8a06c7 (127.27.135.195:44689), 98f3f2ee00b84174a7a69159ed54e84c (127.27.135.193:39399)
I20260709 12:16:49.187322 28475 tablet_service.cc:1917] Received RequestConsensusVote() RPC: tablet_id: "78c6286e6483428a9782396ba99722bd" candidate_uuid: "de6d31d9b6a042dc8e4105b0338d54c8" candidate_term: 4 candidate_status { last_received { term: 3 index: 3 } } ignore_live_leader: true dest_uuid: "1ca2e3366914451da6c9e6e8df8a06c7"
I20260709 12:16:49.187605 28325 tablet_service.cc:1917] Received RequestConsensusVote() RPC: tablet_id: "78c6286e6483428a9782396ba99722bd" candidate_uuid: "de6d31d9b6a042dc8e4105b0338d54c8" candidate_term: 4 candidate_status { last_received { term: 3 index: 3 } } ignore_live_leader: true dest_uuid: "98f3f2ee00b84174a7a69159ed54e84c"
I20260709 12:16:49.187897 28475 raft_consensus.cc:3055] T 78c6286e6483428a9782396ba99722bd P 1ca2e3366914451da6c9e6e8df8a06c7 [term 3 LEADER]: Stepping down as leader of term 3
I20260709 12:16:49.188164 28325 raft_consensus.cc:3060] T 78c6286e6483428a9782396ba99722bd P 98f3f2ee00b84174a7a69159ed54e84c [term 3 FOLLOWER]: Advancing to term 4
I20260709 12:16:49.188213 28475 raft_consensus.cc:740] T 78c6286e6483428a9782396ba99722bd P 1ca2e3366914451da6c9e6e8df8a06c7 [term 3 LEADER]: Becoming Follower/Learner. State: Replica: 1ca2e3366914451da6c9e6e8df8a06c7, State: Running, Role: LEADER
I20260709 12:16:49.188961 28475 consensus_queue.cc:260] T 78c6286e6483428a9782396ba99722bd P 1ca2e3366914451da6c9e6e8df8a06c7 [NON_LEADER]: Queue going to NON_LEADER mode. State: All replicated index: 0, Majority replicated index: 3, Committed index: 3, Last appended: 3.3, Last appended by leader: 3, Current term: 3, Majority size: -1, State: 0, Mode: NON_LEADER, active raft config: opid_index: -1 OBSOLETE_local: false peers { permanent_uuid: "1ca2e3366914451da6c9e6e8df8a06c7" member_type: VOTER last_known_addr { host: "127.27.135.195" port: 44689 } } peers { permanent_uuid: "98f3f2ee00b84174a7a69159ed54e84c" member_type: VOTER last_known_addr { host: "127.27.135.193" port: 39399 } } peers { permanent_uuid: "de6d31d9b6a042dc8e4105b0338d54c8" member_type: VOTER last_known_addr { host: "127.27.135.194" port: 40843 } }
I20260709 12:16:49.190271 28475 raft_consensus.cc:3060] T 78c6286e6483428a9782396ba99722bd P 1ca2e3366914451da6c9e6e8df8a06c7 [term 3 FOLLOWER]: Advancing to term 4
I20260709 12:16:49.193274 28325 raft_consensus.cc:2468] T 78c6286e6483428a9782396ba99722bd P 98f3f2ee00b84174a7a69159ed54e84c [term 4 FOLLOWER]: Leader election vote request: Granting yes vote for candidate de6d31d9b6a042dc8e4105b0338d54c8 in term 4.
I20260709 12:16:49.194555 28367 leader_election.cc:304] T 78c6286e6483428a9782396ba99722bd P de6d31d9b6a042dc8e4105b0338d54c8 [CANDIDATE]: Term 4 election: Election decided. Result: candidate won. Election summary: received 2 responses out of 3 voters: 2 yes votes; 0 no votes. yes voters: 98f3f2ee00b84174a7a69159ed54e84c, de6d31d9b6a042dc8e4105b0338d54c8; no voters: 
I20260709 12:16:49.194766 28475 raft_consensus.cc:2468] T 78c6286e6483428a9782396ba99722bd P 1ca2e3366914451da6c9e6e8df8a06c7 [term 4 FOLLOWER]: Leader election vote request: Granting yes vote for candidate de6d31d9b6a042dc8e4105b0338d54c8 in term 4.
I20260709 12:16:49.195246 28644 raft_consensus.cc:2804] T 78c6286e6483428a9782396ba99722bd P de6d31d9b6a042dc8e4105b0338d54c8 [term 4 FOLLOWER]: Leader election won for term 4
I20260709 12:16:49.195981 28644 raft_consensus.cc:697] T 78c6286e6483428a9782396ba99722bd P de6d31d9b6a042dc8e4105b0338d54c8 [term 4 LEADER]: Becoming Leader. State: Replica: de6d31d9b6a042dc8e4105b0338d54c8, State: Running, Role: LEADER
I20260709 12:16:49.196703 28644 consensus_queue.cc:237] T 78c6286e6483428a9782396ba99722bd P de6d31d9b6a042dc8e4105b0338d54c8 [LEADER]: Queue going to LEADER mode. State: All replicated index: 0, Majority replicated index: 3, Committed index: 3, Last appended: 3.3, Last appended by leader: 3, Current term: 4, Majority size: 2, State: 0, Mode: LEADER, active raft config: opid_index: -1 OBSOLETE_local: false peers { permanent_uuid: "1ca2e3366914451da6c9e6e8df8a06c7" member_type: VOTER last_known_addr { host: "127.27.135.195" port: 44689 } } peers { permanent_uuid: "98f3f2ee00b84174a7a69159ed54e84c" member_type: VOTER last_known_addr { host: "127.27.135.193" port: 39399 } } peers { permanent_uuid: "de6d31d9b6a042dc8e4105b0338d54c8" member_type: VOTER last_known_addr { host: "127.27.135.194" port: 40843 } }
I20260709 12:16:49.203236 28223 catalog_manager.cc:5697] T 78c6286e6483428a9782396ba99722bd P de6d31d9b6a042dc8e4105b0338d54c8 reported cstate change: term changed from 3 to 4, leader changed from 1ca2e3366914451da6c9e6e8df8a06c7 (127.27.135.195) to de6d31d9b6a042dc8e4105b0338d54c8 (127.27.135.194). New cstate: current_term: 4 leader_uuid: "de6d31d9b6a042dc8e4105b0338d54c8" committed_config { opid_index: -1 OBSOLETE_local: false peers { permanent_uuid: "1ca2e3366914451da6c9e6e8df8a06c7" member_type: VOTER last_known_addr { host: "127.27.135.195" port: 44689 } health_report { overall_health: UNKNOWN } } peers { permanent_uuid: "98f3f2ee00b84174a7a69159ed54e84c" member_type: VOTER last_known_addr { host: "127.27.135.193" port: 39399 } health_report { overall_health: UNKNOWN } } peers { permanent_uuid: "de6d31d9b6a042dc8e4105b0338d54c8" member_type: VOTER last_known_addr { host: "127.27.135.194" port: 40843 } health_report { overall_health: HEALTHY } } }
I20260709 12:16:49.257099 28633 raft_consensus.cc:993] T 8c1b5dccddde464e8f570bbab6fc554a P 1ca2e3366914451da6c9e6e8df8a06c7: : Instructing follower de6d31d9b6a042dc8e4105b0338d54c8 to start an election
I20260709 12:16:49.257575 28658 raft_consensus.cc:1081] T 8c1b5dccddde464e8f570bbab6fc554a P 1ca2e3366914451da6c9e6e8df8a06c7 [term 3 LEADER]: Signalling peer de6d31d9b6a042dc8e4105b0338d54c8 to start an election
I20260709 12:16:49.259583 28401 tablet_service.cc:2044] Received Run Leader Election RPC: tablet_id: "8c1b5dccddde464e8f570bbab6fc554a"
dest_uuid: "de6d31d9b6a042dc8e4105b0338d54c8"
 from {username='slave'} at 127.0.0.1:51802
I20260709 12:16:49.260146 28401 raft_consensus.cc:493] T 8c1b5dccddde464e8f570bbab6fc554a P de6d31d9b6a042dc8e4105b0338d54c8 [term 3 FOLLOWER]: Starting forced leader election (received explicit request)
I20260709 12:16:49.260501 28401 raft_consensus.cc:3060] T 8c1b5dccddde464e8f570bbab6fc554a P de6d31d9b6a042dc8e4105b0338d54c8 [term 3 FOLLOWER]: Advancing to term 4
I20260709 12:16:49.265062 28401 raft_consensus.cc:515] T 8c1b5dccddde464e8f570bbab6fc554a P de6d31d9b6a042dc8e4105b0338d54c8 [term 4 FOLLOWER]: Starting forced leader election with config: opid_index: -1 OBSOLETE_local: false peers { permanent_uuid: "98f3f2ee00b84174a7a69159ed54e84c" member_type: VOTER last_known_addr { host: "127.27.135.193" port: 39399 } } peers { permanent_uuid: "de6d31d9b6a042dc8e4105b0338d54c8" member_type: VOTER last_known_addr { host: "127.27.135.194" port: 40843 } } peers { permanent_uuid: "1ca2e3366914451da6c9e6e8df8a06c7" member_type: VOTER last_known_addr { host: "127.27.135.195" port: 44689 } }
I20260709 12:16:49.266862 28401 leader_election.cc:290] T 8c1b5dccddde464e8f570bbab6fc554a P de6d31d9b6a042dc8e4105b0338d54c8 [CANDIDATE]: Term 4 election: Requested vote from peers 98f3f2ee00b84174a7a69159ed54e84c (127.27.135.193:39399), 1ca2e3366914451da6c9e6e8df8a06c7 (127.27.135.195:44689)
I20260709 12:16:49.267984 28325 tablet_service.cc:1917] Received RequestConsensusVote() RPC: tablet_id: "8c1b5dccddde464e8f570bbab6fc554a" candidate_uuid: "de6d31d9b6a042dc8e4105b0338d54c8" candidate_term: 4 candidate_status { last_received { term: 3 index: 3 } } ignore_live_leader: true dest_uuid: "98f3f2ee00b84174a7a69159ed54e84c"
I20260709 12:16:49.268029 28475 tablet_service.cc:1917] Received RequestConsensusVote() RPC: tablet_id: "8c1b5dccddde464e8f570bbab6fc554a" candidate_uuid: "de6d31d9b6a042dc8e4105b0338d54c8" candidate_term: 4 candidate_status { last_received { term: 3 index: 3 } } ignore_live_leader: true dest_uuid: "1ca2e3366914451da6c9e6e8df8a06c7"
I20260709 12:16:49.268790 28325 raft_consensus.cc:3060] T 8c1b5dccddde464e8f570bbab6fc554a P 98f3f2ee00b84174a7a69159ed54e84c [term 3 FOLLOWER]: Advancing to term 4
I20260709 12:16:49.269249 28475 raft_consensus.cc:3055] T 8c1b5dccddde464e8f570bbab6fc554a P 1ca2e3366914451da6c9e6e8df8a06c7 [term 3 LEADER]: Stepping down as leader of term 3
I20260709 12:16:49.269503 28475 raft_consensus.cc:740] T 8c1b5dccddde464e8f570bbab6fc554a P 1ca2e3366914451da6c9e6e8df8a06c7 [term 3 LEADER]: Becoming Follower/Learner. State: Replica: 1ca2e3366914451da6c9e6e8df8a06c7, State: Running, Role: LEADER
I20260709 12:16:49.270164 28475 consensus_queue.cc:260] T 8c1b5dccddde464e8f570bbab6fc554a P 1ca2e3366914451da6c9e6e8df8a06c7 [NON_LEADER]: Queue going to NON_LEADER mode. State: All replicated index: 0, Majority replicated index: 3, Committed index: 3, Last appended: 3.3, Last appended by leader: 3, Current term: 3, Majority size: -1, State: 0, Mode: NON_LEADER, active raft config: opid_index: -1 OBSOLETE_local: false peers { permanent_uuid: "98f3f2ee00b84174a7a69159ed54e84c" member_type: VOTER last_known_addr { host: "127.27.135.193" port: 39399 } } peers { permanent_uuid: "de6d31d9b6a042dc8e4105b0338d54c8" member_type: VOTER last_known_addr { host: "127.27.135.194" port: 40843 } } peers { permanent_uuid: "1ca2e3366914451da6c9e6e8df8a06c7" member_type: VOTER last_known_addr { host: "127.27.135.195" port: 44689 } }
I20260709 12:16:49.270961 28475 raft_consensus.cc:3060] T 8c1b5dccddde464e8f570bbab6fc554a P 1ca2e3366914451da6c9e6e8df8a06c7 [term 3 FOLLOWER]: Advancing to term 4
I20260709 12:16:49.274389 28325 raft_consensus.cc:2468] T 8c1b5dccddde464e8f570bbab6fc554a P 98f3f2ee00b84174a7a69159ed54e84c [term 4 FOLLOWER]: Leader election vote request: Granting yes vote for candidate de6d31d9b6a042dc8e4105b0338d54c8 in term 4.
I20260709 12:16:49.275556 28367 leader_election.cc:304] T 8c1b5dccddde464e8f570bbab6fc554a P de6d31d9b6a042dc8e4105b0338d54c8 [CANDIDATE]: Term 4 election: Election decided. Result: candidate won. Election summary: received 2 responses out of 3 voters: 2 yes votes; 0 no votes. yes voters: 98f3f2ee00b84174a7a69159ed54e84c, de6d31d9b6a042dc8e4105b0338d54c8; no voters: 
I20260709 12:16:49.276276 28644 raft_consensus.cc:2804] T 8c1b5dccddde464e8f570bbab6fc554a P de6d31d9b6a042dc8e4105b0338d54c8 [term 4 FOLLOWER]: Leader election won for term 4
I20260709 12:16:49.276994 28644 raft_consensus.cc:697] T 8c1b5dccddde464e8f570bbab6fc554a P de6d31d9b6a042dc8e4105b0338d54c8 [term 4 LEADER]: Becoming Leader. State: Replica: de6d31d9b6a042dc8e4105b0338d54c8, State: Running, Role: LEADER
I20260709 12:16:49.276762 28475 raft_consensus.cc:2468] T 8c1b5dccddde464e8f570bbab6fc554a P 1ca2e3366914451da6c9e6e8df8a06c7 [term 4 FOLLOWER]: Leader election vote request: Granting yes vote for candidate de6d31d9b6a042dc8e4105b0338d54c8 in term 4.
I20260709 12:16:49.277998 28644 consensus_queue.cc:237] T 8c1b5dccddde464e8f570bbab6fc554a P de6d31d9b6a042dc8e4105b0338d54c8 [LEADER]: Queue going to LEADER mode. State: All replicated index: 0, Majority replicated index: 3, Committed index: 3, Last appended: 3.3, Last appended by leader: 3, Current term: 4, Majority size: 2, State: 0, Mode: LEADER, active raft config: opid_index: -1 OBSOLETE_local: false peers { permanent_uuid: "98f3f2ee00b84174a7a69159ed54e84c" member_type: VOTER last_known_addr { host: "127.27.135.193" port: 39399 } } peers { permanent_uuid: "de6d31d9b6a042dc8e4105b0338d54c8" member_type: VOTER last_known_addr { host: "127.27.135.194" port: 40843 } } peers { permanent_uuid: "1ca2e3366914451da6c9e6e8df8a06c7" member_type: VOTER last_known_addr { host: "127.27.135.195" port: 44689 } }
I20260709 12:16:49.286130 28223 catalog_manager.cc:5697] T 8c1b5dccddde464e8f570bbab6fc554a P de6d31d9b6a042dc8e4105b0338d54c8 reported cstate change: term changed from 3 to 4, leader changed from 1ca2e3366914451da6c9e6e8df8a06c7 (127.27.135.195) to de6d31d9b6a042dc8e4105b0338d54c8 (127.27.135.194). New cstate: current_term: 4 leader_uuid: "de6d31d9b6a042dc8e4105b0338d54c8" committed_config { opid_index: -1 OBSOLETE_local: false peers { permanent_uuid: "98f3f2ee00b84174a7a69159ed54e84c" member_type: VOTER last_known_addr { host: "127.27.135.193" port: 39399 } health_report { overall_health: UNKNOWN } } peers { permanent_uuid: "de6d31d9b6a042dc8e4105b0338d54c8" member_type: VOTER last_known_addr { host: "127.27.135.194" port: 40843 } health_report { overall_health: HEALTHY } } peers { permanent_uuid: "1ca2e3366914451da6c9e6e8df8a06c7" member_type: VOTER last_known_addr { host: "127.27.135.195" port: 44689 } health_report { overall_health: UNKNOWN } } }
I20260709 12:16:49.556843 28325 raft_consensus.cc:1275] T 47e171623fb5413a8ba32aacbef44e34 P 98f3f2ee00b84174a7a69159ed54e84c [term 3 FOLLOWER]: Refusing update from remote peer de6d31d9b6a042dc8e4105b0338d54c8: Log matching property violated. Preceding OpId in replica: term: 2 index: 2. Preceding OpId from leader: term: 3 index: 3. (index mismatch)
I20260709 12:16:49.558188 28644 consensus_queue.cc:1048] T 47e171623fb5413a8ba32aacbef44e34 P de6d31d9b6a042dc8e4105b0338d54c8 [LEADER]: Connected to new peer: Peer: permanent_uuid: "98f3f2ee00b84174a7a69159ed54e84c" member_type: VOTER last_known_addr { host: "127.27.135.193" port: 39399 }, Status: LMP_MISMATCH, Last received: 0.0, Next index: 3, Last known committed idx: 2, Time since last communication: 0.000s
I20260709 12:16:49.570591 28475 raft_consensus.cc:1275] T 47e171623fb5413a8ba32aacbef44e34 P 1ca2e3366914451da6c9e6e8df8a06c7 [term 3 FOLLOWER]: Refusing update from remote peer de6d31d9b6a042dc8e4105b0338d54c8: Log matching property violated. Preceding OpId in replica: term: 2 index: 2. Preceding OpId from leader: term: 3 index: 3. (index mismatch)
I20260709 12:16:49.572091 28644 consensus_queue.cc:1048] T 47e171623fb5413a8ba32aacbef44e34 P de6d31d9b6a042dc8e4105b0338d54c8 [LEADER]: Connected to new peer: Peer: permanent_uuid: "1ca2e3366914451da6c9e6e8df8a06c7" member_type: VOTER last_known_addr { host: "127.27.135.195" port: 44689 }, Status: LMP_MISMATCH, Last received: 0.0, Next index: 3, Last known committed idx: 2, Time since last communication: 0.000s
I20260709 12:16:49.579103 28474 raft_consensus.cc:1275] T be0fa59b44fe4476ae11ae4ba8293bee P 1ca2e3366914451da6c9e6e8df8a06c7 [term 3 FOLLOWER]: Refusing update from remote peer de6d31d9b6a042dc8e4105b0338d54c8: Log matching property violated. Preceding OpId in replica: term: 2 index: 2. Preceding OpId from leader: term: 3 index: 3. (index mismatch)
I20260709 12:16:49.580327 28650 consensus_queue.cc:1048] T be0fa59b44fe4476ae11ae4ba8293bee P de6d31d9b6a042dc8e4105b0338d54c8 [LEADER]: Connected to new peer: Peer: permanent_uuid: "1ca2e3366914451da6c9e6e8df8a06c7" member_type: VOTER last_known_addr { host: "127.27.135.195" port: 44689 }, Status: LMP_MISMATCH, Last received: 0.0, Next index: 3, Last known committed idx: 2, Time since last communication: 0.000s
I20260709 12:16:49.598920 28325 raft_consensus.cc:1275] T be0fa59b44fe4476ae11ae4ba8293bee P 98f3f2ee00b84174a7a69159ed54e84c [term 3 FOLLOWER]: Refusing update from remote peer de6d31d9b6a042dc8e4105b0338d54c8: Log matching property violated. Preceding OpId in replica: term: 2 index: 2. Preceding OpId from leader: term: 3 index: 3. (index mismatch)
I20260709 12:16:49.599524 28326 raft_consensus.cc:1275] T 78c6286e6483428a9782396ba99722bd P 98f3f2ee00b84174a7a69159ed54e84c [term 4 FOLLOWER]: Refusing update from remote peer de6d31d9b6a042dc8e4105b0338d54c8: Log matching property violated. Preceding OpId in replica: term: 3 index: 3. Preceding OpId from leader: term: 4 index: 4. (index mismatch)
I20260709 12:16:49.600508 28667 consensus_queue.cc:1048] T be0fa59b44fe4476ae11ae4ba8293bee P de6d31d9b6a042dc8e4105b0338d54c8 [LEADER]: Connected to new peer: Peer: permanent_uuid: "98f3f2ee00b84174a7a69159ed54e84c" member_type: VOTER last_known_addr { host: "127.27.135.193" port: 39399 }, Status: LMP_MISMATCH, Last received: 0.0, Next index: 3, Last known committed idx: 2, Time since last communication: 0.001s
I20260709 12:16:49.600809 28644 consensus_queue.cc:1048] T 78c6286e6483428a9782396ba99722bd P de6d31d9b6a042dc8e4105b0338d54c8 [LEADER]: Connected to new peer: Peer: permanent_uuid: "98f3f2ee00b84174a7a69159ed54e84c" member_type: VOTER last_known_addr { host: "127.27.135.193" port: 39399 }, Status: LMP_MISMATCH, Last received: 0.0, Next index: 4, Last known committed idx: 3, Time since last communication: 0.000s
I20260709 12:16:49.611732 28474 raft_consensus.cc:1275] T 78c6286e6483428a9782396ba99722bd P 1ca2e3366914451da6c9e6e8df8a06c7 [term 4 FOLLOWER]: Refusing update from remote peer de6d31d9b6a042dc8e4105b0338d54c8: Log matching property violated. Preceding OpId in replica: term: 3 index: 3. Preceding OpId from leader: term: 4 index: 4. (index mismatch)
I20260709 12:16:49.613897 28649 consensus_queue.cc:1048] T 78c6286e6483428a9782396ba99722bd P de6d31d9b6a042dc8e4105b0338d54c8 [LEADER]: Connected to new peer: Peer: permanent_uuid: "1ca2e3366914451da6c9e6e8df8a06c7" member_type: VOTER last_known_addr { host: "127.27.135.195" port: 44689 }, Status: LMP_MISMATCH, Last received: 0.0, Next index: 4, Last known committed idx: 3, Time since last communication: 0.000s
I20260709 12:16:49.632664 28325 raft_consensus.cc:1275] T e6d3cdd5a2eb447dabcb64df8a137609 P 98f3f2ee00b84174a7a69159ed54e84c [term 2 FOLLOWER]: Refusing update from remote peer de6d31d9b6a042dc8e4105b0338d54c8: Log matching property violated. Preceding OpId in replica: term: 1 index: 1. Preceding OpId from leader: term: 2 index: 2. (index mismatch)
I20260709 12:16:49.633876 28649 consensus_queue.cc:1048] T e6d3cdd5a2eb447dabcb64df8a137609 P de6d31d9b6a042dc8e4105b0338d54c8 [LEADER]: Connected to new peer: Peer: permanent_uuid: "98f3f2ee00b84174a7a69159ed54e84c" member_type: VOTER last_known_addr { host: "127.27.135.193" port: 39399 }, Status: LMP_MISMATCH, Last received: 0.0, Next index: 2, Last known committed idx: 1, Time since last communication: 0.000s
I20260709 12:16:49.642249 28474 raft_consensus.cc:1275] T e6d3cdd5a2eb447dabcb64df8a137609 P 1ca2e3366914451da6c9e6e8df8a06c7 [term 2 FOLLOWER]: Refusing update from remote peer de6d31d9b6a042dc8e4105b0338d54c8: Log matching property violated. Preceding OpId in replica: term: 1 index: 1. Preceding OpId from leader: term: 2 index: 2. (index mismatch)
I20260709 12:16:49.644155 28644 consensus_queue.cc:1048] T e6d3cdd5a2eb447dabcb64df8a137609 P de6d31d9b6a042dc8e4105b0338d54c8 [LEADER]: Connected to new peer: Peer: permanent_uuid: "1ca2e3366914451da6c9e6e8df8a06c7" member_type: VOTER last_known_addr { host: "127.27.135.195" port: 44689 }, Status: LMP_MISMATCH, Last received: 0.0, Next index: 2, Last known committed idx: 1, Time since last communication: 0.000s
I20260709 12:16:49.857126 28325 raft_consensus.cc:1275] T 8c1b5dccddde464e8f570bbab6fc554a P 98f3f2ee00b84174a7a69159ed54e84c [term 4 FOLLOWER]: Refusing update from remote peer de6d31d9b6a042dc8e4105b0338d54c8: Log matching property violated. Preceding OpId in replica: term: 3 index: 3. Preceding OpId from leader: term: 4 index: 4. (index mismatch)
I20260709 12:16:49.858539 28644 consensus_queue.cc:1048] T 8c1b5dccddde464e8f570bbab6fc554a P de6d31d9b6a042dc8e4105b0338d54c8 [LEADER]: Connected to new peer: Peer: permanent_uuid: "98f3f2ee00b84174a7a69159ed54e84c" member_type: VOTER last_known_addr { host: "127.27.135.193" port: 39399 }, Status: LMP_MISMATCH, Last received: 0.0, Next index: 4, Last known committed idx: 3, Time since last communication: 0.000s
I20260709 12:16:49.867381 28474 raft_consensus.cc:1275] T 8c1b5dccddde464e8f570bbab6fc554a P 1ca2e3366914451da6c9e6e8df8a06c7 [term 4 FOLLOWER]: Refusing update from remote peer de6d31d9b6a042dc8e4105b0338d54c8: Log matching property violated. Preceding OpId in replica: term: 3 index: 3. Preceding OpId from leader: term: 4 index: 4. (index mismatch)
I20260709 12:16:49.869681 28650 consensus_queue.cc:1048] T 8c1b5dccddde464e8f570bbab6fc554a P de6d31d9b6a042dc8e4105b0338d54c8 [LEADER]: Connected to new peer: Peer: permanent_uuid: "1ca2e3366914451da6c9e6e8df8a06c7" member_type: VOTER last_known_addr { host: "127.27.135.195" port: 44689 }, Status: LMP_MISMATCH, Last received: 0.0, Next index: 4, Last known committed idx: 3, Time since last communication: 0.000s
I20260709 12:16:51.868325 28191 auto_leader_rebalancer-test.cc:328] The leader distribution is 
I20260709 12:16:51.869333 28191 auto_leader_rebalancer.cc:141] leader rebalance for table test-workload
I20260709 12:16:51.877607 28401 tablet_service.cc:2072] Received LeaderStepDown RPC: tablet_id: "07a0bc9bf0bd493586e3bc18029d95af"
dest_uuid: "de6d31d9b6a042dc8e4105b0338d54c8"
mode: GRACEFUL
new_leader_uuid: "98f3f2ee00b84174a7a69159ed54e84c"
 from {username='slave'} at 127.0.0.1:51828
I20260709 12:16:51.878376 28401 raft_consensus.cc:606] T 07a0bc9bf0bd493586e3bc18029d95af P de6d31d9b6a042dc8e4105b0338d54c8 [term 2 LEADER]: Received request to transfer leadership to TS 98f3f2ee00b84174a7a69159ed54e84c
I20260709 12:16:51.881522 28401 tablet_service.cc:2072] Received LeaderStepDown RPC: tablet_id: "78c6286e6483428a9782396ba99722bd"
dest_uuid: "de6d31d9b6a042dc8e4105b0338d54c8"
mode: GRACEFUL
new_leader_uuid: "98f3f2ee00b84174a7a69159ed54e84c"
 from {username='slave'} at 127.0.0.1:51828
I20260709 12:16:51.882063 28401 raft_consensus.cc:606] T 78c6286e6483428a9782396ba99722bd P de6d31d9b6a042dc8e4105b0338d54c8 [term 4 LEADER]: Received request to transfer leadership to TS 98f3f2ee00b84174a7a69159ed54e84c
I20260709 12:16:51.884677 28401 tablet_service.cc:2072] Received LeaderStepDown RPC: tablet_id: "8c1b5dccddde464e8f570bbab6fc554a"
dest_uuid: "de6d31d9b6a042dc8e4105b0338d54c8"
mode: GRACEFUL
new_leader_uuid: "1ca2e3366914451da6c9e6e8df8a06c7"
 from {username='slave'} at 127.0.0.1:51828
I20260709 12:16:51.885149 28401 raft_consensus.cc:606] T 8c1b5dccddde464e8f570bbab6fc554a P de6d31d9b6a042dc8e4105b0338d54c8 [term 4 LEADER]: Received request to transfer leadership to TS 1ca2e3366914451da6c9e6e8df8a06c7
I20260709 12:16:51.887406 28401 tablet_service.cc:2072] Received LeaderStepDown RPC: tablet_id: "8ca61a6b115341c087b93293a6114089"
dest_uuid: "de6d31d9b6a042dc8e4105b0338d54c8"
mode: GRACEFUL
new_leader_uuid: "1ca2e3366914451da6c9e6e8df8a06c7"
 from {username='slave'} at 127.0.0.1:51828
I20260709 12:16:51.887955 28401 raft_consensus.cc:606] T 8ca61a6b115341c087b93293a6114089 P de6d31d9b6a042dc8e4105b0338d54c8 [term 1 LEADER]: Received request to transfer leadership to TS 1ca2e3366914451da6c9e6e8df8a06c7
I20260709 12:16:51.890632 28401 tablet_service.cc:2072] Received LeaderStepDown RPC: tablet_id: "e6d3cdd5a2eb447dabcb64df8a137609"
dest_uuid: "de6d31d9b6a042dc8e4105b0338d54c8"
mode: GRACEFUL
new_leader_uuid: "98f3f2ee00b84174a7a69159ed54e84c"
 from {username='slave'} at 127.0.0.1:51828
I20260709 12:16:51.891142 28401 raft_consensus.cc:606] T e6d3cdd5a2eb447dabcb64df8a137609 P de6d31d9b6a042dc8e4105b0338d54c8 [term 2 LEADER]: Received request to transfer leadership to TS 98f3f2ee00b84174a7a69159ed54e84c
I20260709 12:16:51.892450 28191 auto_leader_rebalancer.cc:440] table: test-workload, leader rebalance finish, leader transfer count: 5
I20260709 12:16:51.893108 28191 auto_leader_rebalancer.cc:515] All tables' leader rebalancing finished this round
I20260709 12:16:51.980019 28649 raft_consensus.cc:993] T e6d3cdd5a2eb447dabcb64df8a137609 P de6d31d9b6a042dc8e4105b0338d54c8: : Instructing follower 98f3f2ee00b84174a7a69159ed54e84c to start an election
I20260709 12:16:51.980628 28676 raft_consensus.cc:1081] T e6d3cdd5a2eb447dabcb64df8a137609 P de6d31d9b6a042dc8e4105b0338d54c8 [term 2 LEADER]: Signalling peer 98f3f2ee00b84174a7a69159ed54e84c to start an election
I20260709 12:16:51.982298 28326 tablet_service.cc:2044] Received Run Leader Election RPC: tablet_id: "e6d3cdd5a2eb447dabcb64df8a137609"
dest_uuid: "98f3f2ee00b84174a7a69159ed54e84c"
 from {username='slave'} at 127.0.0.1:34250
I20260709 12:16:51.982851 28326 raft_consensus.cc:493] T e6d3cdd5a2eb447dabcb64df8a137609 P 98f3f2ee00b84174a7a69159ed54e84c [term 2 FOLLOWER]: Starting forced leader election (received explicit request)
I20260709 12:16:51.983160 28326 raft_consensus.cc:3060] T e6d3cdd5a2eb447dabcb64df8a137609 P 98f3f2ee00b84174a7a69159ed54e84c [term 2 FOLLOWER]: Advancing to term 3
I20260709 12:16:51.988708 28326 raft_consensus.cc:515] T e6d3cdd5a2eb447dabcb64df8a137609 P 98f3f2ee00b84174a7a69159ed54e84c [term 3 FOLLOWER]: Starting forced leader election with config: opid_index: -1 OBSOLETE_local: false peers { permanent_uuid: "98f3f2ee00b84174a7a69159ed54e84c" member_type: VOTER last_known_addr { host: "127.27.135.193" port: 39399 } } peers { permanent_uuid: "de6d31d9b6a042dc8e4105b0338d54c8" member_type: VOTER last_known_addr { host: "127.27.135.194" port: 40843 } } peers { permanent_uuid: "1ca2e3366914451da6c9e6e8df8a06c7" member_type: VOTER last_known_addr { host: "127.27.135.195" port: 44689 } }
I20260709 12:16:51.991155 28326 leader_election.cc:290] T e6d3cdd5a2eb447dabcb64df8a137609 P 98f3f2ee00b84174a7a69159ed54e84c [CANDIDATE]: Term 3 election: Requested vote from peers de6d31d9b6a042dc8e4105b0338d54c8 (127.27.135.194:40843), 1ca2e3366914451da6c9e6e8df8a06c7 (127.27.135.195:44689)
I20260709 12:16:51.992494 28401 tablet_service.cc:1917] Received RequestConsensusVote() RPC: tablet_id: "e6d3cdd5a2eb447dabcb64df8a137609" candidate_uuid: "98f3f2ee00b84174a7a69159ed54e84c" candidate_term: 3 candidate_status { last_received { term: 2 index: 2 } } ignore_live_leader: true dest_uuid: "de6d31d9b6a042dc8e4105b0338d54c8"
I20260709 12:16:51.992745 28475 tablet_service.cc:1917] Received RequestConsensusVote() RPC: tablet_id: "e6d3cdd5a2eb447dabcb64df8a137609" candidate_uuid: "98f3f2ee00b84174a7a69159ed54e84c" candidate_term: 3 candidate_status { last_received { term: 2 index: 2 } } ignore_live_leader: true dest_uuid: "1ca2e3366914451da6c9e6e8df8a06c7"
I20260709 12:16:51.993147 28401 raft_consensus.cc:3055] T e6d3cdd5a2eb447dabcb64df8a137609 P de6d31d9b6a042dc8e4105b0338d54c8 [term 2 LEADER]: Stepping down as leader of term 2
I20260709 12:16:51.993427 28401 raft_consensus.cc:740] T e6d3cdd5a2eb447dabcb64df8a137609 P de6d31d9b6a042dc8e4105b0338d54c8 [term 2 LEADER]: Becoming Follower/Learner. State: Replica: de6d31d9b6a042dc8e4105b0338d54c8, State: Running, Role: LEADER
I20260709 12:16:51.993551 28475 raft_consensus.cc:3060] T e6d3cdd5a2eb447dabcb64df8a137609 P 1ca2e3366914451da6c9e6e8df8a06c7 [term 2 FOLLOWER]: Advancing to term 3
I20260709 12:16:51.994259 28401 consensus_queue.cc:260] T e6d3cdd5a2eb447dabcb64df8a137609 P de6d31d9b6a042dc8e4105b0338d54c8 [NON_LEADER]: Queue going to NON_LEADER mode. State: All replicated index: 0, Majority replicated index: 2, Committed index: 2, Last appended: 2.2, Last appended by leader: 2, Current term: 2, Majority size: -1, State: 0, Mode: NON_LEADER, active raft config: opid_index: -1 OBSOLETE_local: false peers { permanent_uuid: "98f3f2ee00b84174a7a69159ed54e84c" member_type: VOTER last_known_addr { host: "127.27.135.193" port: 39399 } } peers { permanent_uuid: "de6d31d9b6a042dc8e4105b0338d54c8" member_type: VOTER last_known_addr { host: "127.27.135.194" port: 40843 } } peers { permanent_uuid: "1ca2e3366914451da6c9e6e8df8a06c7" member_type: VOTER last_known_addr { host: "127.27.135.195" port: 44689 } }
I20260709 12:16:51.995363 28401 raft_consensus.cc:3060] T e6d3cdd5a2eb447dabcb64df8a137609 P de6d31d9b6a042dc8e4105b0338d54c8 [term 2 FOLLOWER]: Advancing to term 3
I20260709 12:16:51.999759 28475 raft_consensus.cc:2468] T e6d3cdd5a2eb447dabcb64df8a137609 P 1ca2e3366914451da6c9e6e8df8a06c7 [term 3 FOLLOWER]: Leader election vote request: Granting yes vote for candidate 98f3f2ee00b84174a7a69159ed54e84c in term 3.
I20260709 12:16:52.000861 28401 raft_consensus.cc:2468] T e6d3cdd5a2eb447dabcb64df8a137609 P de6d31d9b6a042dc8e4105b0338d54c8 [term 3 FOLLOWER]: Leader election vote request: Granting yes vote for candidate 98f3f2ee00b84174a7a69159ed54e84c in term 3.
I20260709 12:16:52.002293 28289 leader_election.cc:304] T e6d3cdd5a2eb447dabcb64df8a137609 P 98f3f2ee00b84174a7a69159ed54e84c [CANDIDATE]: Term 3 election: Election decided. Result: candidate won. Election summary: received 2 responses out of 3 voters: 2 yes votes; 0 no votes. yes voters: 1ca2e3366914451da6c9e6e8df8a06c7, 98f3f2ee00b84174a7a69159ed54e84c; no voters: 
I20260709 12:16:52.004132 28678 raft_consensus.cc:2804] T e6d3cdd5a2eb447dabcb64df8a137609 P 98f3f2ee00b84174a7a69159ed54e84c [term 3 FOLLOWER]: Leader election won for term 3
I20260709 12:16:52.005343 28678 raft_consensus.cc:697] T e6d3cdd5a2eb447dabcb64df8a137609 P 98f3f2ee00b84174a7a69159ed54e84c [term 3 LEADER]: Becoming Leader. State: Replica: 98f3f2ee00b84174a7a69159ed54e84c, State: Running, Role: LEADER
I20260709 12:16:52.006477 28678 consensus_queue.cc:237] T e6d3cdd5a2eb447dabcb64df8a137609 P 98f3f2ee00b84174a7a69159ed54e84c [LEADER]: Queue going to LEADER mode. State: All replicated index: 0, Majority replicated index: 2, Committed index: 2, Last appended: 2.2, Last appended by leader: 2, Current term: 3, Majority size: 2, State: 0, Mode: LEADER, active raft config: opid_index: -1 OBSOLETE_local: false peers { permanent_uuid: "98f3f2ee00b84174a7a69159ed54e84c" member_type: VOTER last_known_addr { host: "127.27.135.193" port: 39399 } } peers { permanent_uuid: "de6d31d9b6a042dc8e4105b0338d54c8" member_type: VOTER last_known_addr { host: "127.27.135.194" port: 40843 } } peers { permanent_uuid: "1ca2e3366914451da6c9e6e8df8a06c7" member_type: VOTER last_known_addr { host: "127.27.135.195" port: 44689 } }
I20260709 12:16:52.015141 28220 catalog_manager.cc:5697] T e6d3cdd5a2eb447dabcb64df8a137609 P 98f3f2ee00b84174a7a69159ed54e84c reported cstate change: term changed from 2 to 3, leader changed from de6d31d9b6a042dc8e4105b0338d54c8 (127.27.135.194) to 98f3f2ee00b84174a7a69159ed54e84c (127.27.135.193). New cstate: current_term: 3 leader_uuid: "98f3f2ee00b84174a7a69159ed54e84c" committed_config { opid_index: -1 OBSOLETE_local: false peers { permanent_uuid: "98f3f2ee00b84174a7a69159ed54e84c" member_type: VOTER last_known_addr { host: "127.27.135.193" port: 39399 } health_report { overall_health: HEALTHY } } peers { permanent_uuid: "de6d31d9b6a042dc8e4105b0338d54c8" member_type: VOTER last_known_addr { host: "127.27.135.194" port: 40843 } health_report { overall_health: UNKNOWN } } peers { permanent_uuid: "1ca2e3366914451da6c9e6e8df8a06c7" member_type: VOTER last_known_addr { host: "127.27.135.195" port: 44689 } health_report { overall_health: UNKNOWN } } }
I20260709 12:16:52.045876 28649 raft_consensus.cc:993] T 8c1b5dccddde464e8f570bbab6fc554a P de6d31d9b6a042dc8e4105b0338d54c8: : Instructing follower 1ca2e3366914451da6c9e6e8df8a06c7 to start an election
I20260709 12:16:52.046341 28676 raft_consensus.cc:1081] T 8c1b5dccddde464e8f570bbab6fc554a P de6d31d9b6a042dc8e4105b0338d54c8 [term 4 LEADER]: Signalling peer 1ca2e3366914451da6c9e6e8df8a06c7 to start an election
I20260709 12:16:52.047999 28475 tablet_service.cc:2044] Received Run Leader Election RPC: tablet_id: "8c1b5dccddde464e8f570bbab6fc554a"
dest_uuid: "1ca2e3366914451da6c9e6e8df8a06c7"
 from {username='slave'} at 127.0.0.1:48878
