I20260709 12:16:46.991721   934 raft_consensus.cc:359] T de4afe9672094824be1931f2117719cc P 451d3efac386490da8385d12081cd2f6 [term 0 FOLLOWER]: Replica starting. Triggering 0 pending ops. Active config: opid_index: -1 OBSOLETE_local: false peers { permanent_uuid: "451d3efac386490da8385d12081cd2f6" member_type: VOTER last_known_addr { host: "127.31.206.65" port: 38453 } } peers { permanent_uuid: "16b1a7215c7b4414b9c986f65a4c5dd1" member_type: VOTER last_known_addr { host: "127.31.206.66" port: 40541 } } peers { permanent_uuid: "80192b26a102413b9d060ae4b1c7abb7" member_type: VOTER last_known_addr { host: "127.31.206.67" port: 43211 } }
I20260709 12:16:46.991559   935 raft_consensus.cc:359] T 10c120f23ae94e519b77421c6e4645df P 16b1a7215c7b4414b9c986f65a4c5dd1 [term 0 FOLLOWER]: Replica starting. Triggering 0 pending ops. Active config: opid_index: -1 OBSOLETE_local: false peers { permanent_uuid: "451d3efac386490da8385d12081cd2f6" member_type: VOTER last_known_addr { host: "127.31.206.65" port: 38453 } } peers { permanent_uuid: "16b1a7215c7b4414b9c986f65a4c5dd1" member_type: VOTER last_known_addr { host: "127.31.206.66" port: 40541 } } peers { permanent_uuid: "80192b26a102413b9d060ae4b1c7abb7" member_type: VOTER last_known_addr { host: "127.31.206.67" port: 43211 } }
I20260709 12:16:46.992440   934 raft_consensus.cc:385] T de4afe9672094824be1931f2117719cc P 451d3efac386490da8385d12081cd2f6 [term 0 FOLLOWER]: Consensus starting up: Expiring failure detector timer to make a prompt election more likely
I20260709 12:16:46.992559   935 raft_consensus.cc:385] T 10c120f23ae94e519b77421c6e4645df P 16b1a7215c7b4414b9c986f65a4c5dd1 [term 0 FOLLOWER]: Consensus starting up: Expiring failure detector timer to make a prompt election more likely
I20260709 12:16:46.993036   935 raft_consensus.cc:740] T 10c120f23ae94e519b77421c6e4645df P 16b1a7215c7b4414b9c986f65a4c5dd1 [term 0 FOLLOWER]: Becoming Follower/Learner. State: Replica: 16b1a7215c7b4414b9c986f65a4c5dd1, State: Initialized, Role: FOLLOWER
I20260709 12:16:46.992914   934 raft_consensus.cc:740] T de4afe9672094824be1931f2117719cc P 451d3efac386490da8385d12081cd2f6 [term 0 FOLLOWER]: Becoming Follower/Learner. State: Replica: 451d3efac386490da8385d12081cd2f6, State: Initialized, Role: FOLLOWER
I20260709 12:16:46.994091   935 consensus_queue.cc:260] T 10c120f23ae94e519b77421c6e4645df P 16b1a7215c7b4414b9c986f65a4c5dd1 [NON_LEADER]: Queue going to NON_LEADER mode. State: All replicated index: 0, Majority replicated index: 0, Committed index: 0, Last appended: 0.0, Last appended by leader: 0, Current term: 0, Majority size: -1, State: 0, Mode: NON_LEADER, active raft config: opid_index: -1 OBSOLETE_local: false peers { permanent_uuid: "451d3efac386490da8385d12081cd2f6" member_type: VOTER last_known_addr { host: "127.31.206.65" port: 38453 } } peers { permanent_uuid: "16b1a7215c7b4414b9c986f65a4c5dd1" member_type: VOTER last_known_addr { host: "127.31.206.66" port: 40541 } } peers { permanent_uuid: "80192b26a102413b9d060ae4b1c7abb7" member_type: VOTER last_known_addr { host: "127.31.206.67" port: 43211 } }
I20260709 12:16:46.994035   934 consensus_queue.cc:260] T de4afe9672094824be1931f2117719cc P 451d3efac386490da8385d12081cd2f6 [NON_LEADER]: Queue going to NON_LEADER mode. State: All replicated index: 0, Majority replicated index: 0, Committed index: 0, Last appended: 0.0, Last appended by leader: 0, Current term: 0, Majority size: -1, State: 0, Mode: NON_LEADER, active raft config: opid_index: -1 OBSOLETE_local: false peers { permanent_uuid: "451d3efac386490da8385d12081cd2f6" member_type: VOTER last_known_addr { host: "127.31.206.65" port: 38453 } } peers { permanent_uuid: "16b1a7215c7b4414b9c986f65a4c5dd1" member_type: VOTER last_known_addr { host: "127.31.206.66" port: 40541 } } peers { permanent_uuid: "80192b26a102413b9d060ae4b1c7abb7" member_type: VOTER last_known_addr { host: "127.31.206.67" port: 43211 } }
I20260709 12:16:46.995524   933 tablet_bootstrap.cc:492] T a974b5b447af42069deab373ac7ef07b P 80192b26a102413b9d060ae4b1c7abb7: No bootstrap required, opened a new log
I20260709 12:16:46.996112   933 ts_tablet_manager.cc:1403] T a974b5b447af42069deab373ac7ef07b P 80192b26a102413b9d060ae4b1c7abb7: Time spent bootstrapping tablet: real 0.035s	user 0.004s	sys 0.011s
I20260709 12:16:46.997222   934 ts_tablet_manager.cc:1434] T de4afe9672094824be1931f2117719cc P 451d3efac386490da8385d12081cd2f6: Time spent starting tablet: real 0.008s	user 0.003s	sys 0.005s
I20260709 12:16:46.998349   934 tablet_bootstrap.cc:492] T 5d66d501166446c3a2911c5c22eff2eb P 451d3efac386490da8385d12081cd2f6: Bootstrap starting.
I20260709 12:16:46.998819   935 ts_tablet_manager.cc:1434] T 10c120f23ae94e519b77421c6e4645df P 16b1a7215c7b4414b9c986f65a4c5dd1: Time spent starting tablet: real 0.010s	user 0.005s	sys 0.001s
I20260709 12:16:46.999015   933 raft_consensus.cc:359] T a974b5b447af42069deab373ac7ef07b P 80192b26a102413b9d060ae4b1c7abb7 [term 0 FOLLOWER]: Replica starting. Triggering 0 pending ops. Active config: opid_index: -1 OBSOLETE_local: false peers { permanent_uuid: "451d3efac386490da8385d12081cd2f6" member_type: VOTER last_known_addr { host: "127.31.206.65" port: 38453 } } peers { permanent_uuid: "16b1a7215c7b4414b9c986f65a4c5dd1" member_type: VOTER last_known_addr { host: "127.31.206.66" port: 40541 } } peers { permanent_uuid: "80192b26a102413b9d060ae4b1c7abb7" member_type: VOTER last_known_addr { host: "127.31.206.67" port: 43211 } }
I20260709 12:16:46.999752   933 raft_consensus.cc:385] T a974b5b447af42069deab373ac7ef07b P 80192b26a102413b9d060ae4b1c7abb7 [term 0 FOLLOWER]: Consensus starting up: Expiring failure detector timer to make a prompt election more likely
I20260709 12:16:47.000092   933 raft_consensus.cc:740] T a974b5b447af42069deab373ac7ef07b P 80192b26a102413b9d060ae4b1c7abb7 [term 0 FOLLOWER]: Becoming Follower/Learner. State: Replica: 80192b26a102413b9d060ae4b1c7abb7, State: Initialized, Role: FOLLOWER
I20260709 12:16:46.999769   935 tablet_bootstrap.cc:492] T a974b5b447af42069deab373ac7ef07b P 16b1a7215c7b4414b9c986f65a4c5dd1: Bootstrap starting.
I20260709 12:16:47.001518   964 raft_consensus.cc:493] T de4afe9672094824be1931f2117719cc P 16b1a7215c7b4414b9c986f65a4c5dd1 [term 0 FOLLOWER]: Starting pre-election (no leader contacted us within the election timeout)
I20260709 12:16:47.002000   964 raft_consensus.cc:515] T de4afe9672094824be1931f2117719cc P 16b1a7215c7b4414b9c986f65a4c5dd1 [term 0 FOLLOWER]: Starting pre-election with config: opid_index: -1 OBSOLETE_local: false peers { permanent_uuid: "451d3efac386490da8385d12081cd2f6" member_type: VOTER last_known_addr { host: "127.31.206.65" port: 38453 } } peers { permanent_uuid: "16b1a7215c7b4414b9c986f65a4c5dd1" member_type: VOTER last_known_addr { host: "127.31.206.66" port: 40541 } } peers { permanent_uuid: "80192b26a102413b9d060ae4b1c7abb7" member_type: VOTER last_known_addr { host: "127.31.206.67" port: 43211 } }
I20260709 12:16:47.003347   933 consensus_queue.cc:260] T a974b5b447af42069deab373ac7ef07b P 80192b26a102413b9d060ae4b1c7abb7 [NON_LEADER]: Queue going to NON_LEADER mode. State: All replicated index: 0, Majority replicated index: 0, Committed index: 0, Last appended: 0.0, Last appended by leader: 0, Current term: 0, Majority size: -1, State: 0, Mode: NON_LEADER, active raft config: opid_index: -1 OBSOLETE_local: false peers { permanent_uuid: "451d3efac386490da8385d12081cd2f6" member_type: VOTER last_known_addr { host: "127.31.206.65" port: 38453 } } peers { permanent_uuid: "16b1a7215c7b4414b9c986f65a4c5dd1" member_type: VOTER last_known_addr { host: "127.31.206.66" port: 40541 } } peers { permanent_uuid: "80192b26a102413b9d060ae4b1c7abb7" member_type: VOTER last_known_addr { host: "127.31.206.67" port: 43211 } }
I20260709 12:16:47.004127   964 leader_election.cc:290] T de4afe9672094824be1931f2117719cc P 16b1a7215c7b4414b9c986f65a4c5dd1 [CANDIDATE]: Term 1 pre-election: Requested pre-vote from peers 451d3efac386490da8385d12081cd2f6 (127.31.206.65:38453), 80192b26a102413b9d060ae4b1c7abb7 (127.31.206.67:43211)
I20260709 12:16:47.005796   744 tablet_service.cc:1917] Received RequestConsensusVote() RPC: tablet_id: "de4afe9672094824be1931f2117719cc" candidate_uuid: "16b1a7215c7b4414b9c986f65a4c5dd1" candidate_term: 1 candidate_status { last_received { term: 0 index: 0 } } ignore_live_leader: false dest_uuid: "451d3efac386490da8385d12081cd2f6" is_pre_election: true
I20260709 12:16:47.006341   934 tablet_bootstrap.cc:654] T 5d66d501166446c3a2911c5c22eff2eb P 451d3efac386490da8385d12081cd2f6: Neither blocks nor log segments found. Creating new log.
I20260709 12:16:47.009536   894 tablet_service.cc:1917] Received RequestConsensusVote() RPC: tablet_id: "de4afe9672094824be1931f2117719cc" candidate_uuid: "16b1a7215c7b4414b9c986f65a4c5dd1" candidate_term: 1 candidate_status { last_received { term: 0 index: 0 } } ignore_live_leader: false dest_uuid: "80192b26a102413b9d060ae4b1c7abb7" is_pre_election: true
W20260709 12:16:47.011264   783 leader_election.cc:343] T de4afe9672094824be1931f2117719cc P 16b1a7215c7b4414b9c986f65a4c5dd1 [CANDIDATE]: Term 1 pre-election: Tablet error from VoteRequest() call to peer 80192b26a102413b9d060ae4b1c7abb7 (127.31.206.67:43211): Illegal state: must be running to vote when last-logged opid is not known
I20260709 12:16:47.006430   744 raft_consensus.cc:2468] T de4afe9672094824be1931f2117719cc P 451d3efac386490da8385d12081cd2f6 [term 0 FOLLOWER]: Leader pre-election vote request: Granting yes vote for candidate 16b1a7215c7b4414b9c986f65a4c5dd1 in term 0.
I20260709 12:16:47.014238   955 raft_consensus.cc:493] T dd4b1b9925b44ca397119bd4c7b2105c P 451d3efac386490da8385d12081cd2f6 [term 0 FOLLOWER]: Starting pre-election (no leader contacted us within the election timeout)
I20260709 12:16:47.014508   933 ts_tablet_manager.cc:1434] T a974b5b447af42069deab373ac7ef07b P 80192b26a102413b9d060ae4b1c7abb7: Time spent starting tablet: real 0.018s	user 0.001s	sys 0.005s
I20260709 12:16:47.014585   955 raft_consensus.cc:515] T dd4b1b9925b44ca397119bd4c7b2105c P 451d3efac386490da8385d12081cd2f6 [term 0 FOLLOWER]: Starting pre-election with config: opid_index: -1 OBSOLETE_local: false peers { permanent_uuid: "451d3efac386490da8385d12081cd2f6" member_type: VOTER last_known_addr { host: "127.31.206.65" port: 38453 } } peers { permanent_uuid: "16b1a7215c7b4414b9c986f65a4c5dd1" member_type: VOTER last_known_addr { host: "127.31.206.66" port: 40541 } } peers { permanent_uuid: "80192b26a102413b9d060ae4b1c7abb7" member_type: VOTER last_known_addr { host: "127.31.206.67" port: 43211 } }
I20260709 12:16:47.016044   933 tablet_bootstrap.cc:492] T de4afe9672094824be1931f2117719cc P 80192b26a102413b9d060ae4b1c7abb7: Bootstrap starting.
I20260709 12:16:47.016589   955 leader_election.cc:290] T dd4b1b9925b44ca397119bd4c7b2105c P 451d3efac386490da8385d12081cd2f6 [CANDIDATE]: Term 1 pre-election: Requested pre-vote from peers 16b1a7215c7b4414b9c986f65a4c5dd1 (127.31.206.66:40541), 80192b26a102413b9d060ae4b1c7abb7 (127.31.206.67:43211)
I20260709 12:16:47.018332   820 tablet_service.cc:1917] Received RequestConsensusVote() RPC: tablet_id: "dd4b1b9925b44ca397119bd4c7b2105c" candidate_uuid: "451d3efac386490da8385d12081cd2f6" candidate_term: 1 candidate_status { last_received { term: 0 index: 0 } } ignore_live_leader: false dest_uuid: "16b1a7215c7b4414b9c986f65a4c5dd1" is_pre_election: true
I20260709 12:16:47.020785   784 leader_election.cc:304] T de4afe9672094824be1931f2117719cc P 16b1a7215c7b4414b9c986f65a4c5dd1 [CANDIDATE]: Term 1 pre-election: Election decided. Result: candidate won. Election summary: received 3 responses out of 3 voters: 2 yes votes; 1 no votes. yes voters: 16b1a7215c7b4414b9c986f65a4c5dd1, 451d3efac386490da8385d12081cd2f6; no voters: 80192b26a102413b9d060ae4b1c7abb7
I20260709 12:16:47.022140   935 tablet_bootstrap.cc:654] T a974b5b447af42069deab373ac7ef07b P 16b1a7215c7b4414b9c986f65a4c5dd1: Neither blocks nor log segments found. Creating new log.
I20260709 12:16:47.024387   894 tablet_service.cc:1917] Received RequestConsensusVote() RPC: tablet_id: "dd4b1b9925b44ca397119bd4c7b2105c" candidate_uuid: "451d3efac386490da8385d12081cd2f6" candidate_term: 1 candidate_status { last_received { term: 0 index: 0 } } ignore_live_leader: false dest_uuid: "80192b26a102413b9d060ae4b1c7abb7" is_pre_election: true
I20260709 12:16:47.025105   894 raft_consensus.cc:2393] T dd4b1b9925b44ca397119bd4c7b2105c P 80192b26a102413b9d060ae4b1c7abb7 [term 1 FOLLOWER]: Leader pre-election vote request: Denying vote to candidate 451d3efac386490da8385d12081cd2f6 in current term 1: Already voted for candidate 16b1a7215c7b4414b9c986f65a4c5dd1 in this term.
I20260709 12:16:47.026188   708 leader_election.cc:304] T dd4b1b9925b44ca397119bd4c7b2105c P 451d3efac386490da8385d12081cd2f6 [CANDIDATE]: Term 1 pre-election: Election decided. Result: candidate lost. Election summary: received 3 responses out of 3 voters: 1 yes votes; 2 no votes. yes voters: 451d3efac386490da8385d12081cd2f6; no voters: 16b1a7215c7b4414b9c986f65a4c5dd1, 80192b26a102413b9d060ae4b1c7abb7
I20260709 12:16:47.026691   964 raft_consensus.cc:2804] T de4afe9672094824be1931f2117719cc P 16b1a7215c7b4414b9c986f65a4c5dd1 [term 0 FOLLOWER]: Leader pre-election won for term 1
I20260709 12:16:47.027047   964 raft_consensus.cc:493] T de4afe9672094824be1931f2117719cc P 16b1a7215c7b4414b9c986f65a4c5dd1 [term 0 FOLLOWER]: Starting leader election (no leader contacted us within the election timeout)
I20260709 12:16:47.027366   955 raft_consensus.cc:3060] T dd4b1b9925b44ca397119bd4c7b2105c P 451d3efac386490da8385d12081cd2f6 [term 0 FOLLOWER]: Advancing to term 1
I20260709 12:16:47.027383   964 raft_consensus.cc:3060] T de4afe9672094824be1931f2117719cc P 16b1a7215c7b4414b9c986f65a4c5dd1 [term 0 FOLLOWER]: Advancing to term 1
I20260709 12:16:47.030121   933 tablet_bootstrap.cc:654] T de4afe9672094824be1931f2117719cc P 80192b26a102413b9d060ae4b1c7abb7: Neither blocks nor log segments found. Creating new log.
I20260709 12:16:47.034739   934 tablet_bootstrap.cc:492] T 5d66d501166446c3a2911c5c22eff2eb P 451d3efac386490da8385d12081cd2f6: No bootstrap required, opened a new log
I20260709 12:16:47.035418   934 ts_tablet_manager.cc:1403] T 5d66d501166446c3a2911c5c22eff2eb P 451d3efac386490da8385d12081cd2f6: Time spent bootstrapping tablet: real 0.037s	user 0.009s	sys 0.025s
I20260709 12:16:47.044724   964 raft_consensus.cc:515] T de4afe9672094824be1931f2117719cc P 16b1a7215c7b4414b9c986f65a4c5dd1 [term 1 FOLLOWER]: Starting leader election with config: opid_index: -1 OBSOLETE_local: false peers { permanent_uuid: "451d3efac386490da8385d12081cd2f6" member_type: VOTER last_known_addr { host: "127.31.206.65" port: 38453 } } peers { permanent_uuid: "16b1a7215c7b4414b9c986f65a4c5dd1" member_type: VOTER last_known_addr { host: "127.31.206.66" port: 40541 } } peers { permanent_uuid: "80192b26a102413b9d060ae4b1c7abb7" member_type: VOTER last_known_addr { host: "127.31.206.67" port: 43211 } }
I20260709 12:16:47.045209   934 raft_consensus.cc:359] T 5d66d501166446c3a2911c5c22eff2eb P 451d3efac386490da8385d12081cd2f6 [term 0 FOLLOWER]: Replica starting. Triggering 0 pending ops. Active config: opid_index: -1 OBSOLETE_local: false peers { permanent_uuid: "451d3efac386490da8385d12081cd2f6" member_type: VOTER last_known_addr { host: "127.31.206.65" port: 38453 } } peers { permanent_uuid: "16b1a7215c7b4414b9c986f65a4c5dd1" member_type: VOTER last_known_addr { host: "127.31.206.66" port: 40541 } } peers { permanent_uuid: "80192b26a102413b9d060ae4b1c7abb7" member_type: VOTER last_known_addr { host: "127.31.206.67" port: 43211 } }
I20260709 12:16:47.046290   934 raft_consensus.cc:385] T 5d66d501166446c3a2911c5c22eff2eb P 451d3efac386490da8385d12081cd2f6 [term 0 FOLLOWER]: Consensus starting up: Expiring failure detector timer to make a prompt election more likely
I20260709 12:16:47.046693   934 raft_consensus.cc:740] T 5d66d501166446c3a2911c5c22eff2eb P 451d3efac386490da8385d12081cd2f6 [term 0 FOLLOWER]: Becoming Follower/Learner. State: Replica: 451d3efac386490da8385d12081cd2f6, State: Initialized, Role: FOLLOWER
I20260709 12:16:47.047747   955 raft_consensus.cc:2749] T dd4b1b9925b44ca397119bd4c7b2105c P 451d3efac386490da8385d12081cd2f6 [term 1 FOLLOWER]: Leader pre-election lost for term 1. Reason: could not achieve majority
I20260709 12:16:47.048087   744 tablet_service.cc:1917] Received RequestConsensusVote() RPC: tablet_id: "de4afe9672094824be1931f2117719cc" candidate_uuid: "16b1a7215c7b4414b9c986f65a4c5dd1" candidate_term: 1 candidate_status { last_received { term: 0 index: 0 } } ignore_live_leader: false dest_uuid: "451d3efac386490da8385d12081cd2f6"
I20260709 12:16:47.047677   934 consensus_queue.cc:260] T 5d66d501166446c3a2911c5c22eff2eb P 451d3efac386490da8385d12081cd2f6 [NON_LEADER]: Queue going to NON_LEADER mode. State: All replicated index: 0, Majority replicated index: 0, Committed index: 0, Last appended: 0.0, Last appended by leader: 0, Current term: 0, Majority size: -1, State: 0, Mode: NON_LEADER, active raft config: opid_index: -1 OBSOLETE_local: false peers { permanent_uuid: "451d3efac386490da8385d12081cd2f6" member_type: VOTER last_known_addr { host: "127.31.206.65" port: 38453 } } peers { permanent_uuid: "16b1a7215c7b4414b9c986f65a4c5dd1" member_type: VOTER last_known_addr { host: "127.31.206.66" port: 40541 } } peers { permanent_uuid: "80192b26a102413b9d060ae4b1c7abb7" member_type: VOTER last_known_addr { host: "127.31.206.67" port: 43211 } }
I20260709 12:16:47.048684   744 raft_consensus.cc:3060] T de4afe9672094824be1931f2117719cc P 451d3efac386490da8385d12081cd2f6 [term 0 FOLLOWER]: Advancing to term 1
I20260709 12:16:47.050343   935 tablet_bootstrap.cc:492] T a974b5b447af42069deab373ac7ef07b P 16b1a7215c7b4414b9c986f65a4c5dd1: No bootstrap required, opened a new log
I20260709 12:16:47.050447   934 ts_tablet_manager.cc:1434] T 5d66d501166446c3a2911c5c22eff2eb P 451d3efac386490da8385d12081cd2f6: Time spent starting tablet: real 0.015s	user 0.012s	sys 0.004s
I20260709 12:16:47.050798   935 ts_tablet_manager.cc:1403] T a974b5b447af42069deab373ac7ef07b P 16b1a7215c7b4414b9c986f65a4c5dd1: Time spent bootstrapping tablet: real 0.051s	user 0.008s	sys 0.004s
I20260709 12:16:47.051501   934 tablet_bootstrap.cc:492] T ff7c210dd78f44f7bec0ef010f417da9 P 451d3efac386490da8385d12081cd2f6: Bootstrap starting.
I20260709 12:16:47.053601   935 raft_consensus.cc:359] T a974b5b447af42069deab373ac7ef07b P 16b1a7215c7b4414b9c986f65a4c5dd1 [term 0 FOLLOWER]: Replica starting. Triggering 0 pending ops. Active config: opid_index: -1 OBSOLETE_local: false peers { permanent_uuid: "451d3efac386490da8385d12081cd2f6" member_type: VOTER last_known_addr { host: "127.31.206.65" port: 38453 } } peers { permanent_uuid: "16b1a7215c7b4414b9c986f65a4c5dd1" member_type: VOTER last_known_addr { host: "127.31.206.66" port: 40541 } } peers { permanent_uuid: "80192b26a102413b9d060ae4b1c7abb7" member_type: VOTER last_known_addr { host: "127.31.206.67" port: 43211 } }
I20260709 12:16:47.054268   935 raft_consensus.cc:385] T a974b5b447af42069deab373ac7ef07b P 16b1a7215c7b4414b9c986f65a4c5dd1 [term 0 FOLLOWER]: Consensus starting up: Expiring failure detector timer to make a prompt election more likely
I20260709 12:16:47.054536   935 raft_consensus.cc:740] T a974b5b447af42069deab373ac7ef07b P 16b1a7215c7b4414b9c986f65a4c5dd1 [term 0 FOLLOWER]: Becoming Follower/Learner. State: Replica: 16b1a7215c7b4414b9c986f65a4c5dd1, State: Initialized, Role: FOLLOWER
I20260709 12:16:47.055258   935 consensus_queue.cc:260] T a974b5b447af42069deab373ac7ef07b P 16b1a7215c7b4414b9c986f65a4c5dd1 [NON_LEADER]: Queue going to NON_LEADER mode. State: All replicated index: 0, Majority replicated index: 0, Committed index: 0, Last appended: 0.0, Last appended by leader: 0, Current term: 0, Majority size: -1, State: 0, Mode: NON_LEADER, active raft config: opid_index: -1 OBSOLETE_local: false peers { permanent_uuid: "451d3efac386490da8385d12081cd2f6" member_type: VOTER last_known_addr { host: "127.31.206.65" port: 38453 } } peers { permanent_uuid: "16b1a7215c7b4414b9c986f65a4c5dd1" member_type: VOTER last_known_addr { host: "127.31.206.66" port: 40541 } } peers { permanent_uuid: "80192b26a102413b9d060ae4b1c7abb7" member_type: VOTER last_known_addr { host: "127.31.206.67" port: 43211 } }
I20260709 12:16:47.055852   744 raft_consensus.cc:2468] T de4afe9672094824be1931f2117719cc P 451d3efac386490da8385d12081cd2f6 [term 1 FOLLOWER]: Leader election vote request: Granting yes vote for candidate 16b1a7215c7b4414b9c986f65a4c5dd1 in term 1.
I20260709 12:16:47.057129   784 leader_election.cc:304] T de4afe9672094824be1931f2117719cc P 16b1a7215c7b4414b9c986f65a4c5dd1 [CANDIDATE]: Term 1 election: Election decided. Result: candidate won. Election summary: received 2 responses out of 3 voters: 2 yes votes; 0 no votes. yes voters: 16b1a7215c7b4414b9c986f65a4c5dd1, 451d3efac386490da8385d12081cd2f6; no voters: 
I20260709 12:16:47.058018   942 raft_consensus.cc:2804] T de4afe9672094824be1931f2117719cc P 16b1a7215c7b4414b9c986f65a4c5dd1 [term 1 FOLLOWER]: Leader election won for term 1
I20260709 12:16:47.058427   934 tablet_bootstrap.cc:654] T ff7c210dd78f44f7bec0ef010f417da9 P 451d3efac386490da8385d12081cd2f6: Neither blocks nor log segments found. Creating new log.
I20260709 12:16:47.058490   942 raft_consensus.cc:697] T de4afe9672094824be1931f2117719cc P 16b1a7215c7b4414b9c986f65a4c5dd1 [term 1 LEADER]: Becoming Leader. State: Replica: 16b1a7215c7b4414b9c986f65a4c5dd1, State: Running, Role: LEADER
I20260709 12:16:47.059468   942 consensus_queue.cc:237] T de4afe9672094824be1931f2117719cc P 16b1a7215c7b4414b9c986f65a4c5dd1 [LEADER]: Queue going to LEADER mode. State: All replicated index: 0, Majority replicated index: 0, Committed index: 0, Last appended: 0.0, Last appended by leader: 0, Current term: 1, Majority size: 2, State: 0, Mode: LEADER, active raft config: opid_index: -1 OBSOLETE_local: false peers { permanent_uuid: "451d3efac386490da8385d12081cd2f6" member_type: VOTER last_known_addr { host: "127.31.206.65" port: 38453 } } peers { permanent_uuid: "16b1a7215c7b4414b9c986f65a4c5dd1" member_type: VOTER last_known_addr { host: "127.31.206.66" port: 40541 } } peers { permanent_uuid: "80192b26a102413b9d060ae4b1c7abb7" member_type: VOTER last_known_addr { host: "127.31.206.67" port: 43211 } }
I20260709 12:16:47.060998   935 ts_tablet_manager.cc:1434] T a974b5b447af42069deab373ac7ef07b P 16b1a7215c7b4414b9c986f65a4c5dd1: Time spent starting tablet: real 0.010s	user 0.007s	sys 0.001s
I20260709 12:16:47.066781   964 leader_election.cc:290] T de4afe9672094824be1931f2117719cc P 16b1a7215c7b4414b9c986f65a4c5dd1 [CANDIDATE]: Term 1 election: Requested vote from peers 451d3efac386490da8385d12081cd2f6 (127.31.206.65:38453), 80192b26a102413b9d060ae4b1c7abb7 (127.31.206.67:43211)
I20260709 12:16:47.068197   894 tablet_service.cc:1917] Received RequestConsensusVote() RPC: tablet_id: "de4afe9672094824be1931f2117719cc" candidate_uuid: "16b1a7215c7b4414b9c986f65a4c5dd1" candidate_term: 1 candidate_status { last_received { term: 0 index: 0 } } ignore_live_leader: false dest_uuid: "80192b26a102413b9d060ae4b1c7abb7"
W20260709 12:16:47.069680   783 leader_election.cc:343] T de4afe9672094824be1931f2117719cc P 16b1a7215c7b4414b9c986f65a4c5dd1 [CANDIDATE]: Term 1 election: Tablet error from VoteRequest() call to peer 80192b26a102413b9d060ae4b1c7abb7 (127.31.206.67:43211): Illegal state: must be running to vote when last-logged opid is not known
I20260709 12:16:47.070037   933 tablet_bootstrap.cc:492] T de4afe9672094824be1931f2117719cc P 80192b26a102413b9d060ae4b1c7abb7: No bootstrap required, opened a new log
I20260709 12:16:47.070495   933 ts_tablet_manager.cc:1403] T de4afe9672094824be1931f2117719cc P 80192b26a102413b9d060ae4b1c7abb7: Time spent bootstrapping tablet: real 0.055s	user 0.019s	sys 0.011s
I20260709 12:16:47.070617   934 tablet_bootstrap.cc:492] T ff7c210dd78f44f7bec0ef010f417da9 P 451d3efac386490da8385d12081cd2f6: No bootstrap required, opened a new log
I20260709 12:16:47.071094   934 ts_tablet_manager.cc:1403] T ff7c210dd78f44f7bec0ef010f417da9 P 451d3efac386490da8385d12081cd2f6: Time spent bootstrapping tablet: real 0.020s	user 0.010s	sys 0.006s
I20260709 12:16:47.071929   641 catalog_manager.cc:5697] T de4afe9672094824be1931f2117719cc P 16b1a7215c7b4414b9c986f65a4c5dd1 reported cstate change: term changed from 0 to 1, leader changed from <none> to 16b1a7215c7b4414b9c986f65a4c5dd1 (127.31.206.66). New cstate: current_term: 1 leader_uuid: "16b1a7215c7b4414b9c986f65a4c5dd1" committed_config { opid_index: -1 OBSOLETE_local: false peers { permanent_uuid: "451d3efac386490da8385d12081cd2f6" member_type: VOTER last_known_addr { host: "127.31.206.65" port: 38453 } health_report { overall_health: UNKNOWN } } peers { permanent_uuid: "16b1a7215c7b4414b9c986f65a4c5dd1" member_type: VOTER last_known_addr { host: "127.31.206.66" port: 40541 } health_report { overall_health: HEALTHY } } peers { permanent_uuid: "80192b26a102413b9d060ae4b1c7abb7" member_type: VOTER last_known_addr { host: "127.31.206.67" port: 43211 } health_report { overall_health: UNKNOWN } } }
I20260709 12:16:47.073992   934 raft_consensus.cc:359] T ff7c210dd78f44f7bec0ef010f417da9 P 451d3efac386490da8385d12081cd2f6 [term 0 FOLLOWER]: Replica starting. Triggering 0 pending ops. Active config: opid_index: -1 OBSOLETE_local: false peers { permanent_uuid: "451d3efac386490da8385d12081cd2f6" member_type: VOTER last_known_addr { host: "127.31.206.65" port: 38453 } } peers { permanent_uuid: "16b1a7215c7b4414b9c986f65a4c5dd1" member_type: VOTER last_known_addr { host: "127.31.206.66" port: 40541 } } peers { permanent_uuid: "80192b26a102413b9d060ae4b1c7abb7" member_type: VOTER last_known_addr { host: "127.31.206.67" port: 43211 } }
I20260709 12:16:47.074163   933 raft_consensus.cc:359] T de4afe9672094824be1931f2117719cc P 80192b26a102413b9d060ae4b1c7abb7 [term 0 FOLLOWER]: Replica starting. Triggering 0 pending ops. Active config: opid_index: -1 OBSOLETE_local: false peers { permanent_uuid: "451d3efac386490da8385d12081cd2f6" member_type: VOTER last_known_addr { host: "127.31.206.65" port: 38453 } } peers { permanent_uuid: "16b1a7215c7b4414b9c986f65a4c5dd1" member_type: VOTER last_known_addr { host: "127.31.206.66" port: 40541 } } peers { permanent_uuid: "80192b26a102413b9d060ae4b1c7abb7" member_type: VOTER last_known_addr { host: "127.31.206.67" port: 43211 } }
I20260709 12:16:47.074783   934 raft_consensus.cc:385] T ff7c210dd78f44f7bec0ef010f417da9 P 451d3efac386490da8385d12081cd2f6 [term 0 FOLLOWER]: Consensus starting up: Expiring failure detector timer to make a prompt election more likely
I20260709 12:16:47.074834   933 raft_consensus.cc:385] T de4afe9672094824be1931f2117719cc P 80192b26a102413b9d060ae4b1c7abb7 [term 0 FOLLOWER]: Consensus starting up: Expiring failure detector timer to make a prompt election more likely
I20260709 12:16:47.075186   934 raft_consensus.cc:740] T ff7c210dd78f44f7bec0ef010f417da9 P 451d3efac386490da8385d12081cd2f6 [term 0 FOLLOWER]: Becoming Follower/Learner. State: Replica: 451d3efac386490da8385d12081cd2f6, State: Initialized, Role: FOLLOWER
I20260709 12:16:47.075275   933 raft_consensus.cc:740] T de4afe9672094824be1931f2117719cc P 80192b26a102413b9d060ae4b1c7abb7 [term 0 FOLLOWER]: Becoming Follower/Learner. State: Replica: 80192b26a102413b9d060ae4b1c7abb7, State: Initialized, Role: FOLLOWER
I20260709 12:16:47.076042   933 consensus_queue.cc:260] T de4afe9672094824be1931f2117719cc P 80192b26a102413b9d060ae4b1c7abb7 [NON_LEADER]: Queue going to NON_LEADER mode. State: All replicated index: 0, Majority replicated index: 0, Committed index: 0, Last appended: 0.0, Last appended by leader: 0, Current term: 0, Majority size: -1, State: 0, Mode: NON_LEADER, active raft config: opid_index: -1 OBSOLETE_local: false peers { permanent_uuid: "451d3efac386490da8385d12081cd2f6" member_type: VOTER last_known_addr { host: "127.31.206.65" port: 38453 } } peers { permanent_uuid: "16b1a7215c7b4414b9c986f65a4c5dd1" member_type: VOTER last_known_addr { host: "127.31.206.66" port: 40541 } } peers { permanent_uuid: "80192b26a102413b9d060ae4b1c7abb7" member_type: VOTER last_known_addr { host: "127.31.206.67" port: 43211 } }
I20260709 12:16:47.076043   934 consensus_queue.cc:260] T ff7c210dd78f44f7bec0ef010f417da9 P 451d3efac386490da8385d12081cd2f6 [NON_LEADER]: Queue going to NON_LEADER mode. State: All replicated index: 0, Majority replicated index: 0, Committed index: 0, Last appended: 0.0, Last appended by leader: 0, Current term: 0, Majority size: -1, State: 0, Mode: NON_LEADER, active raft config: opid_index: -1 OBSOLETE_local: false peers { permanent_uuid: "451d3efac386490da8385d12081cd2f6" member_type: VOTER last_known_addr { host: "127.31.206.65" port: 38453 } } peers { permanent_uuid: "16b1a7215c7b4414b9c986f65a4c5dd1" member_type: VOTER last_known_addr { host: "127.31.206.66" port: 40541 } } peers { permanent_uuid: "80192b26a102413b9d060ae4b1c7abb7" member_type: VOTER last_known_addr { host: "127.31.206.67" port: 43211 } }
I20260709 12:16:47.078401   934 ts_tablet_manager.cc:1434] T ff7c210dd78f44f7bec0ef010f417da9 P 451d3efac386490da8385d12081cd2f6: Time spent starting tablet: real 0.007s	user 0.008s	sys 0.000s
I20260709 12:16:47.079603   934 tablet_bootstrap.cc:492] T 22ee63e2344e44efb63d0408d4b5edf8 P 451d3efac386490da8385d12081cd2f6: Bootstrap starting.
I20260709 12:16:47.078465   933 ts_tablet_manager.cc:1434] T de4afe9672094824be1931f2117719cc P 80192b26a102413b9d060ae4b1c7abb7: Time spent starting tablet: real 0.008s	user 0.007s	sys 0.000s
I20260709 12:16:47.083546   933 tablet_bootstrap.cc:492] T 22ee63e2344e44efb63d0408d4b5edf8 P 80192b26a102413b9d060ae4b1c7abb7: Bootstrap starting.
I20260709 12:16:47.085711   934 tablet_bootstrap.cc:654] T 22ee63e2344e44efb63d0408d4b5edf8 P 451d3efac386490da8385d12081cd2f6: Neither blocks nor log segments found. Creating new log.
I20260709 12:16:47.089955   933 tablet_bootstrap.cc:654] T 22ee63e2344e44efb63d0408d4b5edf8 P 80192b26a102413b9d060ae4b1c7abb7: Neither blocks nor log segments found. Creating new log.
I20260709 12:16:47.099821   964 raft_consensus.cc:493] T 5d66d501166446c3a2911c5c22eff2eb P 16b1a7215c7b4414b9c986f65a4c5dd1 [term 0 FOLLOWER]: Starting pre-election (no leader contacted us within the election timeout)
I20260709 12:16:47.100360   964 raft_consensus.cc:515] T 5d66d501166446c3a2911c5c22eff2eb P 16b1a7215c7b4414b9c986f65a4c5dd1 [term 0 FOLLOWER]: Starting pre-election with config: opid_index: -1 OBSOLETE_local: false peers { permanent_uuid: "451d3efac386490da8385d12081cd2f6" member_type: VOTER last_known_addr { host: "127.31.206.65" port: 38453 } } peers { permanent_uuid: "16b1a7215c7b4414b9c986f65a4c5dd1" member_type: VOTER last_known_addr { host: "127.31.206.66" port: 40541 } } peers { permanent_uuid: "80192b26a102413b9d060ae4b1c7abb7" member_type: VOTER last_known_addr { host: "127.31.206.67" port: 43211 } }
I20260709 12:16:47.102120   934 tablet_bootstrap.cc:492] T 22ee63e2344e44efb63d0408d4b5edf8 P 451d3efac386490da8385d12081cd2f6: No bootstrap required, opened a new log
I20260709 12:16:47.102121   933 tablet_bootstrap.cc:492] T 22ee63e2344e44efb63d0408d4b5edf8 P 80192b26a102413b9d060ae4b1c7abb7: No bootstrap required, opened a new log
I20260709 12:16:47.102440   964 leader_election.cc:290] T 5d66d501166446c3a2911c5c22eff2eb P 16b1a7215c7b4414b9c986f65a4c5dd1 [CANDIDATE]: Term 1 pre-election: Requested pre-vote from peers 451d3efac386490da8385d12081cd2f6 (127.31.206.65:38453), 80192b26a102413b9d060ae4b1c7abb7 (127.31.206.67:43211)
I20260709 12:16:47.102772   933 ts_tablet_manager.cc:1403] T 22ee63e2344e44efb63d0408d4b5edf8 P 80192b26a102413b9d060ae4b1c7abb7: Time spent bootstrapping tablet: real 0.019s	user 0.018s	sys 0.000s
I20260709 12:16:47.103179   744 tablet_service.cc:1917] Received RequestConsensusVote() RPC: tablet_id: "5d66d501166446c3a2911c5c22eff2eb" candidate_uuid: "16b1a7215c7b4414b9c986f65a4c5dd1" candidate_term: 1 candidate_status { last_received { term: 0 index: 0 } } ignore_live_leader: false dest_uuid: "451d3efac386490da8385d12081cd2f6" is_pre_election: true
I20260709 12:16:47.103797   744 raft_consensus.cc:2468] T 5d66d501166446c3a2911c5c22eff2eb P 451d3efac386490da8385d12081cd2f6 [term 0 FOLLOWER]: Leader pre-election vote request: Granting yes vote for candidate 16b1a7215c7b4414b9c986f65a4c5dd1 in term 0.
I20260709 12:16:47.104082   894 tablet_service.cc:1917] Received RequestConsensusVote() RPC: tablet_id: "5d66d501166446c3a2911c5c22eff2eb" candidate_uuid: "16b1a7215c7b4414b9c986f65a4c5dd1" candidate_term: 1 candidate_status { last_received { term: 0 index: 0 } } ignore_live_leader: false dest_uuid: "80192b26a102413b9d060ae4b1c7abb7" is_pre_election: true
I20260709 12:16:47.102772   934 ts_tablet_manager.cc:1403] T 22ee63e2344e44efb63d0408d4b5edf8 P 451d3efac386490da8385d12081cd2f6: Time spent bootstrapping tablet: real 0.023s	user 0.012s	sys 0.008s
I20260709 12:16:47.104807   894 raft_consensus.cc:2468] T 5d66d501166446c3a2911c5c22eff2eb P 80192b26a102413b9d060ae4b1c7abb7 [term 0 FOLLOWER]: Leader pre-election vote request: Granting yes vote for candidate 16b1a7215c7b4414b9c986f65a4c5dd1 in term 0.
I20260709 12:16:47.104890   784 leader_election.cc:304] T 5d66d501166446c3a2911c5c22eff2eb P 16b1a7215c7b4414b9c986f65a4c5dd1 [CANDIDATE]: Term 1 pre-election: Election decided. Result: candidate won. Election summary: received 2 responses out of 3 voters: 2 yes votes; 0 no votes. yes voters: 16b1a7215c7b4414b9c986f65a4c5dd1, 451d3efac386490da8385d12081cd2f6; no voters: 
I20260709 12:16:47.105803   964 raft_consensus.cc:2804] T 5d66d501166446c3a2911c5c22eff2eb P 16b1a7215c7b4414b9c986f65a4c5dd1 [term 0 FOLLOWER]: Leader pre-election won for term 1
I20260709 12:16:47.105659   933 raft_consensus.cc:359] T 22ee63e2344e44efb63d0408d4b5edf8 P 80192b26a102413b9d060ae4b1c7abb7 [term 0 FOLLOWER]: Replica starting. Triggering 0 pending ops. Active config: opid_index: -1 OBSOLETE_local: false peers { permanent_uuid: "451d3efac386490da8385d12081cd2f6" member_type: VOTER last_known_addr { host: "127.31.206.65" port: 38453 } } peers { permanent_uuid: "16b1a7215c7b4414b9c986f65a4c5dd1" member_type: VOTER last_known_addr { host: "127.31.206.66" port: 40541 } } peers { permanent_uuid: "80192b26a102413b9d060ae4b1c7abb7" member_type: VOTER last_known_addr { host: "127.31.206.67" port: 43211 } }
I20260709 12:16:47.106307   964 raft_consensus.cc:493] T 5d66d501166446c3a2911c5c22eff2eb P 16b1a7215c7b4414b9c986f65a4c5dd1 [term 0 FOLLOWER]: Starting leader election (no leader contacted us within the election timeout)
I20260709 12:16:47.106453   933 raft_consensus.cc:385] T 22ee63e2344e44efb63d0408d4b5edf8 P 80192b26a102413b9d060ae4b1c7abb7 [term 0 FOLLOWER]: Consensus starting up: Expiring failure detector timer to make a prompt election more likely
I20260709 12:16:47.106702   964 raft_consensus.cc:3060] T 5d66d501166446c3a2911c5c22eff2eb P 16b1a7215c7b4414b9c986f65a4c5dd1 [term 0 FOLLOWER]: Advancing to term 1
I20260709 12:16:47.106838   933 raft_consensus.cc:740] T 22ee63e2344e44efb63d0408d4b5edf8 P 80192b26a102413b9d060ae4b1c7abb7 [term 0 FOLLOWER]: Becoming Follower/Learner. State: Replica: 80192b26a102413b9d060ae4b1c7abb7, State: Initialized, Role: FOLLOWER
I20260709 12:16:47.107600   933 consensus_queue.cc:260] T 22ee63e2344e44efb63d0408d4b5edf8 P 80192b26a102413b9d060ae4b1c7abb7 [NON_LEADER]: Queue going to NON_LEADER mode. State: All replicated index: 0, Majority replicated index: 0, Committed index: 0, Last appended: 0.0, Last appended by leader: 0, Current term: 0, Majority size: -1, State: 0, Mode: NON_LEADER, active raft config: opid_index: -1 OBSOLETE_local: false peers { permanent_uuid: "451d3efac386490da8385d12081cd2f6" member_type: VOTER last_known_addr { host: "127.31.206.65" port: 38453 } } peers { permanent_uuid: "16b1a7215c7b4414b9c986f65a4c5dd1" member_type: VOTER last_known_addr { host: "127.31.206.66" port: 40541 } } peers { permanent_uuid: "80192b26a102413b9d060ae4b1c7abb7" member_type: VOTER last_known_addr { host: "127.31.206.67" port: 43211 } }
I20260709 12:16:47.107728   934 raft_consensus.cc:359] T 22ee63e2344e44efb63d0408d4b5edf8 P 451d3efac386490da8385d12081cd2f6 [term 0 FOLLOWER]: Replica starting. Triggering 0 pending ops. Active config: opid_index: -1 OBSOLETE_local: false peers { permanent_uuid: "451d3efac386490da8385d12081cd2f6" member_type: VOTER last_known_addr { host: "127.31.206.65" port: 38453 } } peers { permanent_uuid: "16b1a7215c7b4414b9c986f65a4c5dd1" member_type: VOTER last_known_addr { host: "127.31.206.66" port: 40541 } } peers { permanent_uuid: "80192b26a102413b9d060ae4b1c7abb7" member_type: VOTER last_known_addr { host: "127.31.206.67" port: 43211 } }
I20260709 12:16:47.108415   934 raft_consensus.cc:385] T 22ee63e2344e44efb63d0408d4b5edf8 P 451d3efac386490da8385d12081cd2f6 [term 0 FOLLOWER]: Consensus starting up: Expiring failure detector timer to make a prompt election more likely
I20260709 12:16:47.108711   934 raft_consensus.cc:740] T 22ee63e2344e44efb63d0408d4b5edf8 P 451d3efac386490da8385d12081cd2f6 [term 0 FOLLOWER]: Becoming Follower/Learner. State: Replica: 451d3efac386490da8385d12081cd2f6, State: Initialized, Role: FOLLOWER
I20260709 12:16:47.109508   933 ts_tablet_manager.cc:1434] T 22ee63e2344e44efb63d0408d4b5edf8 P 80192b26a102413b9d060ae4b1c7abb7: Time spent starting tablet: real 0.006s	user 0.006s	sys 0.000s
I20260709 12:16:47.109607   939 raft_consensus.cc:493] T fed36f1d283a48faa99401bb6c76a66b P 80192b26a102413b9d060ae4b1c7abb7 [term 0 FOLLOWER]: Starting pre-election (no leader contacted us within the election timeout)
I20260709 12:16:47.109385   934 consensus_queue.cc:260] T 22ee63e2344e44efb63d0408d4b5edf8 P 451d3efac386490da8385d12081cd2f6 [NON_LEADER]: Queue going to NON_LEADER mode. State: All replicated index: 0, Majority replicated index: 0, Committed index: 0, Last appended: 0.0, Last appended by leader: 0, Current term: 0, Majority size: -1, State: 0, Mode: NON_LEADER, active raft config: opid_index: -1 OBSOLETE_local: false peers { permanent_uuid: "451d3efac386490da8385d12081cd2f6" member_type: VOTER last_known_addr { host: "127.31.206.65" port: 38453 } } peers { permanent_uuid: "16b1a7215c7b4414b9c986f65a4c5dd1" member_type: VOTER last_known_addr { host: "127.31.206.66" port: 40541 } } peers { permanent_uuid: "80192b26a102413b9d060ae4b1c7abb7" member_type: VOTER last_known_addr { host: "127.31.206.67" port: 43211 } }
I20260709 12:16:47.110076   939 raft_consensus.cc:515] T fed36f1d283a48faa99401bb6c76a66b P 80192b26a102413b9d060ae4b1c7abb7 [term 0 FOLLOWER]: Starting pre-election with config: opid_index: -1 OBSOLETE_local: false peers { permanent_uuid: "451d3efac386490da8385d12081cd2f6" member_type: VOTER last_known_addr { host: "127.31.206.65" port: 38453 } } peers { permanent_uuid: "16b1a7215c7b4414b9c986f65a4c5dd1" member_type: VOTER last_known_addr { host: "127.31.206.66" port: 40541 } } peers { permanent_uuid: "80192b26a102413b9d060ae4b1c7abb7" member_type: VOTER last_known_addr { host: "127.31.206.67" port: 43211 } }
I20260709 12:16:47.111615   934 ts_tablet_manager.cc:1434] T 22ee63e2344e44efb63d0408d4b5edf8 P 451d3efac386490da8385d12081cd2f6: Time spent starting tablet: real 0.007s	user 0.000s	sys 0.005s
I20260709 12:16:47.114981   820 tablet_service.cc:1917] Received RequestConsensusVote() RPC: tablet_id: "fed36f1d283a48faa99401bb6c76a66b" candidate_uuid: "80192b26a102413b9d060ae4b1c7abb7" candidate_term: 1 candidate_status { last_received { term: 0 index: 0 } } ignore_live_leader: false dest_uuid: "16b1a7215c7b4414b9c986f65a4c5dd1" is_pre_election: true
I20260709 12:16:47.112308   939 leader_election.cc:290] T fed36f1d283a48faa99401bb6c76a66b P 80192b26a102413b9d060ae4b1c7abb7 [CANDIDATE]: Term 1 pre-election: Requested pre-vote from peers 451d3efac386490da8385d12081cd2f6 (127.31.206.65:38453), 16b1a7215c7b4414b9c986f65a4c5dd1 (127.31.206.66:40541)
I20260709 12:16:47.116300   964 raft_consensus.cc:515] T 5d66d501166446c3a2911c5c22eff2eb P 16b1a7215c7b4414b9c986f65a4c5dd1 [term 1 FOLLOWER]: Starting leader election with config: opid_index: -1 OBSOLETE_local: false peers { permanent_uuid: "451d3efac386490da8385d12081cd2f6" member_type: VOTER last_known_addr { host: "127.31.206.65" port: 38453 } } peers { permanent_uuid: "16b1a7215c7b4414b9c986f65a4c5dd1" member_type: VOTER last_known_addr { host: "127.31.206.66" port: 40541 } } peers { permanent_uuid: "80192b26a102413b9d060ae4b1c7abb7" member_type: VOTER last_known_addr { host: "127.31.206.67" port: 43211 } }
I20260709 12:16:47.117025   744 tablet_service.cc:1917] Received RequestConsensusVote() RPC: tablet_id: "fed36f1d283a48faa99401bb6c76a66b" candidate_uuid: "80192b26a102413b9d060ae4b1c7abb7" candidate_term: 1 candidate_status { last_received { term: 0 index: 0 } } ignore_live_leader: false dest_uuid: "451d3efac386490da8385d12081cd2f6" is_pre_election: true
I20260709 12:16:47.117772   744 raft_consensus.cc:2393] T fed36f1d283a48faa99401bb6c76a66b P 451d3efac386490da8385d12081cd2f6 [term 1 FOLLOWER]: Leader pre-election vote request: Denying vote to candidate 80192b26a102413b9d060ae4b1c7abb7 in current term 1: Already voted for candidate 16b1a7215c7b4414b9c986f65a4c5dd1 in this term.
I20260709 12:16:47.119390   858 leader_election.cc:304] T fed36f1d283a48faa99401bb6c76a66b P 80192b26a102413b9d060ae4b1c7abb7 [CANDIDATE]: Term 1 pre-election: Election decided. Result: candidate lost. Election summary: received 3 responses out of 3 voters: 1 yes votes; 2 no votes. yes voters: 80192b26a102413b9d060ae4b1c7abb7; no voters: 16b1a7215c7b4414b9c986f65a4c5dd1, 451d3efac386490da8385d12081cd2f6
I20260709 12:16:47.119841   894 tablet_service.cc:1917] Received RequestConsensusVote() RPC: tablet_id: "5d66d501166446c3a2911c5c22eff2eb" candidate_uuid: "16b1a7215c7b4414b9c986f65a4c5dd1" candidate_term: 1 candidate_status { last_received { term: 0 index: 0 } } ignore_live_leader: false dest_uuid: "80192b26a102413b9d060ae4b1c7abb7"
I20260709 12:16:47.120414   894 raft_consensus.cc:3060] T 5d66d501166446c3a2911c5c22eff2eb P 80192b26a102413b9d060ae4b1c7abb7 [term 0 FOLLOWER]: Advancing to term 1
I20260709 12:16:47.125445   964 leader_election.cc:290] T 5d66d501166446c3a2911c5c22eff2eb P 16b1a7215c7b4414b9c986f65a4c5dd1 [CANDIDATE]: Term 1 election: Requested vote from peers 451d3efac386490da8385d12081cd2f6 (127.31.206.65:38453), 80192b26a102413b9d060ae4b1c7abb7 (127.31.206.67:43211)
I20260709 12:16:47.126088   939 raft_consensus.cc:3060] T fed36f1d283a48faa99401bb6c76a66b P 80192b26a102413b9d060ae4b1c7abb7 [term 0 FOLLOWER]: Advancing to term 1
I20260709 12:16:47.126034   744 tablet_service.cc:1917] Received RequestConsensusVote() RPC: tablet_id: "5d66d501166446c3a2911c5c22eff2eb" candidate_uuid: "16b1a7215c7b4414b9c986f65a4c5dd1" candidate_term: 1 candidate_status { last_received { term: 0 index: 0 } } ignore_live_leader: false dest_uuid: "451d3efac386490da8385d12081cd2f6"
I20260709 12:16:47.126807   744 raft_consensus.cc:3060] T 5d66d501166446c3a2911c5c22eff2eb P 451d3efac386490da8385d12081cd2f6 [term 0 FOLLOWER]: Advancing to term 1
I20260709 12:16:47.127045   894 raft_consensus.cc:2468] T 5d66d501166446c3a2911c5c22eff2eb P 80192b26a102413b9d060ae4b1c7abb7 [term 1 FOLLOWER]: Leader election vote request: Granting yes vote for candidate 16b1a7215c7b4414b9c986f65a4c5dd1 in term 1.
I20260709 12:16:47.128265   783 leader_election.cc:304] T 5d66d501166446c3a2911c5c22eff2eb P 16b1a7215c7b4414b9c986f65a4c5dd1 [CANDIDATE]: Term 1 election: Election decided. Result: candidate won. Election summary: received 2 responses out of 3 voters: 2 yes votes; 0 no votes. yes voters: 16b1a7215c7b4414b9c986f65a4c5dd1, 80192b26a102413b9d060ae4b1c7abb7; no voters: 
I20260709 12:16:47.129241   964 raft_consensus.cc:2804] T 5d66d501166446c3a2911c5c22eff2eb P 16b1a7215c7b4414b9c986f65a4c5dd1 [term 1 FOLLOWER]: Leader election won for term 1
I20260709 12:16:47.130426   964 raft_consensus.cc:697] T 5d66d501166446c3a2911c5c22eff2eb P 16b1a7215c7b4414b9c986f65a4c5dd1 [term 1 LEADER]: Becoming Leader. State: Replica: 16b1a7215c7b4414b9c986f65a4c5dd1, State: Running, Role: LEADER
I20260709 12:16:47.131250   964 consensus_queue.cc:237] T 5d66d501166446c3a2911c5c22eff2eb P 16b1a7215c7b4414b9c986f65a4c5dd1 [LEADER]: Queue going to LEADER mode. State: All replicated index: 0, Majority replicated index: 0, Committed index: 0, Last appended: 0.0, Last appended by leader: 0, Current term: 1, Majority size: 2, State: 0, Mode: LEADER, active raft config: opid_index: -1 OBSOLETE_local: false peers { permanent_uuid: "451d3efac386490da8385d12081cd2f6" member_type: VOTER last_known_addr { host: "127.31.206.65" port: 38453 } } peers { permanent_uuid: "16b1a7215c7b4414b9c986f65a4c5dd1" member_type: VOTER last_known_addr { host: "127.31.206.66" port: 40541 } } peers { permanent_uuid: "80192b26a102413b9d060ae4b1c7abb7" member_type: VOTER last_known_addr { host: "127.31.206.67" port: 43211 } }
I20260709 12:16:47.133512   744 raft_consensus.cc:2468] T 5d66d501166446c3a2911c5c22eff2eb P 451d3efac386490da8385d12081cd2f6 [term 1 FOLLOWER]: Leader election vote request: Granting yes vote for candidate 16b1a7215c7b4414b9c986f65a4c5dd1 in term 1.
I20260709 12:16:47.136555   939 raft_consensus.cc:2749] T fed36f1d283a48faa99401bb6c76a66b P 80192b26a102413b9d060ae4b1c7abb7 [term 1 FOLLOWER]: Leader pre-election lost for term 1. Reason: could not achieve majority
I20260709 12:16:47.140064   642 catalog_manager.cc:5697] T 5d66d501166446c3a2911c5c22eff2eb P 16b1a7215c7b4414b9c986f65a4c5dd1 reported cstate change: term changed from 0 to 1, leader changed from <none> to 16b1a7215c7b4414b9c986f65a4c5dd1 (127.31.206.66). New cstate: current_term: 1 leader_uuid: "16b1a7215c7b4414b9c986f65a4c5dd1" committed_config { opid_index: -1 OBSOLETE_local: false peers { permanent_uuid: "451d3efac386490da8385d12081cd2f6" member_type: VOTER last_known_addr { host: "127.31.206.65" port: 38453 } health_report { overall_health: UNKNOWN } } peers { permanent_uuid: "16b1a7215c7b4414b9c986f65a4c5dd1" member_type: VOTER last_known_addr { host: "127.31.206.66" port: 40541 } health_report { overall_health: HEALTHY } } peers { permanent_uuid: "80192b26a102413b9d060ae4b1c7abb7" member_type: VOTER last_known_addr { host: "127.31.206.67" port: 43211 } health_report { overall_health: UNKNOWN } } }
I20260709 12:16:47.194768   964 raft_consensus.cc:493] T a974b5b447af42069deab373ac7ef07b P 16b1a7215c7b4414b9c986f65a4c5dd1 [term 0 FOLLOWER]: Starting pre-election (no leader contacted us within the election timeout)
I20260709 12:16:47.195359   964 raft_consensus.cc:515] T a974b5b447af42069deab373ac7ef07b P 16b1a7215c7b4414b9c986f65a4c5dd1 [term 0 FOLLOWER]: Starting pre-election with config: opid_index: -1 OBSOLETE_local: false peers { permanent_uuid: "451d3efac386490da8385d12081cd2f6" member_type: VOTER last_known_addr { host: "127.31.206.65" port: 38453 } } peers { permanent_uuid: "16b1a7215c7b4414b9c986f65a4c5dd1" member_type: VOTER last_known_addr { host: "127.31.206.66" port: 40541 } } peers { permanent_uuid: "80192b26a102413b9d060ae4b1c7abb7" member_type: VOTER last_known_addr { host: "127.31.206.67" port: 43211 } }
I20260709 12:16:47.197302   964 leader_election.cc:290] T a974b5b447af42069deab373ac7ef07b P 16b1a7215c7b4414b9c986f65a4c5dd1 [CANDIDATE]: Term 1 pre-election: Requested pre-vote from peers 451d3efac386490da8385d12081cd2f6 (127.31.206.65:38453), 80192b26a102413b9d060ae4b1c7abb7 (127.31.206.67:43211)
I20260709 12:16:47.198096   744 tablet_service.cc:1917] Received RequestConsensusVote() RPC: tablet_id: "a974b5b447af42069deab373ac7ef07b" candidate_uuid: "16b1a7215c7b4414b9c986f65a4c5dd1" candidate_term: 1 candidate_status { last_received { term: 0 index: 0 } } ignore_live_leader: false dest_uuid: "451d3efac386490da8385d12081cd2f6" is_pre_election: true
I20260709 12:16:47.198341   894 tablet_service.cc:1917] Received RequestConsensusVote() RPC: tablet_id: "a974b5b447af42069deab373ac7ef07b" candidate_uuid: "16b1a7215c7b4414b9c986f65a4c5dd1" candidate_term: 1 candidate_status { last_received { term: 0 index: 0 } } ignore_live_leader: false dest_uuid: "80192b26a102413b9d060ae4b1c7abb7" is_pre_election: true
I20260709 12:16:47.198622   744 raft_consensus.cc:2468] T a974b5b447af42069deab373ac7ef07b P 451d3efac386490da8385d12081cd2f6 [term 0 FOLLOWER]: Leader pre-election vote request: Granting yes vote for candidate 16b1a7215c7b4414b9c986f65a4c5dd1 in term 0.
I20260709 12:16:47.199007   894 raft_consensus.cc:2468] T a974b5b447af42069deab373ac7ef07b P 80192b26a102413b9d060ae4b1c7abb7 [term 0 FOLLOWER]: Leader pre-election vote request: Granting yes vote for candidate 16b1a7215c7b4414b9c986f65a4c5dd1 in term 0.
I20260709 12:16:47.199630   784 leader_election.cc:304] T a974b5b447af42069deab373ac7ef07b P 16b1a7215c7b4414b9c986f65a4c5dd1 [CANDIDATE]: Term 1 pre-election: Election decided. Result: candidate won. Election summary: received 2 responses out of 3 voters: 2 yes votes; 0 no votes. yes voters: 16b1a7215c7b4414b9c986f65a4c5dd1, 451d3efac386490da8385d12081cd2f6; no voters: 
I20260709 12:16:47.200302   964 raft_consensus.cc:2804] T a974b5b447af42069deab373ac7ef07b P 16b1a7215c7b4414b9c986f65a4c5dd1 [term 0 FOLLOWER]: Leader pre-election won for term 1
I20260709 12:16:47.200670   964 raft_consensus.cc:493] T a974b5b447af42069deab373ac7ef07b P 16b1a7215c7b4414b9c986f65a4c5dd1 [term 0 FOLLOWER]: Starting leader election (no leader contacted us within the election timeout)
I20260709 12:16:47.200945   964 raft_consensus.cc:3060] T a974b5b447af42069deab373ac7ef07b P 16b1a7215c7b4414b9c986f65a4c5dd1 [term 0 FOLLOWER]: Advancing to term 1
