I20260709 12:17:14.034307 28797 raft_consensus.cc:359] T 1aa4d3cf35bc44b2b334697ab60648ca P e3ce74ba14714b4dbd2d75e27f34eb0d [term 0 FOLLOWER]: Replica starting. Triggering 0 pending ops. Active config: opid_index: -1 OBSOLETE_local: false peers { permanent_uuid: "e3ce74ba14714b4dbd2d75e27f34eb0d" member_type: VOTER last_known_addr { host: "127.26.205.129" port: 36607 } } peers { permanent_uuid: "a8342e3fcab94ce89482df67988159ea" member_type: VOTER last_known_addr { host: "127.26.205.130" port: 42113 } } peers { permanent_uuid: "a7ec63b6634944d0b5b5ea92fa2d303e" member_type: VOTER last_known_addr { host: "127.26.205.131" port: 44843 } }
I20260709 12:17:14.033159 28607 raft_consensus.cc:3060] T 05ef99f51b5a4b959e982c258f2aafcc P e3ce74ba14714b4dbd2d75e27f34eb0d [term 0 FOLLOWER]: Advancing to term 1
I20260709 12:17:14.037889 28571 leader_election.cc:304] T 243df7b9197c40219914bcac6111faca P e3ce74ba14714b4dbd2d75e27f34eb0d [CANDIDATE]: Term 1 pre-election: Election decided. Result: candidate won. Election summary: received 2 responses out of 3 voters: 2 yes votes; 0 no votes. yes voters: a8342e3fcab94ce89482df67988159ea, e3ce74ba14714b4dbd2d75e27f34eb0d; no voters: 
I20260709 12:17:14.043509 28797 raft_consensus.cc:385] T 1aa4d3cf35bc44b2b334697ab60648ca P e3ce74ba14714b4dbd2d75e27f34eb0d [term 0 FOLLOWER]: Consensus starting up: Expiring failure detector timer to make a prompt election more likely
I20260709 12:17:14.044297 28947 raft_consensus.cc:2804] T 243df7b9197c40219914bcac6111faca P e3ce74ba14714b4dbd2d75e27f34eb0d [term 0 FOLLOWER]: Leader pre-election won for term 1
I20260709 12:17:14.041159 28752 tablet_service.cc:1917] Received RequestConsensusVote() RPC: tablet_id: "243df7b9197c40219914bcac6111faca" candidate_uuid: "e3ce74ba14714b4dbd2d75e27f34eb0d" candidate_term: 1 candidate_status { last_received { term: 0 index: 0 } } ignore_live_leader: false dest_uuid: "a7ec63b6634944d0b5b5ea92fa2d303e" is_pre_election: true
I20260709 12:17:14.044756 28947 raft_consensus.cc:493] T 243df7b9197c40219914bcac6111faca P e3ce74ba14714b4dbd2d75e27f34eb0d [term 0 FOLLOWER]: Starting leader election (no leader contacted us within the election timeout)
I20260709 12:17:14.045032 28752 raft_consensus.cc:2468] T 243df7b9197c40219914bcac6111faca P a7ec63b6634944d0b5b5ea92fa2d303e [term 0 FOLLOWER]: Leader pre-election vote request: Granting yes vote for candidate e3ce74ba14714b4dbd2d75e27f34eb0d in term 0.
I20260709 12:17:14.045117 28947 raft_consensus.cc:3060] T 243df7b9197c40219914bcac6111faca P e3ce74ba14714b4dbd2d75e27f34eb0d [term 0 FOLLOWER]: Advancing to term 1
I20260709 12:17:14.041726 28753 tablet_service.cc:1917] Received RequestConsensusVote() RPC: tablet_id: "a7f9c29f436b4c6bbfb909b71ca1d309" candidate_uuid: "e3ce74ba14714b4dbd2d75e27f34eb0d" candidate_term: 1 candidate_status { last_received { term: 0 index: 0 } } ignore_live_leader: false dest_uuid: "a7ec63b6634944d0b5b5ea92fa2d303e" is_pre_election: true
I20260709 12:17:14.047675 28753 raft_consensus.cc:2393] T a7f9c29f436b4c6bbfb909b71ca1d309 P a7ec63b6634944d0b5b5ea92fa2d303e [term 1 FOLLOWER]: Leader pre-election vote request: Denying vote to candidate e3ce74ba14714b4dbd2d75e27f34eb0d in current term 1: Already voted for candidate a8342e3fcab94ce89482df67988159ea in this term.
I20260709 12:17:14.043898 28797 raft_consensus.cc:740] T 1aa4d3cf35bc44b2b334697ab60648ca P e3ce74ba14714b4dbd2d75e27f34eb0d [term 0 FOLLOWER]: Becoming Follower/Learner. State: Replica: e3ce74ba14714b4dbd2d75e27f34eb0d, State: Initialized, Role: FOLLOWER
I20260709 12:17:14.029786 28720 leader_election.cc:304] T b35b6c6fffe3416bb8f69b556040e319 P a7ec63b6634944d0b5b5ea92fa2d303e [CANDIDATE]: Term 1 election: Election decided. Result: candidate won. Election summary: received 2 responses out of 3 voters: 2 yes votes; 0 no votes. yes voters: a7ec63b6634944d0b5b5ea92fa2d303e, a8342e3fcab94ce89482df67988159ea; no voters: 
I20260709 12:17:14.038645 28682 tablet_service.cc:1917] Received RequestConsensusVote() RPC: tablet_id: "a7f9c29f436b4c6bbfb909b71ca1d309" candidate_uuid: "e3ce74ba14714b4dbd2d75e27f34eb0d" candidate_term: 1 candidate_status { last_received { term: 0 index: 0 } } ignore_live_leader: false dest_uuid: "a8342e3fcab94ce89482df67988159ea" is_pre_election: true
I20260709 12:17:14.057957 28604 raft_consensus.cc:2468] T b35b6c6fffe3416bb8f69b556040e319 P e3ce74ba14714b4dbd2d75e27f34eb0d [term 1 FOLLOWER]: Leader election vote request: Granting yes vote for candidate a7ec63b6634944d0b5b5ea92fa2d303e in term 1.
I20260709 12:17:14.036294 28944 consensus_queue.cc:1048] T 30c9fa2ab7fb487da44a0d6de40286ff P e3ce74ba14714b4dbd2d75e27f34eb0d [LEADER]: Connected to new peer: Peer: permanent_uuid: "a8342e3fcab94ce89482df67988159ea" member_type: VOTER last_known_addr { host: "127.26.205.130" port: 42113 }, Status: LMP_MISMATCH, Last received: 0.0, Next index: 1, Last known committed idx: 0, Time since last communication: 0.011s
I20260709 12:17:14.062418 28921 leader_election.cc:290] T 30c9fa2ab7fb487da44a0d6de40286ff P a7ec63b6634944d0b5b5ea92fa2d303e [CANDIDATE]: Term 2 pre-election: Requested pre-vote from peers e3ce74ba14714b4dbd2d75e27f34eb0d (127.26.205.129:36607), a8342e3fcab94ce89482df67988159ea (127.26.205.130:42113)
I20260709 12:17:14.064189 28951 raft_consensus.cc:2804] T b35b6c6fffe3416bb8f69b556040e319 P a7ec63b6634944d0b5b5ea92fa2d303e [term 1 FOLLOWER]: Leader election won for term 1
I20260709 12:17:14.064744 28951 raft_consensus.cc:697] T b35b6c6fffe3416bb8f69b556040e319 P a7ec63b6634944d0b5b5ea92fa2d303e [term 1 LEADER]: Becoming Leader. State: Replica: a7ec63b6634944d0b5b5ea92fa2d303e, State: Running, Role: LEADER
I20260709 12:17:14.067126 28797 consensus_queue.cc:260] T 1aa4d3cf35bc44b2b334697ab60648ca P e3ce74ba14714b4dbd2d75e27f34eb0d [NON_LEADER]: Queue going to NON_LEADER mode. State: All replicated index: 0, Majority replicated index: 0, Committed index: 0, Last appended: 0.0, Last appended by leader: 0, Current term: 0, Majority size: -1, State: 0, Mode: NON_LEADER, active raft config: opid_index: -1 OBSOLETE_local: false peers { permanent_uuid: "e3ce74ba14714b4dbd2d75e27f34eb0d" member_type: VOTER last_known_addr { host: "127.26.205.129" port: 36607 } } peers { permanent_uuid: "a8342e3fcab94ce89482df67988159ea" member_type: VOTER last_known_addr { host: "127.26.205.130" port: 42113 } } peers { permanent_uuid: "a7ec63b6634944d0b5b5ea92fa2d303e" member_type: VOTER last_known_addr { host: "127.26.205.131" port: 44843 } }
I20260709 12:17:14.066779 28753 tablet_service.cc:1917] Received RequestConsensusVote() RPC: tablet_id: "05ef99f51b5a4b959e982c258f2aafcc" candidate_uuid: "a8342e3fcab94ce89482df67988159ea" candidate_term: 1 candidate_status { last_received { term: 0 index: 0 } } ignore_live_leader: false dest_uuid: "a7ec63b6634944d0b5b5ea92fa2d303e"
I20260709 12:17:14.077379 28796 raft_consensus.cc:359] T f23bf973b94c463f8da13a996fc7f221 P a7ec63b6634944d0b5b5ea92fa2d303e [term 0 FOLLOWER]: Replica starting. Triggering 0 pending ops. Active config: opid_index: -1 OBSOLETE_local: false peers { permanent_uuid: "e3ce74ba14714b4dbd2d75e27f34eb0d" member_type: VOTER last_known_addr { host: "127.26.205.129" port: 36607 } } peers { permanent_uuid: "a8342e3fcab94ce89482df67988159ea" member_type: VOTER last_known_addr { host: "127.26.205.130" port: 42113 } } peers { permanent_uuid: "a7ec63b6634944d0b5b5ea92fa2d303e" member_type: VOTER last_known_addr { host: "127.26.205.131" port: 44843 } }
I20260709 12:17:14.077888 28797 ts_tablet_manager.cc:1434] T 1aa4d3cf35bc44b2b334697ab60648ca P e3ce74ba14714b4dbd2d75e27f34eb0d: Time spent starting tablet: real 0.049s	user 0.010s	sys 0.007s
I20260709 12:17:14.078125 28796 raft_consensus.cc:385] T f23bf973b94c463f8da13a996fc7f221 P a7ec63b6634944d0b5b5ea92fa2d303e [term 0 FOLLOWER]: Consensus starting up: Expiring failure detector timer to make a prompt election more likely
I20260709 12:17:14.078392 28796 raft_consensus.cc:740] T f23bf973b94c463f8da13a996fc7f221 P a7ec63b6634944d0b5b5ea92fa2d303e [term 0 FOLLOWER]: Becoming Follower/Learner. State: Replica: a7ec63b6634944d0b5b5ea92fa2d303e, State: Initialized, Role: FOLLOWER
I20260709 12:17:14.079125 28797 tablet_bootstrap.cc:492] T 52e0d44a1cde4f32b60dd0ed014922ec P e3ce74ba14714b4dbd2d75e27f34eb0d: Bootstrap starting.
I20260709 12:17:14.079311 28796 consensus_queue.cc:260] T f23bf973b94c463f8da13a996fc7f221 P a7ec63b6634944d0b5b5ea92fa2d303e [NON_LEADER]: Queue going to NON_LEADER mode. State: All replicated index: 0, Majority replicated index: 0, Committed index: 0, Last appended: 0.0, Last appended by leader: 0, Current term: 0, Majority size: -1, State: 0, Mode: NON_LEADER, active raft config: opid_index: -1 OBSOLETE_local: false peers { permanent_uuid: "e3ce74ba14714b4dbd2d75e27f34eb0d" member_type: VOTER last_known_addr { host: "127.26.205.129" port: 36607 } } peers { permanent_uuid: "a8342e3fcab94ce89482df67988159ea" member_type: VOTER last_known_addr { host: "127.26.205.130" port: 42113 } } peers { permanent_uuid: "a7ec63b6634944d0b5b5ea92fa2d303e" member_type: VOTER last_known_addr { host: "127.26.205.131" port: 44843 } }
I20260709 12:17:14.085213 28907 consensus_queue.cc:1048] T ecc67b62cf604852ae673df459d4ce67 P e3ce74ba14714b4dbd2d75e27f34eb0d [LEADER]: Connected to new peer: Peer: permanent_uuid: "a7ec63b6634944d0b5b5ea92fa2d303e" member_type: VOTER last_known_addr { host: "127.26.205.131" port: 44843 }, Status: LMP_MISMATCH, Last received: 0.0, Next index: 1, Last known committed idx: 0, Time since last communication: 0.000s
I20260709 12:17:14.083711 28753 raft_consensus.cc:3060] T 05ef99f51b5a4b959e982c258f2aafcc P a7ec63b6634944d0b5b5ea92fa2d303e [term 0 FOLLOWER]: Advancing to term 1
I20260709 12:17:14.097148 28799 tablet_bootstrap.cc:492] T 1aa4d3cf35bc44b2b334697ab60648ca P a8342e3fcab94ce89482df67988159ea: No bootstrap required, opened a new log
I20260709 12:17:14.097776 28799 ts_tablet_manager.cc:1403] T 1aa4d3cf35bc44b2b334697ab60648ca P a8342e3fcab94ce89482df67988159ea: Time spent bootstrapping tablet: real 0.162s	user 0.017s	sys 0.011s
I20260709 12:17:14.077661 28951 consensus_queue.cc:237] T b35b6c6fffe3416bb8f69b556040e319 P a7ec63b6634944d0b5b5ea92fa2d303e [LEADER]: Queue going to LEADER mode. State: All replicated index: 0, Majority replicated index: 0, Committed index: 0, Last appended: 0.0, Last appended by leader: 0, Current term: 1, Majority size: 2, State: 0, Mode: LEADER, active raft config: opid_index: -1 OBSOLETE_local: false peers { permanent_uuid: "e3ce74ba14714b4dbd2d75e27f34eb0d" member_type: VOTER last_known_addr { host: "127.26.205.129" port: 36607 } } peers { permanent_uuid: "a8342e3fcab94ce89482df67988159ea" member_type: VOTER last_known_addr { host: "127.26.205.130" port: 42113 } } peers { permanent_uuid: "a7ec63b6634944d0b5b5ea92fa2d303e" member_type: VOTER last_known_addr { host: "127.26.205.131" port: 44843 } }
I20260709 12:17:14.100169 28607 raft_consensus.cc:2468] T 05ef99f51b5a4b959e982c258f2aafcc P e3ce74ba14714b4dbd2d75e27f34eb0d [term 1 FOLLOWER]: Leader election vote request: Granting yes vote for candidate a8342e3fcab94ce89482df67988159ea in term 1.
I20260709 12:17:14.101717 28796 ts_tablet_manager.cc:1434] T f23bf973b94c463f8da13a996fc7f221 P a7ec63b6634944d0b5b5ea92fa2d303e: Time spent starting tablet: real 0.083s	user 0.007s	sys 0.002s
I20260709 12:17:14.104272 28796 tablet_bootstrap.cc:492] T 2e9f78bead97491ebb7f049af3cf869c P a7ec63b6634944d0b5b5ea92fa2d303e: Bootstrap starting.
I20260709 12:17:14.141588 28571 leader_election.cc:304] T a7f9c29f436b4c6bbfb909b71ca1d309 P e3ce74ba14714b4dbd2d75e27f34eb0d [CANDIDATE]: Term 1 pre-election: Election decided. Result: candidate lost. Election summary: received 3 responses out of 3 voters: 1 yes votes; 2 no votes. yes voters: e3ce74ba14714b4dbd2d75e27f34eb0d; no voters: a7ec63b6634944d0b5b5ea92fa2d303e, a8342e3fcab94ce89482df67988159ea
I20260709 12:17:14.142433 28859 raft_consensus.cc:3060] T a7f9c29f436b4c6bbfb909b71ca1d309 P e3ce74ba14714b4dbd2d75e27f34eb0d [term 0 FOLLOWER]: Advancing to term 1
W20260709 12:17:14.150986 28958 log.cc:927] Time spent T bb3409e46c8446f79a337919b428c7ac P a8342e3fcab94ce89482df67988159ea: Append to log took a long time: real 0.074s	user 0.000s	sys 0.000s
I20260709 12:17:14.154295 28947 raft_consensus.cc:515] T 243df7b9197c40219914bcac6111faca P e3ce74ba14714b4dbd2d75e27f34eb0d [term 1 FOLLOWER]: Starting leader election with config: opid_index: -1 OBSOLETE_local: false peers { permanent_uuid: "e3ce74ba14714b4dbd2d75e27f34eb0d" member_type: VOTER last_known_addr { host: "127.26.205.129" port: 36607 } } peers { permanent_uuid: "a8342e3fcab94ce89482df67988159ea" member_type: VOTER last_known_addr { host: "127.26.205.130" port: 42113 } } peers { permanent_uuid: "a7ec63b6634944d0b5b5ea92fa2d303e" member_type: VOTER last_known_addr { host: "127.26.205.131" port: 44843 } }
I20260709 12:17:14.164330 28859 raft_consensus.cc:2749] T a7f9c29f436b4c6bbfb909b71ca1d309 P e3ce74ba14714b4dbd2d75e27f34eb0d [term 1 FOLLOWER]: Leader pre-election lost for term 1. Reason: could not achieve majority
I20260709 12:17:14.137769 28680 tablet_service.cc:1917] Received RequestConsensusVote() RPC: tablet_id: "30c9fa2ab7fb487da44a0d6de40286ff" candidate_uuid: "a7ec63b6634944d0b5b5ea92fa2d303e" candidate_term: 2 candidate_status { last_received { term: 0 index: 0 } } ignore_live_leader: false dest_uuid: "a8342e3fcab94ce89482df67988159ea" is_pre_election: true
W20260709 12:17:14.166456 28954 log.cc:927] Time spent T a7f9c29f436b4c6bbfb909b71ca1d309 P a8342e3fcab94ce89482df67988159ea: Append to log took a long time: real 0.074s	user 0.000s	sys 0.000s
I20260709 12:17:14.282837 28604 tablet_service.cc:1917] Received RequestConsensusVote() RPC: tablet_id: "30c9fa2ab7fb487da44a0d6de40286ff" candidate_uuid: "a7ec63b6634944d0b5b5ea92fa2d303e" candidate_term: 2 candidate_status { last_received { term: 0 index: 0 } } ignore_live_leader: false dest_uuid: "e3ce74ba14714b4dbd2d75e27f34eb0d" is_pre_election: true
I20260709 12:17:14.274060 28750 tablet_service.cc:1917] Received RequestConsensusVote() RPC: tablet_id: "243df7b9197c40219914bcac6111faca" candidate_uuid: "e3ce74ba14714b4dbd2d75e27f34eb0d" candidate_term: 1 candidate_status { last_received { term: 0 index: 0 } } ignore_live_leader: false dest_uuid: "a7ec63b6634944d0b5b5ea92fa2d303e"
I20260709 12:17:14.315189 28750 raft_consensus.cc:3060] T 243df7b9197c40219914bcac6111faca P a7ec63b6634944d0b5b5ea92fa2d303e [term 0 FOLLOWER]: Advancing to term 1
I20260709 12:17:14.312003 28799 raft_consensus.cc:359] T 1aa4d3cf35bc44b2b334697ab60648ca P a8342e3fcab94ce89482df67988159ea [term 0 FOLLOWER]: Replica starting. Triggering 0 pending ops. Active config: opid_index: -1 OBSOLETE_local: false peers { permanent_uuid: "e3ce74ba14714b4dbd2d75e27f34eb0d" member_type: VOTER last_known_addr { host: "127.26.205.129" port: 36607 } } peers { permanent_uuid: "a8342e3fcab94ce89482df67988159ea" member_type: VOTER last_known_addr { host: "127.26.205.130" port: 42113 } } peers { permanent_uuid: "a7ec63b6634944d0b5b5ea92fa2d303e" member_type: VOTER last_known_addr { host: "127.26.205.131" port: 44843 } }
I20260709 12:17:14.316884 28799 raft_consensus.cc:385] T 1aa4d3cf35bc44b2b334697ab60648ca P a8342e3fcab94ce89482df67988159ea [term 0 FOLLOWER]: Consensus starting up: Expiring failure detector timer to make a prompt election more likely
W20260709 12:17:14.310570 28722 outbound_call.cc:321] RPC callback for RPC call kudu.consensus.ConsensusService.RequestConsensusVote -> {remote=127.26.205.129:36607, user_credentials={real_user=slave}} blocked reactor thread for 129286us
I20260709 12:17:14.317247 28799 raft_consensus.cc:740] T 1aa4d3cf35bc44b2b334697ab60648ca P a8342e3fcab94ce89482df67988159ea [term 0 FOLLOWER]: Becoming Follower/Learner. State: Replica: a8342e3fcab94ce89482df67988159ea, State: Initialized, Role: FOLLOWER
I20260709 12:17:14.322256 28796 tablet_bootstrap.cc:654] T 2e9f78bead97491ebb7f049af3cf869c P a7ec63b6634944d0b5b5ea92fa2d303e: Neither blocks nor log segments found. Creating new log.
I20260709 12:17:14.192391 28947 leader_election.cc:290] T 243df7b9197c40219914bcac6111faca P e3ce74ba14714b4dbd2d75e27f34eb0d [CANDIDATE]: Term 1 election: Requested vote from peers a8342e3fcab94ce89482df67988159ea (127.26.205.130:42113), a7ec63b6634944d0b5b5ea92fa2d303e (127.26.205.131:44843)
I20260709 12:17:14.319589 28799 consensus_queue.cc:260] T 1aa4d3cf35bc44b2b334697ab60648ca P a8342e3fcab94ce89482df67988159ea [NON_LEADER]: Queue going to NON_LEADER mode. State: All replicated index: 0, Majority replicated index: 0, Committed index: 0, Last appended: 0.0, Last appended by leader: 0, Current term: 0, Majority size: -1, State: 0, Mode: NON_LEADER, active raft config: opid_index: -1 OBSOLETE_local: false peers { permanent_uuid: "e3ce74ba14714b4dbd2d75e27f34eb0d" member_type: VOTER last_known_addr { host: "127.26.205.129" port: 36607 } } peers { permanent_uuid: "a8342e3fcab94ce89482df67988159ea" member_type: VOTER last_known_addr { host: "127.26.205.130" port: 42113 } } peers { permanent_uuid: "a7ec63b6634944d0b5b5ea92fa2d303e" member_type: VOTER last_known_addr { host: "127.26.205.131" port: 44843 } }
I20260709 12:17:14.216926 28648 leader_election.cc:304] T 05ef99f51b5a4b959e982c258f2aafcc P a8342e3fcab94ce89482df67988159ea [CANDIDATE]: Term 1 election: Election decided. Result: candidate won. Election summary: received 2 responses out of 3 voters: 2 yes votes; 0 no votes. yes voters: a8342e3fcab94ce89482df67988159ea, e3ce74ba14714b4dbd2d75e27f34eb0d; no voters: 
I20260709 12:17:14.335311 28753 raft_consensus.cc:2468] T 05ef99f51b5a4b959e982c258f2aafcc P a7ec63b6634944d0b5b5ea92fa2d303e [term 1 FOLLOWER]: Leader election vote request: Granting yes vote for candidate a8342e3fcab94ce89482df67988159ea in term 1.
I20260709 12:17:14.340027 28799 ts_tablet_manager.cc:1434] T 1aa4d3cf35bc44b2b334697ab60648ca P a8342e3fcab94ce89482df67988159ea: Time spent starting tablet: real 0.242s	user 0.013s	sys 0.008s
I20260709 12:17:14.327497 28818 raft_consensus.cc:493] T f23bf973b94c463f8da13a996fc7f221 P a7ec63b6634944d0b5b5ea92fa2d303e [term 0 FOLLOWER]: Starting pre-election (no leader contacted us within the election timeout)
I20260709 12:17:14.345227 28818 raft_consensus.cc:515] T f23bf973b94c463f8da13a996fc7f221 P a7ec63b6634944d0b5b5ea92fa2d303e [term 0 FOLLOWER]: Starting pre-election with config: opid_index: -1 OBSOLETE_local: false peers { permanent_uuid: "e3ce74ba14714b4dbd2d75e27f34eb0d" member_type: VOTER last_known_addr { host: "127.26.205.129" port: 36607 } } peers { permanent_uuid: "a8342e3fcab94ce89482df67988159ea" member_type: VOTER last_known_addr { host: "127.26.205.130" port: 42113 } } peers { permanent_uuid: "a7ec63b6634944d0b5b5ea92fa2d303e" member_type: VOTER last_known_addr { host: "127.26.205.131" port: 44843 } }
W20260709 12:17:14.344663 28648 outbound_call.cc:321] RPC callback for RPC call kudu.consensus.ConsensusService.RequestConsensusVote -> {remote=127.26.205.129:36607, user_credentials={real_user=slave}} blocked reactor thread for 159426us
I20260709 12:17:14.357080 28799 tablet_bootstrap.cc:492] T 302623a332a2421e848283481e8010f6 P a8342e3fcab94ce89482df67988159ea: Bootstrap starting.
I20260709 12:17:14.358233 28797 tablet_bootstrap.cc:654] T 52e0d44a1cde4f32b60dd0ed014922ec P e3ce74ba14714b4dbd2d75e27f34eb0d: Neither blocks nor log segments found. Creating new log.
I20260709 12:17:14.358130 28946 raft_consensus.cc:493] T 1aa4d3cf35bc44b2b334697ab60648ca P e3ce74ba14714b4dbd2d75e27f34eb0d [term 0 FOLLOWER]: Starting pre-election (no leader contacted us within the election timeout)
I20260709 12:17:14.361261 28818 leader_election.cc:290] T f23bf973b94c463f8da13a996fc7f221 P a7ec63b6634944d0b5b5ea92fa2d303e [CANDIDATE]: Term 1 pre-election: Requested pre-vote from peers e3ce74ba14714b4dbd2d75e27f34eb0d (127.26.205.129:36607), a8342e3fcab94ce89482df67988159ea (127.26.205.130:42113)
I20260709 12:17:14.361810 28682 tablet_service.cc:1917] Received RequestConsensusVote() RPC: tablet_id: "243df7b9197c40219914bcac6111faca" candidate_uuid: "e3ce74ba14714b4dbd2d75e27f34eb0d" candidate_term: 1 candidate_status { last_received { term: 0 index: 0 } } ignore_live_leader: false dest_uuid: "a8342e3fcab94ce89482df67988159ea"
I20260709 12:17:14.366394 28504 catalog_manager.cc:5697] T 1548a806b02a4f79b5010615f560d2bb P a7ec63b6634944d0b5b5ea92fa2d303e reported cstate change: term changed from 0 to 1, leader changed from <none> to a7ec63b6634944d0b5b5ea92fa2d303e (127.26.205.131). New cstate: current_term: 1 leader_uuid: "a7ec63b6634944d0b5b5ea92fa2d303e" committed_config { opid_index: -1 OBSOLETE_local: false peers { permanent_uuid: "e3ce74ba14714b4dbd2d75e27f34eb0d" member_type: VOTER last_known_addr { host: "127.26.205.129" port: 36607 } health_report { overall_health: UNKNOWN } } peers { permanent_uuid: "a8342e3fcab94ce89482df67988159ea" member_type: VOTER last_known_addr { host: "127.26.205.130" port: 42113 } health_report { overall_health: UNKNOWN } } peers { permanent_uuid: "a7ec63b6634944d0b5b5ea92fa2d303e" member_type: VOTER last_known_addr { host: "127.26.205.131" port: 44843 } health_report { overall_health: HEALTHY } } }
I20260709 12:17:14.361306 28946 raft_consensus.cc:515] T 1aa4d3cf35bc44b2b334697ab60648ca P e3ce74ba14714b4dbd2d75e27f34eb0d [term 0 FOLLOWER]: Starting pre-election with config: opid_index: -1 OBSOLETE_local: false peers { permanent_uuid: "e3ce74ba14714b4dbd2d75e27f34eb0d" member_type: VOTER last_known_addr { host: "127.26.205.129" port: 36607 } } peers { permanent_uuid: "a8342e3fcab94ce89482df67988159ea" member_type: VOTER last_known_addr { host: "127.26.205.130" port: 42113 } } peers { permanent_uuid: "a7ec63b6634944d0b5b5ea92fa2d303e" member_type: VOTER last_known_addr { host: "127.26.205.131" port: 44843 } }
I20260709 12:17:14.373149 28946 leader_election.cc:290] T 1aa4d3cf35bc44b2b334697ab60648ca P e3ce74ba14714b4dbd2d75e27f34eb0d [CANDIDATE]: Term 1 pre-election: Requested pre-vote from peers a8342e3fcab94ce89482df67988159ea (127.26.205.130:42113), a7ec63b6634944d0b5b5ea92fa2d303e (127.26.205.131:44843)
I20260709 12:17:14.365332 28682 raft_consensus.cc:3060] T 243df7b9197c40219914bcac6111faca P a8342e3fcab94ce89482df67988159ea [term 0 FOLLOWER]: Advancing to term 1
I20260709 12:17:14.377517 28756 tablet_service.cc:1917] Received RequestConsensusVote() RPC: tablet_id: "1aa4d3cf35bc44b2b334697ab60648ca" candidate_uuid: "e3ce74ba14714b4dbd2d75e27f34eb0d" candidate_term: 1 candidate_status { last_received { term: 0 index: 0 } } ignore_live_leader: false dest_uuid: "a7ec63b6634944d0b5b5ea92fa2d303e" is_pre_election: true
W20260709 12:17:14.379376 28573 leader_election.cc:343] T 1aa4d3cf35bc44b2b334697ab60648ca P e3ce74ba14714b4dbd2d75e27f34eb0d [CANDIDATE]: Term 1 pre-election: Tablet error from VoteRequest() call to peer a7ec63b6634944d0b5b5ea92fa2d303e (127.26.205.131:44843): Illegal state: must be running to vote when last-logged opid is not known
I20260709 12:17:14.382876 28680 tablet_service.cc:1917] Received RequestConsensusVote() RPC: tablet_id: "1aa4d3cf35bc44b2b334697ab60648ca" candidate_uuid: "e3ce74ba14714b4dbd2d75e27f34eb0d" candidate_term: 1 candidate_status { last_received { term: 0 index: 0 } } ignore_live_leader: false dest_uuid: "a8342e3fcab94ce89482df67988159ea" is_pre_election: true
I20260709 12:17:14.384259 28796 tablet_bootstrap.cc:492] T 2e9f78bead97491ebb7f049af3cf869c P a7ec63b6634944d0b5b5ea92fa2d303e: No bootstrap required, opened a new log
I20260709 12:17:14.384807 28796 ts_tablet_manager.cc:1403] T 2e9f78bead97491ebb7f049af3cf869c P a7ec63b6634944d0b5b5ea92fa2d303e: Time spent bootstrapping tablet: real 0.282s	user 0.014s	sys 0.005s
I20260709 12:17:14.386188 28677 tablet_service.cc:1917] Received RequestConsensusVote() RPC: tablet_id: "f23bf973b94c463f8da13a996fc7f221" candidate_uuid: "a7ec63b6634944d0b5b5ea92fa2d303e" candidate_term: 1 candidate_status { last_received { term: 0 index: 0 } } ignore_live_leader: false dest_uuid: "a8342e3fcab94ce89482df67988159ea" is_pre_election: true
W20260709 12:17:14.388046 28720 leader_election.cc:343] T f23bf973b94c463f8da13a996fc7f221 P a7ec63b6634944d0b5b5ea92fa2d303e [CANDIDATE]: Term 1 pre-election: Tablet error from VoteRequest() call to peer a8342e3fcab94ce89482df67988159ea (127.26.205.130:42113): Illegal state: must be running to vote when last-logged opid is not known
I20260709 12:17:14.374020 28722 leader_election.cc:304] T 30c9fa2ab7fb487da44a0d6de40286ff P a7ec63b6634944d0b5b5ea92fa2d303e [CANDIDATE]: Term 2 pre-election: Election decided. Result: candidate lost. Election summary: received 3 responses out of 3 voters: 1 yes votes; 2 no votes. yes voters: a7ec63b6634944d0b5b5ea92fa2d303e; no voters: a8342e3fcab94ce89482df67988159ea, e3ce74ba14714b4dbd2d75e27f34eb0d
W20260709 12:17:14.420629 28960 log.cc:927] Time spent T cdf685c3207841c286a253af2d105972 P a7ec63b6634944d0b5b5ea92fa2d303e: Append to log took a long time: real 0.054s	user 0.000s	sys 0.000s
I20260709 12:17:14.389377 28680 raft_consensus.cc:2468] T 1aa4d3cf35bc44b2b334697ab60648ca P a8342e3fcab94ce89482df67988159ea [term 0 FOLLOWER]: Leader pre-election vote request: Granting yes vote for candidate e3ce74ba14714b4dbd2d75e27f34eb0d in term 0.
I20260709 12:17:14.364895 28951 consensus_queue.cc:1048] T 4fe68878605a4b8ab3302650b63aae98 P a7ec63b6634944d0b5b5ea92fa2d303e [LEADER]: Connected to new peer: Peer: permanent_uuid: "e3ce74ba14714b4dbd2d75e27f34eb0d" member_type: VOTER last_known_addr { host: "127.26.205.129" port: 36607 }, Status: LMP_MISMATCH, Last received: 0.0, Next index: 1, Last known committed idx: 0, Time since last communication: 0.031s
I20260709 12:17:14.432456 28950 raft_consensus.cc:2804] T 05ef99f51b5a4b959e982c258f2aafcc P a8342e3fcab94ce89482df67988159ea [term 1 FOLLOWER]: Leader election won for term 1
W20260709 12:17:14.433645 28963 log.cc:927] Time spent T ac62777e94e1417c867cb2ac80a55824 P e3ce74ba14714b4dbd2d75e27f34eb0d: Append to log took a long time: real 0.120s	user 0.000s	sys 0.002s
I20260709 12:17:14.414459 28505 catalog_manager.cc:5697] T a7f9c29f436b4c6bbfb909b71ca1d309 P a8342e3fcab94ce89482df67988159ea reported cstate change: term changed from 0 to 1, leader changed from <none> to a8342e3fcab94ce89482df67988159ea (127.26.205.130). New cstate: current_term: 1 leader_uuid: "a8342e3fcab94ce89482df67988159ea" committed_config { opid_index: -1 OBSOLETE_local: false peers { permanent_uuid: "e3ce74ba14714b4dbd2d75e27f34eb0d" member_type: VOTER last_known_addr { host: "127.26.205.129" port: 36607 } health_report { overall_health: UNKNOWN } } peers { permanent_uuid: "a8342e3fcab94ce89482df67988159ea" member_type: VOTER last_known_addr { host: "127.26.205.130" port: 42113 } health_report { overall_health: HEALTHY } } peers { permanent_uuid: "a7ec63b6634944d0b5b5ea92fa2d303e" member_type: VOTER last_known_addr { host: "127.26.205.131" port: 44843 } health_report { overall_health: UNKNOWN } } }
W20260709 12:17:14.436703 28961 log.cc:927] Time spent T 1548a806b02a4f79b5010615f560d2bb P a7ec63b6634944d0b5b5ea92fa2d303e: Append to log took a long time: real 0.123s	user 0.004s	sys 0.000s
W20260709 12:17:14.446036 28962 log.cc:927] Time spent T 30c9fa2ab7fb487da44a0d6de40286ff P a8342e3fcab94ce89482df67988159ea: Append to log took a long time: real 0.086s	user 0.001s	sys 0.000s
I20260709 12:17:14.450029 28571 leader_election.cc:304] T 1aa4d3cf35bc44b2b334697ab60648ca P e3ce74ba14714b4dbd2d75e27f34eb0d [CANDIDATE]: Term 1 pre-election: Election decided. Result: candidate won. Election summary: received 3 responses out of 3 voters: 2 yes votes; 1 no votes. yes voters: a8342e3fcab94ce89482df67988159ea, e3ce74ba14714b4dbd2d75e27f34eb0d; no voters: a7ec63b6634944d0b5b5ea92fa2d303e
I20260709 12:17:14.452164 28944 raft_consensus.cc:2804] T 1aa4d3cf35bc44b2b334697ab60648ca P e3ce74ba14714b4dbd2d75e27f34eb0d [term 0 FOLLOWER]: Leader pre-election won for term 1
I20260709 12:17:14.452591 28944 raft_consensus.cc:493] T 1aa4d3cf35bc44b2b334697ab60648ca P e3ce74ba14714b4dbd2d75e27f34eb0d [term 0 FOLLOWER]: Starting leader election (no leader contacted us within the election timeout)
I20260709 12:17:14.452945 28944 raft_consensus.cc:3060] T 1aa4d3cf35bc44b2b334697ab60648ca P e3ce74ba14714b4dbd2d75e27f34eb0d [term 0 FOLLOWER]: Advancing to term 1
I20260709 12:17:14.453794 28796 raft_consensus.cc:359] T 2e9f78bead97491ebb7f049af3cf869c P a7ec63b6634944d0b5b5ea92fa2d303e [term 0 FOLLOWER]: Replica starting. Triggering 0 pending ops. Active config: opid_index: -1 OBSOLETE_local: false peers { permanent_uuid: "e3ce74ba14714b4dbd2d75e27f34eb0d" member_type: VOTER last_known_addr { host: "127.26.205.129" port: 36607 } } peers { permanent_uuid: "a8342e3fcab94ce89482df67988159ea" member_type: VOTER last_known_addr { host: "127.26.205.130" port: 42113 } } peers { permanent_uuid: "a7ec63b6634944d0b5b5ea92fa2d303e" member_type: VOTER last_known_addr { host: "127.26.205.131" port: 44843 } }
I20260709 12:17:14.454541 28796 raft_consensus.cc:385] T 2e9f78bead97491ebb7f049af3cf869c P a7ec63b6634944d0b5b5ea92fa2d303e [term 0 FOLLOWER]: Consensus starting up: Expiring failure detector timer to make a prompt election more likely
I20260709 12:17:14.454854 28796 raft_consensus.cc:740] T 2e9f78bead97491ebb7f049af3cf869c P a7ec63b6634944d0b5b5ea92fa2d303e [term 0 FOLLOWER]: Becoming Follower/Learner. State: Replica: a7ec63b6634944d0b5b5ea92fa2d303e, State: Initialized, Role: FOLLOWER
I20260709 12:17:14.455972 28796 consensus_queue.cc:260] T 2e9f78bead97491ebb7f049af3cf869c P a7ec63b6634944d0b5b5ea92fa2d303e [NON_LEADER]: Queue going to NON_LEADER mode. State: All replicated index: 0, Majority replicated index: 0, Committed index: 0, Last appended: 0.0, Last appended by leader: 0, Current term: 0, Majority size: -1, State: 0, Mode: NON_LEADER, active raft config: opid_index: -1 OBSOLETE_local: false peers { permanent_uuid: "e3ce74ba14714b4dbd2d75e27f34eb0d" member_type: VOTER last_known_addr { host: "127.26.205.129" port: 36607 } } peers { permanent_uuid: "a8342e3fcab94ce89482df67988159ea" member_type: VOTER last_known_addr { host: "127.26.205.130" port: 42113 } } peers { permanent_uuid: "a7ec63b6634944d0b5b5ea92fa2d303e" member_type: VOTER last_known_addr { host: "127.26.205.131" port: 44843 } }
I20260709 12:17:14.444139 28942 raft_consensus.cc:2749] T 30c9fa2ab7fb487da44a0d6de40286ff P a7ec63b6634944d0b5b5ea92fa2d303e [term 1 FOLLOWER]: Leader pre-election lost for term 2. Reason: could not achieve majority
I20260709 12:17:14.441107 28505 catalog_manager.cc:5697] T bb3409e46c8446f79a337919b428c7ac P a8342e3fcab94ce89482df67988159ea reported cstate change: term changed from 0 to 1, leader changed from <none> to a8342e3fcab94ce89482df67988159ea (127.26.205.130). New cstate: current_term: 1 leader_uuid: "a8342e3fcab94ce89482df67988159ea" committed_config { opid_index: -1 OBSOLETE_local: false peers { permanent_uuid: "e3ce74ba14714b4dbd2d75e27f34eb0d" member_type: VOTER last_known_addr { host: "127.26.205.129" port: 36607 } health_report { overall_health: UNKNOWN } } peers { permanent_uuid: "a8342e3fcab94ce89482df67988159ea" member_type: VOTER last_known_addr { host: "127.26.205.130" port: 42113 } health_report { overall_health: HEALTHY } } peers { permanent_uuid: "a7ec63b6634944d0b5b5ea92fa2d303e" member_type: VOTER last_known_addr { host: "127.26.205.131" port: 44843 } health_report { overall_health: UNKNOWN } } }
W20260709 12:17:14.444303 28722 outbound_call.cc:321] RPC callback for RPC call kudu.consensus.ConsensusService.RequestConsensusVote -> {remote=127.26.205.129:36607, user_credentials={real_user=slave}} blocked reactor thread for 70427.3us
I20260709 12:17:14.474622 28950 raft_consensus.cc:697] T 05ef99f51b5a4b959e982c258f2aafcc P a8342e3fcab94ce89482df67988159ea [term 1 LEADER]: Becoming Leader. State: Replica: a8342e3fcab94ce89482df67988159ea, State: Running, Role: LEADER
I20260709 12:17:14.495664 28750 raft_consensus.cc:2468] T 243df7b9197c40219914bcac6111faca P a7ec63b6634944d0b5b5ea92fa2d303e [term 1 FOLLOWER]: Leader election vote request: Granting yes vote for candidate e3ce74ba14714b4dbd2d75e27f34eb0d in term 1.
I20260709 12:17:14.499480 28682 raft_consensus.cc:2468] T 243df7b9197c40219914bcac6111faca P a8342e3fcab94ce89482df67988159ea [term 1 FOLLOWER]: Leader election vote request: Granting yes vote for candidate e3ce74ba14714b4dbd2d75e27f34eb0d in term 1.
I20260709 12:17:14.503324 28796 ts_tablet_manager.cc:1434] T 2e9f78bead97491ebb7f049af3cf869c P a7ec63b6634944d0b5b5ea92fa2d303e: Time spent starting tablet: real 0.118s	user 0.009s	sys 0.013s
I20260709 12:17:14.504808 28796 tablet_bootstrap.cc:492] T 1aa4d3cf35bc44b2b334697ab60648ca P a7ec63b6634944d0b5b5ea92fa2d303e: Bootstrap starting.
I20260709 12:17:14.507887 28797 tablet_bootstrap.cc:492] T 52e0d44a1cde4f32b60dd0ed014922ec P e3ce74ba14714b4dbd2d75e27f34eb0d: No bootstrap required, opened a new log
I20260709 12:17:14.508369 28797 ts_tablet_manager.cc:1403] T 52e0d44a1cde4f32b60dd0ed014922ec P e3ce74ba14714b4dbd2d75e27f34eb0d: Time spent bootstrapping tablet: real 0.430s	user 0.012s	sys 0.065s
I20260709 12:17:14.506809 28573 leader_election.cc:304] T 243df7b9197c40219914bcac6111faca P e3ce74ba14714b4dbd2d75e27f34eb0d [CANDIDATE]: Term 1 election: Election decided. Result: candidate won. Election summary: received 2 responses out of 3 voters: 2 yes votes; 0 no votes. yes voters: a7ec63b6634944d0b5b5ea92fa2d303e, e3ce74ba14714b4dbd2d75e27f34eb0d; no voters: 
I20260709 12:17:14.513796 28799 tablet_bootstrap.cc:654] T 302623a332a2421e848283481e8010f6 P a8342e3fcab94ce89482df67988159ea: Neither blocks nor log segments found. Creating new log.
I20260709 12:17:14.510914 28818 raft_consensus.cc:493] T 2e9f78bead97491ebb7f049af3cf869c P a7ec63b6634944d0b5b5ea92fa2d303e [term 0 FOLLOWER]: Starting pre-election (no leader contacted us within the election timeout)
I20260709 12:17:14.520284 28818 raft_consensus.cc:515] T 2e9f78bead97491ebb7f049af3cf869c P a7ec63b6634944d0b5b5ea92fa2d303e [term 0 FOLLOWER]: Starting pre-election with config: opid_index: -1 OBSOLETE_local: false peers { permanent_uuid: "e3ce74ba14714b4dbd2d75e27f34eb0d" member_type: VOTER last_known_addr { host: "127.26.205.129" port: 36607 } } peers { permanent_uuid: "a8342e3fcab94ce89482df67988159ea" member_type: VOTER last_known_addr { host: "127.26.205.130" port: 42113 } } peers { permanent_uuid: "a7ec63b6634944d0b5b5ea92fa2d303e" member_type: VOTER last_known_addr { host: "127.26.205.131" port: 44843 } }
I20260709 12:17:14.523095 28948 raft_consensus.cc:2804] T 243df7b9197c40219914bcac6111faca P e3ce74ba14714b4dbd2d75e27f34eb0d [term 1 FOLLOWER]: Leader election won for term 1
I20260709 12:17:14.509578 28950 consensus_queue.cc:237] T 05ef99f51b5a4b959e982c258f2aafcc P a8342e3fcab94ce89482df67988159ea [LEADER]: Queue going to LEADER mode. State: All replicated index: 0, Majority replicated index: 0, Committed index: 0, Last appended: 0.0, Last appended by leader: 0, Current term: 1, Majority size: 2, State: 0, Mode: LEADER, active raft config: opid_index: -1 OBSOLETE_local: false peers { permanent_uuid: "e3ce74ba14714b4dbd2d75e27f34eb0d" member_type: VOTER last_known_addr { host: "127.26.205.129" port: 36607 } } peers { permanent_uuid: "a8342e3fcab94ce89482df67988159ea" member_type: VOTER last_known_addr { host: "127.26.205.130" port: 42113 } } peers { permanent_uuid: "a7ec63b6634944d0b5b5ea92fa2d303e" member_type: VOTER last_known_addr { host: "127.26.205.131" port: 44843 } }
I20260709 12:17:14.526677 28942 consensus_queue.cc:1048] T 1548a806b02a4f79b5010615f560d2bb P a7ec63b6634944d0b5b5ea92fa2d303e [LEADER]: Connected to new peer: Peer: permanent_uuid: "a8342e3fcab94ce89482df67988159ea" member_type: VOTER last_known_addr { host: "127.26.205.130" port: 42113 }, Status: LMP_MISMATCH, Last received: 0.0, Next index: 1, Last known committed idx: 0, Time since last communication: 0.000s
I20260709 12:17:14.531464 28948 raft_consensus.cc:697] T 243df7b9197c40219914bcac6111faca P e3ce74ba14714b4dbd2d75e27f34eb0d [term 1 LEADER]: Becoming Leader. State: Replica: e3ce74ba14714b4dbd2d75e27f34eb0d, State: Running, Role: LEADER
I20260709 12:17:14.525658 28818 leader_election.cc:290] T 2e9f78bead97491ebb7f049af3cf869c P a7ec63b6634944d0b5b5ea92fa2d303e [CANDIDATE]: Term 1 pre-election: Requested pre-vote from peers e3ce74ba14714b4dbd2d75e27f34eb0d (127.26.205.129:36607), a8342e3fcab94ce89482df67988159ea (127.26.205.130:42113)
I20260709 12:17:14.537566 28607 tablet_service.cc:1917] Received RequestConsensusVote() RPC: tablet_id: "f23bf973b94c463f8da13a996fc7f221" candidate_uuid: "a7ec63b6634944d0b5b5ea92fa2d303e" candidate_term: 1 candidate_status { last_received { term: 0 index: 0 } } ignore_live_leader: false dest_uuid: "e3ce74ba14714b4dbd2d75e27f34eb0d" is_pre_election: true
I20260709 12:17:14.541493 28682 tablet_service.cc:1917] Received RequestConsensusVote() RPC: tablet_id: "2e9f78bead97491ebb7f049af3cf869c" candidate_uuid: "a7ec63b6634944d0b5b5ea92fa2d303e" candidate_term: 1 candidate_status { last_received { term: 0 index: 0 } } ignore_live_leader: false dest_uuid: "a8342e3fcab94ce89482df67988159ea" is_pre_election: true
I20260709 12:17:14.543668 28604 tablet_service.cc:1917] Received RequestConsensusVote() RPC: tablet_id: "2e9f78bead97491ebb7f049af3cf869c" candidate_uuid: "a7ec63b6634944d0b5b5ea92fa2d303e" candidate_term: 1 candidate_status { last_received { term: 0 index: 0 } } ignore_live_leader: false dest_uuid: "e3ce74ba14714b4dbd2d75e27f34eb0d" is_pre_election: true
I20260709 12:17:14.532400 28948 consensus_queue.cc:237] T 243df7b9197c40219914bcac6111faca P e3ce74ba14714b4dbd2d75e27f34eb0d [LEADER]: Queue going to LEADER mode. State: All replicated index: 0, Majority replicated index: 0, Committed index: 0, Last appended: 0.0, Last appended by leader: 0, Current term: 1, Majority size: 2, State: 0, Mode: LEADER, active raft config: opid_index: -1 OBSOLETE_local: false peers { permanent_uuid: "e3ce74ba14714b4dbd2d75e27f34eb0d" member_type: VOTER last_known_addr { host: "127.26.205.129" port: 36607 } } peers { permanent_uuid: "a8342e3fcab94ce89482df67988159ea" member_type: VOTER last_known_addr { host: "127.26.205.130" port: 42113 } } peers { permanent_uuid: "a7ec63b6634944d0b5b5ea92fa2d303e" member_type: VOTER last_known_addr { host: "127.26.205.131" port: 44843 } }
I20260709 12:17:14.549304 28944 raft_consensus.cc:515] T 1aa4d3cf35bc44b2b334697ab60648ca P e3ce74ba14714b4dbd2d75e27f34eb0d [term 1 FOLLOWER]: Starting leader election with config: opid_index: -1 OBSOLETE_local: false peers { permanent_uuid: "e3ce74ba14714b4dbd2d75e27f34eb0d" member_type: VOTER last_known_addr { host: "127.26.205.129" port: 36607 } } peers { permanent_uuid: "a8342e3fcab94ce89482df67988159ea" member_type: VOTER last_known_addr { host: "127.26.205.130" port: 42113 } } peers { permanent_uuid: "a7ec63b6634944d0b5b5ea92fa2d303e" member_type: VOTER last_known_addr { host: "127.26.205.131" port: 44843 } }
W20260709 12:17:14.556684 28720 leader_election.cc:343] T 2e9f78bead97491ebb7f049af3cf869c P a7ec63b6634944d0b5b5ea92fa2d303e [CANDIDATE]: Term 1 pre-election: Tablet error from VoteRequest() call to peer a8342e3fcab94ce89482df67988159ea (127.26.205.130:42113): Illegal state: must be running to vote when last-logged opid is not known
I20260709 12:17:14.552187 28797 raft_consensus.cc:359] T 52e0d44a1cde4f32b60dd0ed014922ec P e3ce74ba14714b4dbd2d75e27f34eb0d [term 0 FOLLOWER]: Replica starting. Triggering 0 pending ops. Active config: opid_index: -1 OBSOLETE_local: false peers { permanent_uuid: "e3ce74ba14714b4dbd2d75e27f34eb0d" member_type: VOTER last_known_addr { host: "127.26.205.129" port: 36607 } } peers { permanent_uuid: "a8342e3fcab94ce89482df67988159ea" member_type: VOTER last_known_addr { host: "127.26.205.130" port: 42113 } } peers { permanent_uuid: "a7ec63b6634944d0b5b5ea92fa2d303e" member_type: VOTER last_known_addr { host: "127.26.205.131" port: 44843 } }
I20260709 12:17:14.559944 28797 raft_consensus.cc:385] T 52e0d44a1cde4f32b60dd0ed014922ec P e3ce74ba14714b4dbd2d75e27f34eb0d [term 0 FOLLOWER]: Consensus starting up: Expiring failure detector timer to make a prompt election more likely
I20260709 12:17:14.560197 28797 raft_consensus.cc:740] T 52e0d44a1cde4f32b60dd0ed014922ec P e3ce74ba14714b4dbd2d75e27f34eb0d [term 0 FOLLOWER]: Becoming Follower/Learner. State: Replica: e3ce74ba14714b4dbd2d75e27f34eb0d, State: Initialized, Role: FOLLOWER
W20260709 12:17:14.559485 28722 leader_election.cc:343] T f23bf973b94c463f8da13a996fc7f221 P a7ec63b6634944d0b5b5ea92fa2d303e [CANDIDATE]: Term 1 pre-election: Tablet error from VoteRequest() call to peer e3ce74ba14714b4dbd2d75e27f34eb0d (127.26.205.129:36607): Illegal state: must be running to vote when last-logged opid is not known
I20260709 12:17:14.561286 28722 leader_election.cc:304] T f23bf973b94c463f8da13a996fc7f221 P a7ec63b6634944d0b5b5ea92fa2d303e [CANDIDATE]: Term 1 pre-election: Election decided. Result: candidate lost. Election summary: received 3 responses out of 3 voters: 1 yes votes; 2 no votes. yes voters: a7ec63b6634944d0b5b5ea92fa2d303e; no voters: a8342e3fcab94ce89482df67988159ea, e3ce74ba14714b4dbd2d75e27f34eb0d
I20260709 12:17:14.562106 28832 raft_consensus.cc:2749] T f23bf973b94c463f8da13a996fc7f221 P a7ec63b6634944d0b5b5ea92fa2d303e [term 0 FOLLOWER]: Leader pre-election lost for term 1. Reason: could not achieve majority
W20260709 12:17:14.562567 28722 consensus_peers.cc:597] T cdf685c3207841c286a253af2d105972 P a7ec63b6634944d0b5b5ea92fa2d303e -> Peer e3ce74ba14714b4dbd2d75e27f34eb0d (127.26.205.129:36607): Couldn't send request to peer e3ce74ba14714b4dbd2d75e27f34eb0d. Error code: TABLET_NOT_RUNNING (12). Status: Illegal state: Tablet not RUNNING: INITIALIZED. This is attempt 1: this message will repeat every 5th retry.
W20260709 12:17:14.563170 28722 leader_election.cc:343] T 2e9f78bead97491ebb7f049af3cf869c P a7ec63b6634944d0b5b5ea92fa2d303e [CANDIDATE]: Term 1 pre-election: Tablet error from VoteRequest() call to peer e3ce74ba14714b4dbd2d75e27f34eb0d (127.26.205.129:36607): Illegal state: must be running to vote when last-logged opid is not known
I20260709 12:17:14.564134 28722 leader_election.cc:304] T 2e9f78bead97491ebb7f049af3cf869c P a7ec63b6634944d0b5b5ea92fa2d303e [CANDIDATE]: Term 1 pre-election: Election decided. Result: candidate lost. Election summary: received 3 responses out of 3 voters: 1 yes votes; 2 no votes. yes voters: a7ec63b6634944d0b5b5ea92fa2d303e; no voters: a8342e3fcab94ce89482df67988159ea, e3ce74ba14714b4dbd2d75e27f34eb0d
I20260709 12:17:14.563951 28971 consensus_queue.cc:1048] T bb3409e46c8446f79a337919b428c7ac P a8342e3fcab94ce89482df67988159ea [LEADER]: Connected to new peer: Peer: permanent_uuid: "e3ce74ba14714b4dbd2d75e27f34eb0d" member_type: VOTER last_known_addr { host: "127.26.205.129" port: 36607 }, Status: LMP_MISMATCH, Last received: 0.0, Next index: 1, Last known committed idx: 0, Time since last communication: 0.001s
I20260709 12:17:14.564975 28832 raft_consensus.cc:2749] T 2e9f78bead97491ebb7f049af3cf869c P a7ec63b6634944d0b5b5ea92fa2d303e [term 0 FOLLOWER]: Leader pre-election lost for term 1. Reason: could not achieve majority
I20260709 12:17:14.564771 28797 consensus_queue.cc:260] T 52e0d44a1cde4f32b60dd0ed014922ec P e3ce74ba14714b4dbd2d75e27f34eb0d [NON_LEADER]: Queue going to NON_LEADER mode. State: All replicated index: 0, Majority replicated index: 0, Committed index: 0, Last appended: 0.0, Last appended by leader: 0, Current term: 0, Majority size: -1, State: 0, Mode: NON_LEADER, active raft config: opid_index: -1 OBSOLETE_local: false peers { permanent_uuid: "e3ce74ba14714b4dbd2d75e27f34eb0d" member_type: VOTER last_known_addr { host: "127.26.205.129" port: 36607 } } peers { permanent_uuid: "a8342e3fcab94ce89482df67988159ea" member_type: VOTER last_known_addr { host: "127.26.205.130" port: 42113 } } peers { permanent_uuid: "a7ec63b6634944d0b5b5ea92fa2d303e" member_type: VOTER last_known_addr { host: "127.26.205.131" port: 44843 } }
I20260709 12:17:14.565761 28796 tablet_bootstrap.cc:654] T 1aa4d3cf35bc44b2b334697ab60648ca P a7ec63b6634944d0b5b5ea92fa2d303e: Neither blocks nor log segments found. Creating new log.
I20260709 12:17:14.570631 28797 ts_tablet_manager.cc:1434] T 52e0d44a1cde4f32b60dd0ed014922ec P e3ce74ba14714b4dbd2d75e27f34eb0d: Time spent starting tablet: real 0.062s	user 0.006s	sys 0.000s
I20260709 12:17:14.571399 28797 tablet_bootstrap.cc:492] T 3f5c0f8a4f2a47d5bfb86a593b95a1cd P e3ce74ba14714b4dbd2d75e27f34eb0d: Bootstrap starting.
I20260709 12:17:14.576807 28803 raft_consensus.cc:493] T 52e0d44a1cde4f32b60dd0ed014922ec P e3ce74ba14714b4dbd2d75e27f34eb0d [term 0 FOLLOWER]: Starting pre-election (no leader contacted us within the election timeout)
I20260709 12:17:14.577291 28803 raft_consensus.cc:515] T 52e0d44a1cde4f32b60dd0ed014922ec P e3ce74ba14714b4dbd2d75e27f34eb0d [term 0 FOLLOWER]: Starting pre-election with config: opid_index: -1 OBSOLETE_local: false peers { permanent_uuid: "e3ce74ba14714b4dbd2d75e27f34eb0d" member_type: VOTER last_known_addr { host: "127.26.205.129" port: 36607 } } peers { permanent_uuid: "a8342e3fcab94ce89482df67988159ea" member_type: VOTER last_known_addr { host: "127.26.205.130" port: 42113 } } peers { permanent_uuid: "a7ec63b6634944d0b5b5ea92fa2d303e" member_type: VOTER last_known_addr { host: "127.26.205.131" port: 44843 } }
I20260709 12:17:14.577975 28680 tablet_service.cc:1917] Received RequestConsensusVote() RPC: tablet_id: "1aa4d3cf35bc44b2b334697ab60648ca" candidate_uuid: "e3ce74ba14714b4dbd2d75e27f34eb0d" candidate_term: 1 candidate_status { last_received { term: 0 index: 0 } } ignore_live_leader: false dest_uuid: "a8342e3fcab94ce89482df67988159ea"
I20260709 12:17:14.579418 28680 raft_consensus.cc:3060] T 1aa4d3cf35bc44b2b334697ab60648ca P a8342e3fcab94ce89482df67988159ea [term 0 FOLLOWER]: Advancing to term 1
I20260709 12:17:14.573591 28973 consensus_queue.cc:1048] T a7f9c29f436b4c6bbfb909b71ca1d309 P a8342e3fcab94ce89482df67988159ea [LEADER]: Connected to new peer: Peer: permanent_uuid: "a7ec63b6634944d0b5b5ea92fa2d303e" member_type: VOTER last_known_addr { host: "127.26.205.131" port: 44843 }, Status: LMP_MISMATCH, Last received: 0.0, Next index: 1, Last known committed idx: 0, Time since last communication: 0.007s
I20260709 12:17:14.584000 28944 leader_election.cc:290] T 1aa4d3cf35bc44b2b334697ab60648ca P e3ce74ba14714b4dbd2d75e27f34eb0d [CANDIDATE]: Term 1 election: Requested vote from peers a8342e3fcab94ce89482df67988159ea (127.26.205.130:42113), a7ec63b6634944d0b5b5ea92fa2d303e (127.26.205.131:44843)
I20260709 12:17:14.587288 28750 tablet_service.cc:1917] Received RequestConsensusVote() RPC: tablet_id: "1aa4d3cf35bc44b2b334697ab60648ca" candidate_uuid: "e3ce74ba14714b4dbd2d75e27f34eb0d" candidate_term: 1 candidate_status { last_received { term: 0 index: 0 } } ignore_live_leader: false dest_uuid: "a7ec63b6634944d0b5b5ea92fa2d303e"
I20260709 12:17:14.600689 28803 leader_election.cc:290] T 52e0d44a1cde4f32b60dd0ed014922ec P e3ce74ba14714b4dbd2d75e27f34eb0d [CANDIDATE]: Term 1 pre-election: Requested pre-vote from peers a8342e3fcab94ce89482df67988159ea (127.26.205.130:42113), a7ec63b6634944d0b5b5ea92fa2d303e (127.26.205.131:44843)
W20260709 12:17:14.601219 28573 leader_election.cc:343] T 1aa4d3cf35bc44b2b334697ab60648ca P e3ce74ba14714b4dbd2d75e27f34eb0d [CANDIDATE]: Term 1 election: Tablet error from VoteRequest() call to peer a7ec63b6634944d0b5b5ea92fa2d303e (127.26.205.131:44843): Illegal state: must be running to vote when last-logged opid is not known
I20260709 12:17:14.611279 28832 consensus_queue.cc:1048] T b35b6c6fffe3416bb8f69b556040e319 P a7ec63b6634944d0b5b5ea92fa2d303e [LEADER]: Connected to new peer: Peer: permanent_uuid: "a8342e3fcab94ce89482df67988159ea" member_type: VOTER last_known_addr { host: "127.26.205.130" port: 42113 }, Status: LMP_MISMATCH, Last received: 0.0, Next index: 1, Last known committed idx: 0, Time since last communication: 0.003s
I20260709 12:17:14.617671 28678 tablet_service.cc:1917] Received RequestConsensusVote() RPC: tablet_id: "52e0d44a1cde4f32b60dd0ed014922ec" candidate_uuid: "e3ce74ba14714b4dbd2d75e27f34eb0d" candidate_term: 1 candidate_status { last_received { term: 0 index: 0 } } ignore_live_leader: false dest_uuid: "a8342e3fcab94ce89482df67988159ea" is_pre_election: true
I20260709 12:17:14.620024 28750 tablet_service.cc:1917] Received RequestConsensusVote() RPC: tablet_id: "52e0d44a1cde4f32b60dd0ed014922ec" candidate_uuid: "e3ce74ba14714b4dbd2d75e27f34eb0d" candidate_term: 1 candidate_status { last_received { term: 0 index: 0 } } ignore_live_leader: false dest_uuid: "a7ec63b6634944d0b5b5ea92fa2d303e" is_pre_election: true
I20260709 12:17:14.617887 28974 consensus_queue.cc:1048] T 1548a806b02a4f79b5010615f560d2bb P a7ec63b6634944d0b5b5ea92fa2d303e [LEADER]: Connected to new peer: Peer: permanent_uuid: "e3ce74ba14714b4dbd2d75e27f34eb0d" member_type: VOTER last_known_addr { host: "127.26.205.129" port: 36607 }, Status: LMP_MISMATCH, Last received: 0.0, Next index: 1, Last known committed idx: 0, Time since last communication: 0.053s
I20260709 12:17:14.635349 28799 tablet_bootstrap.cc:492] T 302623a332a2421e848283481e8010f6 P a8342e3fcab94ce89482df67988159ea: No bootstrap required, opened a new log
I20260709 12:17:14.636003 28799 ts_tablet_manager.cc:1403] T 302623a332a2421e848283481e8010f6 P a8342e3fcab94ce89482df67988159ea: Time spent bootstrapping tablet: real 0.279s	user 0.015s	sys 0.013s
I20260709 12:17:14.630918 28573 leader_election.cc:304] T 52e0d44a1cde4f32b60dd0ed014922ec P e3ce74ba14714b4dbd2d75e27f34eb0d [CANDIDATE]: Term 1 pre-election: Election decided. Result: candidate lost. Election summary: received 3 responses out of 3 voters: 1 yes votes; 2 no votes. yes voters: e3ce74ba14714b4dbd2d75e27f34eb0d; no voters: a7ec63b6634944d0b5b5ea92fa2d303e, a8342e3fcab94ce89482df67988159ea
