I20260709 12:17:12.599776 12087 consensus_queue.cc:237] T 1f43f12f70b344f99d1a94e68d11cd51 P abc22679e6084104a9b8d1af9d0102b6 [LEADER]: Queue going to LEADER mode. State: All replicated index: 0, Majority replicated index: 0, Committed index: 0, Last appended: 0.0, Last appended by leader: 0, Current term: 1, Majority size: 2, State: 0, Mode: LEADER, active raft config: opid_index: -1 OBSOLETE_local: false peers { permanent_uuid: "3e8497011af946809a2bbb6c6e05d2e8" member_type: VOTER last_known_addr { host: "127.10.67.1" port: 37201 } } peers { permanent_uuid: "abc22679e6084104a9b8d1af9d0102b6" member_type: VOTER last_known_addr { host: "127.10.67.2" port: 34675 } } peers { permanent_uuid: "82aee34209e943cbbd4c4f6deb75afc5" member_type: VOTER last_known_addr { host: "127.10.67.3" port: 40241 } }
I20260709 12:17:12.607154 11688 leader_election.cc:304] T 8d1682864332400e8c5b5baac5551060 P abc22679e6084104a9b8d1af9d0102b6 [CANDIDATE]: Term 1 election: Election decided. Result: candidate won. Election summary: received 3 responses out of 3 voters: 2 yes votes; 1 no votes. yes voters: 3e8497011af946809a2bbb6c6e05d2e8, abc22679e6084104a9b8d1af9d0102b6; no voters: 82aee34209e943cbbd4c4f6deb75afc5
I20260709 12:17:12.608089 11845 raft_consensus.cc:2804] T 8d1682864332400e8c5b5baac5551060 P abc22679e6084104a9b8d1af9d0102b6 [term 1 FOLLOWER]: Leader election won for term 1
I20260709 12:17:12.608584 11845 raft_consensus.cc:697] T 8d1682864332400e8c5b5baac5551060 P abc22679e6084104a9b8d1af9d0102b6 [term 1 LEADER]: Becoming Leader. State: Replica: abc22679e6084104a9b8d1af9d0102b6, State: Running, Role: LEADER
I20260709 12:17:12.609321 11845 consensus_queue.cc:237] T 8d1682864332400e8c5b5baac5551060 P abc22679e6084104a9b8d1af9d0102b6 [LEADER]: Queue going to LEADER mode. State: All replicated index: 0, Majority replicated index: 0, Committed index: 0, Last appended: 0.0, Last appended by leader: 0, Current term: 1, Majority size: 2, State: 0, Mode: LEADER, active raft config: opid_index: -1 OBSOLETE_local: false peers { permanent_uuid: "3e8497011af946809a2bbb6c6e05d2e8" member_type: VOTER last_known_addr { host: "127.10.67.1" port: 37201 } } peers { permanent_uuid: "abc22679e6084104a9b8d1af9d0102b6" member_type: VOTER last_known_addr { host: "127.10.67.2" port: 34675 } } peers { permanent_uuid: "82aee34209e943cbbd4c4f6deb75afc5" member_type: VOTER last_known_addr { host: "127.10.67.3" port: 40241 } }
I20260709 12:17:12.612285 12114 consensus_queue.cc:1048] T 2ad44a766576429099303dcf1effad20 P abc22679e6084104a9b8d1af9d0102b6 [LEADER]: Connected to new peer: Peer: permanent_uuid: "3e8497011af946809a2bbb6c6e05d2e8" member_type: VOTER last_known_addr { host: "127.10.67.1" port: 37201 }, Status: LMP_MISMATCH, Last received: 0.0, Next index: 1, Last known committed idx: 0, Time since last communication: 0.003s
I20260709 12:17:12.626407 12086 consensus_queue.cc:1048] T be06c7c0407b48b1a81f8b259b954fb9 P 82aee34209e943cbbd4c4f6deb75afc5 [LEADER]: Connected to new peer: Peer: permanent_uuid: "abc22679e6084104a9b8d1af9d0102b6" member_type: VOTER last_known_addr { host: "127.10.67.2" port: 34675 }, Status: LMP_MISMATCH, Last received: 0.0, Next index: 1, Last known committed idx: 0, Time since last communication: 0.001s
I20260709 12:17:12.642755 11840 tablet_bootstrap.cc:492] T 07df2edf9b8a4bcd975679603ec3f5c2 P 82aee34209e943cbbd4c4f6deb75afc5: No bootstrap required, opened a new log
I20260709 12:17:12.643354 11840 ts_tablet_manager.cc:1403] T 07df2edf9b8a4bcd975679603ec3f5c2 P 82aee34209e943cbbd4c4f6deb75afc5: Time spent bootstrapping tablet: real 0.209s	user 0.009s	sys 0.010s
I20260709 12:17:12.646909 11840 raft_consensus.cc:359] T 07df2edf9b8a4bcd975679603ec3f5c2 P 82aee34209e943cbbd4c4f6deb75afc5 [term 0 FOLLOWER]: Replica starting. Triggering 0 pending ops. Active config: opid_index: -1 OBSOLETE_local: false peers { permanent_uuid: "3e8497011af946809a2bbb6c6e05d2e8" member_type: VOTER last_known_addr { host: "127.10.67.1" port: 37201 } } peers { permanent_uuid: "abc22679e6084104a9b8d1af9d0102b6" member_type: VOTER last_known_addr { host: "127.10.67.2" port: 34675 } } peers { permanent_uuid: "82aee34209e943cbbd4c4f6deb75afc5" member_type: VOTER last_known_addr { host: "127.10.67.3" port: 40241 } }
I20260709 12:17:12.647958 11840 raft_consensus.cc:385] T 07df2edf9b8a4bcd975679603ec3f5c2 P 82aee34209e943cbbd4c4f6deb75afc5 [term 0 FOLLOWER]: Consensus starting up: Expiring failure detector timer to make a prompt election more likely
I20260709 12:17:12.648351 11840 raft_consensus.cc:740] T 07df2edf9b8a4bcd975679603ec3f5c2 P 82aee34209e943cbbd4c4f6deb75afc5 [term 0 FOLLOWER]: Becoming Follower/Learner. State: Replica: 82aee34209e943cbbd4c4f6deb75afc5, State: Initialized, Role: FOLLOWER
I20260709 12:17:12.659106 11846 consensus_queue.cc:1048] T be06c7c0407b48b1a81f8b259b954fb9 P 82aee34209e943cbbd4c4f6deb75afc5 [LEADER]: Connected to new peer: Peer: permanent_uuid: "3e8497011af946809a2bbb6c6e05d2e8" member_type: VOTER last_known_addr { host: "127.10.67.1" port: 37201 }, Status: LMP_MISMATCH, Last received: 0.0, Next index: 1, Last known committed idx: 0, Time since last communication: 0.001s
I20260709 12:17:12.668073 11839 tablet_bootstrap.cc:492] T 19b89ec45ec741859d34c1ad772658c9 P abc22679e6084104a9b8d1af9d0102b6: No bootstrap required, opened a new log
I20260709 12:17:12.669459 11839 ts_tablet_manager.cc:1403] T 19b89ec45ec741859d34c1ad772658c9 P abc22679e6084104a9b8d1af9d0102b6: Time spent bootstrapping tablet: real 0.179s	user 0.009s	sys 0.012s
I20260709 12:17:12.665464 11840 consensus_queue.cc:260] T 07df2edf9b8a4bcd975679603ec3f5c2 P 82aee34209e943cbbd4c4f6deb75afc5 [NON_LEADER]: Queue going to NON_LEADER mode. State: All replicated index: 0, Majority replicated index: 0, Committed index: 0, Last appended: 0.0, Last appended by leader: 0, Current term: 0, Majority size: -1, State: 0, Mode: NON_LEADER, active raft config: opid_index: -1 OBSOLETE_local: false peers { permanent_uuid: "3e8497011af946809a2bbb6c6e05d2e8" member_type: VOTER last_known_addr { host: "127.10.67.1" port: 37201 } } peers { permanent_uuid: "abc22679e6084104a9b8d1af9d0102b6" member_type: VOTER last_known_addr { host: "127.10.67.2" port: 34675 } } peers { permanent_uuid: "82aee34209e943cbbd4c4f6deb75afc5" member_type: VOTER last_known_addr { host: "127.10.67.3" port: 40241 } }
I20260709 12:17:12.682862 12086 raft_consensus.cc:493] T 07df2edf9b8a4bcd975679603ec3f5c2 P 82aee34209e943cbbd4c4f6deb75afc5 [term 0 FOLLOWER]: Starting pre-election (no leader contacted us within the election timeout)
I20260709 12:17:12.683593 12086 raft_consensus.cc:515] T 07df2edf9b8a4bcd975679603ec3f5c2 P 82aee34209e943cbbd4c4f6deb75afc5 [term 0 FOLLOWER]: Starting pre-election with config: opid_index: -1 OBSOLETE_local: false peers { permanent_uuid: "3e8497011af946809a2bbb6c6e05d2e8" member_type: VOTER last_known_addr { host: "127.10.67.1" port: 37201 } } peers { permanent_uuid: "abc22679e6084104a9b8d1af9d0102b6" member_type: VOTER last_known_addr { host: "127.10.67.2" port: 34675 } } peers { permanent_uuid: "82aee34209e943cbbd4c4f6deb75afc5" member_type: VOTER last_known_addr { host: "127.10.67.3" port: 40241 } }
I20260709 12:17:12.690135 11641 tablet_service.cc:1917] Received RequestConsensusVote() RPC: tablet_id: "07df2edf9b8a4bcd975679603ec3f5c2" candidate_uuid: "82aee34209e943cbbd4c4f6deb75afc5" candidate_term: 1 candidate_status { last_received { term: 0 index: 0 } } ignore_live_leader: false dest_uuid: "3e8497011af946809a2bbb6c6e05d2e8" is_pre_election: true
I20260709 12:17:12.696220 11839 raft_consensus.cc:359] T 19b89ec45ec741859d34c1ad772658c9 P abc22679e6084104a9b8d1af9d0102b6 [term 0 FOLLOWER]: Replica starting. Triggering 0 pending ops. Active config: opid_index: -1 OBSOLETE_local: false peers { permanent_uuid: "3e8497011af946809a2bbb6c6e05d2e8" member_type: VOTER last_known_addr { host: "127.10.67.1" port: 37201 } } peers { permanent_uuid: "abc22679e6084104a9b8d1af9d0102b6" member_type: VOTER last_known_addr { host: "127.10.67.2" port: 34675 } } peers { permanent_uuid: "82aee34209e943cbbd4c4f6deb75afc5" member_type: VOTER last_known_addr { host: "127.10.67.3" port: 40241 } }
I20260709 12:17:12.699294 11716 tablet_service.cc:1917] Received RequestConsensusVote() RPC: tablet_id: "07df2edf9b8a4bcd975679603ec3f5c2" candidate_uuid: "82aee34209e943cbbd4c4f6deb75afc5" candidate_term: 1 candidate_status { last_received { term: 0 index: 0 } } ignore_live_leader: false dest_uuid: "abc22679e6084104a9b8d1af9d0102b6" is_pre_election: true
I20260709 12:17:12.702092 11716 raft_consensus.cc:2393] T 07df2edf9b8a4bcd975679603ec3f5c2 P abc22679e6084104a9b8d1af9d0102b6 [term 1 FOLLOWER]: Leader pre-election vote request: Denying vote to candidate 82aee34209e943cbbd4c4f6deb75afc5 in current term 1: Already voted for candidate 3e8497011af946809a2bbb6c6e05d2e8 in this term.
I20260709 12:17:12.703140 11764 leader_election.cc:304] T 07df2edf9b8a4bcd975679603ec3f5c2 P 82aee34209e943cbbd4c4f6deb75afc5 [CANDIDATE]: Term 1 pre-election: Election decided. Result: candidate lost. Election summary: received 3 responses out of 3 voters: 1 yes votes; 2 no votes. yes voters: 82aee34209e943cbbd4c4f6deb75afc5; no voters: 3e8497011af946809a2bbb6c6e05d2e8, abc22679e6084104a9b8d1af9d0102b6
I20260709 12:17:12.704012 12082 raft_consensus.cc:3060] T 07df2edf9b8a4bcd975679603ec3f5c2 P 82aee34209e943cbbd4c4f6deb75afc5 [term 0 FOLLOWER]: Advancing to term 1
I20260709 12:17:12.705295 11840 ts_tablet_manager.cc:1434] T 07df2edf9b8a4bcd975679603ec3f5c2 P 82aee34209e943cbbd4c4f6deb75afc5: Time spent starting tablet: real 0.061s	user 0.005s	sys 0.002s
I20260709 12:17:12.706748 11840 tablet_bootstrap.cc:492] T 8d1682864332400e8c5b5baac5551060 P 82aee34209e943cbbd4c4f6deb75afc5: Bootstrap starting.
I20260709 12:17:12.705790 11841 tablet_bootstrap.cc:492] T 19b89ec45ec741859d34c1ad772658c9 P 3e8497011af946809a2bbb6c6e05d2e8: No bootstrap required, opened a new log
I20260709 12:17:12.712013 11841 ts_tablet_manager.cc:1403] T 19b89ec45ec741859d34c1ad772658c9 P 3e8497011af946809a2bbb6c6e05d2e8: Time spent bootstrapping tablet: real 0.204s	user 0.025s	sys 0.021s
I20260709 12:17:12.712220 12082 raft_consensus.cc:2749] T 07df2edf9b8a4bcd975679603ec3f5c2 P 82aee34209e943cbbd4c4f6deb75afc5 [term 1 FOLLOWER]: Leader pre-election lost for term 1. Reason: could not achieve majority
I20260709 12:17:12.700652 12086 leader_election.cc:290] T 07df2edf9b8a4bcd975679603ec3f5c2 P 82aee34209e943cbbd4c4f6deb75afc5 [CANDIDATE]: Term 1 pre-election: Requested pre-vote from peers 3e8497011af946809a2bbb6c6e05d2e8 (127.10.67.1:37201), abc22679e6084104a9b8d1af9d0102b6 (127.10.67.2:34675)
I20260709 12:17:12.714264 11839 raft_consensus.cc:385] T 19b89ec45ec741859d34c1ad772658c9 P abc22679e6084104a9b8d1af9d0102b6 [term 0 FOLLOWER]: Consensus starting up: Expiring failure detector timer to make a prompt election more likely
I20260709 12:17:12.714586 11839 raft_consensus.cc:740] T 19b89ec45ec741859d34c1ad772658c9 P abc22679e6084104a9b8d1af9d0102b6 [term 0 FOLLOWER]: Becoming Follower/Learner. State: Replica: abc22679e6084104a9b8d1af9d0102b6, State: Initialized, Role: FOLLOWER
I20260709 12:17:12.715262 11839 consensus_queue.cc:260] T 19b89ec45ec741859d34c1ad772658c9 P abc22679e6084104a9b8d1af9d0102b6 [NON_LEADER]: Queue going to NON_LEADER mode. State: All replicated index: 0, Majority replicated index: 0, Committed index: 0, Last appended: 0.0, Last appended by leader: 0, Current term: 0, Majority size: -1, State: 0, Mode: NON_LEADER, active raft config: opid_index: -1 OBSOLETE_local: false peers { permanent_uuid: "3e8497011af946809a2bbb6c6e05d2e8" member_type: VOTER last_known_addr { host: "127.10.67.1" port: 37201 } } peers { permanent_uuid: "abc22679e6084104a9b8d1af9d0102b6" member_type: VOTER last_known_addr { host: "127.10.67.2" port: 34675 } } peers { permanent_uuid: "82aee34209e943cbbd4c4f6deb75afc5" member_type: VOTER last_known_addr { host: "127.10.67.3" port: 40241 } }
I20260709 12:17:12.716449 11845 raft_consensus.cc:493] T 89833f45ae374d8bbf70bad2d69f6d87 P abc22679e6084104a9b8d1af9d0102b6 [term 0 FOLLOWER]: Starting pre-election (no leader contacted us within the election timeout)
I20260709 12:17:12.717377 11845 raft_consensus.cc:515] T 89833f45ae374d8bbf70bad2d69f6d87 P abc22679e6084104a9b8d1af9d0102b6 [term 0 FOLLOWER]: Starting pre-election with config: opid_index: -1 OBSOLETE_local: false peers { permanent_uuid: "3e8497011af946809a2bbb6c6e05d2e8" member_type: VOTER last_known_addr { host: "127.10.67.1" port: 37201 } } peers { permanent_uuid: "abc22679e6084104a9b8d1af9d0102b6" member_type: VOTER last_known_addr { host: "127.10.67.2" port: 34675 } } peers { permanent_uuid: "82aee34209e943cbbd4c4f6deb75afc5" member_type: VOTER last_known_addr { host: "127.10.67.3" port: 40241 } }
I20260709 12:17:12.720330 11839 ts_tablet_manager.cc:1434] T 19b89ec45ec741859d34c1ad772658c9 P abc22679e6084104a9b8d1af9d0102b6: Time spent starting tablet: real 0.050s	user 0.007s	sys 0.000s
I20260709 12:17:12.720206 11641 tablet_service.cc:1917] Received RequestConsensusVote() RPC: tablet_id: "89833f45ae374d8bbf70bad2d69f6d87" candidate_uuid: "abc22679e6084104a9b8d1af9d0102b6" candidate_term: 1 candidate_status { last_received { term: 0 index: 0 } } ignore_live_leader: false dest_uuid: "3e8497011af946809a2bbb6c6e05d2e8" is_pre_election: true
I20260709 12:17:12.720966 11641 raft_consensus.cc:2468] T 89833f45ae374d8bbf70bad2d69f6d87 P 3e8497011af946809a2bbb6c6e05d2e8 [term 0 FOLLOWER]: Leader pre-election vote request: Granting yes vote for candidate abc22679e6084104a9b8d1af9d0102b6 in term 0.
I20260709 12:17:12.721338 11839 tablet_bootstrap.cc:492] T a18bb49a0a0b48cb9c6aab8fb416941e P abc22679e6084104a9b8d1af9d0102b6: Bootstrap starting.
I20260709 12:17:12.722321 11688 leader_election.cc:304] T 89833f45ae374d8bbf70bad2d69f6d87 P abc22679e6084104a9b8d1af9d0102b6 [CANDIDATE]: Term 1 pre-election: Election decided. Result: candidate won. Election summary: received 2 responses out of 3 voters: 2 yes votes; 0 no votes. yes voters: 3e8497011af946809a2bbb6c6e05d2e8, abc22679e6084104a9b8d1af9d0102b6; no voters: 
I20260709 12:17:12.723713 11845 leader_election.cc:290] T 89833f45ae374d8bbf70bad2d69f6d87 P abc22679e6084104a9b8d1af9d0102b6 [CANDIDATE]: Term 1 pre-election: Requested pre-vote from peers 3e8497011af946809a2bbb6c6e05d2e8 (127.10.67.1:37201), 82aee34209e943cbbd4c4f6deb75afc5 (127.10.67.3:40241)
I20260709 12:17:12.723865 12114 raft_consensus.cc:2804] T 89833f45ae374d8bbf70bad2d69f6d87 P abc22679e6084104a9b8d1af9d0102b6 [term 0 FOLLOWER]: Leader pre-election won for term 1
I20260709 12:17:12.716126 11841 raft_consensus.cc:359] T 19b89ec45ec741859d34c1ad772658c9 P 3e8497011af946809a2bbb6c6e05d2e8 [term 0 FOLLOWER]: Replica starting. Triggering 0 pending ops. Active config: opid_index: -1 OBSOLETE_local: false peers { permanent_uuid: "3e8497011af946809a2bbb6c6e05d2e8" member_type: VOTER last_known_addr { host: "127.10.67.1" port: 37201 } } peers { permanent_uuid: "abc22679e6084104a9b8d1af9d0102b6" member_type: VOTER last_known_addr { host: "127.10.67.2" port: 34675 } } peers { permanent_uuid: "82aee34209e943cbbd4c4f6deb75afc5" member_type: VOTER last_known_addr { host: "127.10.67.3" port: 40241 } }
I20260709 12:17:12.724324 12114 raft_consensus.cc:493] T 89833f45ae374d8bbf70bad2d69f6d87 P abc22679e6084104a9b8d1af9d0102b6 [term 0 FOLLOWER]: Starting leader election (no leader contacted us within the election timeout)
I20260709 12:17:12.724792 11841 raft_consensus.cc:385] T 19b89ec45ec741859d34c1ad772658c9 P 3e8497011af946809a2bbb6c6e05d2e8 [term 0 FOLLOWER]: Consensus starting up: Expiring failure detector timer to make a prompt election more likely
I20260709 12:17:12.725293 11841 raft_consensus.cc:740] T 19b89ec45ec741859d34c1ad772658c9 P 3e8497011af946809a2bbb6c6e05d2e8 [term 0 FOLLOWER]: Becoming Follower/Learner. State: Replica: 3e8497011af946809a2bbb6c6e05d2e8, State: Initialized, Role: FOLLOWER
I20260709 12:17:12.724869 12114 raft_consensus.cc:3060] T 89833f45ae374d8bbf70bad2d69f6d87 P abc22679e6084104a9b8d1af9d0102b6 [term 0 FOLLOWER]: Advancing to term 1
I20260709 12:17:12.726205 11841 consensus_queue.cc:260] T 19b89ec45ec741859d34c1ad772658c9 P 3e8497011af946809a2bbb6c6e05d2e8 [NON_LEADER]: Queue going to NON_LEADER mode. State: All replicated index: 0, Majority replicated index: 0, Committed index: 0, Last appended: 0.0, Last appended by leader: 0, Current term: 0, Majority size: -1, State: 0, Mode: NON_LEADER, active raft config: opid_index: -1 OBSOLETE_local: false peers { permanent_uuid: "3e8497011af946809a2bbb6c6e05d2e8" member_type: VOTER last_known_addr { host: "127.10.67.1" port: 37201 } } peers { permanent_uuid: "abc22679e6084104a9b8d1af9d0102b6" member_type: VOTER last_known_addr { host: "127.10.67.2" port: 34675 } } peers { permanent_uuid: "82aee34209e943cbbd4c4f6deb75afc5" member_type: VOTER last_known_addr { host: "127.10.67.3" port: 40241 } }
I20260709 12:17:12.731020 11841 ts_tablet_manager.cc:1434] T 19b89ec45ec741859d34c1ad772658c9 P 3e8497011af946809a2bbb6c6e05d2e8: Time spent starting tablet: real 0.018s	user 0.005s	sys 0.000s
I20260709 12:17:12.731020 11793 tablet_service.cc:1917] Received RequestConsensusVote() RPC: tablet_id: "89833f45ae374d8bbf70bad2d69f6d87" candidate_uuid: "abc22679e6084104a9b8d1af9d0102b6" candidate_term: 1 candidate_status { last_received { term: 0 index: 0 } } ignore_live_leader: false dest_uuid: "82aee34209e943cbbd4c4f6deb75afc5" is_pre_election: true
I20260709 12:17:12.729236 11840 tablet_bootstrap.cc:654] T 8d1682864332400e8c5b5baac5551060 P 82aee34209e943cbbd4c4f6deb75afc5: Neither blocks nor log segments found. Creating new log.
W20260709 12:17:12.734719 11690 leader_election.cc:343] T 89833f45ae374d8bbf70bad2d69f6d87 P abc22679e6084104a9b8d1af9d0102b6 [CANDIDATE]: Term 1 pre-election: Tablet error from VoteRequest() call to peer 82aee34209e943cbbd4c4f6deb75afc5 (127.10.67.3:40241): Illegal state: must be running to vote when last-logged opid is not known
I20260709 12:17:12.735608 11841 tablet_bootstrap.cc:492] T deb9bc4fac324c9ca368ea3847f72b4c P 3e8497011af946809a2bbb6c6e05d2e8: Bootstrap starting.
I20260709 12:17:12.736065 11547 catalog_manager.cc:5697] T be06c7c0407b48b1a81f8b259b954fb9 P 82aee34209e943cbbd4c4f6deb75afc5 reported cstate change: term changed from 0 to 1, leader changed from <none> to 82aee34209e943cbbd4c4f6deb75afc5 (127.10.67.3). New cstate: current_term: 1 leader_uuid: "82aee34209e943cbbd4c4f6deb75afc5" committed_config { opid_index: -1 OBSOLETE_local: false peers { permanent_uuid: "3e8497011af946809a2bbb6c6e05d2e8" member_type: VOTER last_known_addr { host: "127.10.67.1" port: 37201 } health_report { overall_health: UNKNOWN } } peers { permanent_uuid: "abc22679e6084104a9b8d1af9d0102b6" member_type: VOTER last_known_addr { host: "127.10.67.2" port: 34675 } health_report { overall_health: UNKNOWN } } peers { permanent_uuid: "82aee34209e943cbbd4c4f6deb75afc5" member_type: VOTER last_known_addr { host: "127.10.67.3" port: 40241 } health_report { overall_health: HEALTHY } } }
I20260709 12:17:12.737931 11547 catalog_manager.cc:5697] T e2cdd5323cbd488da90c0461f70b3cff P 82aee34209e943cbbd4c4f6deb75afc5 reported cstate change: term changed from 0 to 2, leader changed from <none> to 82aee34209e943cbbd4c4f6deb75afc5 (127.10.67.3). New cstate: current_term: 2 leader_uuid: "82aee34209e943cbbd4c4f6deb75afc5" committed_config { opid_index: -1 OBSOLETE_local: false peers { permanent_uuid: "3e8497011af946809a2bbb6c6e05d2e8" member_type: VOTER last_known_addr { host: "127.10.67.1" port: 37201 } health_report { overall_health: UNKNOWN } } peers { permanent_uuid: "abc22679e6084104a9b8d1af9d0102b6" member_type: VOTER last_known_addr { host: "127.10.67.2" port: 34675 } health_report { overall_health: UNKNOWN } } peers { permanent_uuid: "82aee34209e943cbbd4c4f6deb75afc5" member_type: VOTER last_known_addr { host: "127.10.67.3" port: 40241 } health_report { overall_health: HEALTHY } } }
I20260709 12:17:12.742317 11839 tablet_bootstrap.cc:654] T a18bb49a0a0b48cb9c6aab8fb416941e P abc22679e6084104a9b8d1af9d0102b6: Neither blocks nor log segments found. Creating new log.
I20260709 12:17:12.743546 12114 raft_consensus.cc:515] T 89833f45ae374d8bbf70bad2d69f6d87 P abc22679e6084104a9b8d1af9d0102b6 [term 1 FOLLOWER]: Starting leader election with config: opid_index: -1 OBSOLETE_local: false peers { permanent_uuid: "3e8497011af946809a2bbb6c6e05d2e8" member_type: VOTER last_known_addr { host: "127.10.67.1" port: 37201 } } peers { permanent_uuid: "abc22679e6084104a9b8d1af9d0102b6" member_type: VOTER last_known_addr { host: "127.10.67.2" port: 34675 } } peers { permanent_uuid: "82aee34209e943cbbd4c4f6deb75afc5" member_type: VOTER last_known_addr { host: "127.10.67.3" port: 40241 } }
I20260709 12:17:12.746057 12114 leader_election.cc:290] T 89833f45ae374d8bbf70bad2d69f6d87 P abc22679e6084104a9b8d1af9d0102b6 [CANDIDATE]: Term 1 election: Requested vote from peers 3e8497011af946809a2bbb6c6e05d2e8 (127.10.67.1:37201), 82aee34209e943cbbd4c4f6deb75afc5 (127.10.67.3:40241)
I20260709 12:17:12.747249 11648 tablet_service.cc:1917] Received RequestConsensusVote() RPC: tablet_id: "89833f45ae374d8bbf70bad2d69f6d87" candidate_uuid: "abc22679e6084104a9b8d1af9d0102b6" candidate_term: 1 candidate_status { last_received { term: 0 index: 0 } } ignore_live_leader: false dest_uuid: "3e8497011af946809a2bbb6c6e05d2e8"
I20260709 12:17:12.748021 11648 raft_consensus.cc:3060] T 89833f45ae374d8bbf70bad2d69f6d87 P 3e8497011af946809a2bbb6c6e05d2e8 [term 0 FOLLOWER]: Advancing to term 1
I20260709 12:17:12.749393 11793 tablet_service.cc:1917] Received RequestConsensusVote() RPC: tablet_id: "89833f45ae374d8bbf70bad2d69f6d87" candidate_uuid: "abc22679e6084104a9b8d1af9d0102b6" candidate_term: 1 candidate_status { last_received { term: 0 index: 0 } } ignore_live_leader: false dest_uuid: "82aee34209e943cbbd4c4f6deb75afc5"
W20260709 12:17:12.751003 11690 leader_election.cc:343] T 89833f45ae374d8bbf70bad2d69f6d87 P abc22679e6084104a9b8d1af9d0102b6 [CANDIDATE]: Term 1 election: Tablet error from VoteRequest() call to peer 82aee34209e943cbbd4c4f6deb75afc5 (127.10.67.3:40241): Illegal state: must be running to vote when last-logged opid is not known
I20260709 12:17:12.762055 11648 raft_consensus.cc:2468] T 89833f45ae374d8bbf70bad2d69f6d87 P 3e8497011af946809a2bbb6c6e05d2e8 [term 1 FOLLOWER]: Leader election vote request: Granting yes vote for candidate abc22679e6084104a9b8d1af9d0102b6 in term 1.
I20260709 12:17:12.766899 11545 catalog_manager.cc:5697] T 429e1a3032e24d96ac70627b89ced6f3 P abc22679e6084104a9b8d1af9d0102b6 reported cstate change: term changed from 0 to 1, leader changed from <none> to abc22679e6084104a9b8d1af9d0102b6 (127.10.67.2). New cstate: current_term: 1 leader_uuid: "abc22679e6084104a9b8d1af9d0102b6" committed_config { opid_index: -1 OBSOLETE_local: false peers { permanent_uuid: "3e8497011af946809a2bbb6c6e05d2e8" member_type: VOTER last_known_addr { host: "127.10.67.1" port: 37201 } health_report { overall_health: UNKNOWN } } peers { permanent_uuid: "abc22679e6084104a9b8d1af9d0102b6" member_type: VOTER last_known_addr { host: "127.10.67.2" port: 34675 } health_report { overall_health: HEALTHY } } peers { permanent_uuid: "82aee34209e943cbbd4c4f6deb75afc5" member_type: VOTER last_known_addr { host: "127.10.67.3" port: 40241 } health_report { overall_health: UNKNOWN } } }
I20260709 12:17:12.769209 11840 tablet_bootstrap.cc:492] T 8d1682864332400e8c5b5baac5551060 P 82aee34209e943cbbd4c4f6deb75afc5: No bootstrap required, opened a new log
I20260709 12:17:12.770326 11840 ts_tablet_manager.cc:1403] T 8d1682864332400e8c5b5baac5551060 P 82aee34209e943cbbd4c4f6deb75afc5: Time spent bootstrapping tablet: real 0.064s	user 0.008s	sys 0.004s
I20260709 12:17:12.770594 11688 leader_election.cc:304] T 89833f45ae374d8bbf70bad2d69f6d87 P abc22679e6084104a9b8d1af9d0102b6 [CANDIDATE]: Term 1 election: Election decided. Result: candidate won. Election summary: received 3 responses out of 3 voters: 2 yes votes; 1 no votes. yes voters: 3e8497011af946809a2bbb6c6e05d2e8, abc22679e6084104a9b8d1af9d0102b6; no voters: 82aee34209e943cbbd4c4f6deb75afc5
I20260709 12:17:12.770282 11545 catalog_manager.cc:5697] T 2ad44a766576429099303dcf1effad20 P abc22679e6084104a9b8d1af9d0102b6 reported cstate change: term changed from 0 to 1, leader changed from <none> to abc22679e6084104a9b8d1af9d0102b6 (127.10.67.2). New cstate: current_term: 1 leader_uuid: "abc22679e6084104a9b8d1af9d0102b6" committed_config { opid_index: -1 OBSOLETE_local: false peers { permanent_uuid: "3e8497011af946809a2bbb6c6e05d2e8" member_type: VOTER last_known_addr { host: "127.10.67.1" port: 37201 } health_report { overall_health: UNKNOWN } } peers { permanent_uuid: "abc22679e6084104a9b8d1af9d0102b6" member_type: VOTER last_known_addr { host: "127.10.67.2" port: 34675 } health_report { overall_health: HEALTHY } } peers { permanent_uuid: "82aee34209e943cbbd4c4f6deb75afc5" member_type: VOTER last_known_addr { host: "127.10.67.3" port: 40241 } health_report { overall_health: UNKNOWN } } }
I20260709 12:17:12.773232 11841 tablet_bootstrap.cc:654] T deb9bc4fac324c9ca368ea3847f72b4c P 3e8497011af946809a2bbb6c6e05d2e8: Neither blocks nor log segments found. Creating new log.
I20260709 12:17:12.777733 11840 raft_consensus.cc:359] T 8d1682864332400e8c5b5baac5551060 P 82aee34209e943cbbd4c4f6deb75afc5 [term 0 FOLLOWER]: Replica starting. Triggering 0 pending ops. Active config: opid_index: -1 OBSOLETE_local: false peers { permanent_uuid: "3e8497011af946809a2bbb6c6e05d2e8" member_type: VOTER last_known_addr { host: "127.10.67.1" port: 37201 } } peers { permanent_uuid: "abc22679e6084104a9b8d1af9d0102b6" member_type: VOTER last_known_addr { host: "127.10.67.2" port: 34675 } } peers { permanent_uuid: "82aee34209e943cbbd4c4f6deb75afc5" member_type: VOTER last_known_addr { host: "127.10.67.3" port: 40241 } }
I20260709 12:17:12.778543 11840 raft_consensus.cc:385] T 8d1682864332400e8c5b5baac5551060 P 82aee34209e943cbbd4c4f6deb75afc5 [term 0 FOLLOWER]: Consensus starting up: Expiring failure detector timer to make a prompt election more likely
I20260709 12:17:12.778816 11840 raft_consensus.cc:740] T 8d1682864332400e8c5b5baac5551060 P 82aee34209e943cbbd4c4f6deb75afc5 [term 0 FOLLOWER]: Becoming Follower/Learner. State: Replica: 82aee34209e943cbbd4c4f6deb75afc5, State: Initialized, Role: FOLLOWER
I20260709 12:17:12.780181 11840 consensus_queue.cc:260] T 8d1682864332400e8c5b5baac5551060 P 82aee34209e943cbbd4c4f6deb75afc5 [NON_LEADER]: Queue going to NON_LEADER mode. State: All replicated index: 0, Majority replicated index: 0, Committed index: 0, Last appended: 0.0, Last appended by leader: 0, Current term: 0, Majority size: -1, State: 0, Mode: NON_LEADER, active raft config: opid_index: -1 OBSOLETE_local: false peers { permanent_uuid: "3e8497011af946809a2bbb6c6e05d2e8" member_type: VOTER last_known_addr { host: "127.10.67.1" port: 37201 } } peers { permanent_uuid: "abc22679e6084104a9b8d1af9d0102b6" member_type: VOTER last_known_addr { host: "127.10.67.2" port: 34675 } } peers { permanent_uuid: "82aee34209e943cbbd4c4f6deb75afc5" member_type: VOTER last_known_addr { host: "127.10.67.3" port: 40241 } }
I20260709 12:17:12.780172 12114 raft_consensus.cc:2804] T 89833f45ae374d8bbf70bad2d69f6d87 P abc22679e6084104a9b8d1af9d0102b6 [term 1 FOLLOWER]: Leader election won for term 1
I20260709 12:17:12.782143 12114 raft_consensus.cc:697] T 89833f45ae374d8bbf70bad2d69f6d87 P abc22679e6084104a9b8d1af9d0102b6 [term 1 LEADER]: Becoming Leader. State: Replica: abc22679e6084104a9b8d1af9d0102b6, State: Running, Role: LEADER
I20260709 12:17:12.783056 11840 ts_tablet_manager.cc:1434] T 8d1682864332400e8c5b5baac5551060 P 82aee34209e943cbbd4c4f6deb75afc5: Time spent starting tablet: real 0.012s	user 0.005s	sys 0.003s
I20260709 12:17:12.784122 11840 tablet_bootstrap.cc:492] T 2ad44a766576429099303dcf1effad20 P 82aee34209e943cbbd4c4f6deb75afc5: Bootstrap starting.
I20260709 12:17:12.783028 12114 consensus_queue.cc:237] T 89833f45ae374d8bbf70bad2d69f6d87 P abc22679e6084104a9b8d1af9d0102b6 [LEADER]: Queue going to LEADER mode. State: All replicated index: 0, Majority replicated index: 0, Committed index: 0, Last appended: 0.0, Last appended by leader: 0, Current term: 1, Majority size: 2, State: 0, Mode: LEADER, active raft config: opid_index: -1 OBSOLETE_local: false peers { permanent_uuid: "3e8497011af946809a2bbb6c6e05d2e8" member_type: VOTER last_known_addr { host: "127.10.67.1" port: 37201 } } peers { permanent_uuid: "abc22679e6084104a9b8d1af9d0102b6" member_type: VOTER last_known_addr { host: "127.10.67.2" port: 34675 } } peers { permanent_uuid: "82aee34209e943cbbd4c4f6deb75afc5" member_type: VOTER last_known_addr { host: "127.10.67.3" port: 40241 } }
I20260709 12:17:12.793536 11840 tablet_bootstrap.cc:654] T 2ad44a766576429099303dcf1effad20 P 82aee34209e943cbbd4c4f6deb75afc5: Neither blocks nor log segments found. Creating new log.
I20260709 12:17:12.801265 11839 tablet_bootstrap.cc:492] T a18bb49a0a0b48cb9c6aab8fb416941e P abc22679e6084104a9b8d1af9d0102b6: No bootstrap required, opened a new log
I20260709 12:17:12.801834 11839 ts_tablet_manager.cc:1403] T a18bb49a0a0b48cb9c6aab8fb416941e P abc22679e6084104a9b8d1af9d0102b6: Time spent bootstrapping tablet: real 0.081s	user 0.018s	sys 0.008s
I20260709 12:17:12.806071 11841 tablet_bootstrap.cc:492] T deb9bc4fac324c9ca368ea3847f72b4c P 3e8497011af946809a2bbb6c6e05d2e8: No bootstrap required, opened a new log
I20260709 12:17:12.805773 11839 raft_consensus.cc:359] T a18bb49a0a0b48cb9c6aab8fb416941e P abc22679e6084104a9b8d1af9d0102b6 [term 0 FOLLOWER]: Replica starting. Triggering 0 pending ops. Active config: opid_index: -1 OBSOLETE_local: false peers { permanent_uuid: "3e8497011af946809a2bbb6c6e05d2e8" member_type: VOTER last_known_addr { host: "127.10.67.1" port: 37201 } } peers { permanent_uuid: "abc22679e6084104a9b8d1af9d0102b6" member_type: VOTER last_known_addr { host: "127.10.67.2" port: 34675 } } peers { permanent_uuid: "82aee34209e943cbbd4c4f6deb75afc5" member_type: VOTER last_known_addr { host: "127.10.67.3" port: 40241 } }
I20260709 12:17:12.806705 11841 ts_tablet_manager.cc:1403] T deb9bc4fac324c9ca368ea3847f72b4c P 3e8497011af946809a2bbb6c6e05d2e8: Time spent bootstrapping tablet: real 0.072s	user 0.015s	sys 0.003s
I20260709 12:17:12.806785 11839 raft_consensus.cc:385] T a18bb49a0a0b48cb9c6aab8fb416941e P abc22679e6084104a9b8d1af9d0102b6 [term 0 FOLLOWER]: Consensus starting up: Expiring failure detector timer to make a prompt election more likely
I20260709 12:17:12.807329 11839 raft_consensus.cc:740] T a18bb49a0a0b48cb9c6aab8fb416941e P abc22679e6084104a9b8d1af9d0102b6 [term 0 FOLLOWER]: Becoming Follower/Learner. State: Replica: abc22679e6084104a9b8d1af9d0102b6, State: Initialized, Role: FOLLOWER
I20260709 12:17:12.808969 11839 consensus_queue.cc:260] T a18bb49a0a0b48cb9c6aab8fb416941e P abc22679e6084104a9b8d1af9d0102b6 [NON_LEADER]: Queue going to NON_LEADER mode. State: All replicated index: 0, Majority replicated index: 0, Committed index: 0, Last appended: 0.0, Last appended by leader: 0, Current term: 0, Majority size: -1, State: 0, Mode: NON_LEADER, active raft config: opid_index: -1 OBSOLETE_local: false peers { permanent_uuid: "3e8497011af946809a2bbb6c6e05d2e8" member_type: VOTER last_known_addr { host: "127.10.67.1" port: 37201 } } peers { permanent_uuid: "abc22679e6084104a9b8d1af9d0102b6" member_type: VOTER last_known_addr { host: "127.10.67.2" port: 34675 } } peers { permanent_uuid: "82aee34209e943cbbd4c4f6deb75afc5" member_type: VOTER last_known_addr { host: "127.10.67.3" port: 40241 } }
I20260709 12:17:12.811914 11839 ts_tablet_manager.cc:1434] T a18bb49a0a0b48cb9c6aab8fb416941e P abc22679e6084104a9b8d1af9d0102b6: Time spent starting tablet: real 0.010s	user 0.008s	sys 0.000s
I20260709 12:17:12.812587 11840 tablet_bootstrap.cc:492] T 2ad44a766576429099303dcf1effad20 P 82aee34209e943cbbd4c4f6deb75afc5: No bootstrap required, opened a new log
I20260709 12:17:12.813100 11840 ts_tablet_manager.cc:1403] T 2ad44a766576429099303dcf1effad20 P 82aee34209e943cbbd4c4f6deb75afc5: Time spent bootstrapping tablet: real 0.029s	user 0.009s	sys 0.008s
I20260709 12:17:12.813722 11839 tablet_bootstrap.cc:492] T deb9bc4fac324c9ca368ea3847f72b4c P abc22679e6084104a9b8d1af9d0102b6: Bootstrap starting.
I20260709 12:17:12.813424 11841 raft_consensus.cc:359] T deb9bc4fac324c9ca368ea3847f72b4c P 3e8497011af946809a2bbb6c6e05d2e8 [term 0 FOLLOWER]: Replica starting. Triggering 0 pending ops. Active config: opid_index: -1 OBSOLETE_local: false peers { permanent_uuid: "3e8497011af946809a2bbb6c6e05d2e8" member_type: VOTER last_known_addr { host: "127.10.67.1" port: 37201 } } peers { permanent_uuid: "abc22679e6084104a9b8d1af9d0102b6" member_type: VOTER last_known_addr { host: "127.10.67.2" port: 34675 } } peers { permanent_uuid: "82aee34209e943cbbd4c4f6deb75afc5" member_type: VOTER last_known_addr { host: "127.10.67.3" port: 40241 } }
I20260709 12:17:12.815438 11841 raft_consensus.cc:385] T deb9bc4fac324c9ca368ea3847f72b4c P 3e8497011af946809a2bbb6c6e05d2e8 [term 0 FOLLOWER]: Consensus starting up: Expiring failure detector timer to make a prompt election more likely
I20260709 12:17:12.815821 11841 raft_consensus.cc:740] T deb9bc4fac324c9ca368ea3847f72b4c P 3e8497011af946809a2bbb6c6e05d2e8 [term 0 FOLLOWER]: Becoming Follower/Learner. State: Replica: 3e8497011af946809a2bbb6c6e05d2e8, State: Initialized, Role: FOLLOWER
I20260709 12:17:12.816020 11840 raft_consensus.cc:359] T 2ad44a766576429099303dcf1effad20 P 82aee34209e943cbbd4c4f6deb75afc5 [term 0 FOLLOWER]: Replica starting. Triggering 0 pending ops. Active config: opid_index: -1 OBSOLETE_local: false peers { permanent_uuid: "3e8497011af946809a2bbb6c6e05d2e8" member_type: VOTER last_known_addr { host: "127.10.67.1" port: 37201 } } peers { permanent_uuid: "abc22679e6084104a9b8d1af9d0102b6" member_type: VOTER last_known_addr { host: "127.10.67.2" port: 34675 } } peers { permanent_uuid: "82aee34209e943cbbd4c4f6deb75afc5" member_type: VOTER last_known_addr { host: "127.10.67.3" port: 40241 } }
I20260709 12:17:12.816785 11840 raft_consensus.cc:385] T 2ad44a766576429099303dcf1effad20 P 82aee34209e943cbbd4c4f6deb75afc5 [term 0 FOLLOWER]: Consensus starting up: Expiring failure detector timer to make a prompt election more likely
I20260709 12:17:12.816597 11841 consensus_queue.cc:260] T deb9bc4fac324c9ca368ea3847f72b4c P 3e8497011af946809a2bbb6c6e05d2e8 [NON_LEADER]: Queue going to NON_LEADER mode. State: All replicated index: 0, Majority replicated index: 0, Committed index: 0, Last appended: 0.0, Last appended by leader: 0, Current term: 0, Majority size: -1, State: 0, Mode: NON_LEADER, active raft config: opid_index: -1 OBSOLETE_local: false peers { permanent_uuid: "3e8497011af946809a2bbb6c6e05d2e8" member_type: VOTER last_known_addr { host: "127.10.67.1" port: 37201 } } peers { permanent_uuid: "abc22679e6084104a9b8d1af9d0102b6" member_type: VOTER last_known_addr { host: "127.10.67.2" port: 34675 } } peers { permanent_uuid: "82aee34209e943cbbd4c4f6deb75afc5" member_type: VOTER last_known_addr { host: "127.10.67.3" port: 40241 } }
I20260709 12:17:12.819208 11841 ts_tablet_manager.cc:1434] T deb9bc4fac324c9ca368ea3847f72b4c P 3e8497011af946809a2bbb6c6e05d2e8: Time spent starting tablet: real 0.012s	user 0.005s	sys 0.002s
I20260709 12:17:12.817094 11840 raft_consensus.cc:740] T 2ad44a766576429099303dcf1effad20 P 82aee34209e943cbbd4c4f6deb75afc5 [term 0 FOLLOWER]: Becoming Follower/Learner. State: Replica: 82aee34209e943cbbd4c4f6deb75afc5, State: Initialized, Role: FOLLOWER
I20260709 12:17:12.822463 11544 catalog_manager.cc:5697] T 36c50f1178864e41a4630fd61bf430b2 P abc22679e6084104a9b8d1af9d0102b6 reported cstate change: term changed from 0 to 1, leader changed from <none> to abc22679e6084104a9b8d1af9d0102b6 (127.10.67.2). New cstate: current_term: 1 leader_uuid: "abc22679e6084104a9b8d1af9d0102b6" committed_config { opid_index: -1 OBSOLETE_local: false peers { permanent_uuid: "3e8497011af946809a2bbb6c6e05d2e8" member_type: VOTER last_known_addr { host: "127.10.67.1" port: 37201 } health_report { overall_health: UNKNOWN } } peers { permanent_uuid: "abc22679e6084104a9b8d1af9d0102b6" member_type: VOTER last_known_addr { host: "127.10.67.2" port: 34675 } health_report { overall_health: HEALTHY } } peers { permanent_uuid: "82aee34209e943cbbd4c4f6deb75afc5" member_type: VOTER last_known_addr { host: "127.10.67.3" port: 40241 } health_report { overall_health: UNKNOWN } } }
I20260709 12:17:12.824397 11544 catalog_manager.cc:5697] T 89833f45ae374d8bbf70bad2d69f6d87 P abc22679e6084104a9b8d1af9d0102b6 reported cstate change: term changed from 0 to 1, leader changed from <none> to abc22679e6084104a9b8d1af9d0102b6 (127.10.67.2). New cstate: current_term: 1 leader_uuid: "abc22679e6084104a9b8d1af9d0102b6" committed_config { opid_index: -1 OBSOLETE_local: false peers { permanent_uuid: "3e8497011af946809a2bbb6c6e05d2e8" member_type: VOTER last_known_addr { host: "127.10.67.1" port: 37201 } health_report { overall_health: UNKNOWN } } peers { permanent_uuid: "abc22679e6084104a9b8d1af9d0102b6" member_type: VOTER last_known_addr { host: "127.10.67.2" port: 34675 } health_report { overall_health: HEALTHY } } peers { permanent_uuid: "82aee34209e943cbbd4c4f6deb75afc5" member_type: VOTER last_known_addr { host: "127.10.67.3" port: 40241 } health_report { overall_health: UNKNOWN } } }
I20260709 12:17:12.826740 11841 tablet_bootstrap.cc:492] T a18bb49a0a0b48cb9c6aab8fb416941e P 3e8497011af946809a2bbb6c6e05d2e8: Bootstrap starting.
I20260709 12:17:12.826320 11544 catalog_manager.cc:5697] T 8d1682864332400e8c5b5baac5551060 P abc22679e6084104a9b8d1af9d0102b6 reported cstate change: term changed from 0 to 1, leader changed from <none> to abc22679e6084104a9b8d1af9d0102b6 (127.10.67.2). New cstate: current_term: 1 leader_uuid: "abc22679e6084104a9b8d1af9d0102b6" committed_config { opid_index: -1 OBSOLETE_local: false peers { permanent_uuid: "3e8497011af946809a2bbb6c6e05d2e8" member_type: VOTER last_known_addr { host: "127.10.67.1" port: 37201 } health_report { overall_health: UNKNOWN } } peers { permanent_uuid: "abc22679e6084104a9b8d1af9d0102b6" member_type: VOTER last_known_addr { host: "127.10.67.2" port: 34675 } health_report { overall_health: HEALTHY } } peers { permanent_uuid: "82aee34209e943cbbd4c4f6deb75afc5" member_type: VOTER last_known_addr { host: "127.10.67.3" port: 40241 } health_report { overall_health: UNKNOWN } } }
I20260709 12:17:12.828320 11544 catalog_manager.cc:5697] T 1f43f12f70b344f99d1a94e68d11cd51 P abc22679e6084104a9b8d1af9d0102b6 reported cstate change: term changed from 0 to 1, leader changed from <none> to abc22679e6084104a9b8d1af9d0102b6 (127.10.67.2). New cstate: current_term: 1 leader_uuid: "abc22679e6084104a9b8d1af9d0102b6" committed_config { opid_index: -1 OBSOLETE_local: false peers { permanent_uuid: "3e8497011af946809a2bbb6c6e05d2e8" member_type: VOTER last_known_addr { host: "127.10.67.1" port: 37201 } health_report { overall_health: UNKNOWN } } peers { permanent_uuid: "abc22679e6084104a9b8d1af9d0102b6" member_type: VOTER last_known_addr { host: "127.10.67.2" port: 34675 } health_report { overall_health: HEALTHY } } peers { permanent_uuid: "82aee34209e943cbbd4c4f6deb75afc5" member_type: VOTER last_known_addr { host: "127.10.67.3" port: 40241 } health_report { overall_health: UNKNOWN } } }
I20260709 12:17:12.830025 11840 consensus_queue.cc:260] T 2ad44a766576429099303dcf1effad20 P 82aee34209e943cbbd4c4f6deb75afc5 [NON_LEADER]: Queue going to NON_LEADER mode. State: All replicated index: 0, Majority replicated index: 0, Committed index: 0, Last appended: 0.0, Last appended by leader: 0, Current term: 0, Majority size: -1, State: 0, Mode: NON_LEADER, active raft config: opid_index: -1 OBSOLETE_local: false peers { permanent_uuid: "3e8497011af946809a2bbb6c6e05d2e8" member_type: VOTER last_known_addr { host: "127.10.67.1" port: 37201 } } peers { permanent_uuid: "abc22679e6084104a9b8d1af9d0102b6" member_type: VOTER last_known_addr { host: "127.10.67.2" port: 34675 } } peers { permanent_uuid: "82aee34209e943cbbd4c4f6deb75afc5" member_type: VOTER last_known_addr { host: "127.10.67.3" port: 40241 } }
I20260709 12:17:12.833211 12109 consensus_queue.cc:1048] T 07df2edf9b8a4bcd975679603ec3f5c2 P 3e8497011af946809a2bbb6c6e05d2e8 [LEADER]: Connected to new peer: Peer: permanent_uuid: "abc22679e6084104a9b8d1af9d0102b6" member_type: VOTER last_known_addr { host: "127.10.67.2" port: 34675 }, Status: LMP_MISMATCH, Last received: 0.0, Next index: 1, Last known committed idx: 0, Time since last communication: 0.001s
I20260709 12:17:12.844105 11840 ts_tablet_manager.cc:1434] T 2ad44a766576429099303dcf1effad20 P 82aee34209e943cbbd4c4f6deb75afc5: Time spent starting tablet: real 0.031s	user 0.010s	sys 0.001s
I20260709 12:17:12.845181 11840 tablet_bootstrap.cc:492] T 89833f45ae374d8bbf70bad2d69f6d87 P 82aee34209e943cbbd4c4f6deb75afc5: Bootstrap starting.
I20260709 12:17:12.850060 11839 tablet_bootstrap.cc:654] T deb9bc4fac324c9ca368ea3847f72b4c P abc22679e6084104a9b8d1af9d0102b6: Neither blocks nor log segments found. Creating new log.
I20260709 12:17:12.858779 11841 tablet_bootstrap.cc:654] T a18bb49a0a0b48cb9c6aab8fb416941e P 3e8497011af946809a2bbb6c6e05d2e8: Neither blocks nor log segments found. Creating new log.
I20260709 12:17:12.860536 11840 tablet_bootstrap.cc:654] T 89833f45ae374d8bbf70bad2d69f6d87 P 82aee34209e943cbbd4c4f6deb75afc5: Neither blocks nor log segments found. Creating new log.
I20260709 12:17:12.861238 12109 consensus_queue.cc:1048] T 07df2edf9b8a4bcd975679603ec3f5c2 P 3e8497011af946809a2bbb6c6e05d2e8 [LEADER]: Connected to new peer: Peer: permanent_uuid: "82aee34209e943cbbd4c4f6deb75afc5" member_type: VOTER last_known_addr { host: "127.10.67.3" port: 40241 }, Status: LMP_MISMATCH, Last received: 0.0, Next index: 1, Last known committed idx: 0, Time since last communication: 0.000s
I20260709 12:17:12.859963 11890 raft_consensus.cc:493] T deb9bc4fac324c9ca368ea3847f72b4c P 3e8497011af946809a2bbb6c6e05d2e8 [term 0 FOLLOWER]: Starting pre-election (no leader contacted us within the election timeout)
I20260709 12:17:12.862811 11890 raft_consensus.cc:515] T deb9bc4fac324c9ca368ea3847f72b4c P 3e8497011af946809a2bbb6c6e05d2e8 [term 0 FOLLOWER]: Starting pre-election with config: opid_index: -1 OBSOLETE_local: false peers { permanent_uuid: "3e8497011af946809a2bbb6c6e05d2e8" member_type: VOTER last_known_addr { host: "127.10.67.1" port: 37201 } } peers { permanent_uuid: "abc22679e6084104a9b8d1af9d0102b6" member_type: VOTER last_known_addr { host: "127.10.67.2" port: 34675 } } peers { permanent_uuid: "82aee34209e943cbbd4c4f6deb75afc5" member_type: VOTER last_known_addr { host: "127.10.67.3" port: 40241 } }
I20260709 12:17:12.869248 11716 tablet_service.cc:1917] Received RequestConsensusVote() RPC: tablet_id: "deb9bc4fac324c9ca368ea3847f72b4c" candidate_uuid: "3e8497011af946809a2bbb6c6e05d2e8" candidate_term: 1 candidate_status { last_received { term: 0 index: 0 } } ignore_live_leader: false dest_uuid: "abc22679e6084104a9b8d1af9d0102b6" is_pre_election: true
I20260709 12:17:12.869932 11793 tablet_service.cc:1917] Received RequestConsensusVote() RPC: tablet_id: "deb9bc4fac324c9ca368ea3847f72b4c" candidate_uuid: "3e8497011af946809a2bbb6c6e05d2e8" candidate_term: 1 candidate_status { last_received { term: 0 index: 0 } } ignore_live_leader: false dest_uuid: "82aee34209e943cbbd4c4f6deb75afc5" is_pre_election: true
W20260709 12:17:12.871274 11614 leader_election.cc:343] T deb9bc4fac324c9ca368ea3847f72b4c P 3e8497011af946809a2bbb6c6e05d2e8 [CANDIDATE]: Term 1 pre-election: Tablet error from VoteRequest() call to peer abc22679e6084104a9b8d1af9d0102b6 (127.10.67.2:34675): Illegal state: must be running to vote when last-logged opid is not known
W20260709 12:17:12.872387 11615 leader_election.cc:343] T deb9bc4fac324c9ca368ea3847f72b4c P 3e8497011af946809a2bbb6c6e05d2e8 [CANDIDATE]: Term 1 pre-election: Tablet error from VoteRequest() call to peer 82aee34209e943cbbd4c4f6deb75afc5 (127.10.67.3:40241): Illegal state: must be running to vote when last-logged opid is not known
I20260709 12:17:12.872937 11615 leader_election.cc:304] T deb9bc4fac324c9ca368ea3847f72b4c P 3e8497011af946809a2bbb6c6e05d2e8 [CANDIDATE]: Term 1 pre-election: Election decided. Result: candidate lost. Election summary: received 3 responses out of 3 voters: 1 yes votes; 2 no votes. yes voters: 3e8497011af946809a2bbb6c6e05d2e8; no voters: 82aee34209e943cbbd4c4f6deb75afc5, abc22679e6084104a9b8d1af9d0102b6
I20260709 12:17:12.873993 12107 raft_consensus.cc:2749] T deb9bc4fac324c9ca368ea3847f72b4c P 3e8497011af946809a2bbb6c6e05d2e8 [term 0 FOLLOWER]: Leader pre-election lost for term 1. Reason: could not achieve majority
I20260709 12:17:12.875761 11648 raft_consensus.cc:1275] T e2cdd5323cbd488da90c0461f70b3cff P 3e8497011af946809a2bbb6c6e05d2e8 [term 2 FOLLOWER]: Refusing update from remote peer 82aee34209e943cbbd4c4f6deb75afc5: Log matching property violated. Preceding OpId in replica: term: 0 index: 0. Preceding OpId from leader: term: 2 index: 1. (index mismatch)
I20260709 12:17:12.868844 11890 leader_election.cc:290] T deb9bc4fac324c9ca368ea3847f72b4c P 3e8497011af946809a2bbb6c6e05d2e8 [CANDIDATE]: Term 1 pre-election: Requested pre-vote from peers abc22679e6084104a9b8d1af9d0102b6 (127.10.67.2:34675), 82aee34209e943cbbd4c4f6deb75afc5 (127.10.67.3:40241)
I20260709 12:17:12.880999 12086 consensus_queue.cc:1048] T e2cdd5323cbd488da90c0461f70b3cff P 82aee34209e943cbbd4c4f6deb75afc5 [LEADER]: Connected to new peer: Peer: permanent_uuid: "3e8497011af946809a2bbb6c6e05d2e8" member_type: VOTER last_known_addr { host: "127.10.67.1" port: 37201 }, Status: LMP_MISMATCH, Last received: 0.0, Next index: 1, Last known committed idx: 0, Time since last communication: 0.000s
I20260709 12:17:12.884369 12114 consensus_queue.cc:1048] T 36c50f1178864e41a4630fd61bf430b2 P abc22679e6084104a9b8d1af9d0102b6 [LEADER]: Connected to new peer: Peer: permanent_uuid: "3e8497011af946809a2bbb6c6e05d2e8" member_type: VOTER last_known_addr { host: "127.10.67.1" port: 37201 }, Status: LMP_MISMATCH, Last received: 0.0, Next index: 1, Last known committed idx: 0, Time since last communication: 0.000s
I20260709 12:17:12.909864 11841 tablet_bootstrap.cc:492] T a18bb49a0a0b48cb9c6aab8fb416941e P 3e8497011af946809a2bbb6c6e05d2e8: No bootstrap required, opened a new log
I20260709 12:17:12.910406 11841 ts_tablet_manager.cc:1403] T a18bb49a0a0b48cb9c6aab8fb416941e P 3e8497011af946809a2bbb6c6e05d2e8: Time spent bootstrapping tablet: real 0.084s	user 0.021s	sys 0.001s
I20260709 12:17:12.911454 11840 tablet_bootstrap.cc:492] T 89833f45ae374d8bbf70bad2d69f6d87 P 82aee34209e943cbbd4c4f6deb75afc5: No bootstrap required, opened a new log
I20260709 12:17:12.914351 11841 raft_consensus.cc:359] T a18bb49a0a0b48cb9c6aab8fb416941e P 3e8497011af946809a2bbb6c6e05d2e8 [term 0 FOLLOWER]: Replica starting. Triggering 0 pending ops. Active config: opid_index: -1 OBSOLETE_local: false peers { permanent_uuid: "3e8497011af946809a2bbb6c6e05d2e8" member_type: VOTER last_known_addr { host: "127.10.67.1" port: 37201 } } peers { permanent_uuid: "abc22679e6084104a9b8d1af9d0102b6" member_type: VOTER last_known_addr { host: "127.10.67.2" port: 34675 } } peers { permanent_uuid: "82aee34209e943cbbd4c4f6deb75afc5" member_type: VOTER last_known_addr { host: "127.10.67.3" port: 40241 } }
I20260709 12:17:12.915771 11841 raft_consensus.cc:385] T a18bb49a0a0b48cb9c6aab8fb416941e P 3e8497011af946809a2bbb6c6e05d2e8 [term 0 FOLLOWER]: Consensus starting up: Expiring failure detector timer to make a prompt election more likely
I20260709 12:17:12.916080 11841 raft_consensus.cc:740] T a18bb49a0a0b48cb9c6aab8fb416941e P 3e8497011af946809a2bbb6c6e05d2e8 [term 0 FOLLOWER]: Becoming Follower/Learner. State: Replica: 3e8497011af946809a2bbb6c6e05d2e8, State: Initialized, Role: FOLLOWER
I20260709 12:17:12.917361 11840 ts_tablet_manager.cc:1403] T 89833f45ae374d8bbf70bad2d69f6d87 P 82aee34209e943cbbd4c4f6deb75afc5: Time spent bootstrapping tablet: real 0.072s	user 0.010s	sys 0.007s
I20260709 12:17:12.916867 11841 consensus_queue.cc:260] T a18bb49a0a0b48cb9c6aab8fb416941e P 3e8497011af946809a2bbb6c6e05d2e8 [NON_LEADER]: Queue going to NON_LEADER mode. State: All replicated index: 0, Majority replicated index: 0, Committed index: 0, Last appended: 0.0, Last appended by leader: 0, Current term: 0, Majority size: -1, State: 0, Mode: NON_LEADER, active raft config: opid_index: -1 OBSOLETE_local: false peers { permanent_uuid: "3e8497011af946809a2bbb6c6e05d2e8" member_type: VOTER last_known_addr { host: "127.10.67.1" port: 37201 } } peers { permanent_uuid: "abc22679e6084104a9b8d1af9d0102b6" member_type: VOTER last_known_addr { host: "127.10.67.2" port: 34675 } } peers { permanent_uuid: "82aee34209e943cbbd4c4f6deb75afc5" member_type: VOTER last_known_addr { host: "127.10.67.3" port: 40241 } }
I20260709 12:17:12.936163 11841 ts_tablet_manager.cc:1434] T a18bb49a0a0b48cb9c6aab8fb416941e P 3e8497011af946809a2bbb6c6e05d2e8: Time spent starting tablet: real 0.025s	user 0.008s	sys 0.000s
I20260709 12:17:12.936403 12022 raft_consensus.cc:493] T a18bb49a0a0b48cb9c6aab8fb416941e P 3e8497011af946809a2bbb6c6e05d2e8 [term 0 FOLLOWER]: Starting pre-election (no leader contacted us within the election timeout)
I20260709 12:17:12.936969 12022 raft_consensus.cc:515] T a18bb49a0a0b48cb9c6aab8fb416941e P 3e8497011af946809a2bbb6c6e05d2e8 [term 0 FOLLOWER]: Starting pre-election with config: opid_index: -1 OBSOLETE_local: false peers { permanent_uuid: "3e8497011af946809a2bbb6c6e05d2e8" member_type: VOTER last_known_addr { host: "127.10.67.1" port: 37201 } } peers { permanent_uuid: "abc22679e6084104a9b8d1af9d0102b6" member_type: VOTER last_known_addr { host: "127.10.67.2" port: 34675 } } peers { permanent_uuid: "82aee34209e943cbbd4c4f6deb75afc5" member_type: VOTER last_known_addr { host: "127.10.67.3" port: 40241 } }
