I20260709 12:08:12.154764  8218 raft_consensus.cc:3060] T 63607cb8897c48a0a623ee8bc28d7b86 P bebed1f41fd24d64a3efcb8b83be923e [term 0 FOLLOWER]: Advancing to term 1
I20260709 12:08:12.157505  8253 raft_consensus.cc:2749] T 3fbea36d6693417e970c129399f40e8f P 4837f71c212041f7943c34d747fdcb98 [term 1 FOLLOWER]: Leader pre-election lost for term 1. Reason: could not achieve majority
I20260709 12:08:12.159673  8016 tablet_service.cc:1917] Received RequestConsensusVote() RPC: tablet_id: "63607cb8897c48a0a623ee8bc28d7b86" candidate_uuid: "c3481f8c9fc34128a2a197131aa1e24b" candidate_term: 1 candidate_status { last_received { term: 0 index: 0 } } ignore_live_leader: false dest_uuid: "4837f71c212041f7943c34d747fdcb98" is_pre_election: true
I20260709 12:08:12.159756  8166 tablet_service.cc:1917] Received RequestConsensusVote() RPC: tablet_id: "63607cb8897c48a0a623ee8bc28d7b86" candidate_uuid: "c3481f8c9fc34128a2a197131aa1e24b" candidate_term: 1 candidate_status { last_received { term: 0 index: 0 } } ignore_live_leader: false dest_uuid: "bebed1f41fd24d64a3efcb8b83be923e" is_pre_election: true
I20260709 12:08:12.160336  8016 raft_consensus.cc:2468] T 63607cb8897c48a0a623ee8bc28d7b86 P 4837f71c212041f7943c34d747fdcb98 [term 0 FOLLOWER]: Leader pre-election vote request: Granting yes vote for candidate c3481f8c9fc34128a2a197131aa1e24b in term 0.
I20260709 12:08:12.161196  8090 tablet_service.cc:1917] Received RequestConsensusVote() RPC: tablet_id: "63607cb8897c48a0a623ee8bc28d7b86" candidate_uuid: "bebed1f41fd24d64a3efcb8b83be923e" candidate_term: 1 candidate_status { last_received { term: 0 index: 0 } } ignore_live_leader: false dest_uuid: "c3481f8c9fc34128a2a197131aa1e24b" is_pre_election: true
I20260709 12:08:12.161633  8058 leader_election.cc:304] T 63607cb8897c48a0a623ee8bc28d7b86 P c3481f8c9fc34128a2a197131aa1e24b [CANDIDATE]: Term 1 pre-election: Election decided. Result: candidate won. Election summary: received 2 responses out of 3 voters: 2 yes votes; 0 no votes. yes voters: 4837f71c212041f7943c34d747fdcb98, c3481f8c9fc34128a2a197131aa1e24b; no voters: 
I20260709 12:08:12.161829  8090 raft_consensus.cc:2468] T 63607cb8897c48a0a623ee8bc28d7b86 P c3481f8c9fc34128a2a197131aa1e24b [term 0 FOLLOWER]: Leader pre-election vote request: Granting yes vote for candidate bebed1f41fd24d64a3efcb8b83be923e in term 0.
I20260709 12:08:12.162045  8218 raft_consensus.cc:515] T 63607cb8897c48a0a623ee8bc28d7b86 P bebed1f41fd24d64a3efcb8b83be923e [term 1 FOLLOWER]: Starting leader election with config: opid_index: -1 OBSOLETE_local: false peers { permanent_uuid: "4837f71c212041f7943c34d747fdcb98" member_type: VOTER last_known_addr { host: "127.7.178.1" port: 35783 } } peers { permanent_uuid: "c3481f8c9fc34128a2a197131aa1e24b" member_type: VOTER last_known_addr { host: "127.7.178.2" port: 37005 } } peers { permanent_uuid: "bebed1f41fd24d64a3efcb8b83be923e" member_type: VOTER last_known_addr { host: "127.7.178.3" port: 34573 } }
I20260709 12:08:12.162515  8225 raft_consensus.cc:2804] T 63607cb8897c48a0a623ee8bc28d7b86 P c3481f8c9fc34128a2a197131aa1e24b [term 0 FOLLOWER]: Leader pre-election won for term 1
I20260709 12:08:12.162895  8225 raft_consensus.cc:493] T 63607cb8897c48a0a623ee8bc28d7b86 P c3481f8c9fc34128a2a197131aa1e24b [term 0 FOLLOWER]: Starting leader election (no leader contacted us within the election timeout)
I20260709 12:08:12.163230  8166 raft_consensus.cc:2393] T 63607cb8897c48a0a623ee8bc28d7b86 P bebed1f41fd24d64a3efcb8b83be923e [term 1 FOLLOWER]: Leader pre-election vote request: Denying vote to candidate c3481f8c9fc34128a2a197131aa1e24b in current term 1: Already voted for candidate bebed1f41fd24d64a3efcb8b83be923e in this term.
I20260709 12:08:12.165894  8016 tablet_service.cc:1917] Received RequestConsensusVote() RPC: tablet_id: "63607cb8897c48a0a623ee8bc28d7b86" candidate_uuid: "bebed1f41fd24d64a3efcb8b83be923e" candidate_term: 1 candidate_status { last_received { term: 0 index: 0 } } ignore_live_leader: false dest_uuid: "4837f71c212041f7943c34d747fdcb98"
I20260709 12:08:12.166229  8090 tablet_service.cc:1917] Received RequestConsensusVote() RPC: tablet_id: "63607cb8897c48a0a623ee8bc28d7b86" candidate_uuid: "bebed1f41fd24d64a3efcb8b83be923e" candidate_term: 1 candidate_status { last_received { term: 0 index: 0 } } ignore_live_leader: false dest_uuid: "c3481f8c9fc34128a2a197131aa1e24b"
I20260709 12:08:12.166679  8218 leader_election.cc:290] T 63607cb8897c48a0a623ee8bc28d7b86 P bebed1f41fd24d64a3efcb8b83be923e [CANDIDATE]: Term 1 election: Requested vote from peers 4837f71c212041f7943c34d747fdcb98 (127.7.178.1:35783), c3481f8c9fc34128a2a197131aa1e24b (127.7.178.2:37005)
I20260709 12:08:12.131386  8243 raft_consensus.cc:493] T 2f71498dc4ac4f809686a49a3b013fc2 P bebed1f41fd24d64a3efcb8b83be923e [term 0 FOLLOWER]: Starting leader election (no leader contacted us within the election timeout)
I20260709 12:08:12.166990  8016 raft_consensus.cc:3060] T 63607cb8897c48a0a623ee8bc28d7b86 P 4837f71c212041f7943c34d747fdcb98 [term 0 FOLLOWER]: Advancing to term 1
I20260709 12:08:12.163233  8225 raft_consensus.cc:3060] T 63607cb8897c48a0a623ee8bc28d7b86 P c3481f8c9fc34128a2a197131aa1e24b [term 0 FOLLOWER]: Advancing to term 1
I20260709 12:08:12.167404  8243 raft_consensus.cc:3060] T 2f71498dc4ac4f809686a49a3b013fc2 P bebed1f41fd24d64a3efcb8b83be923e [term 0 FOLLOWER]: Advancing to term 1
I20260709 12:08:12.133819  8209 tablet_bootstrap.cc:492] T 2f71498dc4ac4f809686a49a3b013fc2 P c3481f8c9fc34128a2a197131aa1e24b: No bootstrap required, opened a new log
I20260709 12:08:12.168813  8209 ts_tablet_manager.cc:1403] T 2f71498dc4ac4f809686a49a3b013fc2 P c3481f8c9fc34128a2a197131aa1e24b: Time spent bootstrapping tablet: real 0.134s	user 0.019s	sys 0.016s
I20260709 12:08:12.131317  8211 raft_consensus.cc:359] T c4f7bb7af5b4442784adc9e1b55102e6 P bebed1f41fd24d64a3efcb8b83be923e [term 0 FOLLOWER]: Replica starting. Triggering 0 pending ops. Active config: opid_index: -1 OBSOLETE_local: false peers { permanent_uuid: "4837f71c212041f7943c34d747fdcb98" member_type: VOTER last_known_addr { host: "127.7.178.1" port: 35783 } } peers { permanent_uuid: "c3481f8c9fc34128a2a197131aa1e24b" member_type: VOTER last_known_addr { host: "127.7.178.2" port: 37005 } } peers { permanent_uuid: "bebed1f41fd24d64a3efcb8b83be923e" member_type: VOTER last_known_addr { host: "127.7.178.3" port: 34573 } }
I20260709 12:08:12.159072  8245 leader_election.cc:290] T 63607cb8897c48a0a623ee8bc28d7b86 P bebed1f41fd24d64a3efcb8b83be923e [CANDIDATE]: Term 1 pre-election: Requested pre-vote from peers 4837f71c212041f7943c34d747fdcb98 (127.7.178.1:35783), c3481f8c9fc34128a2a197131aa1e24b (127.7.178.2:37005)
I20260709 12:08:12.171036  8211 raft_consensus.cc:385] T c4f7bb7af5b4442784adc9e1b55102e6 P bebed1f41fd24d64a3efcb8b83be923e [term 0 FOLLOWER]: Consensus starting up: Expiring failure detector timer to make a prompt election more likely
I20260709 12:08:12.178009  8016 raft_consensus.cc:2468] T 63607cb8897c48a0a623ee8bc28d7b86 P 4837f71c212041f7943c34d747fdcb98 [term 1 FOLLOWER]: Leader election vote request: Granting yes vote for candidate bebed1f41fd24d64a3efcb8b83be923e in term 1.
I20260709 12:08:12.177737  8209 raft_consensus.cc:359] T 2f71498dc4ac4f809686a49a3b013fc2 P c3481f8c9fc34128a2a197131aa1e24b [term 0 FOLLOWER]: Replica starting. Triggering 0 pending ops. Active config: opid_index: -1 OBSOLETE_local: false peers { permanent_uuid: "4837f71c212041f7943c34d747fdcb98" member_type: VOTER last_known_addr { host: "127.7.178.1" port: 35783 } } peers { permanent_uuid: "c3481f8c9fc34128a2a197131aa1e24b" member_type: VOTER last_known_addr { host: "127.7.178.2" port: 37005 } } peers { permanent_uuid: "bebed1f41fd24d64a3efcb8b83be923e" member_type: VOTER last_known_addr { host: "127.7.178.3" port: 34573 } }
I20260709 12:08:12.178473  8209 raft_consensus.cc:385] T 2f71498dc4ac4f809686a49a3b013fc2 P c3481f8c9fc34128a2a197131aa1e24b [term 0 FOLLOWER]: Consensus starting up: Expiring failure detector timer to make a prompt election more likely
I20260709 12:08:12.178799  8209 raft_consensus.cc:740] T 2f71498dc4ac4f809686a49a3b013fc2 P c3481f8c9fc34128a2a197131aa1e24b [term 0 FOLLOWER]: Becoming Follower/Learner. State: Replica: c3481f8c9fc34128a2a197131aa1e24b, State: Initialized, Role: FOLLOWER
I20260709 12:08:12.179207  8132 leader_election.cc:304] T 63607cb8897c48a0a623ee8bc28d7b86 P bebed1f41fd24d64a3efcb8b83be923e [CANDIDATE]: Term 1 election: Election decided. Result: candidate won. Election summary: received 2 responses out of 3 voters: 2 yes votes; 0 no votes. yes voters: 4837f71c212041f7943c34d747fdcb98, bebed1f41fd24d64a3efcb8b83be923e; no voters: 
I20260709 12:08:12.175521  8211 raft_consensus.cc:740] T c4f7bb7af5b4442784adc9e1b55102e6 P bebed1f41fd24d64a3efcb8b83be923e [term 0 FOLLOWER]: Becoming Follower/Learner. State: Replica: bebed1f41fd24d64a3efcb8b83be923e, State: Initialized, Role: FOLLOWER
I20260709 12:08:12.180011  8245 raft_consensus.cc:2804] T 63607cb8897c48a0a623ee8bc28d7b86 P bebed1f41fd24d64a3efcb8b83be923e [term 1 FOLLOWER]: Leader election won for term 1
I20260709 12:08:12.179733  8209 consensus_queue.cc:260] T 2f71498dc4ac4f809686a49a3b013fc2 P c3481f8c9fc34128a2a197131aa1e24b [NON_LEADER]: Queue going to NON_LEADER mode. State: All replicated index: 0, Majority replicated index: 0, Committed index: 0, Last appended: 0.0, Last appended by leader: 0, Current term: 0, Majority size: -1, State: 0, Mode: NON_LEADER, active raft config: opid_index: -1 OBSOLETE_local: false peers { permanent_uuid: "4837f71c212041f7943c34d747fdcb98" member_type: VOTER last_known_addr { host: "127.7.178.1" port: 35783 } } peers { permanent_uuid: "c3481f8c9fc34128a2a197131aa1e24b" member_type: VOTER last_known_addr { host: "127.7.178.2" port: 37005 } } peers { permanent_uuid: "bebed1f41fd24d64a3efcb8b83be923e" member_type: VOTER last_known_addr { host: "127.7.178.3" port: 34573 } }
I20260709 12:08:12.181128  8245 raft_consensus.cc:697] T 63607cb8897c48a0a623ee8bc28d7b86 P bebed1f41fd24d64a3efcb8b83be923e [term 1 LEADER]: Becoming Leader. State: Replica: bebed1f41fd24d64a3efcb8b83be923e, State: Running, Role: LEADER
I20260709 12:08:12.182511  8245 consensus_queue.cc:237] T 63607cb8897c48a0a623ee8bc28d7b86 P bebed1f41fd24d64a3efcb8b83be923e [LEADER]: Queue going to LEADER mode. State: All replicated index: 0, Majority replicated index: 0, Committed index: 0, Last appended: 0.0, Last appended by leader: 0, Current term: 1, Majority size: 2, State: 0, Mode: LEADER, active raft config: opid_index: -1 OBSOLETE_local: false peers { permanent_uuid: "4837f71c212041f7943c34d747fdcb98" member_type: VOTER last_known_addr { host: "127.7.178.1" port: 35783 } } peers { permanent_uuid: "c3481f8c9fc34128a2a197131aa1e24b" member_type: VOTER last_known_addr { host: "127.7.178.2" port: 37005 } } peers { permanent_uuid: "bebed1f41fd24d64a3efcb8b83be923e" member_type: VOTER last_known_addr { host: "127.7.178.3" port: 34573 } }
I20260709 12:08:12.183107  8211 consensus_queue.cc:260] T c4f7bb7af5b4442784adc9e1b55102e6 P bebed1f41fd24d64a3efcb8b83be923e [NON_LEADER]: Queue going to NON_LEADER mode. State: All replicated index: 0, Majority replicated index: 0, Committed index: 0, Last appended: 0.0, Last appended by leader: 0, Current term: 0, Majority size: -1, State: 0, Mode: NON_LEADER, active raft config: opid_index: -1 OBSOLETE_local: false peers { permanent_uuid: "4837f71c212041f7943c34d747fdcb98" member_type: VOTER last_known_addr { host: "127.7.178.1" port: 35783 } } peers { permanent_uuid: "c3481f8c9fc34128a2a197131aa1e24b" member_type: VOTER last_known_addr { host: "127.7.178.2" port: 37005 } } peers { permanent_uuid: "bebed1f41fd24d64a3efcb8b83be923e" member_type: VOTER last_known_addr { host: "127.7.178.3" port: 34573 } }
I20260709 12:08:12.186177  8211 ts_tablet_manager.cc:1434] T c4f7bb7af5b4442784adc9e1b55102e6 P bebed1f41fd24d64a3efcb8b83be923e: Time spent starting tablet: real 0.081s	user 0.008s	sys 0.001s
I20260709 12:08:12.187423  8211 tablet_bootstrap.cc:492] T 36aade2401064ab39c4cc3c276bf1796 P bebed1f41fd24d64a3efcb8b83be923e: Bootstrap starting.
I20260709 12:08:12.190771  8225 raft_consensus.cc:515] T 63607cb8897c48a0a623ee8bc28d7b86 P c3481f8c9fc34128a2a197131aa1e24b [term 1 FOLLOWER]: Starting leader election with config: opid_index: -1 OBSOLETE_local: false peers { permanent_uuid: "4837f71c212041f7943c34d747fdcb98" member_type: VOTER last_known_addr { host: "127.7.178.1" port: 35783 } } peers { permanent_uuid: "c3481f8c9fc34128a2a197131aa1e24b" member_type: VOTER last_known_addr { host: "127.7.178.2" port: 37005 } } peers { permanent_uuid: "bebed1f41fd24d64a3efcb8b83be923e" member_type: VOTER last_known_addr { host: "127.7.178.3" port: 34573 } }
I20260709 12:08:12.191985  8090 raft_consensus.cc:2393] T 63607cb8897c48a0a623ee8bc28d7b86 P c3481f8c9fc34128a2a197131aa1e24b [term 1 FOLLOWER]: Leader election vote request: Denying vote to candidate bebed1f41fd24d64a3efcb8b83be923e in current term 1: Already voted for candidate c3481f8c9fc34128a2a197131aa1e24b in this term.
I20260709 12:08:12.191198  8209 ts_tablet_manager.cc:1434] T 2f71498dc4ac4f809686a49a3b013fc2 P c3481f8c9fc34128a2a197131aa1e24b: Time spent starting tablet: real 0.021s	user 0.005s	sys 0.001s
I20260709 12:08:12.196165  8016 tablet_service.cc:1917] Received RequestConsensusVote() RPC: tablet_id: "63607cb8897c48a0a623ee8bc28d7b86" candidate_uuid: "c3481f8c9fc34128a2a197131aa1e24b" candidate_term: 1 candidate_status { last_received { term: 0 index: 0 } } ignore_live_leader: false dest_uuid: "4837f71c212041f7943c34d747fdcb98"
I20260709 12:08:12.196947  8016 raft_consensus.cc:2393] T 63607cb8897c48a0a623ee8bc28d7b86 P 4837f71c212041f7943c34d747fdcb98 [term 1 FOLLOWER]: Leader election vote request: Denying vote to candidate c3481f8c9fc34128a2a197131aa1e24b in current term 1: Already voted for candidate bebed1f41fd24d64a3efcb8b83be923e in this term.
I20260709 12:08:12.198002  8210 tablet_bootstrap.cc:654] T d41d7df563c7478190d2c0b366dd7638 P 4837f71c212041f7943c34d747fdcb98: Neither blocks nor log segments found. Creating new log.
I20260709 12:08:12.199510  8209 tablet_bootstrap.cc:492] T 037a7ca171b24494ba395d8943fbaf4a P c3481f8c9fc34128a2a197131aa1e24b: Bootstrap starting.
I20260709 12:08:12.203433  8225 leader_election.cc:290] T 63607cb8897c48a0a623ee8bc28d7b86 P c3481f8c9fc34128a2a197131aa1e24b [CANDIDATE]: Term 1 election: Requested vote from peers 4837f71c212041f7943c34d747fdcb98 (127.7.178.1:35783), bebed1f41fd24d64a3efcb8b83be923e (127.7.178.3:34573)
I20260709 12:08:12.205477  8166 tablet_service.cc:1917] Received RequestConsensusVote() RPC: tablet_id: "63607cb8897c48a0a623ee8bc28d7b86" candidate_uuid: "c3481f8c9fc34128a2a197131aa1e24b" candidate_term: 1 candidate_status { last_received { term: 0 index: 0 } } ignore_live_leader: false dest_uuid: "bebed1f41fd24d64a3efcb8b83be923e"
I20260709 12:08:12.210383  8058 leader_election.cc:304] T 63607cb8897c48a0a623ee8bc28d7b86 P c3481f8c9fc34128a2a197131aa1e24b [CANDIDATE]: Term 1 election: Election decided. Result: candidate lost. Election summary: received 3 responses out of 3 voters: 1 yes votes; 2 no votes. yes voters: c3481f8c9fc34128a2a197131aa1e24b; no voters: 4837f71c212041f7943c34d747fdcb98, bebed1f41fd24d64a3efcb8b83be923e
I20260709 12:08:12.211951  8225 raft_consensus.cc:2749] T 63607cb8897c48a0a623ee8bc28d7b86 P c3481f8c9fc34128a2a197131aa1e24b [term 1 FOLLOWER]: Leader election lost for term 1. Reason: could not achieve majority
I20260709 12:08:12.213457  7912 catalog_manager.cc:5697] T 990dfb716f11421d80da7ccfcb74f6ee P 4837f71c212041f7943c34d747fdcb98 reported cstate change: term changed from 0 to 1, leader changed from <none> to 4837f71c212041f7943c34d747fdcb98 (127.7.178.1). New cstate: current_term: 1 leader_uuid: "4837f71c212041f7943c34d747fdcb98" committed_config { opid_index: -1 OBSOLETE_local: false peers { permanent_uuid: "4837f71c212041f7943c34d747fdcb98" member_type: VOTER last_known_addr { host: "127.7.178.1" port: 35783 } health_report { overall_health: HEALTHY } } peers { permanent_uuid: "c3481f8c9fc34128a2a197131aa1e24b" member_type: VOTER last_known_addr { host: "127.7.178.2" port: 37005 } health_report { overall_health: UNKNOWN } } peers { permanent_uuid: "bebed1f41fd24d64a3efcb8b83be923e" member_type: VOTER last_known_addr { host: "127.7.178.3" port: 34573 } health_report { overall_health: UNKNOWN } } }
I20260709 12:08:12.215709  7910 catalog_manager.cc:5697] T 63607cb8897c48a0a623ee8bc28d7b86 P bebed1f41fd24d64a3efcb8b83be923e reported cstate change: term changed from 0 to 1, leader changed from <none> to bebed1f41fd24d64a3efcb8b83be923e (127.7.178.3). New cstate: current_term: 1 leader_uuid: "bebed1f41fd24d64a3efcb8b83be923e" committed_config { opid_index: -1 OBSOLETE_local: false peers { permanent_uuid: "4837f71c212041f7943c34d747fdcb98" member_type: VOTER last_known_addr { host: "127.7.178.1" port: 35783 } health_report { overall_health: UNKNOWN } } peers { permanent_uuid: "c3481f8c9fc34128a2a197131aa1e24b" member_type: VOTER last_known_addr { host: "127.7.178.2" port: 37005 } health_report { overall_health: UNKNOWN } } peers { permanent_uuid: "bebed1f41fd24d64a3efcb8b83be923e" member_type: VOTER last_known_addr { host: "127.7.178.3" port: 34573 } health_report { overall_health: HEALTHY } } }
I20260709 12:08:12.219514  8209 tablet_bootstrap.cc:654] T 037a7ca171b24494ba395d8943fbaf4a P c3481f8c9fc34128a2a197131aa1e24b: Neither blocks nor log segments found. Creating new log.
I20260709 12:08:12.223758  8243 raft_consensus.cc:515] T 2f71498dc4ac4f809686a49a3b013fc2 P bebed1f41fd24d64a3efcb8b83be923e [term 1 FOLLOWER]: Starting leader election with config: opid_index: -1 OBSOLETE_local: false peers { permanent_uuid: "4837f71c212041f7943c34d747fdcb98" member_type: VOTER last_known_addr { host: "127.7.178.1" port: 35783 } } peers { permanent_uuid: "c3481f8c9fc34128a2a197131aa1e24b" member_type: VOTER last_known_addr { host: "127.7.178.2" port: 37005 } } peers { permanent_uuid: "bebed1f41fd24d64a3efcb8b83be923e" member_type: VOTER last_known_addr { host: "127.7.178.3" port: 34573 } }
I20260709 12:08:12.225173  8210 tablet_bootstrap.cc:492] T d41d7df563c7478190d2c0b366dd7638 P 4837f71c212041f7943c34d747fdcb98: No bootstrap required, opened a new log
I20260709 12:08:12.225780  8210 ts_tablet_manager.cc:1403] T d41d7df563c7478190d2c0b366dd7638 P 4837f71c212041f7943c34d747fdcb98: Time spent bootstrapping tablet: real 0.095s	user 0.016s	sys 0.005s
I20260709 12:08:12.227067  8016 tablet_service.cc:1917] Received RequestConsensusVote() RPC: tablet_id: "2f71498dc4ac4f809686a49a3b013fc2" candidate_uuid: "bebed1f41fd24d64a3efcb8b83be923e" candidate_term: 1 candidate_status { last_received { term: 0 index: 0 } } ignore_live_leader: false dest_uuid: "4837f71c212041f7943c34d747fdcb98"
I20260709 12:08:12.227736  8016 raft_consensus.cc:3060] T 2f71498dc4ac4f809686a49a3b013fc2 P 4837f71c212041f7943c34d747fdcb98 [term 0 FOLLOWER]: Advancing to term 1
I20260709 12:08:12.230926  8209 tablet_bootstrap.cc:492] T 037a7ca171b24494ba395d8943fbaf4a P c3481f8c9fc34128a2a197131aa1e24b: No bootstrap required, opened a new log
I20260709 12:08:12.231364  8209 ts_tablet_manager.cc:1403] T 037a7ca171b24494ba395d8943fbaf4a P c3481f8c9fc34128a2a197131aa1e24b: Time spent bootstrapping tablet: real 0.032s	user 0.010s	sys 0.007s
I20260709 12:08:12.231410  8210 raft_consensus.cc:359] T d41d7df563c7478190d2c0b366dd7638 P 4837f71c212041f7943c34d747fdcb98 [term 0 FOLLOWER]: Replica starting. Triggering 0 pending ops. Active config: opid_index: -1 OBSOLETE_local: false peers { permanent_uuid: "4837f71c212041f7943c34d747fdcb98" member_type: VOTER last_known_addr { host: "127.7.178.1" port: 35783 } } peers { permanent_uuid: "c3481f8c9fc34128a2a197131aa1e24b" member_type: VOTER last_known_addr { host: "127.7.178.2" port: 37005 } } peers { permanent_uuid: "bebed1f41fd24d64a3efcb8b83be923e" member_type: VOTER last_known_addr { host: "127.7.178.3" port: 34573 } }
I20260709 12:08:12.236683  8243 leader_election.cc:290] T 2f71498dc4ac4f809686a49a3b013fc2 P bebed1f41fd24d64a3efcb8b83be923e [CANDIDATE]: Term 1 election: Requested vote from peers 4837f71c212041f7943c34d747fdcb98 (127.7.178.1:35783), c3481f8c9fc34128a2a197131aa1e24b (127.7.178.2:37005)
I20260709 12:08:12.237151  8210 raft_consensus.cc:385] T d41d7df563c7478190d2c0b366dd7638 P 4837f71c212041f7943c34d747fdcb98 [term 0 FOLLOWER]: Consensus starting up: Expiring failure detector timer to make a prompt election more likely
I20260709 12:08:12.237542  8210 raft_consensus.cc:740] T d41d7df563c7478190d2c0b366dd7638 P 4837f71c212041f7943c34d747fdcb98 [term 0 FOLLOWER]: Becoming Follower/Learner. State: Replica: 4837f71c212041f7943c34d747fdcb98, State: Initialized, Role: FOLLOWER
I20260709 12:08:12.237864  8211 tablet_bootstrap.cc:654] T 36aade2401064ab39c4cc3c276bf1796 P bebed1f41fd24d64a3efcb8b83be923e: Neither blocks nor log segments found. Creating new log.
I20260709 12:08:12.238354  8210 consensus_queue.cc:260] T d41d7df563c7478190d2c0b366dd7638 P 4837f71c212041f7943c34d747fdcb98 [NON_LEADER]: Queue going to NON_LEADER mode. State: All replicated index: 0, Majority replicated index: 0, Committed index: 0, Last appended: 0.0, Last appended by leader: 0, Current term: 0, Majority size: -1, State: 0, Mode: NON_LEADER, active raft config: opid_index: -1 OBSOLETE_local: false peers { permanent_uuid: "4837f71c212041f7943c34d747fdcb98" member_type: VOTER last_known_addr { host: "127.7.178.1" port: 35783 } } peers { permanent_uuid: "c3481f8c9fc34128a2a197131aa1e24b" member_type: VOTER last_known_addr { host: "127.7.178.2" port: 37005 } } peers { permanent_uuid: "bebed1f41fd24d64a3efcb8b83be923e" member_type: VOTER last_known_addr { host: "127.7.178.3" port: 34573 } }
I20260709 12:08:12.240655  8210 ts_tablet_manager.cc:1434] T d41d7df563c7478190d2c0b366dd7638 P 4837f71c212041f7943c34d747fdcb98: Time spent starting tablet: real 0.014s	user 0.007s	sys 0.000s
I20260709 12:08:12.240720  8090 tablet_service.cc:1917] Received RequestConsensusVote() RPC: tablet_id: "2f71498dc4ac4f809686a49a3b013fc2" candidate_uuid: "bebed1f41fd24d64a3efcb8b83be923e" candidate_term: 1 candidate_status { last_received { term: 0 index: 0 } } ignore_live_leader: false dest_uuid: "c3481f8c9fc34128a2a197131aa1e24b"
I20260709 12:08:12.241278  8090 raft_consensus.cc:3060] T 2f71498dc4ac4f809686a49a3b013fc2 P c3481f8c9fc34128a2a197131aa1e24b [term 0 FOLLOWER]: Advancing to term 1
I20260709 12:08:12.241688  8210 tablet_bootstrap.cc:492] T 037a7ca171b24494ba395d8943fbaf4a P 4837f71c212041f7943c34d747fdcb98: Bootstrap starting.
I20260709 12:08:12.234767  8209 raft_consensus.cc:359] T 037a7ca171b24494ba395d8943fbaf4a P c3481f8c9fc34128a2a197131aa1e24b [term 0 FOLLOWER]: Replica starting. Triggering 0 pending ops. Active config: opid_index: -1 OBSOLETE_local: false peers { permanent_uuid: "4837f71c212041f7943c34d747fdcb98" member_type: VOTER last_known_addr { host: "127.7.178.1" port: 35783 } } peers { permanent_uuid: "c3481f8c9fc34128a2a197131aa1e24b" member_type: VOTER last_known_addr { host: "127.7.178.2" port: 37005 } } peers { permanent_uuid: "bebed1f41fd24d64a3efcb8b83be923e" member_type: VOTER last_known_addr { host: "127.7.178.3" port: 34573 } }
I20260709 12:08:12.244555  8209 raft_consensus.cc:385] T 037a7ca171b24494ba395d8943fbaf4a P c3481f8c9fc34128a2a197131aa1e24b [term 0 FOLLOWER]: Consensus starting up: Expiring failure detector timer to make a prompt election more likely
I20260709 12:08:12.244863  8209 raft_consensus.cc:740] T 037a7ca171b24494ba395d8943fbaf4a P c3481f8c9fc34128a2a197131aa1e24b [term 0 FOLLOWER]: Becoming Follower/Learner. State: Replica: c3481f8c9fc34128a2a197131aa1e24b, State: Initialized, Role: FOLLOWER
I20260709 12:08:12.245505  8209 consensus_queue.cc:260] T 037a7ca171b24494ba395d8943fbaf4a P c3481f8c9fc34128a2a197131aa1e24b [NON_LEADER]: Queue going to NON_LEADER mode. State: All replicated index: 0, Majority replicated index: 0, Committed index: 0, Last appended: 0.0, Last appended by leader: 0, Current term: 0, Majority size: -1, State: 0, Mode: NON_LEADER, active raft config: opid_index: -1 OBSOLETE_local: false peers { permanent_uuid: "4837f71c212041f7943c34d747fdcb98" member_type: VOTER last_known_addr { host: "127.7.178.1" port: 35783 } } peers { permanent_uuid: "c3481f8c9fc34128a2a197131aa1e24b" member_type: VOTER last_known_addr { host: "127.7.178.2" port: 37005 } } peers { permanent_uuid: "bebed1f41fd24d64a3efcb8b83be923e" member_type: VOTER last_known_addr { host: "127.7.178.3" port: 34573 } }
I20260709 12:08:12.246054  8090 raft_consensus.cc:2468] T 2f71498dc4ac4f809686a49a3b013fc2 P c3481f8c9fc34128a2a197131aa1e24b [term 1 FOLLOWER]: Leader election vote request: Granting yes vote for candidate bebed1f41fd24d64a3efcb8b83be923e in term 1.
I20260709 12:08:12.247249  8130 leader_election.cc:304] T 2f71498dc4ac4f809686a49a3b013fc2 P bebed1f41fd24d64a3efcb8b83be923e [CANDIDATE]: Term 1 election: Election decided. Result: candidate won. Election summary: received 2 responses out of 3 voters: 2 yes votes; 0 no votes. yes voters: bebed1f41fd24d64a3efcb8b83be923e, c3481f8c9fc34128a2a197131aa1e24b; no voters: 
I20260709 12:08:12.248306  8243 raft_consensus.cc:2804] T 2f71498dc4ac4f809686a49a3b013fc2 P bebed1f41fd24d64a3efcb8b83be923e [term 1 FOLLOWER]: Leader election won for term 1
I20260709 12:08:12.249039  8243 raft_consensus.cc:697] T 2f71498dc4ac4f809686a49a3b013fc2 P bebed1f41fd24d64a3efcb8b83be923e [term 1 LEADER]: Becoming Leader. State: Replica: bebed1f41fd24d64a3efcb8b83be923e, State: Running, Role: LEADER
I20260709 12:08:12.249904  8243 consensus_queue.cc:237] T 2f71498dc4ac4f809686a49a3b013fc2 P bebed1f41fd24d64a3efcb8b83be923e [LEADER]: Queue going to LEADER mode. State: All replicated index: 0, Majority replicated index: 0, Committed index: 0, Last appended: 0.0, Last appended by leader: 0, Current term: 1, Majority size: 2, State: 0, Mode: LEADER, active raft config: opid_index: -1 OBSOLETE_local: false peers { permanent_uuid: "4837f71c212041f7943c34d747fdcb98" member_type: VOTER last_known_addr { host: "127.7.178.1" port: 35783 } } peers { permanent_uuid: "c3481f8c9fc34128a2a197131aa1e24b" member_type: VOTER last_known_addr { host: "127.7.178.2" port: 37005 } } peers { permanent_uuid: "bebed1f41fd24d64a3efcb8b83be923e" member_type: VOTER last_known_addr { host: "127.7.178.3" port: 34573 } }
I20260709 12:08:12.235656  8016 raft_consensus.cc:2468] T 2f71498dc4ac4f809686a49a3b013fc2 P 4837f71c212041f7943c34d747fdcb98 [term 1 FOLLOWER]: Leader election vote request: Granting yes vote for candidate bebed1f41fd24d64a3efcb8b83be923e in term 1.
I20260709 12:08:12.253381  8210 tablet_bootstrap.cc:654] T 037a7ca171b24494ba395d8943fbaf4a P 4837f71c212041f7943c34d747fdcb98: Neither blocks nor log segments found. Creating new log.
I20260709 12:08:12.259728  8209 ts_tablet_manager.cc:1434] T 037a7ca171b24494ba395d8943fbaf4a P c3481f8c9fc34128a2a197131aa1e24b: Time spent starting tablet: real 0.027s	user 0.002s	sys 0.003s
I20260709 12:08:12.260793  7910 catalog_manager.cc:5697] T c4f7bb7af5b4442784adc9e1b55102e6 P 4837f71c212041f7943c34d747fdcb98 reported cstate change: term changed from 0 to 1, leader changed from <none> to 4837f71c212041f7943c34d747fdcb98 (127.7.178.1). New cstate: current_term: 1 leader_uuid: "4837f71c212041f7943c34d747fdcb98" committed_config { opid_index: -1 OBSOLETE_local: false peers { permanent_uuid: "4837f71c212041f7943c34d747fdcb98" member_type: VOTER last_known_addr { host: "127.7.178.1" port: 35783 } health_report { overall_health: HEALTHY } } peers { permanent_uuid: "c3481f8c9fc34128a2a197131aa1e24b" member_type: VOTER last_known_addr { host: "127.7.178.2" port: 37005 } health_report { overall_health: UNKNOWN } } peers { permanent_uuid: "bebed1f41fd24d64a3efcb8b83be923e" member_type: VOTER last_known_addr { host: "127.7.178.3" port: 34573 } health_report { overall_health: UNKNOWN } } }
I20260709 12:08:12.263157  8209 tablet_bootstrap.cc:492] T 36aade2401064ab39c4cc3c276bf1796 P c3481f8c9fc34128a2a197131aa1e24b: Bootstrap starting.
I20260709 12:08:12.280416  8209 tablet_bootstrap.cc:654] T 36aade2401064ab39c4cc3c276bf1796 P c3481f8c9fc34128a2a197131aa1e24b: Neither blocks nor log segments found. Creating new log.
I20260709 12:08:12.283936  7911 catalog_manager.cc:5697] T 2f71498dc4ac4f809686a49a3b013fc2 P bebed1f41fd24d64a3efcb8b83be923e reported cstate change: term changed from 0 to 1, leader changed from <none> to bebed1f41fd24d64a3efcb8b83be923e (127.7.178.3). New cstate: current_term: 1 leader_uuid: "bebed1f41fd24d64a3efcb8b83be923e" committed_config { opid_index: -1 OBSOLETE_local: false peers { permanent_uuid: "4837f71c212041f7943c34d747fdcb98" member_type: VOTER last_known_addr { host: "127.7.178.1" port: 35783 } health_report { overall_health: UNKNOWN } } peers { permanent_uuid: "c3481f8c9fc34128a2a197131aa1e24b" member_type: VOTER last_known_addr { host: "127.7.178.2" port: 37005 } health_report { overall_health: UNKNOWN } } peers { permanent_uuid: "bebed1f41fd24d64a3efcb8b83be923e" member_type: VOTER last_known_addr { host: "127.7.178.3" port: 34573 } health_report { overall_health: HEALTHY } } }
I20260709 12:08:12.286180  8210 tablet_bootstrap.cc:492] T 037a7ca171b24494ba395d8943fbaf4a P 4837f71c212041f7943c34d747fdcb98: No bootstrap required, opened a new log
I20260709 12:08:12.286670  8210 ts_tablet_manager.cc:1403] T 037a7ca171b24494ba395d8943fbaf4a P 4837f71c212041f7943c34d747fdcb98: Time spent bootstrapping tablet: real 0.045s	user 0.004s	sys 0.015s
I20260709 12:08:12.289548  8210 raft_consensus.cc:359] T 037a7ca171b24494ba395d8943fbaf4a P 4837f71c212041f7943c34d747fdcb98 [term 0 FOLLOWER]: Replica starting. Triggering 0 pending ops. Active config: opid_index: -1 OBSOLETE_local: false peers { permanent_uuid: "4837f71c212041f7943c34d747fdcb98" member_type: VOTER last_known_addr { host: "127.7.178.1" port: 35783 } } peers { permanent_uuid: "c3481f8c9fc34128a2a197131aa1e24b" member_type: VOTER last_known_addr { host: "127.7.178.2" port: 37005 } } peers { permanent_uuid: "bebed1f41fd24d64a3efcb8b83be923e" member_type: VOTER last_known_addr { host: "127.7.178.3" port: 34573 } }
I20260709 12:08:12.290254  8210 raft_consensus.cc:385] T 037a7ca171b24494ba395d8943fbaf4a P 4837f71c212041f7943c34d747fdcb98 [term 0 FOLLOWER]: Consensus starting up: Expiring failure detector timer to make a prompt election more likely
I20260709 12:08:12.290517  8210 raft_consensus.cc:740] T 037a7ca171b24494ba395d8943fbaf4a P 4837f71c212041f7943c34d747fdcb98 [term 0 FOLLOWER]: Becoming Follower/Learner. State: Replica: 4837f71c212041f7943c34d747fdcb98, State: Initialized, Role: FOLLOWER
I20260709 12:08:12.291219  8210 consensus_queue.cc:260] T 037a7ca171b24494ba395d8943fbaf4a P 4837f71c212041f7943c34d747fdcb98 [NON_LEADER]: Queue going to NON_LEADER mode. State: All replicated index: 0, Majority replicated index: 0, Committed index: 0, Last appended: 0.0, Last appended by leader: 0, Current term: 0, Majority size: -1, State: 0, Mode: NON_LEADER, active raft config: opid_index: -1 OBSOLETE_local: false peers { permanent_uuid: "4837f71c212041f7943c34d747fdcb98" member_type: VOTER last_known_addr { host: "127.7.178.1" port: 35783 } } peers { permanent_uuid: "c3481f8c9fc34128a2a197131aa1e24b" member_type: VOTER last_known_addr { host: "127.7.178.2" port: 37005 } } peers { permanent_uuid: "bebed1f41fd24d64a3efcb8b83be923e" member_type: VOTER last_known_addr { host: "127.7.178.3" port: 34573 } }
I20260709 12:08:12.293186  8210 ts_tablet_manager.cc:1434] T 037a7ca171b24494ba395d8943fbaf4a P 4837f71c212041f7943c34d747fdcb98: Time spent starting tablet: real 0.006s	user 0.008s	sys 0.000s
I20260709 12:08:12.294023  8210 tablet_bootstrap.cc:492] T 4724aa3e279e479eb534fb9318de95d5 P 4837f71c212041f7943c34d747fdcb98: Bootstrap starting.
I20260709 12:08:12.300504  8210 tablet_bootstrap.cc:654] T 4724aa3e279e479eb534fb9318de95d5 P 4837f71c212041f7943c34d747fdcb98: Neither blocks nor log segments found. Creating new log.
I20260709 12:08:12.301626  8211 tablet_bootstrap.cc:492] T 36aade2401064ab39c4cc3c276bf1796 P bebed1f41fd24d64a3efcb8b83be923e: No bootstrap required, opened a new log
I20260709 12:08:12.304657  8225 consensus_queue.cc:1048] T 3fbea36d6693417e970c129399f40e8f P c3481f8c9fc34128a2a197131aa1e24b [LEADER]: Connected to new peer: Peer: permanent_uuid: "bebed1f41fd24d64a3efcb8b83be923e" member_type: VOTER last_known_addr { host: "127.7.178.3" port: 34573 }, Status: LMP_MISMATCH, Last received: 0.0, Next index: 1, Last known committed idx: 0, Time since last communication: 0.000s
I20260709 12:08:12.307320  8214 consensus_queue.cc:1048] T 3fbea36d6693417e970c129399f40e8f P c3481f8c9fc34128a2a197131aa1e24b [LEADER]: Connected to new peer: Peer: permanent_uuid: "4837f71c212041f7943c34d747fdcb98" member_type: VOTER last_known_addr { host: "127.7.178.1" port: 35783 }, Status: LMP_MISMATCH, Last received: 0.0, Next index: 1, Last known committed idx: 0, Time since last communication: 0.000s
I20260709 12:08:12.308059  8211 ts_tablet_manager.cc:1403] T 36aade2401064ab39c4cc3c276bf1796 P bebed1f41fd24d64a3efcb8b83be923e: Time spent bootstrapping tablet: real 0.121s	user 0.013s	sys 0.001s
I20260709 12:08:12.311443  8210 tablet_bootstrap.cc:492] T 4724aa3e279e479eb534fb9318de95d5 P 4837f71c212041f7943c34d747fdcb98: No bootstrap required, opened a new log
I20260709 12:08:12.311182  8211 raft_consensus.cc:359] T 36aade2401064ab39c4cc3c276bf1796 P bebed1f41fd24d64a3efcb8b83be923e [term 0 FOLLOWER]: Replica starting. Triggering 0 pending ops. Active config: opid_index: -1 OBSOLETE_local: false peers { permanent_uuid: "bebed1f41fd24d64a3efcb8b83be923e" member_type: VOTER last_known_addr { host: "127.7.178.3" port: 34573 } } peers { permanent_uuid: "4837f71c212041f7943c34d747fdcb98" member_type: VOTER last_known_addr { host: "127.7.178.1" port: 35783 } } peers { permanent_uuid: "c3481f8c9fc34128a2a197131aa1e24b" member_type: VOTER last_known_addr { host: "127.7.178.2" port: 37005 } }
I20260709 12:08:12.311826  8211 raft_consensus.cc:385] T 36aade2401064ab39c4cc3c276bf1796 P bebed1f41fd24d64a3efcb8b83be923e [term 0 FOLLOWER]: Consensus starting up: Expiring failure detector timer to make a prompt election more likely
I20260709 12:08:12.311910  8210 ts_tablet_manager.cc:1403] T 4724aa3e279e479eb534fb9318de95d5 P 4837f71c212041f7943c34d747fdcb98: Time spent bootstrapping tablet: real 0.018s	user 0.004s	sys 0.004s
I20260709 12:08:12.312130  8211 raft_consensus.cc:740] T 36aade2401064ab39c4cc3c276bf1796 P bebed1f41fd24d64a3efcb8b83be923e [term 0 FOLLOWER]: Becoming Follower/Learner. State: Replica: bebed1f41fd24d64a3efcb8b83be923e, State: Initialized, Role: FOLLOWER
I20260709 12:08:12.312826  8211 consensus_queue.cc:260] T 36aade2401064ab39c4cc3c276bf1796 P bebed1f41fd24d64a3efcb8b83be923e [NON_LEADER]: Queue going to NON_LEADER mode. State: All replicated index: 0, Majority replicated index: 0, Committed index: 0, Last appended: 0.0, Last appended by leader: 0, Current term: 0, Majority size: -1, State: 0, Mode: NON_LEADER, active raft config: opid_index: -1 OBSOLETE_local: false peers { permanent_uuid: "bebed1f41fd24d64a3efcb8b83be923e" member_type: VOTER last_known_addr { host: "127.7.178.3" port: 34573 } } peers { permanent_uuid: "4837f71c212041f7943c34d747fdcb98" member_type: VOTER last_known_addr { host: "127.7.178.1" port: 35783 } } peers { permanent_uuid: "c3481f8c9fc34128a2a197131aa1e24b" member_type: VOTER last_known_addr { host: "127.7.178.2" port: 37005 } }
I20260709 12:08:12.314870  8211 ts_tablet_manager.cc:1434] T 36aade2401064ab39c4cc3c276bf1796 P bebed1f41fd24d64a3efcb8b83be923e: Time spent starting tablet: real 0.007s	user 0.006s	sys 0.000s
I20260709 12:08:12.315702  8211 tablet_bootstrap.cc:492] T 4724aa3e279e479eb534fb9318de95d5 P bebed1f41fd24d64a3efcb8b83be923e: Bootstrap starting.
I20260709 12:08:12.318569  8210 raft_consensus.cc:359] T 4724aa3e279e479eb534fb9318de95d5 P 4837f71c212041f7943c34d747fdcb98 [term 0 FOLLOWER]: Replica starting. Triggering 0 pending ops. Active config: opid_index: -1 OBSOLETE_local: false peers { permanent_uuid: "4837f71c212041f7943c34d747fdcb98" member_type: VOTER last_known_addr { host: "127.7.178.1" port: 35783 } } peers { permanent_uuid: "c3481f8c9fc34128a2a197131aa1e24b" member_type: VOTER last_known_addr { host: "127.7.178.2" port: 37005 } } peers { permanent_uuid: "bebed1f41fd24d64a3efcb8b83be923e" member_type: VOTER last_known_addr { host: "127.7.178.3" port: 34573 } }
I20260709 12:08:12.319293  8210 raft_consensus.cc:385] T 4724aa3e279e479eb534fb9318de95d5 P 4837f71c212041f7943c34d747fdcb98 [term 0 FOLLOWER]: Consensus starting up: Expiring failure detector timer to make a prompt election more likely
I20260709 12:08:12.319573  8210 raft_consensus.cc:740] T 4724aa3e279e479eb534fb9318de95d5 P 4837f71c212041f7943c34d747fdcb98 [term 0 FOLLOWER]: Becoming Follower/Learner. State: Replica: 4837f71c212041f7943c34d747fdcb98, State: Initialized, Role: FOLLOWER
I20260709 12:08:12.323048  8209 tablet_bootstrap.cc:492] T 36aade2401064ab39c4cc3c276bf1796 P c3481f8c9fc34128a2a197131aa1e24b: No bootstrap required, opened a new log
I20260709 12:08:12.323199  8243 raft_consensus.cc:493] T c4f7bb7af5b4442784adc9e1b55102e6 P bebed1f41fd24d64a3efcb8b83be923e [term 0 FOLLOWER]: Starting pre-election (no leader contacted us within the election timeout)
I20260709 12:08:12.323514  8209 ts_tablet_manager.cc:1403] T 36aade2401064ab39c4cc3c276bf1796 P c3481f8c9fc34128a2a197131aa1e24b: Time spent bootstrapping tablet: real 0.061s	user 0.019s	sys 0.003s
I20260709 12:08:12.323706  8211 tablet_bootstrap.cc:654] T 4724aa3e279e479eb534fb9318de95d5 P bebed1f41fd24d64a3efcb8b83be923e: Neither blocks nor log segments found. Creating new log.
I20260709 12:08:12.323668  8243 raft_consensus.cc:515] T c4f7bb7af5b4442784adc9e1b55102e6 P bebed1f41fd24d64a3efcb8b83be923e [term 0 FOLLOWER]: Starting pre-election with config: opid_index: -1 OBSOLETE_local: false peers { permanent_uuid: "4837f71c212041f7943c34d747fdcb98" member_type: VOTER last_known_addr { host: "127.7.178.1" port: 35783 } } peers { permanent_uuid: "c3481f8c9fc34128a2a197131aa1e24b" member_type: VOTER last_known_addr { host: "127.7.178.2" port: 37005 } } peers { permanent_uuid: "bebed1f41fd24d64a3efcb8b83be923e" member_type: VOTER last_known_addr { host: "127.7.178.3" port: 34573 } }
I20260709 12:08:12.326905  8243 leader_election.cc:290] T c4f7bb7af5b4442784adc9e1b55102e6 P bebed1f41fd24d64a3efcb8b83be923e [CANDIDATE]: Term 1 pre-election: Requested pre-vote from peers 4837f71c212041f7943c34d747fdcb98 (127.7.178.1:35783), c3481f8c9fc34128a2a197131aa1e24b (127.7.178.2:37005)
I20260709 12:08:12.327453  8249 raft_consensus.cc:493] T d41d7df563c7478190d2c0b366dd7638 P 4837f71c212041f7943c34d747fdcb98 [term 0 FOLLOWER]: Starting pre-election (no leader contacted us within the election timeout)
I20260709 12:08:12.329874  8017 tablet_service.cc:1917] Received RequestConsensusVote() RPC: tablet_id: "c4f7bb7af5b4442784adc9e1b55102e6" candidate_uuid: "bebed1f41fd24d64a3efcb8b83be923e" candidate_term: 1 candidate_status { last_received { term: 0 index: 0 } } ignore_live_leader: false dest_uuid: "4837f71c212041f7943c34d747fdcb98" is_pre_election: true
I20260709 12:08:12.330825  8210 consensus_queue.cc:260] T 4724aa3e279e479eb534fb9318de95d5 P 4837f71c212041f7943c34d747fdcb98 [NON_LEADER]: Queue going to NON_LEADER mode. State: All replicated index: 0, Majority replicated index: 0, Committed index: 0, Last appended: 0.0, Last appended by leader: 0, Current term: 0, Majority size: -1, State: 0, Mode: NON_LEADER, active raft config: opid_index: -1 OBSOLETE_local: false peers { permanent_uuid: "4837f71c212041f7943c34d747fdcb98" member_type: VOTER last_known_addr { host: "127.7.178.1" port: 35783 } } peers { permanent_uuid: "c3481f8c9fc34128a2a197131aa1e24b" member_type: VOTER last_known_addr { host: "127.7.178.2" port: 37005 } } peers { permanent_uuid: "bebed1f41fd24d64a3efcb8b83be923e" member_type: VOTER last_known_addr { host: "127.7.178.3" port: 34573 } }
I20260709 12:08:12.333850  8090 tablet_service.cc:1917] Received RequestConsensusVote() RPC: tablet_id: "c4f7bb7af5b4442784adc9e1b55102e6" candidate_uuid: "bebed1f41fd24d64a3efcb8b83be923e" candidate_term: 1 candidate_status { last_received { term: 0 index: 0 } } ignore_live_leader: false dest_uuid: "c3481f8c9fc34128a2a197131aa1e24b" is_pre_election: true
I20260709 12:08:12.334247  8209 raft_consensus.cc:359] T 36aade2401064ab39c4cc3c276bf1796 P c3481f8c9fc34128a2a197131aa1e24b [term 0 FOLLOWER]: Replica starting. Triggering 0 pending ops. Active config: opid_index: -1 OBSOLETE_local: false peers { permanent_uuid: "bebed1f41fd24d64a3efcb8b83be923e" member_type: VOTER last_known_addr { host: "127.7.178.3" port: 34573 } } peers { permanent_uuid: "4837f71c212041f7943c34d747fdcb98" member_type: VOTER last_known_addr { host: "127.7.178.1" port: 35783 } } peers { permanent_uuid: "c3481f8c9fc34128a2a197131aa1e24b" member_type: VOTER last_known_addr { host: "127.7.178.2" port: 37005 } }
I20260709 12:08:12.334920  8090 raft_consensus.cc:2393] T c4f7bb7af5b4442784adc9e1b55102e6 P c3481f8c9fc34128a2a197131aa1e24b [term 1 FOLLOWER]: Leader pre-election vote request: Denying vote to candidate bebed1f41fd24d64a3efcb8b83be923e in current term 1: Already voted for candidate 4837f71c212041f7943c34d747fdcb98 in this term.
I20260709 12:08:12.335183  8209 raft_consensus.cc:385] T 36aade2401064ab39c4cc3c276bf1796 P c3481f8c9fc34128a2a197131aa1e24b [term 0 FOLLOWER]: Consensus starting up: Expiring failure detector timer to make a prompt election more likely
I20260709 12:08:12.328011  8249 raft_consensus.cc:515] T d41d7df563c7478190d2c0b366dd7638 P 4837f71c212041f7943c34d747fdcb98 [term 0 FOLLOWER]: Starting pre-election with config: opid_index: -1 OBSOLETE_local: false peers { permanent_uuid: "4837f71c212041f7943c34d747fdcb98" member_type: VOTER last_known_addr { host: "127.7.178.1" port: 35783 } } peers { permanent_uuid: "c3481f8c9fc34128a2a197131aa1e24b" member_type: VOTER last_known_addr { host: "127.7.178.2" port: 37005 } } peers { permanent_uuid: "bebed1f41fd24d64a3efcb8b83be923e" member_type: VOTER last_known_addr { host: "127.7.178.3" port: 34573 } }
I20260709 12:08:12.335680  8209 raft_consensus.cc:740] T 36aade2401064ab39c4cc3c276bf1796 P c3481f8c9fc34128a2a197131aa1e24b [term 0 FOLLOWER]: Becoming Follower/Learner. State: Replica: c3481f8c9fc34128a2a197131aa1e24b, State: Initialized, Role: FOLLOWER
I20260709 12:08:12.340005  8165 tablet_service.cc:1917] Received RequestConsensusVote() RPC: tablet_id: "d41d7df563c7478190d2c0b366dd7638" candidate_uuid: "4837f71c212041f7943c34d747fdcb98" candidate_term: 1 candidate_status { last_received { term: 0 index: 0 } } ignore_live_leader: false dest_uuid: "bebed1f41fd24d64a3efcb8b83be923e" is_pre_election: true
I20260709 12:08:12.340788  8130 leader_election.cc:304] T c4f7bb7af5b4442784adc9e1b55102e6 P bebed1f41fd24d64a3efcb8b83be923e [CANDIDATE]: Term 1 pre-election: Election decided. Result: candidate lost. Election summary: received 3 responses out of 3 voters: 1 yes votes; 2 no votes. yes voters: bebed1f41fd24d64a3efcb8b83be923e; no voters: 4837f71c212041f7943c34d747fdcb98, c3481f8c9fc34128a2a197131aa1e24b
I20260709 12:08:12.342108  8090 tablet_service.cc:1917] Received RequestConsensusVote() RPC: tablet_id: "d41d7df563c7478190d2c0b366dd7638" candidate_uuid: "4837f71c212041f7943c34d747fdcb98" candidate_term: 1 candidate_status { last_received { term: 0 index: 0 } } ignore_live_leader: false dest_uuid: "c3481f8c9fc34128a2a197131aa1e24b" is_pre_election: true
I20260709 12:08:12.342851  8090 raft_consensus.cc:2393] T d41d7df563c7478190d2c0b366dd7638 P c3481f8c9fc34128a2a197131aa1e24b [term 1 FOLLOWER]: Leader pre-election vote request: Denying vote to candidate 4837f71c212041f7943c34d747fdcb98 in current term 1: Already voted for candidate bebed1f41fd24d64a3efcb8b83be923e in this term.
I20260709 12:08:12.342921  8209 consensus_queue.cc:260] T 36aade2401064ab39c4cc3c276bf1796 P c3481f8c9fc34128a2a197131aa1e24b [NON_LEADER]: Queue going to NON_LEADER mode. State: All replicated index: 0, Majority replicated index: 0, Committed index: 0, Last appended: 0.0, Last appended by leader: 0, Current term: 0, Majority size: -1, State: 0, Mode: NON_LEADER, active raft config: opid_index: -1 OBSOLETE_local: false peers { permanent_uuid: "bebed1f41fd24d64a3efcb8b83be923e" member_type: VOTER last_known_addr { host: "127.7.178.3" port: 34573 } } peers { permanent_uuid: "4837f71c212041f7943c34d747fdcb98" member_type: VOTER last_known_addr { host: "127.7.178.1" port: 35783 } } peers { permanent_uuid: "c3481f8c9fc34128a2a197131aa1e24b" member_type: VOTER last_known_addr { host: "127.7.178.2" port: 37005 } }
I20260709 12:08:12.344303  7981 leader_election.cc:304] T d41d7df563c7478190d2c0b366dd7638 P 4837f71c212041f7943c34d747fdcb98 [CANDIDATE]: Term 1 pre-election: Election decided. Result: candidate lost. Election summary: received 3 responses out of 3 voters: 1 yes votes; 2 no votes. yes voters: 4837f71c212041f7943c34d747fdcb98; no voters: bebed1f41fd24d64a3efcb8b83be923e, c3481f8c9fc34128a2a197131aa1e24b
I20260709 12:08:12.345094  8253 raft_consensus.cc:3060] T d41d7df563c7478190d2c0b366dd7638 P 4837f71c212041f7943c34d747fdcb98 [term 0 FOLLOWER]: Advancing to term 1
W20260709 12:08:12.346200  7962 auto_rebalancer.cc:288] Could not retrieve cluster info: Service unavailable: Tablet not running
I20260709 12:08:12.350852  8211 tablet_bootstrap.cc:492] T 4724aa3e279e479eb534fb9318de95d5 P bebed1f41fd24d64a3efcb8b83be923e: No bootstrap required, opened a new log
I20260709 12:08:12.351286  8211 ts_tablet_manager.cc:1403] T 4724aa3e279e479eb534fb9318de95d5 P bebed1f41fd24d64a3efcb8b83be923e: Time spent bootstrapping tablet: real 0.036s	user 0.018s	sys 0.005s
I20260709 12:08:12.339449  8210 ts_tablet_manager.cc:1434] T 4724aa3e279e479eb534fb9318de95d5 P 4837f71c212041f7943c34d747fdcb98: Time spent starting tablet: real 0.027s	user 0.004s	sys 0.004s
I20260709 12:08:12.339380  8249 leader_election.cc:290] T d41d7df563c7478190d2c0b366dd7638 P 4837f71c212041f7943c34d747fdcb98 [CANDIDATE]: Term 1 pre-election: Requested pre-vote from peers c3481f8c9fc34128a2a197131aa1e24b (127.7.178.2:37005), bebed1f41fd24d64a3efcb8b83be923e (127.7.178.3:34573)
I20260709 12:08:12.352185  8209 ts_tablet_manager.cc:1434] T 36aade2401064ab39c4cc3c276bf1796 P c3481f8c9fc34128a2a197131aa1e24b: Time spent starting tablet: real 0.028s	user 0.004s	sys 0.005s
I20260709 12:08:12.352746  8243 raft_consensus.cc:3060] T c4f7bb7af5b4442784adc9e1b55102e6 P bebed1f41fd24d64a3efcb8b83be923e [term 0 FOLLOWER]: Advancing to term 1
I20260709 12:08:12.358410  8211 raft_consensus.cc:359] T 4724aa3e279e479eb534fb9318de95d5 P bebed1f41fd24d64a3efcb8b83be923e [term 0 FOLLOWER]: Replica starting. Triggering 0 pending ops. Active config: opid_index: -1 OBSOLETE_local: false peers { permanent_uuid: "4837f71c212041f7943c34d747fdcb98" member_type: VOTER last_known_addr { host: "127.7.178.1" port: 35783 } } peers { permanent_uuid: "c3481f8c9fc34128a2a197131aa1e24b" member_type: VOTER last_known_addr { host: "127.7.178.2" port: 37005 } } peers { permanent_uuid: "bebed1f41fd24d64a3efcb8b83be923e" member_type: VOTER last_known_addr { host: "127.7.178.3" port: 34573 } }
I20260709 12:08:12.359192  8211 raft_consensus.cc:385] T 4724aa3e279e479eb534fb9318de95d5 P bebed1f41fd24d64a3efcb8b83be923e [term 0 FOLLOWER]: Consensus starting up: Expiring failure detector timer to make a prompt election more likely
I20260709 12:08:12.359509  8211 raft_consensus.cc:740] T 4724aa3e279e479eb534fb9318de95d5 P bebed1f41fd24d64a3efcb8b83be923e [term 0 FOLLOWER]: Becoming Follower/Learner. State: Replica: bebed1f41fd24d64a3efcb8b83be923e, State: Initialized, Role: FOLLOWER
I20260709 12:08:12.359584  8253 raft_consensus.cc:2749] T d41d7df563c7478190d2c0b366dd7638 P 4837f71c212041f7943c34d747fdcb98 [term 1 FOLLOWER]: Leader pre-election lost for term 1. Reason: could not achieve majority
I20260709 12:08:12.360313  8211 consensus_queue.cc:260] T 4724aa3e279e479eb534fb9318de95d5 P bebed1f41fd24d64a3efcb8b83be923e [NON_LEADER]: Queue going to NON_LEADER mode. State: All replicated index: 0, Majority replicated index: 0, Committed index: 0, Last appended: 0.0, Last appended by leader: 0, Current term: 0, Majority size: -1, State: 0, Mode: NON_LEADER, active raft config: opid_index: -1 OBSOLETE_local: false peers { permanent_uuid: "4837f71c212041f7943c34d747fdcb98" member_type: VOTER last_known_addr { host: "127.7.178.1" port: 35783 } } peers { permanent_uuid: "c3481f8c9fc34128a2a197131aa1e24b" member_type: VOTER last_known_addr { host: "127.7.178.2" port: 37005 } } peers { permanent_uuid: "bebed1f41fd24d64a3efcb8b83be923e" member_type: VOTER last_known_addr { host: "127.7.178.3" port: 34573 } }
I20260709 12:08:12.362514  8211 ts_tablet_manager.cc:1434] T 4724aa3e279e479eb534fb9318de95d5 P bebed1f41fd24d64a3efcb8b83be923e: Time spent starting tablet: real 0.011s	user 0.008s	sys 0.000s
I20260709 12:08:12.367575  8243 raft_consensus.cc:2749] T c4f7bb7af5b4442784adc9e1b55102e6 P bebed1f41fd24d64a3efcb8b83be923e [term 1 FOLLOWER]: Leader pre-election lost for term 1. Reason: could not achieve majority
I20260709 12:08:12.458776  8243 consensus_queue.cc:1048] T d41d7df563c7478190d2c0b366dd7638 P bebed1f41fd24d64a3efcb8b83be923e [LEADER]: Connected to new peer: Peer: permanent_uuid: "c3481f8c9fc34128a2a197131aa1e24b" member_type: VOTER last_known_addr { host: "127.7.178.2" port: 37005 }, Status: LMP_MISMATCH, Last received: 0.0, Next index: 1, Last known committed idx: 0, Time since last communication: 0.000s
