I20260709 12:16:45.855234 32637 catalog_manager.cc:5697] T fbd1b5705c17408fafe8028003be9664 P 65f3c1048470494d93f089bcacfef3ab reported cstate change: term changed from 1 to 2, leader changed from 680ef01432c1416fbfd9e9702df7583f (127.31.83.130) to 65f3c1048470494d93f089bcacfef3ab (127.31.83.129). New cstate: current_term: 2 leader_uuid: "65f3c1048470494d93f089bcacfef3ab" committed_config { opid_index: -1 OBSOLETE_local: false peers { permanent_uuid: "65f3c1048470494d93f089bcacfef3ab" member_type: VOTER last_known_addr { host: "127.31.83.129" port: 38105 } health_report { overall_health: HEALTHY } } peers { permanent_uuid: "680ef01432c1416fbfd9e9702df7583f" member_type: VOTER last_known_addr { host: "127.31.83.130" port: 35739 } health_report { overall_health: UNKNOWN } } peers { permanent_uuid: "49821a2eee404f56bcfa74c48dd9dbf0" member_type: VOTER last_known_addr { host: "127.31.83.131" port: 39913 } health_report { overall_health: UNKNOWN } } }
I20260709 12:16:45.891794   584 raft_consensus.cc:993] T 539d493e1b9c4e61b5ceff9f4b19300f P 49821a2eee404f56bcfa74c48dd9dbf0: : Instructing follower 65f3c1048470494d93f089bcacfef3ab to start an election
I20260709 12:16:45.892284   591 raft_consensus.cc:1081] T 539d493e1b9c4e61b5ceff9f4b19300f P 49821a2eee404f56bcfa74c48dd9dbf0 [term 3 LEADER]: Signalling peer 65f3c1048470494d93f089bcacfef3ab to start an election
I20260709 12:16:45.893723 32736 tablet_service.cc:2044] Received Run Leader Election RPC: tablet_id: "539d493e1b9c4e61b5ceff9f4b19300f"
dest_uuid: "65f3c1048470494d93f089bcacfef3ab"
 from {username='slave'} at 127.0.0.1:53368
I20260709 12:16:45.894181 32736 raft_consensus.cc:493] T 539d493e1b9c4e61b5ceff9f4b19300f P 65f3c1048470494d93f089bcacfef3ab [term 3 FOLLOWER]: Starting forced leader election (received explicit request)
I20260709 12:16:45.894441 32736 raft_consensus.cc:3060] T 539d493e1b9c4e61b5ceff9f4b19300f P 65f3c1048470494d93f089bcacfef3ab [term 3 FOLLOWER]: Advancing to term 4
I20260709 12:16:45.899315 32736 raft_consensus.cc:515] T 539d493e1b9c4e61b5ceff9f4b19300f P 65f3c1048470494d93f089bcacfef3ab [term 4 FOLLOWER]: Starting forced leader election with config: opid_index: -1 OBSOLETE_local: false peers { permanent_uuid: "65f3c1048470494d93f089bcacfef3ab" member_type: VOTER last_known_addr { host: "127.31.83.129" port: 38105 } } peers { permanent_uuid: "680ef01432c1416fbfd9e9702df7583f" member_type: VOTER last_known_addr { host: "127.31.83.130" port: 35739 } } peers { permanent_uuid: "49821a2eee404f56bcfa74c48dd9dbf0" member_type: VOTER last_known_addr { host: "127.31.83.131" port: 39913 } }
I20260709 12:16:45.900902 32736 leader_election.cc:290] T 539d493e1b9c4e61b5ceff9f4b19300f P 65f3c1048470494d93f089bcacfef3ab [CANDIDATE]: Term 4 election: Requested vote from peers 680ef01432c1416fbfd9e9702df7583f (127.31.83.130:35739), 49821a2eee404f56bcfa74c48dd9dbf0 (127.31.83.131:39913)
I20260709 12:16:45.901880   346 tablet_service.cc:1917] Received RequestConsensusVote() RPC: tablet_id: "539d493e1b9c4e61b5ceff9f4b19300f" candidate_uuid: "65f3c1048470494d93f089bcacfef3ab" candidate_term: 4 candidate_status { last_received { term: 3 index: 3 } } ignore_live_leader: true dest_uuid: "680ef01432c1416fbfd9e9702df7583f"
I20260709 12:16:45.901880   420 tablet_service.cc:1917] Received RequestConsensusVote() RPC: tablet_id: "539d493e1b9c4e61b5ceff9f4b19300f" candidate_uuid: "65f3c1048470494d93f089bcacfef3ab" candidate_term: 4 candidate_status { last_received { term: 3 index: 3 } } ignore_live_leader: true dest_uuid: "49821a2eee404f56bcfa74c48dd9dbf0"
I20260709 12:16:45.902626   346 raft_consensus.cc:3060] T 539d493e1b9c4e61b5ceff9f4b19300f P 680ef01432c1416fbfd9e9702df7583f [term 3 FOLLOWER]: Advancing to term 4
I20260709 12:16:45.902705   420 raft_consensus.cc:3055] T 539d493e1b9c4e61b5ceff9f4b19300f P 49821a2eee404f56bcfa74c48dd9dbf0 [term 3 LEADER]: Stepping down as leader of term 3
I20260709 12:16:45.903085   420 raft_consensus.cc:740] T 539d493e1b9c4e61b5ceff9f4b19300f P 49821a2eee404f56bcfa74c48dd9dbf0 [term 3 LEADER]: Becoming Follower/Learner. State: Replica: 49821a2eee404f56bcfa74c48dd9dbf0, State: Running, Role: LEADER
I20260709 12:16:45.904013   420 consensus_queue.cc:260] T 539d493e1b9c4e61b5ceff9f4b19300f P 49821a2eee404f56bcfa74c48dd9dbf0 [NON_LEADER]: Queue going to NON_LEADER mode. State: All replicated index: 0, Majority replicated index: 3, Committed index: 3, Last appended: 3.3, Last appended by leader: 3, Current term: 3, Majority size: -1, State: 0, Mode: NON_LEADER, active raft config: opid_index: -1 OBSOLETE_local: false peers { permanent_uuid: "65f3c1048470494d93f089bcacfef3ab" member_type: VOTER last_known_addr { host: "127.31.83.129" port: 38105 } } peers { permanent_uuid: "680ef01432c1416fbfd9e9702df7583f" member_type: VOTER last_known_addr { host: "127.31.83.130" port: 35739 } } peers { permanent_uuid: "49821a2eee404f56bcfa74c48dd9dbf0" member_type: VOTER last_known_addr { host: "127.31.83.131" port: 39913 } }
I20260709 12:16:45.905289   420 raft_consensus.cc:3060] T 539d493e1b9c4e61b5ceff9f4b19300f P 49821a2eee404f56bcfa74c48dd9dbf0 [term 3 FOLLOWER]: Advancing to term 4
I20260709 12:16:45.910111   346 raft_consensus.cc:2468] T 539d493e1b9c4e61b5ceff9f4b19300f P 680ef01432c1416fbfd9e9702df7583f [term 4 FOLLOWER]: Leader election vote request: Granting yes vote for candidate 65f3c1048470494d93f089bcacfef3ab in term 4.
I20260709 12:16:45.911183 32704 leader_election.cc:304] T 539d493e1b9c4e61b5ceff9f4b19300f P 65f3c1048470494d93f089bcacfef3ab [CANDIDATE]: Term 4 election: Election decided. Result: candidate won. Election summary: received 2 responses out of 3 voters: 2 yes votes; 0 no votes. yes voters: 65f3c1048470494d93f089bcacfef3ab, 680ef01432c1416fbfd9e9702df7583f; no voters: 
I20260709 12:16:45.912038   589 raft_consensus.cc:2804] T 539d493e1b9c4e61b5ceff9f4b19300f P 65f3c1048470494d93f089bcacfef3ab [term 4 FOLLOWER]: Leader election won for term 4
I20260709 12:16:45.912401   583 raft_consensus.cc:993] T f46ed3f440c3454a92e9c3bf31451e8f P 680ef01432c1416fbfd9e9702df7583f: : Instructing follower 65f3c1048470494d93f089bcacfef3ab to start an election
I20260709 12:16:45.912529   589 raft_consensus.cc:697] T 539d493e1b9c4e61b5ceff9f4b19300f P 65f3c1048470494d93f089bcacfef3ab [term 4 LEADER]: Becoming Leader. State: Replica: 65f3c1048470494d93f089bcacfef3ab, State: Running, Role: LEADER
I20260709 12:16:45.912731   420 raft_consensus.cc:2468] T 539d493e1b9c4e61b5ceff9f4b19300f P 49821a2eee404f56bcfa74c48dd9dbf0 [term 4 FOLLOWER]: Leader election vote request: Granting yes vote for candidate 65f3c1048470494d93f089bcacfef3ab in term 4.
I20260709 12:16:45.912918   583 raft_consensus.cc:1081] T f46ed3f440c3454a92e9c3bf31451e8f P 680ef01432c1416fbfd9e9702df7583f [term 2 LEADER]: Signalling peer 65f3c1048470494d93f089bcacfef3ab to start an election
I20260709 12:16:45.913565   589 consensus_queue.cc:237] T 539d493e1b9c4e61b5ceff9f4b19300f P 65f3c1048470494d93f089bcacfef3ab [LEADER]: Queue going to LEADER mode. State: All replicated index: 0, Majority replicated index: 3, Committed index: 3, Last appended: 3.3, Last appended by leader: 3, Current term: 4, Majority size: 2, State: 0, Mode: LEADER, active raft config: opid_index: -1 OBSOLETE_local: false peers { permanent_uuid: "65f3c1048470494d93f089bcacfef3ab" member_type: VOTER last_known_addr { host: "127.31.83.129" port: 38105 } } peers { permanent_uuid: "680ef01432c1416fbfd9e9702df7583f" member_type: VOTER last_known_addr { host: "127.31.83.130" port: 35739 } } peers { permanent_uuid: "49821a2eee404f56bcfa74c48dd9dbf0" member_type: VOTER last_known_addr { host: "127.31.83.131" port: 39913 } }
I20260709 12:16:45.914966 32736 tablet_service.cc:2044] Received Run Leader Election RPC: tablet_id: "f46ed3f440c3454a92e9c3bf31451e8f"
dest_uuid: "65f3c1048470494d93f089bcacfef3ab"
 from {username='slave'} at 127.0.0.1:53372
I20260709 12:16:45.915489 32736 raft_consensus.cc:493] T f46ed3f440c3454a92e9c3bf31451e8f P 65f3c1048470494d93f089bcacfef3ab [term 2 FOLLOWER]: Starting forced leader election (received explicit request)
I20260709 12:16:45.915864 32736 raft_consensus.cc:3060] T f46ed3f440c3454a92e9c3bf31451e8f P 65f3c1048470494d93f089bcacfef3ab [term 2 FOLLOWER]: Advancing to term 3
I20260709 12:16:45.921729 32736 raft_consensus.cc:515] T f46ed3f440c3454a92e9c3bf31451e8f P 65f3c1048470494d93f089bcacfef3ab [term 3 FOLLOWER]: Starting forced leader election with config: opid_index: -1 OBSOLETE_local: false peers { permanent_uuid: "65f3c1048470494d93f089bcacfef3ab" member_type: VOTER last_known_addr { host: "127.31.83.129" port: 38105 } } peers { permanent_uuid: "680ef01432c1416fbfd9e9702df7583f" member_type: VOTER last_known_addr { host: "127.31.83.130" port: 35739 } } peers { permanent_uuid: "49821a2eee404f56bcfa74c48dd9dbf0" member_type: VOTER last_known_addr { host: "127.31.83.131" port: 39913 } }
I20260709 12:16:45.921537 32637 catalog_manager.cc:5697] T 539d493e1b9c4e61b5ceff9f4b19300f P 65f3c1048470494d93f089bcacfef3ab reported cstate change: term changed from 3 to 4, leader changed from 49821a2eee404f56bcfa74c48dd9dbf0 (127.31.83.131) to 65f3c1048470494d93f089bcacfef3ab (127.31.83.129). New cstate: current_term: 4 leader_uuid: "65f3c1048470494d93f089bcacfef3ab" committed_config { opid_index: -1 OBSOLETE_local: false peers { permanent_uuid: "65f3c1048470494d93f089bcacfef3ab" member_type: VOTER last_known_addr { host: "127.31.83.129" port: 38105 } health_report { overall_health: HEALTHY } } peers { permanent_uuid: "680ef01432c1416fbfd9e9702df7583f" member_type: VOTER last_known_addr { host: "127.31.83.130" port: 35739 } health_report { overall_health: UNKNOWN } } peers { permanent_uuid: "49821a2eee404f56bcfa74c48dd9dbf0" member_type: VOTER last_known_addr { host: "127.31.83.131" port: 39913 } health_report { overall_health: UNKNOWN } } }
I20260709 12:16:45.923378 32736 leader_election.cc:290] T f46ed3f440c3454a92e9c3bf31451e8f P 65f3c1048470494d93f089bcacfef3ab [CANDIDATE]: Term 3 election: Requested vote from peers 680ef01432c1416fbfd9e9702df7583f (127.31.83.130:35739), 49821a2eee404f56bcfa74c48dd9dbf0 (127.31.83.131:39913)
I20260709 12:16:45.924150   346 tablet_service.cc:1917] Received RequestConsensusVote() RPC: tablet_id: "f46ed3f440c3454a92e9c3bf31451e8f" candidate_uuid: "65f3c1048470494d93f089bcacfef3ab" candidate_term: 3 candidate_status { last_received { term: 2 index: 2 } } ignore_live_leader: true dest_uuid: "680ef01432c1416fbfd9e9702df7583f"
I20260709 12:16:45.924347   420 tablet_service.cc:1917] Received RequestConsensusVote() RPC: tablet_id: "f46ed3f440c3454a92e9c3bf31451e8f" candidate_uuid: "65f3c1048470494d93f089bcacfef3ab" candidate_term: 3 candidate_status { last_received { term: 2 index: 2 } } ignore_live_leader: true dest_uuid: "49821a2eee404f56bcfa74c48dd9dbf0"
I20260709 12:16:45.924640   346 raft_consensus.cc:3055] T f46ed3f440c3454a92e9c3bf31451e8f P 680ef01432c1416fbfd9e9702df7583f [term 2 LEADER]: Stepping down as leader of term 2
I20260709 12:16:45.924963   420 raft_consensus.cc:3060] T f46ed3f440c3454a92e9c3bf31451e8f P 49821a2eee404f56bcfa74c48dd9dbf0 [term 2 FOLLOWER]: Advancing to term 3
I20260709 12:16:45.924973   346 raft_consensus.cc:740] T f46ed3f440c3454a92e9c3bf31451e8f P 680ef01432c1416fbfd9e9702df7583f [term 2 LEADER]: Becoming Follower/Learner. State: Replica: 680ef01432c1416fbfd9e9702df7583f, State: Running, Role: LEADER
I20260709 12:16:45.925961   346 consensus_queue.cc:260] T f46ed3f440c3454a92e9c3bf31451e8f P 680ef01432c1416fbfd9e9702df7583f [NON_LEADER]: Queue going to NON_LEADER mode. State: All replicated index: 0, Majority replicated index: 2, Committed index: 2, Last appended: 2.2, Last appended by leader: 2, Current term: 2, Majority size: -1, State: 0, Mode: NON_LEADER, active raft config: opid_index: -1 OBSOLETE_local: false peers { permanent_uuid: "65f3c1048470494d93f089bcacfef3ab" member_type: VOTER last_known_addr { host: "127.31.83.129" port: 38105 } } peers { permanent_uuid: "680ef01432c1416fbfd9e9702df7583f" member_type: VOTER last_known_addr { host: "127.31.83.130" port: 35739 } } peers { permanent_uuid: "49821a2eee404f56bcfa74c48dd9dbf0" member_type: VOTER last_known_addr { host: "127.31.83.131" port: 39913 } }
I20260709 12:16:45.927109   346 raft_consensus.cc:3060] T f46ed3f440c3454a92e9c3bf31451e8f P 680ef01432c1416fbfd9e9702df7583f [term 2 FOLLOWER]: Advancing to term 3
I20260709 12:16:45.930452   420 raft_consensus.cc:2468] T f46ed3f440c3454a92e9c3bf31451e8f P 49821a2eee404f56bcfa74c48dd9dbf0 [term 3 FOLLOWER]: Leader election vote request: Granting yes vote for candidate 65f3c1048470494d93f089bcacfef3ab in term 3.
I20260709 12:16:45.931401 32702 leader_election.cc:304] T f46ed3f440c3454a92e9c3bf31451e8f P 65f3c1048470494d93f089bcacfef3ab [CANDIDATE]: Term 3 election: Election decided. Result: candidate won. Election summary: received 2 responses out of 3 voters: 2 yes votes; 0 no votes. yes voters: 49821a2eee404f56bcfa74c48dd9dbf0, 65f3c1048470494d93f089bcacfef3ab; no voters: 
I20260709 12:16:45.932022   589 raft_consensus.cc:2804] T f46ed3f440c3454a92e9c3bf31451e8f P 65f3c1048470494d93f089bcacfef3ab [term 3 FOLLOWER]: Leader election won for term 3
I20260709 12:16:45.932256   346 raft_consensus.cc:2468] T f46ed3f440c3454a92e9c3bf31451e8f P 680ef01432c1416fbfd9e9702df7583f [term 3 FOLLOWER]: Leader election vote request: Granting yes vote for candidate 65f3c1048470494d93f089bcacfef3ab in term 3.
I20260709 12:16:45.932415   589 raft_consensus.cc:697] T f46ed3f440c3454a92e9c3bf31451e8f P 65f3c1048470494d93f089bcacfef3ab [term 3 LEADER]: Becoming Leader. State: Replica: 65f3c1048470494d93f089bcacfef3ab, State: Running, Role: LEADER
I20260709 12:16:45.933738   589 consensus_queue.cc:237] T f46ed3f440c3454a92e9c3bf31451e8f P 65f3c1048470494d93f089bcacfef3ab [LEADER]: Queue going to LEADER mode. State: All replicated index: 0, Majority replicated index: 2, Committed index: 2, Last appended: 2.2, Last appended by leader: 2, Current term: 3, Majority size: 2, State: 0, Mode: LEADER, active raft config: opid_index: -1 OBSOLETE_local: false peers { permanent_uuid: "65f3c1048470494d93f089bcacfef3ab" member_type: VOTER last_known_addr { host: "127.31.83.129" port: 38105 } } peers { permanent_uuid: "680ef01432c1416fbfd9e9702df7583f" member_type: VOTER last_known_addr { host: "127.31.83.130" port: 35739 } } peers { permanent_uuid: "49821a2eee404f56bcfa74c48dd9dbf0" member_type: VOTER last_known_addr { host: "127.31.83.131" port: 39913 } }
I20260709 12:16:45.940724 32637 catalog_manager.cc:5697] T f46ed3f440c3454a92e9c3bf31451e8f P 65f3c1048470494d93f089bcacfef3ab reported cstate change: term changed from 2 to 3, leader changed from 680ef01432c1416fbfd9e9702df7583f (127.31.83.130) to 65f3c1048470494d93f089bcacfef3ab (127.31.83.129). New cstate: current_term: 3 leader_uuid: "65f3c1048470494d93f089bcacfef3ab" committed_config { opid_index: -1 OBSOLETE_local: false peers { permanent_uuid: "65f3c1048470494d93f089bcacfef3ab" member_type: VOTER last_known_addr { host: "127.31.83.129" port: 38105 } health_report { overall_health: HEALTHY } } peers { permanent_uuid: "680ef01432c1416fbfd9e9702df7583f" member_type: VOTER last_known_addr { host: "127.31.83.130" port: 35739 } health_report { overall_health: UNKNOWN } } peers { permanent_uuid: "49821a2eee404f56bcfa74c48dd9dbf0" member_type: VOTER last_known_addr { host: "127.31.83.131" port: 39913 } health_report { overall_health: UNKNOWN } } }
I20260709 12:16:45.965924   598 raft_consensus.cc:993] T aa4c77faf2fe4af8b9d703ccbbb42e26 P 680ef01432c1416fbfd9e9702df7583f: : Instructing follower 65f3c1048470494d93f089bcacfef3ab to start an election
I20260709 12:16:45.966398   583 raft_consensus.cc:1081] T aa4c77faf2fe4af8b9d703ccbbb42e26 P 680ef01432c1416fbfd9e9702df7583f [term 1 LEADER]: Signalling peer 65f3c1048470494d93f089bcacfef3ab to start an election
I20260709 12:16:45.967756 32736 tablet_service.cc:2044] Received Run Leader Election RPC: tablet_id: "aa4c77faf2fe4af8b9d703ccbbb42e26"
dest_uuid: "65f3c1048470494d93f089bcacfef3ab"
 from {username='slave'} at 127.0.0.1:53372
I20260709 12:16:45.968369 32736 raft_consensus.cc:493] T aa4c77faf2fe4af8b9d703ccbbb42e26 P 65f3c1048470494d93f089bcacfef3ab [term 1 FOLLOWER]: Starting forced leader election (received explicit request)
I20260709 12:16:45.968838 32736 raft_consensus.cc:3060] T aa4c77faf2fe4af8b9d703ccbbb42e26 P 65f3c1048470494d93f089bcacfef3ab [term 1 FOLLOWER]: Advancing to term 2
I20260709 12:16:45.974390 32736 raft_consensus.cc:515] T aa4c77faf2fe4af8b9d703ccbbb42e26 P 65f3c1048470494d93f089bcacfef3ab [term 2 FOLLOWER]: Starting forced leader election with config: opid_index: -1 OBSOLETE_local: false peers { permanent_uuid: "65f3c1048470494d93f089bcacfef3ab" member_type: VOTER last_known_addr { host: "127.31.83.129" port: 38105 } } peers { permanent_uuid: "680ef01432c1416fbfd9e9702df7583f" member_type: VOTER last_known_addr { host: "127.31.83.130" port: 35739 } } peers { permanent_uuid: "49821a2eee404f56bcfa74c48dd9dbf0" member_type: VOTER last_known_addr { host: "127.31.83.131" port: 39913 } }
I20260709 12:16:45.975962 32736 leader_election.cc:290] T aa4c77faf2fe4af8b9d703ccbbb42e26 P 65f3c1048470494d93f089bcacfef3ab [CANDIDATE]: Term 2 election: Requested vote from peers 680ef01432c1416fbfd9e9702df7583f (127.31.83.130:35739), 49821a2eee404f56bcfa74c48dd9dbf0 (127.31.83.131:39913)
I20260709 12:16:45.976893   346 tablet_service.cc:1917] Received RequestConsensusVote() RPC: tablet_id: "aa4c77faf2fe4af8b9d703ccbbb42e26" candidate_uuid: "65f3c1048470494d93f089bcacfef3ab" candidate_term: 2 candidate_status { last_received { term: 1 index: 1 } } ignore_live_leader: true dest_uuid: "680ef01432c1416fbfd9e9702df7583f"
I20260709 12:16:45.976962   420 tablet_service.cc:1917] Received RequestConsensusVote() RPC: tablet_id: "aa4c77faf2fe4af8b9d703ccbbb42e26" candidate_uuid: "65f3c1048470494d93f089bcacfef3ab" candidate_term: 2 candidate_status { last_received { term: 1 index: 1 } } ignore_live_leader: true dest_uuid: "49821a2eee404f56bcfa74c48dd9dbf0"
I20260709 12:16:45.977528   346 raft_consensus.cc:3055] T aa4c77faf2fe4af8b9d703ccbbb42e26 P 680ef01432c1416fbfd9e9702df7583f [term 1 LEADER]: Stepping down as leader of term 1
I20260709 12:16:45.977659   420 raft_consensus.cc:3060] T aa4c77faf2fe4af8b9d703ccbbb42e26 P 49821a2eee404f56bcfa74c48dd9dbf0 [term 1 FOLLOWER]: Advancing to term 2
I20260709 12:16:45.977859   346 raft_consensus.cc:740] T aa4c77faf2fe4af8b9d703ccbbb42e26 P 680ef01432c1416fbfd9e9702df7583f [term 1 LEADER]: Becoming Follower/Learner. State: Replica: 680ef01432c1416fbfd9e9702df7583f, State: Running, Role: LEADER
I20260709 12:16:45.978600   346 consensus_queue.cc:260] T aa4c77faf2fe4af8b9d703ccbbb42e26 P 680ef01432c1416fbfd9e9702df7583f [NON_LEADER]: Queue going to NON_LEADER mode. State: All replicated index: 0, Majority replicated index: 1, Committed index: 1, Last appended: 1.1, Last appended by leader: 1, Current term: 1, Majority size: -1, State: 0, Mode: NON_LEADER, active raft config: opid_index: -1 OBSOLETE_local: false peers { permanent_uuid: "65f3c1048470494d93f089bcacfef3ab" member_type: VOTER last_known_addr { host: "127.31.83.129" port: 38105 } } peers { permanent_uuid: "680ef01432c1416fbfd9e9702df7583f" member_type: VOTER last_known_addr { host: "127.31.83.130" port: 35739 } } peers { permanent_uuid: "49821a2eee404f56bcfa74c48dd9dbf0" member_type: VOTER last_known_addr { host: "127.31.83.131" port: 39913 } }
I20260709 12:16:45.979461   346 raft_consensus.cc:3060] T aa4c77faf2fe4af8b9d703ccbbb42e26 P 680ef01432c1416fbfd9e9702df7583f [term 1 FOLLOWER]: Advancing to term 2
I20260709 12:16:45.982625   420 raft_consensus.cc:2468] T aa4c77faf2fe4af8b9d703ccbbb42e26 P 49821a2eee404f56bcfa74c48dd9dbf0 [term 2 FOLLOWER]: Leader election vote request: Granting yes vote for candidate 65f3c1048470494d93f089bcacfef3ab in term 2.
I20260709 12:16:45.983613 32702 leader_election.cc:304] T aa4c77faf2fe4af8b9d703ccbbb42e26 P 65f3c1048470494d93f089bcacfef3ab [CANDIDATE]: Term 2 election: Election decided. Result: candidate won. Election summary: received 2 responses out of 3 voters: 2 yes votes; 0 no votes. yes voters: 49821a2eee404f56bcfa74c48dd9dbf0, 65f3c1048470494d93f089bcacfef3ab; no voters: 
I20260709 12:16:45.983672   346 raft_consensus.cc:2468] T aa4c77faf2fe4af8b9d703ccbbb42e26 P 680ef01432c1416fbfd9e9702df7583f [term 2 FOLLOWER]: Leader election vote request: Granting yes vote for candidate 65f3c1048470494d93f089bcacfef3ab in term 2.
I20260709 12:16:45.984465   589 raft_consensus.cc:2804] T aa4c77faf2fe4af8b9d703ccbbb42e26 P 65f3c1048470494d93f089bcacfef3ab [term 2 FOLLOWER]: Leader election won for term 2
I20260709 12:16:45.984956   589 raft_consensus.cc:697] T aa4c77faf2fe4af8b9d703ccbbb42e26 P 65f3c1048470494d93f089bcacfef3ab [term 2 LEADER]: Becoming Leader. State: Replica: 65f3c1048470494d93f089bcacfef3ab, State: Running, Role: LEADER
I20260709 12:16:45.985791   589 consensus_queue.cc:237] T aa4c77faf2fe4af8b9d703ccbbb42e26 P 65f3c1048470494d93f089bcacfef3ab [LEADER]: Queue going to LEADER mode. State: All replicated index: 0, Majority replicated index: 1, Committed index: 1, Last appended: 1.1, Last appended by leader: 1, Current term: 2, Majority size: 2, State: 0, Mode: LEADER, active raft config: opid_index: -1 OBSOLETE_local: false peers { permanent_uuid: "65f3c1048470494d93f089bcacfef3ab" member_type: VOTER last_known_addr { host: "127.31.83.129" port: 38105 } } peers { permanent_uuid: "680ef01432c1416fbfd9e9702df7583f" member_type: VOTER last_known_addr { host: "127.31.83.130" port: 35739 } } peers { permanent_uuid: "49821a2eee404f56bcfa74c48dd9dbf0" member_type: VOTER last_known_addr { host: "127.31.83.131" port: 39913 } }
I20260709 12:16:45.993304 32637 catalog_manager.cc:5697] T aa4c77faf2fe4af8b9d703ccbbb42e26 P 65f3c1048470494d93f089bcacfef3ab reported cstate change: term changed from 1 to 2, leader changed from 680ef01432c1416fbfd9e9702df7583f (127.31.83.130) to 65f3c1048470494d93f089bcacfef3ab (127.31.83.129). New cstate: current_term: 2 leader_uuid: "65f3c1048470494d93f089bcacfef3ab" committed_config { opid_index: -1 OBSOLETE_local: false peers { permanent_uuid: "65f3c1048470494d93f089bcacfef3ab" member_type: VOTER last_known_addr { host: "127.31.83.129" port: 38105 } health_report { overall_health: HEALTHY } } peers { permanent_uuid: "680ef01432c1416fbfd9e9702df7583f" member_type: VOTER last_known_addr { host: "127.31.83.130" port: 35739 } health_report { overall_health: UNKNOWN } } peers { permanent_uuid: "49821a2eee404f56bcfa74c48dd9dbf0" member_type: VOTER last_known_addr { host: "127.31.83.131" port: 39913 } health_report { overall_health: UNKNOWN } } }
I20260709 12:16:46.162592   420 raft_consensus.cc:1275] T b94f3cbaf80746e6a968e497cd86b7fd P 49821a2eee404f56bcfa74c48dd9dbf0 [term 4 FOLLOWER]: Refusing update from remote peer 65f3c1048470494d93f089bcacfef3ab: Log matching property violated. Preceding OpId in replica: term: 3 index: 3. Preceding OpId from leader: term: 4 index: 4. (index mismatch)
I20260709 12:16:46.163750   589 consensus_queue.cc:1048] T b94f3cbaf80746e6a968e497cd86b7fd P 65f3c1048470494d93f089bcacfef3ab [LEADER]: Connected to new peer: Peer: permanent_uuid: "49821a2eee404f56bcfa74c48dd9dbf0" member_type: VOTER last_known_addr { host: "127.31.83.131" port: 39913 }, Status: LMP_MISMATCH, Last received: 0.0, Next index: 4, Last known committed idx: 3, Time since last communication: 0.000s
I20260709 12:16:46.174074   346 raft_consensus.cc:1275] T b94f3cbaf80746e6a968e497cd86b7fd P 680ef01432c1416fbfd9e9702df7583f [term 4 FOLLOWER]: Refusing update from remote peer 65f3c1048470494d93f089bcacfef3ab: Log matching property violated. Preceding OpId in replica: term: 3 index: 3. Preceding OpId from leader: term: 4 index: 4. (index mismatch)
I20260709 12:16:46.175429   589 consensus_queue.cc:1048] T b94f3cbaf80746e6a968e497cd86b7fd P 65f3c1048470494d93f089bcacfef3ab [LEADER]: Connected to new peer: Peer: permanent_uuid: "680ef01432c1416fbfd9e9702df7583f" member_type: VOTER last_known_addr { host: "127.31.83.130" port: 35739 }, Status: LMP_MISMATCH, Last received: 0.0, Next index: 4, Last known committed idx: 3, Time since last communication: 0.000s
I20260709 12:16:46.316087   420 raft_consensus.cc:1275] T fbd1b5705c17408fafe8028003be9664 P 49821a2eee404f56bcfa74c48dd9dbf0 [term 2 FOLLOWER]: Refusing update from remote peer 65f3c1048470494d93f089bcacfef3ab: Log matching property violated. Preceding OpId in replica: term: 1 index: 1. Preceding OpId from leader: term: 2 index: 2. (index mismatch)
I20260709 12:16:46.317188   589 consensus_queue.cc:1048] T fbd1b5705c17408fafe8028003be9664 P 65f3c1048470494d93f089bcacfef3ab [LEADER]: Connected to new peer: Peer: permanent_uuid: "49821a2eee404f56bcfa74c48dd9dbf0" member_type: VOTER last_known_addr { host: "127.31.83.131" port: 39913 }, Status: LMP_MISMATCH, Last received: 0.0, Next index: 2, Last known committed idx: 1, Time since last communication: 0.000s
I20260709 12:16:46.327018   346 raft_consensus.cc:1275] T fbd1b5705c17408fafe8028003be9664 P 680ef01432c1416fbfd9e9702df7583f [term 2 FOLLOWER]: Refusing update from remote peer 65f3c1048470494d93f089bcacfef3ab: Log matching property violated. Preceding OpId in replica: term: 1 index: 1. Preceding OpId from leader: term: 2 index: 2. (index mismatch)
I20260709 12:16:46.328678   610 consensus_queue.cc:1048] T fbd1b5705c17408fafe8028003be9664 P 65f3c1048470494d93f089bcacfef3ab [LEADER]: Connected to new peer: Peer: permanent_uuid: "680ef01432c1416fbfd9e9702df7583f" member_type: VOTER last_known_addr { host: "127.31.83.130" port: 35739 }, Status: LMP_MISMATCH, Last received: 0.0, Next index: 2, Last known committed idx: 1, Time since last communication: 0.001s
I20260709 12:16:46.352319   346 raft_consensus.cc:1275] T 539d493e1b9c4e61b5ceff9f4b19300f P 680ef01432c1416fbfd9e9702df7583f [term 4 FOLLOWER]: Refusing update from remote peer 65f3c1048470494d93f089bcacfef3ab: Log matching property violated. Preceding OpId in replica: term: 3 index: 3. Preceding OpId from leader: term: 4 index: 4. (index mismatch)
I20260709 12:16:46.353696   346 raft_consensus.cc:1275] T f46ed3f440c3454a92e9c3bf31451e8f P 680ef01432c1416fbfd9e9702df7583f [term 3 FOLLOWER]: Refusing update from remote peer 65f3c1048470494d93f089bcacfef3ab: Log matching property violated. Preceding OpId in replica: term: 2 index: 2. Preceding OpId from leader: term: 3 index: 3. (index mismatch)
I20260709 12:16:46.353615   610 consensus_queue.cc:1048] T 539d493e1b9c4e61b5ceff9f4b19300f P 65f3c1048470494d93f089bcacfef3ab [LEADER]: Connected to new peer: Peer: permanent_uuid: "680ef01432c1416fbfd9e9702df7583f" member_type: VOTER last_known_addr { host: "127.31.83.130" port: 35739 }, Status: LMP_MISMATCH, Last received: 0.0, Next index: 4, Last known committed idx: 3, Time since last communication: 0.000s
I20260709 12:16:46.355002   589 consensus_queue.cc:1048] T f46ed3f440c3454a92e9c3bf31451e8f P 65f3c1048470494d93f089bcacfef3ab [LEADER]: Connected to new peer: Peer: permanent_uuid: "680ef01432c1416fbfd9e9702df7583f" member_type: VOTER last_known_addr { host: "127.31.83.130" port: 35739 }, Status: LMP_MISMATCH, Last received: 0.0, Next index: 3, Last known committed idx: 2, Time since last communication: 0.000s
I20260709 12:16:46.363557   420 raft_consensus.cc:1275] T 539d493e1b9c4e61b5ceff9f4b19300f P 49821a2eee404f56bcfa74c48dd9dbf0 [term 4 FOLLOWER]: Refusing update from remote peer 65f3c1048470494d93f089bcacfef3ab: Log matching property violated. Preceding OpId in replica: term: 3 index: 3. Preceding OpId from leader: term: 4 index: 4. (index mismatch)
I20260709 12:16:46.365257   609 consensus_queue.cc:1048] T 539d493e1b9c4e61b5ceff9f4b19300f P 65f3c1048470494d93f089bcacfef3ab [LEADER]: Connected to new peer: Peer: permanent_uuid: "49821a2eee404f56bcfa74c48dd9dbf0" member_type: VOTER last_known_addr { host: "127.31.83.131" port: 39913 }, Status: LMP_MISMATCH, Last received: 0.0, Next index: 4, Last known committed idx: 3, Time since last communication: 0.001s
I20260709 12:16:46.373148   419 raft_consensus.cc:1275] T f46ed3f440c3454a92e9c3bf31451e8f P 49821a2eee404f56bcfa74c48dd9dbf0 [term 3 FOLLOWER]: Refusing update from remote peer 65f3c1048470494d93f089bcacfef3ab: Log matching property violated. Preceding OpId in replica: term: 2 index: 2. Preceding OpId from leader: term: 3 index: 3. (index mismatch)
I20260709 12:16:46.375113   418 raft_consensus.cc:1275] T aa4c77faf2fe4af8b9d703ccbbb42e26 P 49821a2eee404f56bcfa74c48dd9dbf0 [term 2 FOLLOWER]: Refusing update from remote peer 65f3c1048470494d93f089bcacfef3ab: Log matching property violated. Preceding OpId in replica: term: 1 index: 1. Preceding OpId from leader: term: 2 index: 2. (index mismatch)
I20260709 12:16:46.374926   589 consensus_queue.cc:1048] T f46ed3f440c3454a92e9c3bf31451e8f P 65f3c1048470494d93f089bcacfef3ab [LEADER]: Connected to new peer: Peer: permanent_uuid: "49821a2eee404f56bcfa74c48dd9dbf0" member_type: VOTER last_known_addr { host: "127.31.83.131" port: 39913 }, Status: LMP_MISMATCH, Last received: 0.0, Next index: 3, Last known committed idx: 2, Time since last communication: 0.000s
I20260709 12:16:46.376655   609 consensus_queue.cc:1048] T aa4c77faf2fe4af8b9d703ccbbb42e26 P 65f3c1048470494d93f089bcacfef3ab [LEADER]: Connected to new peer: Peer: permanent_uuid: "49821a2eee404f56bcfa74c48dd9dbf0" member_type: VOTER last_known_addr { host: "127.31.83.131" port: 39913 }, Status: LMP_MISMATCH, Last received: 0.0, Next index: 2, Last known committed idx: 1, Time since last communication: 0.000s
I20260709 12:16:46.396687   344 raft_consensus.cc:1275] T aa4c77faf2fe4af8b9d703ccbbb42e26 P 680ef01432c1416fbfd9e9702df7583f [term 2 FOLLOWER]: Refusing update from remote peer 65f3c1048470494d93f089bcacfef3ab: Log matching property violated. Preceding OpId in replica: term: 1 index: 1. Preceding OpId from leader: term: 2 index: 2. (index mismatch)
I20260709 12:16:46.398808   610 consensus_queue.cc:1048] T aa4c77faf2fe4af8b9d703ccbbb42e26 P 65f3c1048470494d93f089bcacfef3ab [LEADER]: Connected to new peer: Peer: permanent_uuid: "680ef01432c1416fbfd9e9702df7583f" member_type: VOTER last_known_addr { host: "127.31.83.130" port: 35739 }, Status: LMP_MISMATCH, Last received: 0.0, Next index: 2, Last known committed idx: 1, Time since last communication: 0.000s
I20260709 12:16:48.718170 32078 auto_leader_rebalancer-test.cc:399] The leader distribution is 
I20260709 12:16:48.718786 32078 auto_leader_rebalancer.cc:141] leader rebalance for table test-workload
I20260709 12:16:48.725555 32736 tablet_service.cc:2072] Received LeaderStepDown RPC: tablet_id: "539d493e1b9c4e61b5ceff9f4b19300f"
dest_uuid: "65f3c1048470494d93f089bcacfef3ab"
mode: GRACEFUL
new_leader_uuid: "680ef01432c1416fbfd9e9702df7583f"
 from {username='slave'} at 127.0.0.1:53388
I20260709 12:16:48.726100 32736 raft_consensus.cc:606] T 539d493e1b9c4e61b5ceff9f4b19300f P 65f3c1048470494d93f089bcacfef3ab [term 4 LEADER]: Received request to transfer leadership to TS 680ef01432c1416fbfd9e9702df7583f
I20260709 12:16:48.728417 32736 tablet_service.cc:2072] Received LeaderStepDown RPC: tablet_id: "5895d67de936400b89e0eb721eee715e"
dest_uuid: "65f3c1048470494d93f089bcacfef3ab"
mode: GRACEFUL
new_leader_uuid: "680ef01432c1416fbfd9e9702df7583f"
 from {username='slave'} at 127.0.0.1:53388
I20260709 12:16:48.728864 32736 raft_consensus.cc:606] T 5895d67de936400b89e0eb721eee715e P 65f3c1048470494d93f089bcacfef3ab [term 1 LEADER]: Received request to transfer leadership to TS 680ef01432c1416fbfd9e9702df7583f
I20260709 12:16:48.730870 32736 tablet_service.cc:2072] Received LeaderStepDown RPC: tablet_id: "d7eff33666904cabb2d0e4efb357cdc2"
dest_uuid: "65f3c1048470494d93f089bcacfef3ab"
mode: GRACEFUL
new_leader_uuid: "49821a2eee404f56bcfa74c48dd9dbf0"
 from {username='slave'} at 127.0.0.1:53388
I20260709 12:16:48.731323 32736 raft_consensus.cc:606] T d7eff33666904cabb2d0e4efb357cdc2 P 65f3c1048470494d93f089bcacfef3ab [term 2 LEADER]: Received request to transfer leadership to TS 49821a2eee404f56bcfa74c48dd9dbf0
I20260709 12:16:48.733255 32736 tablet_service.cc:2072] Received LeaderStepDown RPC: tablet_id: "fbd1b5705c17408fafe8028003be9664"
dest_uuid: "65f3c1048470494d93f089bcacfef3ab"
mode: GRACEFUL
new_leader_uuid: "49821a2eee404f56bcfa74c48dd9dbf0"
 from {username='slave'} at 127.0.0.1:53388
I20260709 12:16:48.733765 32736 raft_consensus.cc:606] T fbd1b5705c17408fafe8028003be9664 P 65f3c1048470494d93f089bcacfef3ab [term 2 LEADER]: Received request to transfer leadership to TS 49821a2eee404f56bcfa74c48dd9dbf0
I20260709 12:16:48.734848 32078 auto_leader_rebalancer.cc:440] table: test-workload, leader rebalance finish, leader transfer count: 4
I20260709 12:16:48.735348 32078 auto_leader_rebalancer.cc:515] All tables' leader rebalancing finished this round
I20260709 12:16:48.762275   618 raft_consensus.cc:993] T 539d493e1b9c4e61b5ceff9f4b19300f P 65f3c1048470494d93f089bcacfef3ab: : Instructing follower 680ef01432c1416fbfd9e9702df7583f to start an election
I20260709 12:16:48.762782   610 raft_consensus.cc:1081] T 539d493e1b9c4e61b5ceff9f4b19300f P 65f3c1048470494d93f089bcacfef3ab [term 4 LEADER]: Signalling peer 680ef01432c1416fbfd9e9702df7583f to start an election
I20260709 12:16:48.764259   346 tablet_service.cc:2044] Received Run Leader Election RPC: tablet_id: "539d493e1b9c4e61b5ceff9f4b19300f"
dest_uuid: "680ef01432c1416fbfd9e9702df7583f"
 from {username='slave'} at 127.0.0.1:46052
I20260709 12:16:48.764693   346 raft_consensus.cc:493] T 539d493e1b9c4e61b5ceff9f4b19300f P 680ef01432c1416fbfd9e9702df7583f [term 4 FOLLOWER]: Starting forced leader election (received explicit request)
I20260709 12:16:48.764953   346 raft_consensus.cc:3060] T 539d493e1b9c4e61b5ceff9f4b19300f P 680ef01432c1416fbfd9e9702df7583f [term 4 FOLLOWER]: Advancing to term 5
I20260709 12:16:48.769345   346 raft_consensus.cc:515] T 539d493e1b9c4e61b5ceff9f4b19300f P 680ef01432c1416fbfd9e9702df7583f [term 5 FOLLOWER]: Starting forced leader election with config: opid_index: -1 OBSOLETE_local: false peers { permanent_uuid: "65f3c1048470494d93f089bcacfef3ab" member_type: VOTER last_known_addr { host: "127.31.83.129" port: 38105 } } peers { permanent_uuid: "680ef01432c1416fbfd9e9702df7583f" member_type: VOTER last_known_addr { host: "127.31.83.130" port: 35739 } } peers { permanent_uuid: "49821a2eee404f56bcfa74c48dd9dbf0" member_type: VOTER last_known_addr { host: "127.31.83.131" port: 39913 } }
I20260709 12:16:48.771329   346 leader_election.cc:290] T 539d493e1b9c4e61b5ceff9f4b19300f P 680ef01432c1416fbfd9e9702df7583f [CANDIDATE]: Term 5 election: Requested vote from peers 65f3c1048470494d93f089bcacfef3ab (127.31.83.129:38105), 49821a2eee404f56bcfa74c48dd9dbf0 (127.31.83.131:39913)
I20260709 12:16:48.771937 32736 tablet_service.cc:1917] Received RequestConsensusVote() RPC: tablet_id: "539d493e1b9c4e61b5ceff9f4b19300f" candidate_uuid: "680ef01432c1416fbfd9e9702df7583f" candidate_term: 5 candidate_status { last_received { term: 4 index: 4 } } ignore_live_leader: true dest_uuid: "65f3c1048470494d93f089bcacfef3ab"
I20260709 12:16:48.772209   420 tablet_service.cc:1917] Received RequestConsensusVote() RPC: tablet_id: "539d493e1b9c4e61b5ceff9f4b19300f" candidate_uuid: "680ef01432c1416fbfd9e9702df7583f" candidate_term: 5 candidate_status { last_received { term: 4 index: 4 } } ignore_live_leader: true dest_uuid: "49821a2eee404f56bcfa74c48dd9dbf0"
I20260709 12:16:48.772718 32736 raft_consensus.cc:3055] T 539d493e1b9c4e61b5ceff9f4b19300f P 65f3c1048470494d93f089bcacfef3ab [term 4 LEADER]: Stepping down as leader of term 4
I20260709 12:16:48.772758   420 raft_consensus.cc:3060] T 539d493e1b9c4e61b5ceff9f4b19300f P 49821a2eee404f56bcfa74c48dd9dbf0 [term 4 FOLLOWER]: Advancing to term 5
I20260709 12:16:48.773114 32736 raft_consensus.cc:740] T 539d493e1b9c4e61b5ceff9f4b19300f P 65f3c1048470494d93f089bcacfef3ab [term 4 LEADER]: Becoming Follower/Learner. State: Replica: 65f3c1048470494d93f089bcacfef3ab, State: Running, Role: LEADER
I20260709 12:16:48.773798 32736 consensus_queue.cc:260] T 539d493e1b9c4e61b5ceff9f4b19300f P 65f3c1048470494d93f089bcacfef3ab [NON_LEADER]: Queue going to NON_LEADER mode. State: All replicated index: 0, Majority replicated index: 4, Committed index: 4, Last appended: 4.4, Last appended by leader: 4, Current term: 4, Majority size: -1, State: 0, Mode: NON_LEADER, active raft config: opid_index: -1 OBSOLETE_local: false peers { permanent_uuid: "65f3c1048470494d93f089bcacfef3ab" member_type: VOTER last_known_addr { host: "127.31.83.129" port: 38105 } } peers { permanent_uuid: "680ef01432c1416fbfd9e9702df7583f" member_type: VOTER last_known_addr { host: "127.31.83.130" port: 35739 } } peers { permanent_uuid: "49821a2eee404f56bcfa74c48dd9dbf0" member_type: VOTER last_known_addr { host: "127.31.83.131" port: 39913 } }
I20260709 12:16:48.774628 32736 raft_consensus.cc:3060] T 539d493e1b9c4e61b5ceff9f4b19300f P 65f3c1048470494d93f089bcacfef3ab [term 4 FOLLOWER]: Advancing to term 5
I20260709 12:16:48.777254   420 raft_consensus.cc:2468] T 539d493e1b9c4e61b5ceff9f4b19300f P 49821a2eee404f56bcfa74c48dd9dbf0 [term 5 FOLLOWER]: Leader election vote request: Granting yes vote for candidate 680ef01432c1416fbfd9e9702df7583f in term 5.
I20260709 12:16:48.778419   309 leader_election.cc:304] T 539d493e1b9c4e61b5ceff9f4b19300f P 680ef01432c1416fbfd9e9702df7583f [CANDIDATE]: Term 5 election: Election decided. Result: candidate won. Election summary: received 2 responses out of 3 voters: 2 yes votes; 0 no votes. yes voters: 49821a2eee404f56bcfa74c48dd9dbf0, 680ef01432c1416fbfd9e9702df7583f; no voters: 
I20260709 12:16:48.778784 32736 raft_consensus.cc:2468] T 539d493e1b9c4e61b5ceff9f4b19300f P 65f3c1048470494d93f089bcacfef3ab [term 5 FOLLOWER]: Leader election vote request: Granting yes vote for candidate 680ef01432c1416fbfd9e9702df7583f in term 5.
I20260709 12:16:48.779017   583 raft_consensus.cc:2804] T 539d493e1b9c4e61b5ceff9f4b19300f P 680ef01432c1416fbfd9e9702df7583f [term 5 FOLLOWER]: Leader election won for term 5
I20260709 12:16:48.780009   583 raft_consensus.cc:697] T 539d493e1b9c4e61b5ceff9f4b19300f P 680ef01432c1416fbfd9e9702df7583f [term 5 LEADER]: Becoming Leader. State: Replica: 680ef01432c1416fbfd9e9702df7583f, State: Running, Role: LEADER
I20260709 12:16:48.780680   583 consensus_queue.cc:237] T 539d493e1b9c4e61b5ceff9f4b19300f P 680ef01432c1416fbfd9e9702df7583f [LEADER]: Queue going to LEADER mode. State: All replicated index: 0, Majority replicated index: 4, Committed index: 4, Last appended: 4.4, Last appended by leader: 4, Current term: 5, Majority size: 2, State: 0, Mode: LEADER, active raft config: opid_index: -1 OBSOLETE_local: false peers { permanent_uuid: "65f3c1048470494d93f089bcacfef3ab" member_type: VOTER last_known_addr { host: "127.31.83.129" port: 38105 } } peers { permanent_uuid: "680ef01432c1416fbfd9e9702df7583f" member_type: VOTER last_known_addr { host: "127.31.83.130" port: 35739 } } peers { permanent_uuid: "49821a2eee404f56bcfa74c48dd9dbf0" member_type: VOTER last_known_addr { host: "127.31.83.131" port: 39913 } }
I20260709 12:16:48.786736 32637 catalog_manager.cc:5697] T 539d493e1b9c4e61b5ceff9f4b19300f P 680ef01432c1416fbfd9e9702df7583f reported cstate change: term changed from 4 to 5, leader changed from 65f3c1048470494d93f089bcacfef3ab (127.31.83.129) to 680ef01432c1416fbfd9e9702df7583f (127.31.83.130). New cstate: current_term: 5 leader_uuid: "680ef01432c1416fbfd9e9702df7583f" committed_config { opid_index: -1 OBSOLETE_local: false peers { permanent_uuid: "65f3c1048470494d93f089bcacfef3ab" member_type: VOTER last_known_addr { host: "127.31.83.129" port: 38105 } health_report { overall_health: UNKNOWN } } peers { permanent_uuid: "680ef01432c1416fbfd9e9702df7583f" member_type: VOTER last_known_addr { host: "127.31.83.130" port: 35739 } health_report { overall_health: HEALTHY } } peers { permanent_uuid: "49821a2eee404f56bcfa74c48dd9dbf0" member_type: VOTER last_known_addr { host: "127.31.83.131" port: 39913 } health_report { overall_health: UNKNOWN } } }
I20260709 12:16:48.986945   618 raft_consensus.cc:993] T 5895d67de936400b89e0eb721eee715e P 65f3c1048470494d93f089bcacfef3ab: : Instructing follower 680ef01432c1416fbfd9e9702df7583f to start an election
I20260709 12:16:48.987455   610 raft_consensus.cc:1081] T 5895d67de936400b89e0eb721eee715e P 65f3c1048470494d93f089bcacfef3ab [term 1 LEADER]: Signalling peer 680ef01432c1416fbfd9e9702df7583f to start an election
I20260709 12:16:48.989060   346 tablet_service.cc:2044] Received Run Leader Election RPC: tablet_id: "5895d67de936400b89e0eb721eee715e"
dest_uuid: "680ef01432c1416fbfd9e9702df7583f"
 from {username='slave'} at 127.0.0.1:46052
I20260709 12:16:48.989619   346 raft_consensus.cc:493] T 5895d67de936400b89e0eb721eee715e P 680ef01432c1416fbfd9e9702df7583f [term 1 FOLLOWER]: Starting forced leader election (received explicit request)
I20260709 12:16:48.989959   346 raft_consensus.cc:3060] T 5895d67de936400b89e0eb721eee715e P 680ef01432c1416fbfd9e9702df7583f [term 1 FOLLOWER]: Advancing to term 2
I20260709 12:16:48.994660   346 raft_consensus.cc:515] T 5895d67de936400b89e0eb721eee715e P 680ef01432c1416fbfd9e9702df7583f [term 2 FOLLOWER]: Starting forced leader election with config: opid_index: -1 OBSOLETE_local: false peers { permanent_uuid: "65f3c1048470494d93f089bcacfef3ab" member_type: VOTER last_known_addr { host: "127.31.83.129" port: 38105 } } peers { permanent_uuid: "680ef01432c1416fbfd9e9702df7583f" member_type: VOTER last_known_addr { host: "127.31.83.130" port: 35739 } } peers { permanent_uuid: "49821a2eee404f56bcfa74c48dd9dbf0" member_type: VOTER last_known_addr { host: "127.31.83.131" port: 39913 } }
I20260709 12:16:48.996598   346 leader_election.cc:290] T 5895d67de936400b89e0eb721eee715e P 680ef01432c1416fbfd9e9702df7583f [CANDIDATE]: Term 2 election: Requested vote from peers 65f3c1048470494d93f089bcacfef3ab (127.31.83.129:38105), 49821a2eee404f56bcfa74c48dd9dbf0 (127.31.83.131:39913)
I20260709 12:16:48.997516 32736 tablet_service.cc:1917] Received RequestConsensusVote() RPC: tablet_id: "5895d67de936400b89e0eb721eee715e" candidate_uuid: "680ef01432c1416fbfd9e9702df7583f" candidate_term: 2 candidate_status { last_received { term: 1 index: 1 } } ignore_live_leader: true dest_uuid: "65f3c1048470494d93f089bcacfef3ab"
I20260709 12:16:48.998126 32736 raft_consensus.cc:3055] T 5895d67de936400b89e0eb721eee715e P 65f3c1048470494d93f089bcacfef3ab [term 1 LEADER]: Stepping down as leader of term 1
I20260709 12:16:48.997677   420 tablet_service.cc:1917] Received RequestConsensusVote() RPC: tablet_id: "5895d67de936400b89e0eb721eee715e" candidate_uuid: "680ef01432c1416fbfd9e9702df7583f" candidate_term: 2 candidate_status { last_received { term: 1 index: 1 } } ignore_live_leader: true dest_uuid: "49821a2eee404f56bcfa74c48dd9dbf0"
I20260709 12:16:48.998441 32736 raft_consensus.cc:740] T 5895d67de936400b89e0eb721eee715e P 65f3c1048470494d93f089bcacfef3ab [term 1 LEADER]: Becoming Follower/Learner. State: Replica: 65f3c1048470494d93f089bcacfef3ab, State: Running, Role: LEADER
I20260709 12:16:48.998632   420 raft_consensus.cc:3060] T 5895d67de936400b89e0eb721eee715e P 49821a2eee404f56bcfa74c48dd9dbf0 [term 1 FOLLOWER]: Advancing to term 2
I20260709 12:16:48.999287 32736 consensus_queue.cc:260] T 5895d67de936400b89e0eb721eee715e P 65f3c1048470494d93f089bcacfef3ab [NON_LEADER]: Queue going to NON_LEADER mode. State: All replicated index: 0, Majority replicated index: 1, Committed index: 1, Last appended: 1.1, Last appended by leader: 1, Current term: 1, Majority size: -1, State: 0, Mode: NON_LEADER, active raft config: opid_index: -1 OBSOLETE_local: false peers { permanent_uuid: "65f3c1048470494d93f089bcacfef3ab" member_type: VOTER last_known_addr { host: "127.31.83.129" port: 38105 } } peers { permanent_uuid: "680ef01432c1416fbfd9e9702df7583f" member_type: VOTER last_known_addr { host: "127.31.83.130" port: 35739 } } peers { permanent_uuid: "49821a2eee404f56bcfa74c48dd9dbf0" member_type: VOTER last_known_addr { host: "127.31.83.131" port: 39913 } }
I20260709 12:16:49.000496 32736 raft_consensus.cc:3060] T 5895d67de936400b89e0eb721eee715e P 65f3c1048470494d93f089bcacfef3ab [term 1 FOLLOWER]: Advancing to term 2
I20260709 12:16:49.005625   420 raft_consensus.cc:2468] T 5895d67de936400b89e0eb721eee715e P 49821a2eee404f56bcfa74c48dd9dbf0 [term 2 FOLLOWER]: Leader election vote request: Granting yes vote for candidate 680ef01432c1416fbfd9e9702df7583f in term 2.
I20260709 12:16:49.007210   309 leader_election.cc:304] T 5895d67de936400b89e0eb721eee715e P 680ef01432c1416fbfd9e9702df7583f [CANDIDATE]: Term 2 election: Election decided. Result: candidate won. Election summary: received 2 responses out of 3 voters: 2 yes votes; 0 no votes. yes voters: 49821a2eee404f56bcfa74c48dd9dbf0, 680ef01432c1416fbfd9e9702df7583f; no voters: 
I20260709 12:16:49.007267 32736 raft_consensus.cc:2468] T 5895d67de936400b89e0eb721eee715e P 65f3c1048470494d93f089bcacfef3ab [term 2 FOLLOWER]: Leader election vote request: Granting yes vote for candidate 680ef01432c1416fbfd9e9702df7583f in term 2.
I20260709 12:16:49.007987   583 raft_consensus.cc:2804] T 5895d67de936400b89e0eb721eee715e P 680ef01432c1416fbfd9e9702df7583f [term 2 FOLLOWER]: Leader election won for term 2
I20260709 12:16:49.008534   583 raft_consensus.cc:697] T 5895d67de936400b89e0eb721eee715e P 680ef01432c1416fbfd9e9702df7583f [term 2 LEADER]: Becoming Leader. State: Replica: 680ef01432c1416fbfd9e9702df7583f, State: Running, Role: LEADER
I20260709 12:16:49.009545   583 consensus_queue.cc:237] T 5895d67de936400b89e0eb721eee715e P 680ef01432c1416fbfd9e9702df7583f [LEADER]: Queue going to LEADER mode. State: All replicated index: 0, Majority replicated index: 1, Committed index: 1, Last appended: 1.1, Last appended by leader: 1, Current term: 2, Majority size: 2, State: 0, Mode: LEADER, active raft config: opid_index: -1 OBSOLETE_local: false peers { permanent_uuid: "65f3c1048470494d93f089bcacfef3ab" member_type: VOTER last_known_addr { host: "127.31.83.129" port: 38105 } } peers { permanent_uuid: "680ef01432c1416fbfd9e9702df7583f" member_type: VOTER last_known_addr { host: "127.31.83.130" port: 35739 } } peers { permanent_uuid: "49821a2eee404f56bcfa74c48dd9dbf0" member_type: VOTER last_known_addr { host: "127.31.83.131" port: 39913 } }
I20260709 12:16:49.017117 32637 catalog_manager.cc:5697] T 5895d67de936400b89e0eb721eee715e P 680ef01432c1416fbfd9e9702df7583f reported cstate change: term changed from 1 to 2, leader changed from 65f3c1048470494d93f089bcacfef3ab (127.31.83.129) to 680ef01432c1416fbfd9e9702df7583f (127.31.83.130). New cstate: current_term: 2 leader_uuid: "680ef01432c1416fbfd9e9702df7583f" committed_config { opid_index: -1 OBSOLETE_local: false peers { permanent_uuid: "65f3c1048470494d93f089bcacfef3ab" member_type: VOTER last_known_addr { host: "127.31.83.129" port: 38105 } health_report { overall_health: UNKNOWN } } peers { permanent_uuid: "680ef01432c1416fbfd9e9702df7583f" member_type: VOTER last_known_addr { host: "127.31.83.130" port: 35739 } health_report { overall_health: HEALTHY } } peers { permanent_uuid: "49821a2eee404f56bcfa74c48dd9dbf0" member_type: VOTER last_known_addr { host: "127.31.83.131" port: 39913 } health_report { overall_health: UNKNOWN } } }
I20260709 12:16:49.052337   618 raft_consensus.cc:993] T fbd1b5705c17408fafe8028003be9664 P 65f3c1048470494d93f089bcacfef3ab: : Instructing follower 49821a2eee404f56bcfa74c48dd9dbf0 to start an election
I20260709 12:16:49.052814   610 raft_consensus.cc:1081] T fbd1b5705c17408fafe8028003be9664 P 65f3c1048470494d93f089bcacfef3ab [term 2 LEADER]: Signalling peer 49821a2eee404f56bcfa74c48dd9dbf0 to start an election
I20260709 12:16:49.054219   420 tablet_service.cc:2044] Received Run Leader Election RPC: tablet_id: "fbd1b5705c17408fafe8028003be9664"
dest_uuid: "49821a2eee404f56bcfa74c48dd9dbf0"
 from {username='slave'} at 127.0.0.1:44318
I20260709 12:16:49.054625   420 raft_consensus.cc:493] T fbd1b5705c17408fafe8028003be9664 P 49821a2eee404f56bcfa74c48dd9dbf0 [term 2 FOLLOWER]: Starting forced leader election (received explicit request)
I20260709 12:16:49.054849   420 raft_consensus.cc:3060] T fbd1b5705c17408fafe8028003be9664 P 49821a2eee404f56bcfa74c48dd9dbf0 [term 2 FOLLOWER]: Advancing to term 3
I20260709 12:16:49.059338   420 raft_consensus.cc:515] T fbd1b5705c17408fafe8028003be9664 P 49821a2eee404f56bcfa74c48dd9dbf0 [term 3 FOLLOWER]: Starting forced leader election with config: opid_index: -1 OBSOLETE_local: false peers { permanent_uuid: "65f3c1048470494d93f089bcacfef3ab" member_type: VOTER last_known_addr { host: "127.31.83.129" port: 38105 } } peers { permanent_uuid: "680ef01432c1416fbfd9e9702df7583f" member_type: VOTER last_known_addr { host: "127.31.83.130" port: 35739 } } peers { permanent_uuid: "49821a2eee404f56bcfa74c48dd9dbf0" member_type: VOTER last_known_addr { host: "127.31.83.131" port: 39913 } }
I20260709 12:16:49.061260   420 leader_election.cc:290] T fbd1b5705c17408fafe8028003be9664 P 49821a2eee404f56bcfa74c48dd9dbf0 [CANDIDATE]: Term 3 election: Requested vote from peers 65f3c1048470494d93f089bcacfef3ab (127.31.83.129:38105), 680ef01432c1416fbfd9e9702df7583f (127.31.83.130:35739)
I20260709 12:16:49.062330   346 tablet_service.cc:1917] Received RequestConsensusVote() RPC: tablet_id: "fbd1b5705c17408fafe8028003be9664" candidate_uuid: "49821a2eee404f56bcfa74c48dd9dbf0" candidate_term: 3 candidate_status { last_received { term: 2 index: 2 } } ignore_live_leader: true dest_uuid: "680ef01432c1416fbfd9e9702df7583f"
I20260709 12:16:49.062330 32736 tablet_service.cc:1917] Received RequestConsensusVote() RPC: tablet_id: "fbd1b5705c17408fafe8028003be9664" candidate_uuid: "49821a2eee404f56bcfa74c48dd9dbf0" candidate_term: 3 candidate_status { last_received { term: 2 index: 2 } } ignore_live_leader: true dest_uuid: "65f3c1048470494d93f089bcacfef3ab"
