I20260709 12:17:04.692471 26970 leader_election.cc:304] T fc3eb22c2d614aa2991ec34bf1e948fc P f05921b57aef4909936bdd22f761fc88 [CANDIDATE]: Term 1 pre-election: Election decided. Result: candidate won. Election summary: received 3 responses out of 3 voters: 2 yes votes; 1 no votes. yes voters: e77296a0ca9c493fad9aa9166782f3ff, f05921b57aef4909936bdd22f761fc88; no voters: eebeec0ace874595b1eb94ae2f208617
I20260709 12:17:04.694286 27294 raft_consensus.cc:2804] T fc3eb22c2d614aa2991ec34bf1e948fc P f05921b57aef4909936bdd22f761fc88 [term 0 FOLLOWER]: Leader pre-election won for term 1
I20260709 12:17:04.690907 27290 raft_consensus.cc:697] T f2697dcb6e4d4b20a7b624a0bd47b511 P f05921b57aef4909936bdd22f761fc88 [term 1 LEADER]: Becoming Leader. State: Replica: f05921b57aef4909936bdd22f761fc88, State: Running, Role: LEADER
I20260709 12:17:04.694710 27294 raft_consensus.cc:493] T fc3eb22c2d614aa2991ec34bf1e948fc P f05921b57aef4909936bdd22f761fc88 [term 0 FOLLOWER]: Starting leader election (no leader contacted us within the election timeout)
I20260709 12:17:04.695115 27294 raft_consensus.cc:3060] T fc3eb22c2d614aa2991ec34bf1e948fc P f05921b57aef4909936bdd22f761fc88 [term 0 FOLLOWER]: Advancing to term 1
I20260709 12:17:04.695439 27290 consensus_queue.cc:237] T f2697dcb6e4d4b20a7b624a0bd47b511 P f05921b57aef4909936bdd22f761fc88 [LEADER]: Queue going to LEADER mode. State: All replicated index: 0, Majority replicated index: 0, Committed index: 0, Last appended: 0.0, Last appended by leader: 0, Current term: 1, Majority size: 2, State: 0, Mode: LEADER, active raft config: opid_index: -1 OBSOLETE_local: false peers { permanent_uuid: "f05921b57aef4909936bdd22f761fc88" member_type: VOTER last_known_addr { host: "127.25.46.1" port: 42741 } } peers { permanent_uuid: "eebeec0ace874595b1eb94ae2f208617" member_type: VOTER last_known_addr { host: "127.25.46.2" port: 46087 } } peers { permanent_uuid: "e77296a0ca9c493fad9aa9166782f3ff" member_type: VOTER last_known_addr { host: "127.25.46.3" port: 46695 } }
I20260709 12:17:04.702226 27260 raft_consensus.cc:493] T c756adf6d5b34a61a7109fc7ea1d5735 P e77296a0ca9c493fad9aa9166782f3ff [term 0 FOLLOWER]: Starting pre-election (no leader contacted us within the election timeout)
I20260709 12:17:04.702775 27260 raft_consensus.cc:515] T c756adf6d5b34a61a7109fc7ea1d5735 P e77296a0ca9c493fad9aa9166782f3ff [term 0 FOLLOWER]: Starting pre-election with config: opid_index: -1 OBSOLETE_local: false peers { permanent_uuid: "f05921b57aef4909936bdd22f761fc88" member_type: VOTER last_known_addr { host: "127.25.46.1" port: 42741 } } peers { permanent_uuid: "eebeec0ace874595b1eb94ae2f208617" member_type: VOTER last_known_addr { host: "127.25.46.2" port: 46087 } } peers { permanent_uuid: "e77296a0ca9c493fad9aa9166782f3ff" member_type: VOTER last_known_addr { host: "127.25.46.3" port: 46695 } }
I20260709 12:17:04.705818 27260 leader_election.cc:290] T c756adf6d5b34a61a7109fc7ea1d5735 P e77296a0ca9c493fad9aa9166782f3ff [CANDIDATE]: Term 1 pre-election: Requested pre-vote from peers f05921b57aef4909936bdd22f761fc88 (127.25.46.1:42741), eebeec0ace874595b1eb94ae2f208617 (127.25.46.2:46087)
I20260709 12:17:04.707149 27193 raft_consensus.cc:359] T b3b9d34450eb43d89c9fdc147d62c5c6 P e77296a0ca9c493fad9aa9166782f3ff [term 0 FOLLOWER]: Replica starting. Triggering 0 pending ops. Active config: opid_index: -1 OBSOLETE_local: false peers { permanent_uuid: "f05921b57aef4909936bdd22f761fc88" member_type: VOTER last_known_addr { host: "127.25.46.1" port: 42741 } } peers { permanent_uuid: "eebeec0ace874595b1eb94ae2f208617" member_type: VOTER last_known_addr { host: "127.25.46.2" port: 46087 } } peers { permanent_uuid: "e77296a0ca9c493fad9aa9166782f3ff" member_type: VOTER last_known_addr { host: "127.25.46.3" port: 46695 } }
I20260709 12:17:04.707583 27004 tablet_service.cc:1917] Received RequestConsensusVote() RPC: tablet_id: "c756adf6d5b34a61a7109fc7ea1d5735" candidate_uuid: "e77296a0ca9c493fad9aa9166782f3ff" candidate_term: 1 candidate_status { last_received { term: 0 index: 0 } } ignore_live_leader: false dest_uuid: "f05921b57aef4909936bdd22f761fc88" is_pre_election: true
I20260709 12:17:04.707902 27193 raft_consensus.cc:385] T b3b9d34450eb43d89c9fdc147d62c5c6 P e77296a0ca9c493fad9aa9166782f3ff [term 0 FOLLOWER]: Consensus starting up: Expiring failure detector timer to make a prompt election more likely
I20260709 12:17:04.707450 27078 tablet_service.cc:1917] Received RequestConsensusVote() RPC: tablet_id: "c756adf6d5b34a61a7109fc7ea1d5735" candidate_uuid: "e77296a0ca9c493fad9aa9166782f3ff" candidate_term: 1 candidate_status { last_received { term: 0 index: 0 } } ignore_live_leader: false dest_uuid: "eebeec0ace874595b1eb94ae2f208617" is_pre_election: true
I20260709 12:17:04.708262 27193 raft_consensus.cc:740] T b3b9d34450eb43d89c9fdc147d62c5c6 P e77296a0ca9c493fad9aa9166782f3ff [term 0 FOLLOWER]: Becoming Follower/Learner. State: Replica: e77296a0ca9c493fad9aa9166782f3ff, State: Initialized, Role: FOLLOWER
W20260709 12:17:04.711382 27118 leader_election.cc:343] T c756adf6d5b34a61a7109fc7ea1d5735 P e77296a0ca9c493fad9aa9166782f3ff [CANDIDATE]: Term 1 pre-election: Tablet error from VoteRequest() call to peer eebeec0ace874595b1eb94ae2f208617 (127.25.46.2:46087): Illegal state: must be running to vote when last-logged opid is not known
W20260709 12:17:04.711933 27116 leader_election.cc:343] T c756adf6d5b34a61a7109fc7ea1d5735 P e77296a0ca9c493fad9aa9166782f3ff [CANDIDATE]: Term 1 pre-election: Tablet error from VoteRequest() call to peer f05921b57aef4909936bdd22f761fc88 (127.25.46.1:42741): Illegal state: must be running to vote when last-logged opid is not known
I20260709 12:17:04.712839 27116 leader_election.cc:304] T c756adf6d5b34a61a7109fc7ea1d5735 P e77296a0ca9c493fad9aa9166782f3ff [CANDIDATE]: Term 1 pre-election: Election decided. Result: candidate lost. Election summary: received 3 responses out of 3 voters: 1 yes votes; 2 no votes. yes voters: e77296a0ca9c493fad9aa9166782f3ff; no voters: eebeec0ace874595b1eb94ae2f208617, f05921b57aef4909936bdd22f761fc88
I20260709 12:17:04.711901 27193 consensus_queue.cc:260] T b3b9d34450eb43d89c9fdc147d62c5c6 P e77296a0ca9c493fad9aa9166782f3ff [NON_LEADER]: Queue going to NON_LEADER mode. State: All replicated index: 0, Majority replicated index: 0, Committed index: 0, Last appended: 0.0, Last appended by leader: 0, Current term: 0, Majority size: -1, State: 0, Mode: NON_LEADER, active raft config: opid_index: -1 OBSOLETE_local: false peers { permanent_uuid: "f05921b57aef4909936bdd22f761fc88" member_type: VOTER last_known_addr { host: "127.25.46.1" port: 42741 } } peers { permanent_uuid: "eebeec0ace874595b1eb94ae2f208617" member_type: VOTER last_known_addr { host: "127.25.46.2" port: 46087 } } peers { permanent_uuid: "e77296a0ca9c493fad9aa9166782f3ff" member_type: VOTER last_known_addr { host: "127.25.46.3" port: 46695 } }
I20260709 12:17:04.714141 27260 raft_consensus.cc:2749] T c756adf6d5b34a61a7109fc7ea1d5735 P e77296a0ca9c493fad9aa9166782f3ff [term 0 FOLLOWER]: Leader pre-election lost for term 1. Reason: could not achieve majority
I20260709 12:17:04.717077 27193 ts_tablet_manager.cc:1434] T b3b9d34450eb43d89c9fdc147d62c5c6 P e77296a0ca9c493fad9aa9166782f3ff: Time spent starting tablet: real 0.027s	user 0.007s	sys 0.000s
I20260709 12:17:04.718358 27193 tablet_bootstrap.cc:492] T e50c66dcd4eb447aa0c7a78a0b77d50a P e77296a0ca9c493fad9aa9166782f3ff: Bootstrap starting.
I20260709 12:17:04.719856 27194 tablet_bootstrap.cc:654] T 1622219204d34ec0973eb753797b63a9 P eebeec0ace874595b1eb94ae2f208617: Neither blocks nor log segments found. Creating new log.
I20260709 12:17:04.731297 27195 tablet_bootstrap.cc:654] T 35e44f504ef1450baaa6290f34c4cbaa P f05921b57aef4909936bdd22f761fc88: Neither blocks nor log segments found. Creating new log.
I20260709 12:17:04.726320 27294 raft_consensus.cc:515] T fc3eb22c2d614aa2991ec34bf1e948fc P f05921b57aef4909936bdd22f761fc88 [term 1 FOLLOWER]: Starting leader election with config: opid_index: -1 OBSOLETE_local: false peers { permanent_uuid: "f05921b57aef4909936bdd22f761fc88" member_type: VOTER last_known_addr { host: "127.25.46.1" port: 42741 } } peers { permanent_uuid: "eebeec0ace874595b1eb94ae2f208617" member_type: VOTER last_known_addr { host: "127.25.46.2" port: 46087 } } peers { permanent_uuid: "e77296a0ca9c493fad9aa9166782f3ff" member_type: VOTER last_known_addr { host: "127.25.46.3" port: 46695 } }
I20260709 12:17:04.732152 27193 tablet_bootstrap.cc:654] T e50c66dcd4eb447aa0c7a78a0b77d50a P e77296a0ca9c493fad9aa9166782f3ff: Neither blocks nor log segments found. Creating new log.
I20260709 12:17:04.742358 27294 leader_election.cc:290] T fc3eb22c2d614aa2991ec34bf1e948fc P f05921b57aef4909936bdd22f761fc88 [CANDIDATE]: Term 1 election: Requested vote from peers eebeec0ace874595b1eb94ae2f208617 (127.25.46.2:46087), e77296a0ca9c493fad9aa9166782f3ff (127.25.46.3:46695)
I20260709 12:17:04.742543 27078 tablet_service.cc:1917] Received RequestConsensusVote() RPC: tablet_id: "fc3eb22c2d614aa2991ec34bf1e948fc" candidate_uuid: "f05921b57aef4909936bdd22f761fc88" candidate_term: 1 candidate_status { last_received { term: 0 index: 0 } } ignore_live_leader: false dest_uuid: "eebeec0ace874595b1eb94ae2f208617"
I20260709 12:17:04.743556 27153 tablet_service.cc:1917] Received RequestConsensusVote() RPC: tablet_id: "fc3eb22c2d614aa2991ec34bf1e948fc" candidate_uuid: "f05921b57aef4909936bdd22f761fc88" candidate_term: 1 candidate_status { last_received { term: 0 index: 0 } } ignore_live_leader: false dest_uuid: "e77296a0ca9c493fad9aa9166782f3ff"
I20260709 12:17:04.744174 27153 raft_consensus.cc:3060] T fc3eb22c2d614aa2991ec34bf1e948fc P e77296a0ca9c493fad9aa9166782f3ff [term 0 FOLLOWER]: Advancing to term 1
I20260709 12:17:04.743708 26899 catalog_manager.cc:5697] T f2697dcb6e4d4b20a7b624a0bd47b511 P f05921b57aef4909936bdd22f761fc88 reported cstate change: term changed from 0 to 1, leader changed from <none> to f05921b57aef4909936bdd22f761fc88 (127.25.46.1). New cstate: current_term: 1 leader_uuid: "f05921b57aef4909936bdd22f761fc88" committed_config { opid_index: -1 OBSOLETE_local: false peers { permanent_uuid: "f05921b57aef4909936bdd22f761fc88" member_type: VOTER last_known_addr { host: "127.25.46.1" port: 42741 } health_report { overall_health: HEALTHY } } peers { permanent_uuid: "eebeec0ace874595b1eb94ae2f208617" member_type: VOTER last_known_addr { host: "127.25.46.2" port: 46087 } health_report { overall_health: UNKNOWN } } peers { permanent_uuid: "e77296a0ca9c493fad9aa9166782f3ff" member_type: VOTER last_known_addr { host: "127.25.46.3" port: 46695 } health_report { overall_health: UNKNOWN } } }
W20260709 12:17:04.744314 26969 leader_election.cc:343] T fc3eb22c2d614aa2991ec34bf1e948fc P f05921b57aef4909936bdd22f761fc88 [CANDIDATE]: Term 1 election: Tablet error from VoteRequest() call to peer eebeec0ace874595b1eb94ae2f208617 (127.25.46.2:46087): Illegal state: must be running to vote when last-logged opid is not known
I20260709 12:17:04.751528 27153 raft_consensus.cc:2468] T fc3eb22c2d614aa2991ec34bf1e948fc P e77296a0ca9c493fad9aa9166782f3ff [term 1 FOLLOWER]: Leader election vote request: Granting yes vote for candidate f05921b57aef4909936bdd22f761fc88 in term 1.
I20260709 12:17:04.752884 26970 leader_election.cc:304] T fc3eb22c2d614aa2991ec34bf1e948fc P f05921b57aef4909936bdd22f761fc88 [CANDIDATE]: Term 1 election: Election decided. Result: candidate won. Election summary: received 3 responses out of 3 voters: 2 yes votes; 1 no votes. yes voters: e77296a0ca9c493fad9aa9166782f3ff, f05921b57aef4909936bdd22f761fc88; no voters: eebeec0ace874595b1eb94ae2f208617
I20260709 12:17:04.754746 27294 raft_consensus.cc:2804] T fc3eb22c2d614aa2991ec34bf1e948fc P f05921b57aef4909936bdd22f761fc88 [term 1 FOLLOWER]: Leader election won for term 1
I20260709 12:17:04.755259 27294 raft_consensus.cc:697] T fc3eb22c2d614aa2991ec34bf1e948fc P f05921b57aef4909936bdd22f761fc88 [term 1 LEADER]: Becoming Leader. State: Replica: f05921b57aef4909936bdd22f761fc88, State: Running, Role: LEADER
I20260709 12:17:04.756083 27294 consensus_queue.cc:237] T fc3eb22c2d614aa2991ec34bf1e948fc P f05921b57aef4909936bdd22f761fc88 [LEADER]: Queue going to LEADER mode. State: All replicated index: 0, Majority replicated index: 0, Committed index: 0, Last appended: 0.0, Last appended by leader: 0, Current term: 1, Majority size: 2, State: 0, Mode: LEADER, active raft config: opid_index: -1 OBSOLETE_local: false peers { permanent_uuid: "f05921b57aef4909936bdd22f761fc88" member_type: VOTER last_known_addr { host: "127.25.46.1" port: 42741 } } peers { permanent_uuid: "eebeec0ace874595b1eb94ae2f208617" member_type: VOTER last_known_addr { host: "127.25.46.2" port: 46087 } } peers { permanent_uuid: "e77296a0ca9c493fad9aa9166782f3ff" member_type: VOTER last_known_addr { host: "127.25.46.3" port: 46695 } }
I20260709 12:17:04.763614 27260 raft_consensus.cc:493] T ebc29f9a4e3c4108a942000f26aba1c2 P e77296a0ca9c493fad9aa9166782f3ff [term 0 FOLLOWER]: Starting pre-election (no leader contacted us within the election timeout)
I20260709 12:17:04.764295 27260 raft_consensus.cc:515] T ebc29f9a4e3c4108a942000f26aba1c2 P e77296a0ca9c493fad9aa9166782f3ff [term 0 FOLLOWER]: Starting pre-election with config: opid_index: -1 OBSOLETE_local: false peers { permanent_uuid: "f05921b57aef4909936bdd22f761fc88" member_type: VOTER last_known_addr { host: "127.25.46.1" port: 42741 } } peers { permanent_uuid: "eebeec0ace874595b1eb94ae2f208617" member_type: VOTER last_known_addr { host: "127.25.46.2" port: 46087 } } peers { permanent_uuid: "e77296a0ca9c493fad9aa9166782f3ff" member_type: VOTER last_known_addr { host: "127.25.46.3" port: 46695 } }
I20260709 12:17:04.765110 27194 tablet_bootstrap.cc:492] T 1622219204d34ec0973eb753797b63a9 P eebeec0ace874595b1eb94ae2f208617: No bootstrap required, opened a new log
I20260709 12:17:04.765833 27194 ts_tablet_manager.cc:1403] T 1622219204d34ec0973eb753797b63a9 P eebeec0ace874595b1eb94ae2f208617: Time spent bootstrapping tablet: real 0.119s	user 0.011s	sys 0.007s
I20260709 12:17:04.768363 27004 tablet_service.cc:1917] Received RequestConsensusVote() RPC: tablet_id: "ebc29f9a4e3c4108a942000f26aba1c2" candidate_uuid: "e77296a0ca9c493fad9aa9166782f3ff" candidate_term: 1 candidate_status { last_received { term: 0 index: 0 } } ignore_live_leader: false dest_uuid: "f05921b57aef4909936bdd22f761fc88" is_pre_election: true
I20260709 12:17:04.772639 27078 tablet_service.cc:1917] Received RequestConsensusVote() RPC: tablet_id: "ebc29f9a4e3c4108a942000f26aba1c2" candidate_uuid: "e77296a0ca9c493fad9aa9166782f3ff" candidate_term: 1 candidate_status { last_received { term: 0 index: 0 } } ignore_live_leader: false dest_uuid: "eebeec0ace874595b1eb94ae2f208617" is_pre_election: true
W20260709 12:17:04.774521 27118 leader_election.cc:343] T ebc29f9a4e3c4108a942000f26aba1c2 P e77296a0ca9c493fad9aa9166782f3ff [CANDIDATE]: Term 1 pre-election: Tablet error from VoteRequest() call to peer eebeec0ace874595b1eb94ae2f208617 (127.25.46.2:46087): Illegal state: must be running to vote when last-logged opid is not known
W20260709 12:17:04.775369 27116 leader_election.cc:343] T ebc29f9a4e3c4108a942000f26aba1c2 P e77296a0ca9c493fad9aa9166782f3ff [CANDIDATE]: Term 1 pre-election: Tablet error from VoteRequest() call to peer f05921b57aef4909936bdd22f761fc88 (127.25.46.1:42741): Illegal state: must be running to vote when last-logged opid is not known
I20260709 12:17:04.775945 27116 leader_election.cc:304] T ebc29f9a4e3c4108a942000f26aba1c2 P e77296a0ca9c493fad9aa9166782f3ff [CANDIDATE]: Term 1 pre-election: Election decided. Result: candidate lost. Election summary: received 3 responses out of 3 voters: 1 yes votes; 2 no votes. yes voters: e77296a0ca9c493fad9aa9166782f3ff; no voters: eebeec0ace874595b1eb94ae2f208617, f05921b57aef4909936bdd22f761fc88
I20260709 12:17:04.776993 27215 raft_consensus.cc:2749] T ebc29f9a4e3c4108a942000f26aba1c2 P e77296a0ca9c493fad9aa9166782f3ff [term 0 FOLLOWER]: Leader pre-election lost for term 1. Reason: could not achieve majority
I20260709 12:17:04.777745 27260 leader_election.cc:290] T ebc29f9a4e3c4108a942000f26aba1c2 P e77296a0ca9c493fad9aa9166782f3ff [CANDIDATE]: Term 1 pre-election: Requested pre-vote from peers f05921b57aef4909936bdd22f761fc88 (127.25.46.1:42741), eebeec0ace874595b1eb94ae2f208617 (127.25.46.2:46087)
I20260709 12:17:04.784217 27194 raft_consensus.cc:359] T 1622219204d34ec0973eb753797b63a9 P eebeec0ace874595b1eb94ae2f208617 [term 0 FOLLOWER]: Replica starting. Triggering 0 pending ops. Active config: opid_index: -1 OBSOLETE_local: false peers { permanent_uuid: "f05921b57aef4909936bdd22f761fc88" member_type: VOTER last_known_addr { host: "127.25.46.1" port: 42741 } } peers { permanent_uuid: "eebeec0ace874595b1eb94ae2f208617" member_type: VOTER last_known_addr { host: "127.25.46.2" port: 46087 } } peers { permanent_uuid: "e77296a0ca9c493fad9aa9166782f3ff" member_type: VOTER last_known_addr { host: "127.25.46.3" port: 46695 } }
I20260709 12:17:04.785135 27194 raft_consensus.cc:385] T 1622219204d34ec0973eb753797b63a9 P eebeec0ace874595b1eb94ae2f208617 [term 0 FOLLOWER]: Consensus starting up: Expiring failure detector timer to make a prompt election more likely
I20260709 12:17:04.785462 27194 raft_consensus.cc:740] T 1622219204d34ec0973eb753797b63a9 P eebeec0ace874595b1eb94ae2f208617 [term 0 FOLLOWER]: Becoming Follower/Learner. State: Replica: eebeec0ace874595b1eb94ae2f208617, State: Initialized, Role: FOLLOWER
I20260709 12:17:04.786263 27194 consensus_queue.cc:260] T 1622219204d34ec0973eb753797b63a9 P eebeec0ace874595b1eb94ae2f208617 [NON_LEADER]: Queue going to NON_LEADER mode. State: All replicated index: 0, Majority replicated index: 0, Committed index: 0, Last appended: 0.0, Last appended by leader: 0, Current term: 0, Majority size: -1, State: 0, Mode: NON_LEADER, active raft config: opid_index: -1 OBSOLETE_local: false peers { permanent_uuid: "f05921b57aef4909936bdd22f761fc88" member_type: VOTER last_known_addr { host: "127.25.46.1" port: 42741 } } peers { permanent_uuid: "eebeec0ace874595b1eb94ae2f208617" member_type: VOTER last_known_addr { host: "127.25.46.2" port: 46087 } } peers { permanent_uuid: "e77296a0ca9c493fad9aa9166782f3ff" member_type: VOTER last_known_addr { host: "127.25.46.3" port: 46695 } }
I20260709 12:17:04.789935 27193 tablet_bootstrap.cc:492] T e50c66dcd4eb447aa0c7a78a0b77d50a P e77296a0ca9c493fad9aa9166782f3ff: No bootstrap required, opened a new log
I20260709 12:17:04.790462 27193 ts_tablet_manager.cc:1403] T e50c66dcd4eb447aa0c7a78a0b77d50a P e77296a0ca9c493fad9aa9166782f3ff: Time spent bootstrapping tablet: real 0.072s	user 0.023s	sys 0.000s
I20260709 12:17:04.791293 26902 catalog_manager.cc:5697] T fc3eb22c2d614aa2991ec34bf1e948fc P f05921b57aef4909936bdd22f761fc88 reported cstate change: term changed from 0 to 1, leader changed from <none> to f05921b57aef4909936bdd22f761fc88 (127.25.46.1). New cstate: current_term: 1 leader_uuid: "f05921b57aef4909936bdd22f761fc88" committed_config { opid_index: -1 OBSOLETE_local: false peers { permanent_uuid: "f05921b57aef4909936bdd22f761fc88" member_type: VOTER last_known_addr { host: "127.25.46.1" port: 42741 } health_report { overall_health: HEALTHY } } peers { permanent_uuid: "eebeec0ace874595b1eb94ae2f208617" member_type: VOTER last_known_addr { host: "127.25.46.2" port: 46087 } health_report { overall_health: UNKNOWN } } peers { permanent_uuid: "e77296a0ca9c493fad9aa9166782f3ff" member_type: VOTER last_known_addr { host: "127.25.46.3" port: 46695 } health_report { overall_health: UNKNOWN } } }
I20260709 12:17:04.793254 27193 raft_consensus.cc:359] T e50c66dcd4eb447aa0c7a78a0b77d50a P e77296a0ca9c493fad9aa9166782f3ff [term 0 FOLLOWER]: Replica starting. Triggering 0 pending ops. Active config: opid_index: -1 OBSOLETE_local: false peers { permanent_uuid: "f05921b57aef4909936bdd22f761fc88" member_type: VOTER last_known_addr { host: "127.25.46.1" port: 42741 } } peers { permanent_uuid: "eebeec0ace874595b1eb94ae2f208617" member_type: VOTER last_known_addr { host: "127.25.46.2" port: 46087 } } peers { permanent_uuid: "e77296a0ca9c493fad9aa9166782f3ff" member_type: VOTER last_known_addr { host: "127.25.46.3" port: 46695 } }
I20260709 12:17:04.793956 27193 raft_consensus.cc:385] T e50c66dcd4eb447aa0c7a78a0b77d50a P e77296a0ca9c493fad9aa9166782f3ff [term 0 FOLLOWER]: Consensus starting up: Expiring failure detector timer to make a prompt election more likely
I20260709 12:17:04.794255 27193 raft_consensus.cc:740] T e50c66dcd4eb447aa0c7a78a0b77d50a P e77296a0ca9c493fad9aa9166782f3ff [term 0 FOLLOWER]: Becoming Follower/Learner. State: Replica: e77296a0ca9c493fad9aa9166782f3ff, State: Initialized, Role: FOLLOWER
I20260709 12:17:04.794445 27194 ts_tablet_manager.cc:1434] T 1622219204d34ec0973eb753797b63a9 P eebeec0ace874595b1eb94ae2f208617: Time spent starting tablet: real 0.028s	user 0.007s	sys 0.001s
I20260709 12:17:04.794836 27193 consensus_queue.cc:260] T e50c66dcd4eb447aa0c7a78a0b77d50a P e77296a0ca9c493fad9aa9166782f3ff [NON_LEADER]: Queue going to NON_LEADER mode. State: All replicated index: 0, Majority replicated index: 0, Committed index: 0, Last appended: 0.0, Last appended by leader: 0, Current term: 0, Majority size: -1, State: 0, Mode: NON_LEADER, active raft config: opid_index: -1 OBSOLETE_local: false peers { permanent_uuid: "f05921b57aef4909936bdd22f761fc88" member_type: VOTER last_known_addr { host: "127.25.46.1" port: 42741 } } peers { permanent_uuid: "eebeec0ace874595b1eb94ae2f208617" member_type: VOTER last_known_addr { host: "127.25.46.2" port: 46087 } } peers { permanent_uuid: "e77296a0ca9c493fad9aa9166782f3ff" member_type: VOTER last_known_addr { host: "127.25.46.3" port: 46695 } }
I20260709 12:17:04.795614 27194 tablet_bootstrap.cc:492] T b3b9d34450eb43d89c9fdc147d62c5c6 P eebeec0ace874595b1eb94ae2f208617: Bootstrap starting.
I20260709 12:17:04.800022 27193 ts_tablet_manager.cc:1434] T e50c66dcd4eb447aa0c7a78a0b77d50a P e77296a0ca9c493fad9aa9166782f3ff: Time spent starting tablet: real 0.009s	user 0.007s	sys 0.000s
I20260709 12:17:04.801003 27193 tablet_bootstrap.cc:492] T 7dd39d59790e484f92a529d766ce8328 P e77296a0ca9c493fad9aa9166782f3ff: Bootstrap starting.
I20260709 12:17:04.823400 27260 raft_consensus.cc:493] T b3b9d34450eb43d89c9fdc147d62c5c6 P e77296a0ca9c493fad9aa9166782f3ff [term 0 FOLLOWER]: Starting pre-election (no leader contacted us within the election timeout)
I20260709 12:17:04.824003 27260 raft_consensus.cc:515] T b3b9d34450eb43d89c9fdc147d62c5c6 P e77296a0ca9c493fad9aa9166782f3ff [term 0 FOLLOWER]: Starting pre-election with config: opid_index: -1 OBSOLETE_local: false peers { permanent_uuid: "f05921b57aef4909936bdd22f761fc88" member_type: VOTER last_known_addr { host: "127.25.46.1" port: 42741 } } peers { permanent_uuid: "eebeec0ace874595b1eb94ae2f208617" member_type: VOTER last_known_addr { host: "127.25.46.2" port: 46087 } } peers { permanent_uuid: "e77296a0ca9c493fad9aa9166782f3ff" member_type: VOTER last_known_addr { host: "127.25.46.3" port: 46695 } }
I20260709 12:17:04.826442 27260 leader_election.cc:290] T b3b9d34450eb43d89c9fdc147d62c5c6 P e77296a0ca9c493fad9aa9166782f3ff [CANDIDATE]: Term 1 pre-election: Requested pre-vote from peers f05921b57aef4909936bdd22f761fc88 (127.25.46.1:42741), eebeec0ace874595b1eb94ae2f208617 (127.25.46.2:46087)
I20260709 12:17:04.827210 27002 tablet_service.cc:1917] Received RequestConsensusVote() RPC: tablet_id: "b3b9d34450eb43d89c9fdc147d62c5c6" candidate_uuid: "e77296a0ca9c493fad9aa9166782f3ff" candidate_term: 1 candidate_status { last_received { term: 0 index: 0 } } ignore_live_leader: false dest_uuid: "f05921b57aef4909936bdd22f761fc88" is_pre_election: true
I20260709 12:17:04.827549 27078 tablet_service.cc:1917] Received RequestConsensusVote() RPC: tablet_id: "b3b9d34450eb43d89c9fdc147d62c5c6" candidate_uuid: "e77296a0ca9c493fad9aa9166782f3ff" candidate_term: 1 candidate_status { last_received { term: 0 index: 0 } } ignore_live_leader: false dest_uuid: "eebeec0ace874595b1eb94ae2f208617" is_pre_election: true
I20260709 12:17:04.827922 27002 raft_consensus.cc:2468] T b3b9d34450eb43d89c9fdc147d62c5c6 P f05921b57aef4909936bdd22f761fc88 [term 0 FOLLOWER]: Leader pre-election vote request: Granting yes vote for candidate e77296a0ca9c493fad9aa9166782f3ff in term 0.
W20260709 12:17:04.828763 27118 leader_election.cc:343] T b3b9d34450eb43d89c9fdc147d62c5c6 P e77296a0ca9c493fad9aa9166782f3ff [CANDIDATE]: Term 1 pre-election: Tablet error from VoteRequest() call to peer eebeec0ace874595b1eb94ae2f208617 (127.25.46.2:46087): Illegal state: must be running to vote when last-logged opid is not known
I20260709 12:17:04.829293 27116 leader_election.cc:304] T b3b9d34450eb43d89c9fdc147d62c5c6 P e77296a0ca9c493fad9aa9166782f3ff [CANDIDATE]: Term 1 pre-election: Election decided. Result: candidate won. Election summary: received 3 responses out of 3 voters: 2 yes votes; 1 no votes. yes voters: e77296a0ca9c493fad9aa9166782f3ff, f05921b57aef4909936bdd22f761fc88; no voters: eebeec0ace874595b1eb94ae2f208617
I20260709 12:17:04.830025 27194 tablet_bootstrap.cc:654] T b3b9d34450eb43d89c9fdc147d62c5c6 P eebeec0ace874595b1eb94ae2f208617: Neither blocks nor log segments found. Creating new log.
I20260709 12:17:04.830320 27260 raft_consensus.cc:2804] T b3b9d34450eb43d89c9fdc147d62c5c6 P e77296a0ca9c493fad9aa9166782f3ff [term 0 FOLLOWER]: Leader pre-election won for term 1
I20260709 12:17:04.830696 27260 raft_consensus.cc:493] T b3b9d34450eb43d89c9fdc147d62c5c6 P e77296a0ca9c493fad9aa9166782f3ff [term 0 FOLLOWER]: Starting leader election (no leader contacted us within the election timeout)
I20260709 12:17:04.831010 27195 tablet_bootstrap.cc:492] T 35e44f504ef1450baaa6290f34c4cbaa P f05921b57aef4909936bdd22f761fc88: No bootstrap required, opened a new log
I20260709 12:17:04.831013 27260 raft_consensus.cc:3060] T b3b9d34450eb43d89c9fdc147d62c5c6 P e77296a0ca9c493fad9aa9166782f3ff [term 0 FOLLOWER]: Advancing to term 1
I20260709 12:17:04.831575 27195 ts_tablet_manager.cc:1403] T 35e44f504ef1450baaa6290f34c4cbaa P f05921b57aef4909936bdd22f761fc88: Time spent bootstrapping tablet: real 0.144s	user 0.007s	sys 0.019s
I20260709 12:17:04.830025 27193 tablet_bootstrap.cc:654] T 7dd39d59790e484f92a529d766ce8328 P e77296a0ca9c493fad9aa9166782f3ff: Neither blocks nor log segments found. Creating new log.
I20260709 12:17:04.834733 27195 raft_consensus.cc:359] T 35e44f504ef1450baaa6290f34c4cbaa P f05921b57aef4909936bdd22f761fc88 [term 0 FOLLOWER]: Replica starting. Triggering 0 pending ops. Active config: opid_index: -1 OBSOLETE_local: false peers { permanent_uuid: "f05921b57aef4909936bdd22f761fc88" member_type: VOTER last_known_addr { host: "127.25.46.1" port: 42741 } } peers { permanent_uuid: "eebeec0ace874595b1eb94ae2f208617" member_type: VOTER last_known_addr { host: "127.25.46.2" port: 46087 } } peers { permanent_uuid: "e77296a0ca9c493fad9aa9166782f3ff" member_type: VOTER last_known_addr { host: "127.25.46.3" port: 46695 } }
I20260709 12:17:04.835448 27195 raft_consensus.cc:385] T 35e44f504ef1450baaa6290f34c4cbaa P f05921b57aef4909936bdd22f761fc88 [term 0 FOLLOWER]: Consensus starting up: Expiring failure detector timer to make a prompt election more likely
I20260709 12:17:04.835711 27195 raft_consensus.cc:740] T 35e44f504ef1450baaa6290f34c4cbaa P f05921b57aef4909936bdd22f761fc88 [term 0 FOLLOWER]: Becoming Follower/Learner. State: Replica: f05921b57aef4909936bdd22f761fc88, State: Initialized, Role: FOLLOWER
I20260709 12:17:04.836545 27195 consensus_queue.cc:260] T 35e44f504ef1450baaa6290f34c4cbaa P f05921b57aef4909936bdd22f761fc88 [NON_LEADER]: Queue going to NON_LEADER mode. State: All replicated index: 0, Majority replicated index: 0, Committed index: 0, Last appended: 0.0, Last appended by leader: 0, Current term: 0, Majority size: -1, State: 0, Mode: NON_LEADER, active raft config: opid_index: -1 OBSOLETE_local: false peers { permanent_uuid: "f05921b57aef4909936bdd22f761fc88" member_type: VOTER last_known_addr { host: "127.25.46.1" port: 42741 } } peers { permanent_uuid: "eebeec0ace874595b1eb94ae2f208617" member_type: VOTER last_known_addr { host: "127.25.46.2" port: 46087 } } peers { permanent_uuid: "e77296a0ca9c493fad9aa9166782f3ff" member_type: VOTER last_known_addr { host: "127.25.46.3" port: 46695 } }
I20260709 12:17:04.837729 27194 tablet_bootstrap.cc:492] T b3b9d34450eb43d89c9fdc147d62c5c6 P eebeec0ace874595b1eb94ae2f208617: No bootstrap required, opened a new log
I20260709 12:17:04.838209 27194 ts_tablet_manager.cc:1403] T b3b9d34450eb43d89c9fdc147d62c5c6 P eebeec0ace874595b1eb94ae2f208617: Time spent bootstrapping tablet: real 0.043s	user 0.010s	sys 0.002s
I20260709 12:17:04.838294 27193 tablet_bootstrap.cc:492] T 7dd39d59790e484f92a529d766ce8328 P e77296a0ca9c493fad9aa9166782f3ff: No bootstrap required, opened a new log
I20260709 12:17:04.838810 27195 ts_tablet_manager.cc:1434] T 35e44f504ef1450baaa6290f34c4cbaa P f05921b57aef4909936bdd22f761fc88: Time spent starting tablet: real 0.007s	user 0.005s	sys 0.001s
I20260709 12:17:04.838825 27193 ts_tablet_manager.cc:1403] T 7dd39d59790e484f92a529d766ce8328 P e77296a0ca9c493fad9aa9166782f3ff: Time spent bootstrapping tablet: real 0.038s	user 0.011s	sys 0.000s
I20260709 12:17:04.839895 27260 raft_consensus.cc:515] T b3b9d34450eb43d89c9fdc147d62c5c6 P e77296a0ca9c493fad9aa9166782f3ff [term 1 FOLLOWER]: Starting leader election with config: opid_index: -1 OBSOLETE_local: false peers { permanent_uuid: "f05921b57aef4909936bdd22f761fc88" member_type: VOTER last_known_addr { host: "127.25.46.1" port: 42741 } } peers { permanent_uuid: "eebeec0ace874595b1eb94ae2f208617" member_type: VOTER last_known_addr { host: "127.25.46.2" port: 46087 } } peers { permanent_uuid: "e77296a0ca9c493fad9aa9166782f3ff" member_type: VOTER last_known_addr { host: "127.25.46.3" port: 46695 } }
I20260709 12:17:04.841811 27193 raft_consensus.cc:359] T 7dd39d59790e484f92a529d766ce8328 P e77296a0ca9c493fad9aa9166782f3ff [term 0 FOLLOWER]: Replica starting. Triggering 0 pending ops. Active config: opid_index: -1 OBSOLETE_local: false peers { permanent_uuid: "f05921b57aef4909936bdd22f761fc88" member_type: VOTER last_known_addr { host: "127.25.46.1" port: 42741 } } peers { permanent_uuid: "eebeec0ace874595b1eb94ae2f208617" member_type: VOTER last_known_addr { host: "127.25.46.2" port: 46087 } } peers { permanent_uuid: "e77296a0ca9c493fad9aa9166782f3ff" member_type: VOTER last_known_addr { host: "127.25.46.3" port: 46695 } }
I20260709 12:17:04.842486 27193 raft_consensus.cc:385] T 7dd39d59790e484f92a529d766ce8328 P e77296a0ca9c493fad9aa9166782f3ff [term 0 FOLLOWER]: Consensus starting up: Expiring failure detector timer to make a prompt election more likely
I20260709 12:17:04.842547 27260 leader_election.cc:290] T b3b9d34450eb43d89c9fdc147d62c5c6 P e77296a0ca9c493fad9aa9166782f3ff [CANDIDATE]: Term 1 election: Requested vote from peers f05921b57aef4909936bdd22f761fc88 (127.25.46.1:42741), eebeec0ace874595b1eb94ae2f208617 (127.25.46.2:46087)
I20260709 12:17:04.842804 27193 raft_consensus.cc:740] T 7dd39d59790e484f92a529d766ce8328 P e77296a0ca9c493fad9aa9166782f3ff [term 0 FOLLOWER]: Becoming Follower/Learner. State: Replica: e77296a0ca9c493fad9aa9166782f3ff, State: Initialized, Role: FOLLOWER
I20260709 12:17:04.843483 27193 consensus_queue.cc:260] T 7dd39d59790e484f92a529d766ce8328 P e77296a0ca9c493fad9aa9166782f3ff [NON_LEADER]: Queue going to NON_LEADER mode. State: All replicated index: 0, Majority replicated index: 0, Committed index: 0, Last appended: 0.0, Last appended by leader: 0, Current term: 0, Majority size: -1, State: 0, Mode: NON_LEADER, active raft config: opid_index: -1 OBSOLETE_local: false peers { permanent_uuid: "f05921b57aef4909936bdd22f761fc88" member_type: VOTER last_known_addr { host: "127.25.46.1" port: 42741 } } peers { permanent_uuid: "eebeec0ace874595b1eb94ae2f208617" member_type: VOTER last_known_addr { host: "127.25.46.2" port: 46087 } } peers { permanent_uuid: "e77296a0ca9c493fad9aa9166782f3ff" member_type: VOTER last_known_addr { host: "127.25.46.3" port: 46695 } }
I20260709 12:17:04.843812 27078 tablet_service.cc:1917] Received RequestConsensusVote() RPC: tablet_id: "b3b9d34450eb43d89c9fdc147d62c5c6" candidate_uuid: "e77296a0ca9c493fad9aa9166782f3ff" candidate_term: 1 candidate_status { last_received { term: 0 index: 0 } } ignore_live_leader: false dest_uuid: "eebeec0ace874595b1eb94ae2f208617"
I20260709 12:17:04.844841 27194 raft_consensus.cc:359] T b3b9d34450eb43d89c9fdc147d62c5c6 P eebeec0ace874595b1eb94ae2f208617 [term 0 FOLLOWER]: Replica starting. Triggering 0 pending ops. Active config: opid_index: -1 OBSOLETE_local: false peers { permanent_uuid: "f05921b57aef4909936bdd22f761fc88" member_type: VOTER last_known_addr { host: "127.25.46.1" port: 42741 } } peers { permanent_uuid: "eebeec0ace874595b1eb94ae2f208617" member_type: VOTER last_known_addr { host: "127.25.46.2" port: 46087 } } peers { permanent_uuid: "e77296a0ca9c493fad9aa9166782f3ff" member_type: VOTER last_known_addr { host: "127.25.46.3" port: 46695 } }
I20260709 12:17:04.845526 27194 raft_consensus.cc:385] T b3b9d34450eb43d89c9fdc147d62c5c6 P eebeec0ace874595b1eb94ae2f208617 [term 0 FOLLOWER]: Consensus starting up: Expiring failure detector timer to make a prompt election more likely
I20260709 12:17:04.845988 27194 raft_consensus.cc:740] T b3b9d34450eb43d89c9fdc147d62c5c6 P eebeec0ace874595b1eb94ae2f208617 [term 0 FOLLOWER]: Becoming Follower/Learner. State: Replica: eebeec0ace874595b1eb94ae2f208617, State: Initialized, Role: FOLLOWER
I20260709 12:17:04.847172 27002 tablet_service.cc:1917] Received RequestConsensusVote() RPC: tablet_id: "b3b9d34450eb43d89c9fdc147d62c5c6" candidate_uuid: "e77296a0ca9c493fad9aa9166782f3ff" candidate_term: 1 candidate_status { last_received { term: 0 index: 0 } } ignore_live_leader: false dest_uuid: "f05921b57aef4909936bdd22f761fc88"
I20260709 12:17:04.847062 27194 consensus_queue.cc:260] T b3b9d34450eb43d89c9fdc147d62c5c6 P eebeec0ace874595b1eb94ae2f208617 [NON_LEADER]: Queue going to NON_LEADER mode. State: All replicated index: 0, Majority replicated index: 0, Committed index: 0, Last appended: 0.0, Last appended by leader: 0, Current term: 0, Majority size: -1, State: 0, Mode: NON_LEADER, active raft config: opid_index: -1 OBSOLETE_local: false peers { permanent_uuid: "f05921b57aef4909936bdd22f761fc88" member_type: VOTER last_known_addr { host: "127.25.46.1" port: 42741 } } peers { permanent_uuid: "eebeec0ace874595b1eb94ae2f208617" member_type: VOTER last_known_addr { host: "127.25.46.2" port: 46087 } } peers { permanent_uuid: "e77296a0ca9c493fad9aa9166782f3ff" member_type: VOTER last_known_addr { host: "127.25.46.3" port: 46695 } }
I20260709 12:17:04.847781 27002 raft_consensus.cc:3060] T b3b9d34450eb43d89c9fdc147d62c5c6 P f05921b57aef4909936bdd22f761fc88 [term 0 FOLLOWER]: Advancing to term 1
I20260709 12:17:04.845564 27193 ts_tablet_manager.cc:1434] T 7dd39d59790e484f92a529d766ce8328 P e77296a0ca9c493fad9aa9166782f3ff: Time spent starting tablet: real 0.006s	user 0.005s	sys 0.000s
I20260709 12:17:04.849481 27194 ts_tablet_manager.cc:1434] T b3b9d34450eb43d89c9fdc147d62c5c6 P eebeec0ace874595b1eb94ae2f208617: Time spent starting tablet: real 0.011s	user 0.004s	sys 0.002s
I20260709 12:17:04.850289 27193 tablet_bootstrap.cc:492] T 08aabcf682d74c908775fdfdf841968c P e77296a0ca9c493fad9aa9166782f3ff: Bootstrap starting.
I20260709 12:17:04.850567 27194 tablet_bootstrap.cc:492] T fc3eb22c2d614aa2991ec34bf1e948fc P eebeec0ace874595b1eb94ae2f208617: Bootstrap starting.
I20260709 12:17:04.853286 27195 tablet_bootstrap.cc:492] T e50c66dcd4eb447aa0c7a78a0b77d50a P f05921b57aef4909936bdd22f761fc88: Bootstrap starting.
W20260709 12:17:04.854457 27118 leader_election.cc:343] T b3b9d34450eb43d89c9fdc147d62c5c6 P e77296a0ca9c493fad9aa9166782f3ff [CANDIDATE]: Term 1 election: Tablet error from VoteRequest() call to peer eebeec0ace874595b1eb94ae2f208617 (127.25.46.2:46087): Illegal state: must be running to vote when last-logged opid is not known
I20260709 12:17:04.860590 27002 raft_consensus.cc:2468] T b3b9d34450eb43d89c9fdc147d62c5c6 P f05921b57aef4909936bdd22f761fc88 [term 1 FOLLOWER]: Leader election vote request: Granting yes vote for candidate e77296a0ca9c493fad9aa9166782f3ff in term 1.
I20260709 12:17:04.861727 27116 leader_election.cc:304] T b3b9d34450eb43d89c9fdc147d62c5c6 P e77296a0ca9c493fad9aa9166782f3ff [CANDIDATE]: Term 1 election: Election decided. Result: candidate won. Election summary: received 3 responses out of 3 voters: 2 yes votes; 1 no votes. yes voters: e77296a0ca9c493fad9aa9166782f3ff, f05921b57aef4909936bdd22f761fc88; no voters: eebeec0ace874595b1eb94ae2f208617
I20260709 12:17:04.862493 27194 tablet_bootstrap.cc:654] T fc3eb22c2d614aa2991ec34bf1e948fc P eebeec0ace874595b1eb94ae2f208617: Neither blocks nor log segments found. Creating new log.
I20260709 12:17:04.862905 27260 raft_consensus.cc:2804] T b3b9d34450eb43d89c9fdc147d62c5c6 P e77296a0ca9c493fad9aa9166782f3ff [term 1 FOLLOWER]: Leader election won for term 1
I20260709 12:17:04.863603 27260 raft_consensus.cc:697] T b3b9d34450eb43d89c9fdc147d62c5c6 P e77296a0ca9c493fad9aa9166782f3ff [term 1 LEADER]: Becoming Leader. State: Replica: e77296a0ca9c493fad9aa9166782f3ff, State: Running, Role: LEADER
I20260709 12:17:04.864463 27260 consensus_queue.cc:237] T b3b9d34450eb43d89c9fdc147d62c5c6 P e77296a0ca9c493fad9aa9166782f3ff [LEADER]: Queue going to LEADER mode. State: All replicated index: 0, Majority replicated index: 0, Committed index: 0, Last appended: 0.0, Last appended by leader: 0, Current term: 1, Majority size: 2, State: 0, Mode: LEADER, active raft config: opid_index: -1 OBSOLETE_local: false peers { permanent_uuid: "f05921b57aef4909936bdd22f761fc88" member_type: VOTER last_known_addr { host: "127.25.46.1" port: 42741 } } peers { permanent_uuid: "eebeec0ace874595b1eb94ae2f208617" member_type: VOTER last_known_addr { host: "127.25.46.2" port: 46087 } } peers { permanent_uuid: "e77296a0ca9c493fad9aa9166782f3ff" member_type: VOTER last_known_addr { host: "127.25.46.3" port: 46695 } }
I20260709 12:17:04.866669 27195 tablet_bootstrap.cc:654] T e50c66dcd4eb447aa0c7a78a0b77d50a P f05921b57aef4909936bdd22f761fc88: Neither blocks nor log segments found. Creating new log.
I20260709 12:17:04.868161 27193 tablet_bootstrap.cc:654] T 08aabcf682d74c908775fdfdf841968c P e77296a0ca9c493fad9aa9166782f3ff: Neither blocks nor log segments found. Creating new log.
I20260709 12:17:04.874734 27195 tablet_bootstrap.cc:492] T e50c66dcd4eb447aa0c7a78a0b77d50a P f05921b57aef4909936bdd22f761fc88: No bootstrap required, opened a new log
I20260709 12:17:04.875435 27195 ts_tablet_manager.cc:1403] T e50c66dcd4eb447aa0c7a78a0b77d50a P f05921b57aef4909936bdd22f761fc88: Time spent bootstrapping tablet: real 0.022s	user 0.008s	sys 0.004s
I20260709 12:17:04.878548 27195 raft_consensus.cc:359] T e50c66dcd4eb447aa0c7a78a0b77d50a P f05921b57aef4909936bdd22f761fc88 [term 0 FOLLOWER]: Replica starting. Triggering 0 pending ops. Active config: opid_index: -1 OBSOLETE_local: false peers { permanent_uuid: "f05921b57aef4909936bdd22f761fc88" member_type: VOTER last_known_addr { host: "127.25.46.1" port: 42741 } } peers { permanent_uuid: "eebeec0ace874595b1eb94ae2f208617" member_type: VOTER last_known_addr { host: "127.25.46.2" port: 46087 } } peers { permanent_uuid: "e77296a0ca9c493fad9aa9166782f3ff" member_type: VOTER last_known_addr { host: "127.25.46.3" port: 46695 } }
I20260709 12:17:04.879397 27195 raft_consensus.cc:385] T e50c66dcd4eb447aa0c7a78a0b77d50a P f05921b57aef4909936bdd22f761fc88 [term 0 FOLLOWER]: Consensus starting up: Expiring failure detector timer to make a prompt election more likely
I20260709 12:17:04.879652 27195 raft_consensus.cc:740] T e50c66dcd4eb447aa0c7a78a0b77d50a P f05921b57aef4909936bdd22f761fc88 [term 0 FOLLOWER]: Becoming Follower/Learner. State: Replica: f05921b57aef4909936bdd22f761fc88, State: Initialized, Role: FOLLOWER
I20260709 12:17:04.879946 27194 tablet_bootstrap.cc:492] T fc3eb22c2d614aa2991ec34bf1e948fc P eebeec0ace874595b1eb94ae2f208617: No bootstrap required, opened a new log
I20260709 12:17:04.880439 27194 ts_tablet_manager.cc:1403] T fc3eb22c2d614aa2991ec34bf1e948fc P eebeec0ace874595b1eb94ae2f208617: Time spent bootstrapping tablet: real 0.030s	user 0.006s	sys 0.006s
I20260709 12:17:04.880340 27195 consensus_queue.cc:260] T e50c66dcd4eb447aa0c7a78a0b77d50a P f05921b57aef4909936bdd22f761fc88 [NON_LEADER]: Queue going to NON_LEADER mode. State: All replicated index: 0, Majority replicated index: 0, Committed index: 0, Last appended: 0.0, Last appended by leader: 0, Current term: 0, Majority size: -1, State: 0, Mode: NON_LEADER, active raft config: opid_index: -1 OBSOLETE_local: false peers { permanent_uuid: "f05921b57aef4909936bdd22f761fc88" member_type: VOTER last_known_addr { host: "127.25.46.1" port: 42741 } } peers { permanent_uuid: "eebeec0ace874595b1eb94ae2f208617" member_type: VOTER last_known_addr { host: "127.25.46.2" port: 46087 } } peers { permanent_uuid: "e77296a0ca9c493fad9aa9166782f3ff" member_type: VOTER last_known_addr { host: "127.25.46.3" port: 46695 } }
I20260709 12:17:04.882418 27193 tablet_bootstrap.cc:492] T 08aabcf682d74c908775fdfdf841968c P e77296a0ca9c493fad9aa9166782f3ff: No bootstrap required, opened a new log
I20260709 12:17:04.882918 27193 ts_tablet_manager.cc:1403] T 08aabcf682d74c908775fdfdf841968c P e77296a0ca9c493fad9aa9166782f3ff: Time spent bootstrapping tablet: real 0.033s	user 0.015s	sys 0.002s
I20260709 12:17:04.883122 27194 raft_consensus.cc:359] T fc3eb22c2d614aa2991ec34bf1e948fc P eebeec0ace874595b1eb94ae2f208617 [term 0 FOLLOWER]: Replica starting. Triggering 0 pending ops. Active config: opid_index: -1 OBSOLETE_local: false peers { permanent_uuid: "f05921b57aef4909936bdd22f761fc88" member_type: VOTER last_known_addr { host: "127.25.46.1" port: 42741 } } peers { permanent_uuid: "eebeec0ace874595b1eb94ae2f208617" member_type: VOTER last_known_addr { host: "127.25.46.2" port: 46087 } } peers { permanent_uuid: "e77296a0ca9c493fad9aa9166782f3ff" member_type: VOTER last_known_addr { host: "127.25.46.3" port: 46695 } }
I20260709 12:17:04.883838 27194 raft_consensus.cc:385] T fc3eb22c2d614aa2991ec34bf1e948fc P eebeec0ace874595b1eb94ae2f208617 [term 0 FOLLOWER]: Consensus starting up: Expiring failure detector timer to make a prompt election more likely
I20260709 12:17:04.884104 27194 raft_consensus.cc:740] T fc3eb22c2d614aa2991ec34bf1e948fc P eebeec0ace874595b1eb94ae2f208617 [term 0 FOLLOWER]: Becoming Follower/Learner. State: Replica: eebeec0ace874595b1eb94ae2f208617, State: Initialized, Role: FOLLOWER
I20260709 12:17:04.884742 27194 consensus_queue.cc:260] T fc3eb22c2d614aa2991ec34bf1e948fc P eebeec0ace874595b1eb94ae2f208617 [NON_LEADER]: Queue going to NON_LEADER mode. State: All replicated index: 0, Majority replicated index: 0, Committed index: 0, Last appended: 0.0, Last appended by leader: 0, Current term: 0, Majority size: -1, State: 0, Mode: NON_LEADER, active raft config: opid_index: -1 OBSOLETE_local: false peers { permanent_uuid: "f05921b57aef4909936bdd22f761fc88" member_type: VOTER last_known_addr { host: "127.25.46.1" port: 42741 } } peers { permanent_uuid: "eebeec0ace874595b1eb94ae2f208617" member_type: VOTER last_known_addr { host: "127.25.46.2" port: 46087 } } peers { permanent_uuid: "e77296a0ca9c493fad9aa9166782f3ff" member_type: VOTER last_known_addr { host: "127.25.46.3" port: 46695 } }
I20260709 12:17:04.886006 27193 raft_consensus.cc:359] T 08aabcf682d74c908775fdfdf841968c P e77296a0ca9c493fad9aa9166782f3ff [term 0 FOLLOWER]: Replica starting. Triggering 0 pending ops. Active config: opid_index: -1 OBSOLETE_local: false peers { permanent_uuid: "f05921b57aef4909936bdd22f761fc88" member_type: VOTER last_known_addr { host: "127.25.46.1" port: 42741 } } peers { permanent_uuid: "eebeec0ace874595b1eb94ae2f208617" member_type: VOTER last_known_addr { host: "127.25.46.2" port: 46087 } } peers { permanent_uuid: "e77296a0ca9c493fad9aa9166782f3ff" member_type: VOTER last_known_addr { host: "127.25.46.3" port: 46695 } }
I20260709 12:17:04.886718 27194 ts_tablet_manager.cc:1434] T fc3eb22c2d614aa2991ec34bf1e948fc P eebeec0ace874595b1eb94ae2f208617: Time spent starting tablet: real 0.006s	user 0.006s	sys 0.000s
I20260709 12:17:04.886695 27193 raft_consensus.cc:385] T 08aabcf682d74c908775fdfdf841968c P e77296a0ca9c493fad9aa9166782f3ff [term 0 FOLLOWER]: Consensus starting up: Expiring failure detector timer to make a prompt election more likely
I20260709 12:17:04.887183 27193 raft_consensus.cc:740] T 08aabcf682d74c908775fdfdf841968c P e77296a0ca9c493fad9aa9166782f3ff [term 0 FOLLOWER]: Becoming Follower/Learner. State: Replica: e77296a0ca9c493fad9aa9166782f3ff, State: Initialized, Role: FOLLOWER
I20260709 12:17:04.887852 27194 tablet_bootstrap.cc:492] T 35e44f504ef1450baaa6290f34c4cbaa P eebeec0ace874595b1eb94ae2f208617: Bootstrap starting.
I20260709 12:17:04.887909 27193 consensus_queue.cc:260] T 08aabcf682d74c908775fdfdf841968c P e77296a0ca9c493fad9aa9166782f3ff [NON_LEADER]: Queue going to NON_LEADER mode. State: All replicated index: 0, Majority replicated index: 0, Committed index: 0, Last appended: 0.0, Last appended by leader: 0, Current term: 0, Majority size: -1, State: 0, Mode: NON_LEADER, active raft config: opid_index: -1 OBSOLETE_local: false peers { permanent_uuid: "f05921b57aef4909936bdd22f761fc88" member_type: VOTER last_known_addr { host: "127.25.46.1" port: 42741 } } peers { permanent_uuid: "eebeec0ace874595b1eb94ae2f208617" member_type: VOTER last_known_addr { host: "127.25.46.2" port: 46087 } } peers { permanent_uuid: "e77296a0ca9c493fad9aa9166782f3ff" member_type: VOTER last_known_addr { host: "127.25.46.3" port: 46695 } }
I20260709 12:17:04.894155 26899 catalog_manager.cc:5697] T b3b9d34450eb43d89c9fdc147d62c5c6 P e77296a0ca9c493fad9aa9166782f3ff reported cstate change: term changed from 0 to 1, leader changed from <none> to e77296a0ca9c493fad9aa9166782f3ff (127.25.46.3). New cstate: current_term: 1 leader_uuid: "e77296a0ca9c493fad9aa9166782f3ff" committed_config { opid_index: -1 OBSOLETE_local: false peers { permanent_uuid: "f05921b57aef4909936bdd22f761fc88" member_type: VOTER last_known_addr { host: "127.25.46.1" port: 42741 } health_report { overall_health: UNKNOWN } } peers { permanent_uuid: "eebeec0ace874595b1eb94ae2f208617" member_type: VOTER last_known_addr { host: "127.25.46.2" port: 46087 } health_report { overall_health: UNKNOWN } } peers { permanent_uuid: "e77296a0ca9c493fad9aa9166782f3ff" member_type: VOTER last_known_addr { host: "127.25.46.3" port: 46695 } health_report { overall_health: HEALTHY } } }
I20260709 12:17:04.901706 27193 ts_tablet_manager.cc:1434] T 08aabcf682d74c908775fdfdf841968c P e77296a0ca9c493fad9aa9166782f3ff: Time spent starting tablet: real 0.018s	user 0.003s	sys 0.002s
I20260709 12:17:04.902866 27193 tablet_bootstrap.cc:492] T 7b06d13135f2489da4d0654bab69f180 P e77296a0ca9c493fad9aa9166782f3ff: Bootstrap starting.
I20260709 12:17:04.905249 27194 tablet_bootstrap.cc:654] T 35e44f504ef1450baaa6290f34c4cbaa P eebeec0ace874595b1eb94ae2f208617: Neither blocks nor log segments found. Creating new log.
I20260709 12:17:04.893604 27195 ts_tablet_manager.cc:1434] T e50c66dcd4eb447aa0c7a78a0b77d50a P f05921b57aef4909936bdd22f761fc88: Time spent starting tablet: real 0.018s	user 0.004s	sys 0.002s
I20260709 12:17:04.909070 27193 tablet_bootstrap.cc:654] T 7b06d13135f2489da4d0654bab69f180 P e77296a0ca9c493fad9aa9166782f3ff: Neither blocks nor log segments found. Creating new log.
I20260709 12:17:04.910480 27195 tablet_bootstrap.cc:492] T 2c1b015cf3ec4ed5837980efa576b936 P f05921b57aef4909936bdd22f761fc88: Bootstrap starting.
I20260709 12:17:04.919035 27195 tablet_bootstrap.cc:654] T 2c1b015cf3ec4ed5837980efa576b936 P f05921b57aef4909936bdd22f761fc88: Neither blocks nor log segments found. Creating new log.
I20260709 12:17:04.922204 27193 tablet_bootstrap.cc:492] T 7b06d13135f2489da4d0654bab69f180 P e77296a0ca9c493fad9aa9166782f3ff: No bootstrap required, opened a new log
I20260709 12:17:04.922804 27193 ts_tablet_manager.cc:1403] T 7b06d13135f2489da4d0654bab69f180 P e77296a0ca9c493fad9aa9166782f3ff: Time spent bootstrapping tablet: real 0.020s	user 0.015s	sys 0.003s
I20260709 12:17:04.924081 27194 tablet_bootstrap.cc:492] T 35e44f504ef1450baaa6290f34c4cbaa P eebeec0ace874595b1eb94ae2f208617: No bootstrap required, opened a new log
I20260709 12:17:04.924536 27194 ts_tablet_manager.cc:1403] T 35e44f504ef1450baaa6290f34c4cbaa P eebeec0ace874595b1eb94ae2f208617: Time spent bootstrapping tablet: real 0.037s	user 0.019s	sys 0.015s
I20260709 12:17:04.926431 27195 tablet_bootstrap.cc:492] T 2c1b015cf3ec4ed5837980efa576b936 P f05921b57aef4909936bdd22f761fc88: No bootstrap required, opened a new log
I20260709 12:17:04.925443 27193 raft_consensus.cc:359] T 7b06d13135f2489da4d0654bab69f180 P e77296a0ca9c493fad9aa9166782f3ff [term 0 FOLLOWER]: Replica starting. Triggering 0 pending ops. Active config: opid_index: -1 OBSOLETE_local: false peers { permanent_uuid: "f05921b57aef4909936bdd22f761fc88" member_type: VOTER last_known_addr { host: "127.25.46.1" port: 42741 } } peers { permanent_uuid: "eebeec0ace874595b1eb94ae2f208617" member_type: VOTER last_known_addr { host: "127.25.46.2" port: 46087 } } peers { permanent_uuid: "e77296a0ca9c493fad9aa9166782f3ff" member_type: VOTER last_known_addr { host: "127.25.46.3" port: 46695 } }
I20260709 12:17:04.926906 27195 ts_tablet_manager.cc:1403] T 2c1b015cf3ec4ed5837980efa576b936 P f05921b57aef4909936bdd22f761fc88: Time spent bootstrapping tablet: real 0.017s	user 0.010s	sys 0.001s
I20260709 12:17:04.927386 27193 raft_consensus.cc:385] T 7b06d13135f2489da4d0654bab69f180 P e77296a0ca9c493fad9aa9166782f3ff [term 0 FOLLOWER]: Consensus starting up: Expiring failure detector timer to make a prompt election more likely
