I20260709 12:16:26.816921 14189 raft_consensus.cc:2468] T 1e77bf87be234d2d94070b69b7982a90 P e725908b7fa14a4a96943952f3f8bd10 [term 2 FOLLOWER]: Leader election vote request: Granting yes vote for candidate 8bb06b6aa2094f4eb96be724153f5312 in term 2.
I20260709 12:16:26.817785 14425 raft_consensus.cc:2804] T 1e77bf87be234d2d94070b69b7982a90 P 8bb06b6aa2094f4eb96be724153f5312 [term 2 FOLLOWER]: Leader election won for term 2
I20260709 12:16:26.818308 14425 raft_consensus.cc:697] T 1e77bf87be234d2d94070b69b7982a90 P 8bb06b6aa2094f4eb96be724153f5312 [term 2 LEADER]: Becoming Leader. State: Replica: 8bb06b6aa2094f4eb96be724153f5312, State: Running, Role: LEADER
I20260709 12:16:26.819106 14425 consensus_queue.cc:237] T 1e77bf87be234d2d94070b69b7982a90 P 8bb06b6aa2094f4eb96be724153f5312 [LEADER]: Queue going to LEADER mode. State: All replicated index: 0, Majority replicated index: 1, Committed index: 1, Last appended: 1.1, Last appended by leader: 1, Current term: 2, Majority size: 2, State: 0, Mode: LEADER, active raft config: opid_index: -1 OBSOLETE_local: false peers { permanent_uuid: "e725908b7fa14a4a96943952f3f8bd10" member_type: VOTER last_known_addr { host: "127.13.55.65" port: 42347 } } peers { permanent_uuid: "8bb06b6aa2094f4eb96be724153f5312" member_type: VOTER last_known_addr { host: "127.13.55.66" port: 41515 } } peers { permanent_uuid: "28454ec1ce3c47d59b65236b9b4daade" member_type: VOTER last_known_addr { host: "127.13.55.67" port: 35663 } }
I20260709 12:16:26.825296 14084 catalog_manager.cc:5697] T 1e77bf87be234d2d94070b69b7982a90 P 8bb06b6aa2094f4eb96be724153f5312 reported cstate change: term changed from 1 to 2, leader changed from e725908b7fa14a4a96943952f3f8bd10 (127.13.55.65) to 8bb06b6aa2094f4eb96be724153f5312 (127.13.55.66). New cstate: current_term: 2 leader_uuid: "8bb06b6aa2094f4eb96be724153f5312" committed_config { opid_index: -1 OBSOLETE_local: false peers { permanent_uuid: "e725908b7fa14a4a96943952f3f8bd10" member_type: VOTER last_known_addr { host: "127.13.55.65" port: 42347 } health_report { overall_health: UNKNOWN } } peers { permanent_uuid: "8bb06b6aa2094f4eb96be724153f5312" member_type: VOTER last_known_addr { host: "127.13.55.66" port: 41515 } health_report { overall_health: HEALTHY } } peers { permanent_uuid: "28454ec1ce3c47d59b65236b9b4daade" member_type: VOTER last_known_addr { host: "127.13.55.67" port: 35663 } health_report { overall_health: UNKNOWN } } }
I20260709 12:16:26.896895 14262 raft_consensus.cc:1275] T f42f2f1a0d504e8caec7adf5ccb8cdd0 P 8bb06b6aa2094f4eb96be724153f5312 [term 2 FOLLOWER]: Refusing update from remote peer e725908b7fa14a4a96943952f3f8bd10: Log matching property violated. Preceding OpId in replica: term: 1 index: 1. Preceding OpId from leader: term: 2 index: 2. (index mismatch)
I20260709 12:16:26.898144 14389 consensus_queue.cc:1048] T f42f2f1a0d504e8caec7adf5ccb8cdd0 P e725908b7fa14a4a96943952f3f8bd10 [LEADER]: Connected to new peer: Peer: permanent_uuid: "8bb06b6aa2094f4eb96be724153f5312" member_type: VOTER last_known_addr { host: "127.13.55.66" port: 41515 }, Status: LMP_MISMATCH, Last received: 0.0, Next index: 2, Last known committed idx: 1, Time since last communication: 0.000s
I20260709 12:16:26.905818 14338 raft_consensus.cc:1275] T f42f2f1a0d504e8caec7adf5ccb8cdd0 P 28454ec1ce3c47d59b65236b9b4daade [term 2 FOLLOWER]: Refusing update from remote peer e725908b7fa14a4a96943952f3f8bd10: Log matching property violated. Preceding OpId in replica: term: 1 index: 1. Preceding OpId from leader: term: 2 index: 2. (index mismatch)
I20260709 12:16:26.907401 14389 consensus_queue.cc:1048] T f42f2f1a0d504e8caec7adf5ccb8cdd0 P e725908b7fa14a4a96943952f3f8bd10 [LEADER]: Connected to new peer: Peer: permanent_uuid: "28454ec1ce3c47d59b65236b9b4daade" member_type: VOTER last_known_addr { host: "127.13.55.67" port: 35663 }, Status: LMP_MISMATCH, Last received: 0.0, Next index: 2, Last known committed idx: 1, Time since last communication: 0.000s
I20260709 12:16:26.947906 14419 raft_consensus.cc:993] T d5a0a10d22b94ecbb99426fd3bfaa0a9 P 8bb06b6aa2094f4eb96be724153f5312: : Instructing follower e725908b7fa14a4a96943952f3f8bd10 to start an election
I20260709 12:16:26.948448 14425 raft_consensus.cc:1081] T d5a0a10d22b94ecbb99426fd3bfaa0a9 P 8bb06b6aa2094f4eb96be724153f5312 [term 1 LEADER]: Signalling peer e725908b7fa14a4a96943952f3f8bd10 to start an election
I20260709 12:16:26.950400 14189 tablet_service.cc:2044] Received Run Leader Election RPC: tablet_id: "d5a0a10d22b94ecbb99426fd3bfaa0a9"
dest_uuid: "e725908b7fa14a4a96943952f3f8bd10"
 from {username='slave'} at 127.0.0.1:34244
I20260709 12:16:26.950943 14189 raft_consensus.cc:493] T d5a0a10d22b94ecbb99426fd3bfaa0a9 P e725908b7fa14a4a96943952f3f8bd10 [term 1 FOLLOWER]: Starting forced leader election (received explicit request)
I20260709 12:16:26.951262 14189 raft_consensus.cc:3060] T d5a0a10d22b94ecbb99426fd3bfaa0a9 P e725908b7fa14a4a96943952f3f8bd10 [term 1 FOLLOWER]: Advancing to term 2
I20260709 12:16:26.956046 14338 raft_consensus.cc:1275] T b0d915f8a57c4a038fe2df1c2b9e88a2 P 28454ec1ce3c47d59b65236b9b4daade [term 2 FOLLOWER]: Refusing update from remote peer 8bb06b6aa2094f4eb96be724153f5312: Log matching property violated. Preceding OpId in replica: term: 1 index: 1. Preceding OpId from leader: term: 2 index: 2. (index mismatch)
I20260709 12:16:26.956537 14189 raft_consensus.cc:515] T d5a0a10d22b94ecbb99426fd3bfaa0a9 P e725908b7fa14a4a96943952f3f8bd10 [term 2 FOLLOWER]: Starting forced leader election with config: opid_index: -1 OBSOLETE_local: false peers { permanent_uuid: "e725908b7fa14a4a96943952f3f8bd10" member_type: VOTER last_known_addr { host: "127.13.55.65" port: 42347 } } peers { permanent_uuid: "8bb06b6aa2094f4eb96be724153f5312" member_type: VOTER last_known_addr { host: "127.13.55.66" port: 41515 } } peers { permanent_uuid: "28454ec1ce3c47d59b65236b9b4daade" member_type: VOTER last_known_addr { host: "127.13.55.67" port: 35663 } }
I20260709 12:16:26.957289 14425 consensus_queue.cc:1048] T b0d915f8a57c4a038fe2df1c2b9e88a2 P 8bb06b6aa2094f4eb96be724153f5312 [LEADER]: Connected to new peer: Peer: permanent_uuid: "28454ec1ce3c47d59b65236b9b4daade" member_type: VOTER last_known_addr { host: "127.13.55.67" port: 35663 }, Status: LMP_MISMATCH, Last received: 0.0, Next index: 2, Last known committed idx: 1, Time since last communication: 0.000s
I20260709 12:16:26.958379 14189 leader_election.cc:290] T d5a0a10d22b94ecbb99426fd3bfaa0a9 P e725908b7fa14a4a96943952f3f8bd10 [CANDIDATE]: Term 2 election: Requested vote from peers 8bb06b6aa2094f4eb96be724153f5312 (127.13.55.66:41515), 28454ec1ce3c47d59b65236b9b4daade (127.13.55.67:35663)
I20260709 12:16:26.959364 14262 tablet_service.cc:1917] Received RequestConsensusVote() RPC: tablet_id: "d5a0a10d22b94ecbb99426fd3bfaa0a9" candidate_uuid: "e725908b7fa14a4a96943952f3f8bd10" candidate_term: 2 candidate_status { last_received { term: 1 index: 1 } } ignore_live_leader: true dest_uuid: "8bb06b6aa2094f4eb96be724153f5312"
I20260709 12:16:26.959854 14262 raft_consensus.cc:3055] T d5a0a10d22b94ecbb99426fd3bfaa0a9 P 8bb06b6aa2094f4eb96be724153f5312 [term 1 LEADER]: Stepping down as leader of term 1
I20260709 12:16:26.960222 14262 raft_consensus.cc:740] T d5a0a10d22b94ecbb99426fd3bfaa0a9 P 8bb06b6aa2094f4eb96be724153f5312 [term 1 LEADER]: Becoming Follower/Learner. State: Replica: 8bb06b6aa2094f4eb96be724153f5312, State: Running, Role: LEADER
I20260709 12:16:26.961246 14338 tablet_service.cc:1917] Received RequestConsensusVote() RPC: tablet_id: "d5a0a10d22b94ecbb99426fd3bfaa0a9" candidate_uuid: "e725908b7fa14a4a96943952f3f8bd10" candidate_term: 2 candidate_status { last_received { term: 1 index: 1 } } ignore_live_leader: true dest_uuid: "28454ec1ce3c47d59b65236b9b4daade"
I20260709 12:16:26.962038 14262 consensus_queue.cc:260] T d5a0a10d22b94ecbb99426fd3bfaa0a9 P 8bb06b6aa2094f4eb96be724153f5312 [NON_LEADER]: Queue going to NON_LEADER mode. State: All replicated index: 0, Majority replicated index: 1, Committed index: 1, Last appended: 1.1, Last appended by leader: 1, Current term: 1, Majority size: -1, State: 0, Mode: NON_LEADER, active raft config: opid_index: -1 OBSOLETE_local: false peers { permanent_uuid: "e725908b7fa14a4a96943952f3f8bd10" member_type: VOTER last_known_addr { host: "127.13.55.65" port: 42347 } } peers { permanent_uuid: "8bb06b6aa2094f4eb96be724153f5312" member_type: VOTER last_known_addr { host: "127.13.55.66" port: 41515 } } peers { permanent_uuid: "28454ec1ce3c47d59b65236b9b4daade" member_type: VOTER last_known_addr { host: "127.13.55.67" port: 35663 } }
I20260709 12:16:26.963244 14262 raft_consensus.cc:3060] T d5a0a10d22b94ecbb99426fd3bfaa0a9 P 8bb06b6aa2094f4eb96be724153f5312 [term 1 FOLLOWER]: Advancing to term 2
I20260709 12:16:26.965003 14189 raft_consensus.cc:1275] T b0d915f8a57c4a038fe2df1c2b9e88a2 P e725908b7fa14a4a96943952f3f8bd10 [term 2 FOLLOWER]: Refusing update from remote peer 8bb06b6aa2094f4eb96be724153f5312: Log matching property violated. Preceding OpId in replica: term: 1 index: 1. Preceding OpId from leader: term: 2 index: 2. (index mismatch)
I20260709 12:16:26.963323 14338 raft_consensus.cc:3060] T d5a0a10d22b94ecbb99426fd3bfaa0a9 P 28454ec1ce3c47d59b65236b9b4daade [term 1 FOLLOWER]: Advancing to term 2
I20260709 12:16:26.966436 14421 consensus_queue.cc:1048] T b0d915f8a57c4a038fe2df1c2b9e88a2 P 8bb06b6aa2094f4eb96be724153f5312 [LEADER]: Connected to new peer: Peer: permanent_uuid: "e725908b7fa14a4a96943952f3f8bd10" member_type: VOTER last_known_addr { host: "127.13.55.65" port: 42347 }, Status: LMP_MISMATCH, Last received: 0.0, Next index: 2, Last known committed idx: 1, Time since last communication: 0.000s
I20260709 12:16:26.973919 14262 raft_consensus.cc:2468] T d5a0a10d22b94ecbb99426fd3bfaa0a9 P 8bb06b6aa2094f4eb96be724153f5312 [term 2 FOLLOWER]: Leader election vote request: Granting yes vote for candidate e725908b7fa14a4a96943952f3f8bd10 in term 2.
I20260709 12:16:26.975082 14154 leader_election.cc:304] T d5a0a10d22b94ecbb99426fd3bfaa0a9 P e725908b7fa14a4a96943952f3f8bd10 [CANDIDATE]: Term 2 election: Election decided. Result: candidate won. Election summary: received 2 responses out of 3 voters: 2 yes votes; 0 no votes. yes voters: 8bb06b6aa2094f4eb96be724153f5312, e725908b7fa14a4a96943952f3f8bd10; no voters: 
I20260709 12:16:26.975960 14389 raft_consensus.cc:2804] T d5a0a10d22b94ecbb99426fd3bfaa0a9 P e725908b7fa14a4a96943952f3f8bd10 [term 2 FOLLOWER]: Leader election won for term 2
I20260709 12:16:26.976514 14389 raft_consensus.cc:697] T d5a0a10d22b94ecbb99426fd3bfaa0a9 P e725908b7fa14a4a96943952f3f8bd10 [term 2 LEADER]: Becoming Leader. State: Replica: e725908b7fa14a4a96943952f3f8bd10, State: Running, Role: LEADER
I20260709 12:16:26.977377 14389 consensus_queue.cc:237] T d5a0a10d22b94ecbb99426fd3bfaa0a9 P e725908b7fa14a4a96943952f3f8bd10 [LEADER]: Queue going to LEADER mode. State: All replicated index: 0, Majority replicated index: 1, Committed index: 1, Last appended: 1.1, Last appended by leader: 1, Current term: 2, Majority size: 2, State: 0, Mode: LEADER, active raft config: opid_index: -1 OBSOLETE_local: false peers { permanent_uuid: "e725908b7fa14a4a96943952f3f8bd10" member_type: VOTER last_known_addr { host: "127.13.55.65" port: 42347 } } peers { permanent_uuid: "8bb06b6aa2094f4eb96be724153f5312" member_type: VOTER last_known_addr { host: "127.13.55.66" port: 41515 } } peers { permanent_uuid: "28454ec1ce3c47d59b65236b9b4daade" member_type: VOTER last_known_addr { host: "127.13.55.67" port: 35663 } }
I20260709 12:16:26.979635 14338 raft_consensus.cc:2468] T d5a0a10d22b94ecbb99426fd3bfaa0a9 P 28454ec1ce3c47d59b65236b9b4daade [term 2 FOLLOWER]: Leader election vote request: Granting yes vote for candidate e725908b7fa14a4a96943952f3f8bd10 in term 2.
I20260709 12:16:26.990486 14083 catalog_manager.cc:5697] T d5a0a10d22b94ecbb99426fd3bfaa0a9 P e725908b7fa14a4a96943952f3f8bd10 reported cstate change: term changed from 1 to 2, leader changed from 8bb06b6aa2094f4eb96be724153f5312 (127.13.55.66) to e725908b7fa14a4a96943952f3f8bd10 (127.13.55.65). New cstate: current_term: 2 leader_uuid: "e725908b7fa14a4a96943952f3f8bd10" committed_config { opid_index: -1 OBSOLETE_local: false peers { permanent_uuid: "e725908b7fa14a4a96943952f3f8bd10" member_type: VOTER last_known_addr { host: "127.13.55.65" port: 42347 } health_report { overall_health: HEALTHY } } peers { permanent_uuid: "8bb06b6aa2094f4eb96be724153f5312" member_type: VOTER last_known_addr { host: "127.13.55.66" port: 41515 } health_report { overall_health: UNKNOWN } } peers { permanent_uuid: "28454ec1ce3c47d59b65236b9b4daade" member_type: VOTER last_known_addr { host: "127.13.55.67" port: 35663 } health_report { overall_health: UNKNOWN } } }
I20260709 12:16:27.245042 14338 raft_consensus.cc:1275] T 84f07f9f8c2644b9b682627e95414056 P 28454ec1ce3c47d59b65236b9b4daade [term 2 FOLLOWER]: Refusing update from remote peer 8bb06b6aa2094f4eb96be724153f5312: Log matching property violated. Preceding OpId in replica: term: 1 index: 1. Preceding OpId from leader: term: 2 index: 2. (index mismatch)
I20260709 12:16:27.246240 14425 consensus_queue.cc:1048] T 84f07f9f8c2644b9b682627e95414056 P 8bb06b6aa2094f4eb96be724153f5312 [LEADER]: Connected to new peer: Peer: permanent_uuid: "28454ec1ce3c47d59b65236b9b4daade" member_type: VOTER last_known_addr { host: "127.13.55.67" port: 35663 }, Status: LMP_MISMATCH, Last received: 0.0, Next index: 2, Last known committed idx: 1, Time since last communication: 0.000s
I20260709 12:16:27.254637 14189 raft_consensus.cc:1275] T 84f07f9f8c2644b9b682627e95414056 P e725908b7fa14a4a96943952f3f8bd10 [term 2 FOLLOWER]: Refusing update from remote peer 8bb06b6aa2094f4eb96be724153f5312: Log matching property violated. Preceding OpId in replica: term: 1 index: 1. Preceding OpId from leader: term: 2 index: 2. (index mismatch)
I20260709 12:16:27.256150 14419 consensus_queue.cc:1048] T 84f07f9f8c2644b9b682627e95414056 P 8bb06b6aa2094f4eb96be724153f5312 [LEADER]: Connected to new peer: Peer: permanent_uuid: "e725908b7fa14a4a96943952f3f8bd10" member_type: VOTER last_known_addr { host: "127.13.55.65" port: 42347 }, Status: LMP_MISMATCH, Last received: 0.0, Next index: 2, Last known committed idx: 1, Time since last communication: 0.000s
I20260709 12:16:27.287474 14189 raft_consensus.cc:1275] T 1e77bf87be234d2d94070b69b7982a90 P e725908b7fa14a4a96943952f3f8bd10 [term 2 FOLLOWER]: Refusing update from remote peer 8bb06b6aa2094f4eb96be724153f5312: Log matching property violated. Preceding OpId in replica: term: 1 index: 1. Preceding OpId from leader: term: 2 index: 2. (index mismatch)
I20260709 12:16:27.288854 14419 consensus_queue.cc:1048] T 1e77bf87be234d2d94070b69b7982a90 P 8bb06b6aa2094f4eb96be724153f5312 [LEADER]: Connected to new peer: Peer: permanent_uuid: "e725908b7fa14a4a96943952f3f8bd10" member_type: VOTER last_known_addr { host: "127.13.55.65" port: 42347 }, Status: LMP_MISMATCH, Last received: 0.0, Next index: 2, Last known committed idx: 1, Time since last communication: 0.000s
I20260709 12:16:27.293295 14337 raft_consensus.cc:1275] T 1e77bf87be234d2d94070b69b7982a90 P 28454ec1ce3c47d59b65236b9b4daade [term 2 FOLLOWER]: Refusing update from remote peer 8bb06b6aa2094f4eb96be724153f5312: Log matching property violated. Preceding OpId in replica: term: 1 index: 1. Preceding OpId from leader: term: 2 index: 2. (index mismatch)
I20260709 12:16:27.294847 14425 consensus_queue.cc:1048] T 1e77bf87be234d2d94070b69b7982a90 P 8bb06b6aa2094f4eb96be724153f5312 [LEADER]: Connected to new peer: Peer: permanent_uuid: "28454ec1ce3c47d59b65236b9b4daade" member_type: VOTER last_known_addr { host: "127.13.55.67" port: 35663 }, Status: LMP_MISMATCH, Last received: 0.0, Next index: 2, Last known committed idx: 1, Time since last communication: 0.000s
I20260709 12:16:27.374145 14337 raft_consensus.cc:1275] T d5a0a10d22b94ecbb99426fd3bfaa0a9 P 28454ec1ce3c47d59b65236b9b4daade [term 2 FOLLOWER]: Refusing update from remote peer e725908b7fa14a4a96943952f3f8bd10: Log matching property violated. Preceding OpId in replica: term: 1 index: 1. Preceding OpId from leader: term: 2 index: 2. (index mismatch)
I20260709 12:16:27.375459 14389 consensus_queue.cc:1048] T d5a0a10d22b94ecbb99426fd3bfaa0a9 P e725908b7fa14a4a96943952f3f8bd10 [LEADER]: Connected to new peer: Peer: permanent_uuid: "28454ec1ce3c47d59b65236b9b4daade" member_type: VOTER last_known_addr { host: "127.13.55.67" port: 35663 }, Status: LMP_MISMATCH, Last received: 0.0, Next index: 2, Last known committed idx: 1, Time since last communication: 0.001s
I20260709 12:16:27.383267 14262 raft_consensus.cc:1275] T d5a0a10d22b94ecbb99426fd3bfaa0a9 P 8bb06b6aa2094f4eb96be724153f5312 [term 2 FOLLOWER]: Refusing update from remote peer e725908b7fa14a4a96943952f3f8bd10: Log matching property violated. Preceding OpId in replica: term: 1 index: 1. Preceding OpId from leader: term: 2 index: 2. (index mismatch)
I20260709 12:16:27.384884 14415 consensus_queue.cc:1048] T d5a0a10d22b94ecbb99426fd3bfaa0a9 P e725908b7fa14a4a96943952f3f8bd10 [LEADER]: Connected to new peer: Peer: permanent_uuid: "8bb06b6aa2094f4eb96be724153f5312" member_type: VOTER last_known_addr { host: "127.13.55.66" port: 41515 }, Status: LMP_MISMATCH, Last received: 0.0, Next index: 2, Last known committed idx: 1, Time since last communication: 0.000s
I20260709 12:16:29.503454 13533 auto_leader_rebalancer-test.cc:365] The leader distribution is 
I20260709 12:16:29.504278 13533 auto_leader_rebalancer.cc:141] leader rebalance for table test-workload
I20260709 12:16:29.527195 14188 tablet_service.cc:2072] Received LeaderStepDown RPC: tablet_id: "198351c1731b414e8e762c8fb310a495"
dest_uuid: "e725908b7fa14a4a96943952f3f8bd10"
mode: GRACEFUL
new_leader_uuid: "28454ec1ce3c47d59b65236b9b4daade"
 from {username='slave'} at 127.0.0.1:34260
I20260709 12:16:29.528273 14188 raft_consensus.cc:606] T 198351c1731b414e8e762c8fb310a495 P e725908b7fa14a4a96943952f3f8bd10 [term 1 LEADER]: Received request to transfer leadership to TS 28454ec1ce3c47d59b65236b9b4daade
I20260709 12:16:29.531204 14188 tablet_service.cc:2072] Received LeaderStepDown RPC: tablet_id: "d5a0a10d22b94ecbb99426fd3bfaa0a9"
dest_uuid: "e725908b7fa14a4a96943952f3f8bd10"
mode: GRACEFUL
new_leader_uuid: "28454ec1ce3c47d59b65236b9b4daade"
 from {username='slave'} at 127.0.0.1:34260
I20260709 12:16:29.531838 14188 raft_consensus.cc:606] T d5a0a10d22b94ecbb99426fd3bfaa0a9 P e725908b7fa14a4a96943952f3f8bd10 [term 2 LEADER]: Received request to transfer leadership to TS 28454ec1ce3c47d59b65236b9b4daade
I20260709 12:16:29.533015 13533 auto_leader_rebalancer.cc:440] table: test-workload, leader rebalance finish, leader transfer count: 2
I20260709 12:16:29.533522 13533 auto_leader_rebalancer.cc:515] All tables' leader rebalancing finished this round
I20260709 12:16:29.560413 14475 raft_consensus.cc:993] T 198351c1731b414e8e762c8fb310a495 P e725908b7fa14a4a96943952f3f8bd10: : Instructing follower 28454ec1ce3c47d59b65236b9b4daade to start an election
I20260709 12:16:29.561100 14415 raft_consensus.cc:1081] T 198351c1731b414e8e762c8fb310a495 P e725908b7fa14a4a96943952f3f8bd10 [term 1 LEADER]: Signalling peer 28454ec1ce3c47d59b65236b9b4daade to start an election
I20260709 12:16:29.563213 14338 tablet_service.cc:2044] Received Run Leader Election RPC: tablet_id: "198351c1731b414e8e762c8fb310a495"
dest_uuid: "28454ec1ce3c47d59b65236b9b4daade"
 from {username='slave'} at 127.0.0.1:40326
I20260709 12:16:29.563937 14338 raft_consensus.cc:493] T 198351c1731b414e8e762c8fb310a495 P 28454ec1ce3c47d59b65236b9b4daade [term 1 FOLLOWER]: Starting forced leader election (received explicit request)
I20260709 12:16:29.564345 14338 raft_consensus.cc:3060] T 198351c1731b414e8e762c8fb310a495 P 28454ec1ce3c47d59b65236b9b4daade [term 1 FOLLOWER]: Advancing to term 2
I20260709 12:16:29.570909 14338 raft_consensus.cc:515] T 198351c1731b414e8e762c8fb310a495 P 28454ec1ce3c47d59b65236b9b4daade [term 2 FOLLOWER]: Starting forced leader election with config: opid_index: -1 OBSOLETE_local: false peers { permanent_uuid: "e725908b7fa14a4a96943952f3f8bd10" member_type: VOTER last_known_addr { host: "127.13.55.65" port: 42347 } } peers { permanent_uuid: "8bb06b6aa2094f4eb96be724153f5312" member_type: VOTER last_known_addr { host: "127.13.55.66" port: 41515 } } peers { permanent_uuid: "28454ec1ce3c47d59b65236b9b4daade" member_type: VOTER last_known_addr { host: "127.13.55.67" port: 35663 } }
I20260709 12:16:29.572747 14338 leader_election.cc:290] T 198351c1731b414e8e762c8fb310a495 P 28454ec1ce3c47d59b65236b9b4daade [CANDIDATE]: Term 2 election: Requested vote from peers e725908b7fa14a4a96943952f3f8bd10 (127.13.55.65:42347), 8bb06b6aa2094f4eb96be724153f5312 (127.13.55.66:41515)
I20260709 12:16:29.573798 14188 tablet_service.cc:1917] Received RequestConsensusVote() RPC: tablet_id: "198351c1731b414e8e762c8fb310a495" candidate_uuid: "28454ec1ce3c47d59b65236b9b4daade" candidate_term: 2 candidate_status { last_received { term: 1 index: 1 } } ignore_live_leader: true dest_uuid: "e725908b7fa14a4a96943952f3f8bd10"
I20260709 12:16:29.574028 14261 tablet_service.cc:1917] Received RequestConsensusVote() RPC: tablet_id: "198351c1731b414e8e762c8fb310a495" candidate_uuid: "28454ec1ce3c47d59b65236b9b4daade" candidate_term: 2 candidate_status { last_received { term: 1 index: 1 } } ignore_live_leader: true dest_uuid: "8bb06b6aa2094f4eb96be724153f5312"
I20260709 12:16:29.574522 14261 raft_consensus.cc:3060] T 198351c1731b414e8e762c8fb310a495 P 8bb06b6aa2094f4eb96be724153f5312 [term 1 FOLLOWER]: Advancing to term 2
I20260709 12:16:29.574487 14188 raft_consensus.cc:3055] T 198351c1731b414e8e762c8fb310a495 P e725908b7fa14a4a96943952f3f8bd10 [term 1 LEADER]: Stepping down as leader of term 1
I20260709 12:16:29.575053 14188 raft_consensus.cc:740] T 198351c1731b414e8e762c8fb310a495 P e725908b7fa14a4a96943952f3f8bd10 [term 1 LEADER]: Becoming Follower/Learner. State: Replica: e725908b7fa14a4a96943952f3f8bd10, State: Running, Role: LEADER
I20260709 12:16:29.575906 14188 consensus_queue.cc:260] T 198351c1731b414e8e762c8fb310a495 P e725908b7fa14a4a96943952f3f8bd10 [NON_LEADER]: Queue going to NON_LEADER mode. State: All replicated index: 0, Majority replicated index: 1, Committed index: 1, Last appended: 1.1, Last appended by leader: 1, Current term: 1, Majority size: -1, State: 0, Mode: NON_LEADER, active raft config: opid_index: -1 OBSOLETE_local: false peers { permanent_uuid: "e725908b7fa14a4a96943952f3f8bd10" member_type: VOTER last_known_addr { host: "127.13.55.65" port: 42347 } } peers { permanent_uuid: "8bb06b6aa2094f4eb96be724153f5312" member_type: VOTER last_known_addr { host: "127.13.55.66" port: 41515 } } peers { permanent_uuid: "28454ec1ce3c47d59b65236b9b4daade" member_type: VOTER last_known_addr { host: "127.13.55.67" port: 35663 } }
I20260709 12:16:29.577230 14188 raft_consensus.cc:3060] T 198351c1731b414e8e762c8fb310a495 P e725908b7fa14a4a96943952f3f8bd10 [term 1 FOLLOWER]: Advancing to term 2
I20260709 12:16:29.582187 14261 raft_consensus.cc:2468] T 198351c1731b414e8e762c8fb310a495 P 8bb06b6aa2094f4eb96be724153f5312 [term 2 FOLLOWER]: Leader election vote request: Granting yes vote for candidate 28454ec1ce3c47d59b65236b9b4daade in term 2.
I20260709 12:16:29.583478 14303 leader_election.cc:304] T 198351c1731b414e8e762c8fb310a495 P 28454ec1ce3c47d59b65236b9b4daade [CANDIDATE]: Term 2 election: Election decided. Result: candidate won. Election summary: received 2 responses out of 3 voters: 2 yes votes; 0 no votes. yes voters: 28454ec1ce3c47d59b65236b9b4daade, 8bb06b6aa2094f4eb96be724153f5312; no voters: 
I20260709 12:16:29.584405 14469 raft_consensus.cc:2804] T 198351c1731b414e8e762c8fb310a495 P 28454ec1ce3c47d59b65236b9b4daade [term 2 FOLLOWER]: Leader election won for term 2
I20260709 12:16:29.584738 14188 raft_consensus.cc:2468] T 198351c1731b414e8e762c8fb310a495 P e725908b7fa14a4a96943952f3f8bd10 [term 2 FOLLOWER]: Leader election vote request: Granting yes vote for candidate 28454ec1ce3c47d59b65236b9b4daade in term 2.
I20260709 12:16:29.585913 14469 raft_consensus.cc:697] T 198351c1731b414e8e762c8fb310a495 P 28454ec1ce3c47d59b65236b9b4daade [term 2 LEADER]: Becoming Leader. State: Replica: 28454ec1ce3c47d59b65236b9b4daade, State: Running, Role: LEADER
I20260709 12:16:29.586727 14469 consensus_queue.cc:237] T 198351c1731b414e8e762c8fb310a495 P 28454ec1ce3c47d59b65236b9b4daade [LEADER]: Queue going to LEADER mode. State: All replicated index: 0, Majority replicated index: 1, Committed index: 1, Last appended: 1.1, Last appended by leader: 1, Current term: 2, Majority size: 2, State: 0, Mode: LEADER, active raft config: opid_index: -1 OBSOLETE_local: false peers { permanent_uuid: "e725908b7fa14a4a96943952f3f8bd10" member_type: VOTER last_known_addr { host: "127.13.55.65" port: 42347 } } peers { permanent_uuid: "8bb06b6aa2094f4eb96be724153f5312" member_type: VOTER last_known_addr { host: "127.13.55.66" port: 41515 } } peers { permanent_uuid: "28454ec1ce3c47d59b65236b9b4daade" member_type: VOTER last_known_addr { host: "127.13.55.67" port: 35663 } }
I20260709 12:16:29.594596 14083 catalog_manager.cc:5697] T 198351c1731b414e8e762c8fb310a495 P 28454ec1ce3c47d59b65236b9b4daade reported cstate change: term changed from 1 to 2, leader changed from e725908b7fa14a4a96943952f3f8bd10 (127.13.55.65) to 28454ec1ce3c47d59b65236b9b4daade (127.13.55.67). New cstate: current_term: 2 leader_uuid: "28454ec1ce3c47d59b65236b9b4daade" committed_config { opid_index: -1 OBSOLETE_local: false peers { permanent_uuid: "e725908b7fa14a4a96943952f3f8bd10" member_type: VOTER last_known_addr { host: "127.13.55.65" port: 42347 } health_report { overall_health: UNKNOWN } } peers { permanent_uuid: "8bb06b6aa2094f4eb96be724153f5312" member_type: VOTER last_known_addr { host: "127.13.55.66" port: 41515 } health_report { overall_health: UNKNOWN } } peers { permanent_uuid: "28454ec1ce3c47d59b65236b9b4daade" member_type: VOTER last_known_addr { host: "127.13.55.67" port: 35663 } health_report { overall_health: HEALTHY } } }
I20260709 12:16:29.865067 14475 raft_consensus.cc:993] T d5a0a10d22b94ecbb99426fd3bfaa0a9 P e725908b7fa14a4a96943952f3f8bd10: : Instructing follower 28454ec1ce3c47d59b65236b9b4daade to start an election
I20260709 12:16:29.865581 14415 raft_consensus.cc:1081] T d5a0a10d22b94ecbb99426fd3bfaa0a9 P e725908b7fa14a4a96943952f3f8bd10 [term 2 LEADER]: Signalling peer 28454ec1ce3c47d59b65236b9b4daade to start an election
I20260709 12:16:29.867498 14338 tablet_service.cc:2044] Received Run Leader Election RPC: tablet_id: "d5a0a10d22b94ecbb99426fd3bfaa0a9"
dest_uuid: "28454ec1ce3c47d59b65236b9b4daade"
 from {username='slave'} at 127.0.0.1:40326
I20260709 12:16:29.868060 14338 raft_consensus.cc:493] T d5a0a10d22b94ecbb99426fd3bfaa0a9 P 28454ec1ce3c47d59b65236b9b4daade [term 2 FOLLOWER]: Starting forced leader election (received explicit request)
I20260709 12:16:29.868391 14338 raft_consensus.cc:3060] T d5a0a10d22b94ecbb99426fd3bfaa0a9 P 28454ec1ce3c47d59b65236b9b4daade [term 2 FOLLOWER]: Advancing to term 3
I20260709 12:16:29.873699 14338 raft_consensus.cc:515] T d5a0a10d22b94ecbb99426fd3bfaa0a9 P 28454ec1ce3c47d59b65236b9b4daade [term 3 FOLLOWER]: Starting forced leader election with config: opid_index: -1 OBSOLETE_local: false peers { permanent_uuid: "e725908b7fa14a4a96943952f3f8bd10" member_type: VOTER last_known_addr { host: "127.13.55.65" port: 42347 } } peers { permanent_uuid: "8bb06b6aa2094f4eb96be724153f5312" member_type: VOTER last_known_addr { host: "127.13.55.66" port: 41515 } } peers { permanent_uuid: "28454ec1ce3c47d59b65236b9b4daade" member_type: VOTER last_known_addr { host: "127.13.55.67" port: 35663 } }
I20260709 12:16:29.875478 14338 leader_election.cc:290] T d5a0a10d22b94ecbb99426fd3bfaa0a9 P 28454ec1ce3c47d59b65236b9b4daade [CANDIDATE]: Term 3 election: Requested vote from peers e725908b7fa14a4a96943952f3f8bd10 (127.13.55.65:42347), 8bb06b6aa2094f4eb96be724153f5312 (127.13.55.66:41515)
I20260709 12:16:29.876740 14188 tablet_service.cc:1917] Received RequestConsensusVote() RPC: tablet_id: "d5a0a10d22b94ecbb99426fd3bfaa0a9" candidate_uuid: "28454ec1ce3c47d59b65236b9b4daade" candidate_term: 3 candidate_status { last_received { term: 2 index: 2 } } ignore_live_leader: true dest_uuid: "e725908b7fa14a4a96943952f3f8bd10"
I20260709 12:16:29.876832 14261 tablet_service.cc:1917] Received RequestConsensusVote() RPC: tablet_id: "d5a0a10d22b94ecbb99426fd3bfaa0a9" candidate_uuid: "28454ec1ce3c47d59b65236b9b4daade" candidate_term: 3 candidate_status { last_received { term: 2 index: 2 } } ignore_live_leader: true dest_uuid: "8bb06b6aa2094f4eb96be724153f5312"
I20260709 12:16:29.877408 14261 raft_consensus.cc:3060] T d5a0a10d22b94ecbb99426fd3bfaa0a9 P 8bb06b6aa2094f4eb96be724153f5312 [term 2 FOLLOWER]: Advancing to term 3
I20260709 12:16:29.877373 14188 raft_consensus.cc:3055] T d5a0a10d22b94ecbb99426fd3bfaa0a9 P e725908b7fa14a4a96943952f3f8bd10 [term 2 LEADER]: Stepping down as leader of term 2
I20260709 12:16:29.878052 14188 raft_consensus.cc:740] T d5a0a10d22b94ecbb99426fd3bfaa0a9 P e725908b7fa14a4a96943952f3f8bd10 [term 2 LEADER]: Becoming Follower/Learner. State: Replica: e725908b7fa14a4a96943952f3f8bd10, State: Running, Role: LEADER
I20260709 12:16:29.878808 14188 consensus_queue.cc:260] T d5a0a10d22b94ecbb99426fd3bfaa0a9 P e725908b7fa14a4a96943952f3f8bd10 [NON_LEADER]: Queue going to NON_LEADER mode. State: All replicated index: 0, Majority replicated index: 2, Committed index: 2, Last appended: 2.2, Last appended by leader: 2, Current term: 2, Majority size: -1, State: 0, Mode: NON_LEADER, active raft config: opid_index: -1 OBSOLETE_local: false peers { permanent_uuid: "e725908b7fa14a4a96943952f3f8bd10" member_type: VOTER last_known_addr { host: "127.13.55.65" port: 42347 } } peers { permanent_uuid: "8bb06b6aa2094f4eb96be724153f5312" member_type: VOTER last_known_addr { host: "127.13.55.66" port: 41515 } } peers { permanent_uuid: "28454ec1ce3c47d59b65236b9b4daade" member_type: VOTER last_known_addr { host: "127.13.55.67" port: 35663 } }
I20260709 12:16:29.879832 14188 raft_consensus.cc:3060] T d5a0a10d22b94ecbb99426fd3bfaa0a9 P e725908b7fa14a4a96943952f3f8bd10 [term 2 FOLLOWER]: Advancing to term 3
I20260709 12:16:29.882799 14261 raft_consensus.cc:2468] T d5a0a10d22b94ecbb99426fd3bfaa0a9 P 8bb06b6aa2094f4eb96be724153f5312 [term 3 FOLLOWER]: Leader election vote request: Granting yes vote for candidate 28454ec1ce3c47d59b65236b9b4daade in term 3.
I20260709 12:16:29.884094 14303 leader_election.cc:304] T d5a0a10d22b94ecbb99426fd3bfaa0a9 P 28454ec1ce3c47d59b65236b9b4daade [CANDIDATE]: Term 3 election: Election decided. Result: candidate won. Election summary: received 2 responses out of 3 voters: 2 yes votes; 0 no votes. yes voters: 28454ec1ce3c47d59b65236b9b4daade, 8bb06b6aa2094f4eb96be724153f5312; no voters: 
I20260709 12:16:29.885017 14469 raft_consensus.cc:2804] T d5a0a10d22b94ecbb99426fd3bfaa0a9 P 28454ec1ce3c47d59b65236b9b4daade [term 3 FOLLOWER]: Leader election won for term 3
I20260709 12:16:29.885443 14469 raft_consensus.cc:697] T d5a0a10d22b94ecbb99426fd3bfaa0a9 P 28454ec1ce3c47d59b65236b9b4daade [term 3 LEADER]: Becoming Leader. State: Replica: 28454ec1ce3c47d59b65236b9b4daade, State: Running, Role: LEADER
I20260709 12:16:29.885484 14188 raft_consensus.cc:2468] T d5a0a10d22b94ecbb99426fd3bfaa0a9 P e725908b7fa14a4a96943952f3f8bd10 [term 3 FOLLOWER]: Leader election vote request: Granting yes vote for candidate 28454ec1ce3c47d59b65236b9b4daade in term 3.
I20260709 12:16:29.886240 14469 consensus_queue.cc:237] T d5a0a10d22b94ecbb99426fd3bfaa0a9 P 28454ec1ce3c47d59b65236b9b4daade [LEADER]: Queue going to LEADER mode. State: All replicated index: 0, Majority replicated index: 2, Committed index: 2, Last appended: 2.2, Last appended by leader: 2, Current term: 3, Majority size: 2, State: 0, Mode: LEADER, active raft config: opid_index: -1 OBSOLETE_local: false peers { permanent_uuid: "e725908b7fa14a4a96943952f3f8bd10" member_type: VOTER last_known_addr { host: "127.13.55.65" port: 42347 } } peers { permanent_uuid: "8bb06b6aa2094f4eb96be724153f5312" member_type: VOTER last_known_addr { host: "127.13.55.66" port: 41515 } } peers { permanent_uuid: "28454ec1ce3c47d59b65236b9b4daade" member_type: VOTER last_known_addr { host: "127.13.55.67" port: 35663 } }
I20260709 12:16:29.895311 14083 catalog_manager.cc:5697] T d5a0a10d22b94ecbb99426fd3bfaa0a9 P 28454ec1ce3c47d59b65236b9b4daade reported cstate change: term changed from 2 to 3, leader changed from e725908b7fa14a4a96943952f3f8bd10 (127.13.55.65) to 28454ec1ce3c47d59b65236b9b4daade (127.13.55.67). New cstate: current_term: 3 leader_uuid: "28454ec1ce3c47d59b65236b9b4daade" committed_config { opid_index: -1 OBSOLETE_local: false peers { permanent_uuid: "e725908b7fa14a4a96943952f3f8bd10" member_type: VOTER last_known_addr { host: "127.13.55.65" port: 42347 } health_report { overall_health: UNKNOWN } } peers { permanent_uuid: "8bb06b6aa2094f4eb96be724153f5312" member_type: VOTER last_known_addr { host: "127.13.55.66" port: 41515 } health_report { overall_health: UNKNOWN } } peers { permanent_uuid: "28454ec1ce3c47d59b65236b9b4daade" member_type: VOTER last_known_addr { host: "127.13.55.67" port: 35663 } health_report { overall_health: HEALTHY } } }
I20260709 12:16:30.061235 14261 raft_consensus.cc:1275] T 198351c1731b414e8e762c8fb310a495 P 8bb06b6aa2094f4eb96be724153f5312 [term 2 FOLLOWER]: Refusing update from remote peer 28454ec1ce3c47d59b65236b9b4daade: Log matching property violated. Preceding OpId in replica: term: 1 index: 1. Preceding OpId from leader: term: 2 index: 2. (index mismatch)
I20260709 12:16:30.062717 14469 consensus_queue.cc:1048] T 198351c1731b414e8e762c8fb310a495 P 28454ec1ce3c47d59b65236b9b4daade [LEADER]: Connected to new peer: Peer: permanent_uuid: "8bb06b6aa2094f4eb96be724153f5312" member_type: VOTER last_known_addr { host: "127.13.55.66" port: 41515 }, Status: LMP_MISMATCH, Last received: 0.0, Next index: 2, Last known committed idx: 1, Time since last communication: 0.000s
I20260709 12:16:30.073438 14188 raft_consensus.cc:1275] T 198351c1731b414e8e762c8fb310a495 P e725908b7fa14a4a96943952f3f8bd10 [term 2 FOLLOWER]: Refusing update from remote peer 28454ec1ce3c47d59b65236b9b4daade: Log matching property violated. Preceding OpId in replica: term: 1 index: 1. Preceding OpId from leader: term: 2 index: 2. (index mismatch)
I20260709 12:16:30.074836 14469 consensus_queue.cc:1048] T 198351c1731b414e8e762c8fb310a495 P 28454ec1ce3c47d59b65236b9b4daade [LEADER]: Connected to new peer: Peer: permanent_uuid: "e725908b7fa14a4a96943952f3f8bd10" member_type: VOTER last_known_addr { host: "127.13.55.65" port: 42347 }, Status: LMP_MISMATCH, Last received: 0.0, Next index: 2, Last known committed idx: 1, Time since last communication: 0.000s
I20260709 12:16:30.485833 14262 raft_consensus.cc:1275] T d5a0a10d22b94ecbb99426fd3bfaa0a9 P 8bb06b6aa2094f4eb96be724153f5312 [term 3 FOLLOWER]: Refusing update from remote peer 28454ec1ce3c47d59b65236b9b4daade: Log matching property violated. Preceding OpId in replica: term: 2 index: 2. Preceding OpId from leader: term: 3 index: 3. (index mismatch)
I20260709 12:16:30.487263 14469 consensus_queue.cc:1048] T d5a0a10d22b94ecbb99426fd3bfaa0a9 P 28454ec1ce3c47d59b65236b9b4daade [LEADER]: Connected to new peer: Peer: permanent_uuid: "8bb06b6aa2094f4eb96be724153f5312" member_type: VOTER last_known_addr { host: "127.13.55.66" port: 41515 }, Status: LMP_MISMATCH, Last received: 0.0, Next index: 3, Last known committed idx: 2, Time since last communication: 0.000s
I20260709 12:16:30.496622 14188 raft_consensus.cc:1275] T d5a0a10d22b94ecbb99426fd3bfaa0a9 P e725908b7fa14a4a96943952f3f8bd10 [term 3 FOLLOWER]: Refusing update from remote peer 28454ec1ce3c47d59b65236b9b4daade: Log matching property violated. Preceding OpId in replica: term: 2 index: 2. Preceding OpId from leader: term: 3 index: 3. (index mismatch)
I20260709 12:16:30.498955 14476 consensus_queue.cc:1048] T d5a0a10d22b94ecbb99426fd3bfaa0a9 P 28454ec1ce3c47d59b65236b9b4daade [LEADER]: Connected to new peer: Peer: permanent_uuid: "e725908b7fa14a4a96943952f3f8bd10" member_type: VOTER last_known_addr { host: "127.13.55.65" port: 42347 }, Status: LMP_MISMATCH, Last received: 0.0, Next index: 3, Last known committed idx: 2, Time since last communication: 0.000s
I20260709 12:16:30.534516 13533 auto_leader_rebalancer.cc:141] leader rebalance for table test-workload
I20260709 12:16:30.540433 13533 auto_leader_rebalancer.cc:440] table: test-workload, leader rebalance finish, leader transfer count: 0
I20260709 12:16:30.540938 13533 auto_leader_rebalancer.cc:515] All tables' leader rebalancing finished this round
I20260709 12:16:31.541917 13533 auto_leader_rebalancer.cc:141] leader rebalance for table test-workload
I20260709 12:16:31.548169 13533 auto_leader_rebalancer.cc:440] table: test-workload, leader rebalance finish, leader transfer count: 0
I20260709 12:16:31.548687 13533 auto_leader_rebalancer.cc:515] All tables' leader rebalancing finished this round
I20260709 12:16:32.549683 13533 auto_leader_rebalancer.cc:141] leader rebalance for table test-workload
I20260709 12:16:32.557386 13533 auto_leader_rebalancer.cc:440] table: test-workload, leader rebalance finish, leader transfer count: 0
I20260709 12:16:32.557945 13533 auto_leader_rebalancer.cc:515] All tables' leader rebalancing finished this round
I20260709 12:16:33.559108 13533 auto_leader_rebalancer.cc:141] leader rebalance for table test-workload
I20260709 12:16:33.568363 13533 auto_leader_rebalancer.cc:440] table: test-workload, leader rebalance finish, leader transfer count: 0
I20260709 12:16:33.568899 13533 auto_leader_rebalancer.cc:515] All tables' leader rebalancing finished this round
I20260709 12:16:34.569973 13533 auto_leader_rebalancer.cc:141] leader rebalance for table test-workload
I20260709 12:16:34.575369 13533 auto_leader_rebalancer.cc:440] table: test-workload, leader rebalance finish, leader transfer count: 0
I20260709 12:16:34.575817 13533 auto_leader_rebalancer.cc:515] All tables' leader rebalancing finished this round
I20260709 12:16:35.576807 13533 auto_leader_rebalancer.cc:141] leader rebalance for table test-workload
I20260709 12:16:35.583678 13533 auto_leader_rebalancer.cc:440] table: test-workload, leader rebalance finish, leader transfer count: 0
I20260709 12:16:35.584113 13533 auto_leader_rebalancer.cc:515] All tables' leader rebalancing finished this round
I20260709 12:16:36.700572 13533 auto_leader_rebalancer.cc:141] leader rebalance for table test-workload
I20260709 12:16:36.706265 13533 auto_leader_rebalancer.cc:440] table: test-workload, leader rebalance finish, leader transfer count: 0
I20260709 12:16:36.706712 13533 auto_leader_rebalancer.cc:515] All tables' leader rebalancing finished this round
W20260709 12:16:37.434967 14285 debug-util.cc:398] Leaking SignalData structure 0x7b080010fca0 after lost signal to thread 13536
W20260709 12:16:37.435846 14285 debug-util.cc:398] Leaking SignalData structure 0x7b080010e380 after lost signal to thread 14121
W20260709 12:16:37.436867 14285 debug-util.cc:398] Leaking SignalData structure 0x7b080015f580 after lost signal to thread 14213
W20260709 12:16:37.437659 14285 debug-util.cc:398] Leaking SignalData structure 0x7b08000f4f40 after lost signal to thread 14288
W20260709 12:16:37.438405 14285 debug-util.cc:398] Leaking SignalData structure 0x7b08001132e0 after lost signal to thread 14362
I20260709 12:16:37.707775 13533 auto_leader_rebalancer.cc:141] leader rebalance for table test-workload
I20260709 12:16:37.713460 13533 auto_leader_rebalancer.cc:440] table: test-workload, leader rebalance finish, leader transfer count: 0
I20260709 12:16:37.713975 13533 auto_leader_rebalancer.cc:515] All tables' leader rebalancing finished this round
I20260709 12:16:38.714995 13533 auto_leader_rebalancer.cc:141] leader rebalance for table test-workload
I20260709 12:16:38.720603 13533 auto_leader_rebalancer.cc:440] table: test-workload, leader rebalance finish, leader transfer count: 0
I20260709 12:16:38.721047 13533 auto_leader_rebalancer.cc:515] All tables' leader rebalancing finished this round
I20260709 12:16:39.754109 13533 auto_leader_rebalancer-test.cc:384] The leader distribution is 
I20260709 12:16:39.778309 14337 tablet_service.cc:2072] Received LeaderStepDown RPC: tablet_id: "d5a0a10d22b94ecbb99426fd3bfaa0a9"
dest_uuid: "28454ec1ce3c47d59b65236b9b4daade"
mode: GRACEFUL
new_leader_uuid: "e725908b7fa14a4a96943952f3f8bd10"
 from {username='slave'} at 127.0.0.1:42282
I20260709 12:16:39.779074 14337 raft_consensus.cc:606] T d5a0a10d22b94ecbb99426fd3bfaa0a9 P 28454ec1ce3c47d59b65236b9b4daade [term 3 LEADER]: Received request to transfer leadership to TS e725908b7fa14a4a96943952f3f8bd10
I20260709 12:16:39.787014 14337 tablet_service.cc:2072] Received LeaderStepDown RPC: tablet_id: "198351c1731b414e8e762c8fb310a495"
dest_uuid: "28454ec1ce3c47d59b65236b9b4daade"
mode: GRACEFUL
new_leader_uuid: "e725908b7fa14a4a96943952f3f8bd10"
 from {username='slave'} at 127.0.0.1:42282
I20260709 12:16:39.787523 14337 raft_consensus.cc:606] T 198351c1731b414e8e762c8fb310a495 P 28454ec1ce3c47d59b65236b9b4daade [term 2 LEADER]: Received request to transfer leadership to TS e725908b7fa14a4a96943952f3f8bd10
I20260709 12:16:39.796202 14261 tablet_service.cc:2072] Received LeaderStepDown RPC: tablet_id: "1e77bf87be234d2d94070b69b7982a90"
dest_uuid: "8bb06b6aa2094f4eb96be724153f5312"
mode: GRACEFUL
new_leader_uuid: "e725908b7fa14a4a96943952f3f8bd10"
 from {username='slave'} at 127.0.0.1:46116
I20260709 12:16:39.796721 14261 raft_consensus.cc:606] T 1e77bf87be234d2d94070b69b7982a90 P 8bb06b6aa2094f4eb96be724153f5312 [term 2 LEADER]: Received request to transfer leadership to TS e725908b7fa14a4a96943952f3f8bd10
I20260709 12:16:39.801818 14261 tablet_service.cc:2072] Received LeaderStepDown RPC: tablet_id: "b0d915f8a57c4a038fe2df1c2b9e88a2"
dest_uuid: "8bb06b6aa2094f4eb96be724153f5312"
mode: GRACEFUL
new_leader_uuid: "e725908b7fa14a4a96943952f3f8bd10"
 from {username='slave'} at 127.0.0.1:46116
I20260709 12:16:39.802459 14261 raft_consensus.cc:606] T b0d915f8a57c4a038fe2df1c2b9e88a2 P 8bb06b6aa2094f4eb96be724153f5312 [term 2 LEADER]: Received request to transfer leadership to TS e725908b7fa14a4a96943952f3f8bd10
I20260709 12:16:39.807547 14261 tablet_service.cc:2072] Received LeaderStepDown RPC: tablet_id: "8b8d9fbac3264bfbb162293c282b1faa"
dest_uuid: "8bb06b6aa2094f4eb96be724153f5312"
mode: GRACEFUL
new_leader_uuid: "e725908b7fa14a4a96943952f3f8bd10"
 from {username='slave'} at 127.0.0.1:46116
I20260709 12:16:39.808084 14261 raft_consensus.cc:606] T 8b8d9fbac3264bfbb162293c282b1faa P 8bb06b6aa2094f4eb96be724153f5312 [term 1 LEADER]: Received request to transfer leadership to TS e725908b7fa14a4a96943952f3f8bd10
I20260709 12:16:40.172806 14476 raft_consensus.cc:993] T 198351c1731b414e8e762c8fb310a495 P 28454ec1ce3c47d59b65236b9b4daade: : Instructing follower e725908b7fa14a4a96943952f3f8bd10 to start an election
I20260709 12:16:40.173378 14476 raft_consensus.cc:1081] T 198351c1731b414e8e762c8fb310a495 P 28454ec1ce3c47d59b65236b9b4daade [term 2 LEADER]: Signalling peer e725908b7fa14a4a96943952f3f8bd10 to start an election
I20260709 12:16:40.175148 14189 tablet_service.cc:2044] Received Run Leader Election RPC: tablet_id: "198351c1731b414e8e762c8fb310a495"
dest_uuid: "e725908b7fa14a4a96943952f3f8bd10"
 from {username='slave'} at 127.0.0.1:34228
I20260709 12:16:40.175768 14189 raft_consensus.cc:493] T 198351c1731b414e8e762c8fb310a495 P e725908b7fa14a4a96943952f3f8bd10 [term 2 FOLLOWER]: Starting forced leader election (received explicit request)
I20260709 12:16:40.176245 14189 raft_consensus.cc:3060] T 198351c1731b414e8e762c8fb310a495 P e725908b7fa14a4a96943952f3f8bd10 [term 2 FOLLOWER]: Advancing to term 3
I20260709 12:16:40.182039 14189 raft_consensus.cc:515] T 198351c1731b414e8e762c8fb310a495 P e725908b7fa14a4a96943952f3f8bd10 [term 3 FOLLOWER]: Starting forced leader election with config: opid_index: -1 OBSOLETE_local: false peers { permanent_uuid: "e725908b7fa14a4a96943952f3f8bd10" member_type: VOTER last_known_addr { host: "127.13.55.65" port: 42347 } } peers { permanent_uuid: "8bb06b6aa2094f4eb96be724153f5312" member_type: VOTER last_known_addr { host: "127.13.55.66" port: 41515 } } peers { permanent_uuid: "28454ec1ce3c47d59b65236b9b4daade" member_type: VOTER last_known_addr { host: "127.13.55.67" port: 35663 } }
I20260709 12:16:40.183655 14189 leader_election.cc:290] T 198351c1731b414e8e762c8fb310a495 P e725908b7fa14a4a96943952f3f8bd10 [CANDIDATE]: Term 3 election: Requested vote from peers 8bb06b6aa2094f4eb96be724153f5312 (127.13.55.66:41515), 28454ec1ce3c47d59b65236b9b4daade (127.13.55.67:35663)
I20260709 12:16:40.184655 14337 tablet_service.cc:1917] Received RequestConsensusVote() RPC: tablet_id: "198351c1731b414e8e762c8fb310a495" candidate_uuid: "e725908b7fa14a4a96943952f3f8bd10" candidate_term: 3 candidate_status { last_received { term: 2 index: 2 } } ignore_live_leader: true dest_uuid: "28454ec1ce3c47d59b65236b9b4daade"
I20260709 12:16:40.184659 14261 tablet_service.cc:1917] Received RequestConsensusVote() RPC: tablet_id: "198351c1731b414e8e762c8fb310a495" candidate_uuid: "e725908b7fa14a4a96943952f3f8bd10" candidate_term: 3 candidate_status { last_received { term: 2 index: 2 } } ignore_live_leader: true dest_uuid: "8bb06b6aa2094f4eb96be724153f5312"
I20260709 12:16:40.185461 14337 raft_consensus.cc:3055] T 198351c1731b414e8e762c8fb310a495 P 28454ec1ce3c47d59b65236b9b4daade [term 2 LEADER]: Stepping down as leader of term 2
I20260709 12:16:40.185529 14261 raft_consensus.cc:3060] T 198351c1731b414e8e762c8fb310a495 P 8bb06b6aa2094f4eb96be724153f5312 [term 2 FOLLOWER]: Advancing to term 3
I20260709 12:16:40.185731 14337 raft_consensus.cc:740] T 198351c1731b414e8e762c8fb310a495 P 28454ec1ce3c47d59b65236b9b4daade [term 2 LEADER]: Becoming Follower/Learner. State: Replica: 28454ec1ce3c47d59b65236b9b4daade, State: Running, Role: LEADER
I20260709 12:16:40.186513 14337 consensus_queue.cc:260] T 198351c1731b414e8e762c8fb310a495 P 28454ec1ce3c47d59b65236b9b4daade [NON_LEADER]: Queue going to NON_LEADER mode. State: All replicated index: 0, Majority replicated index: 2, Committed index: 2, Last appended: 2.2, Last appended by leader: 2, Current term: 2, Majority size: -1, State: 0, Mode: NON_LEADER, active raft config: opid_index: -1 OBSOLETE_local: false peers { permanent_uuid: "e725908b7fa14a4a96943952f3f8bd10" member_type: VOTER last_known_addr { host: "127.13.55.65" port: 42347 } } peers { permanent_uuid: "8bb06b6aa2094f4eb96be724153f5312" member_type: VOTER last_known_addr { host: "127.13.55.66" port: 41515 } } peers { permanent_uuid: "28454ec1ce3c47d59b65236b9b4daade" member_type: VOTER last_known_addr { host: "127.13.55.67" port: 35663 } }
I20260709 12:16:40.187446 14337 raft_consensus.cc:3060] T 198351c1731b414e8e762c8fb310a495 P 28454ec1ce3c47d59b65236b9b4daade [term 2 FOLLOWER]: Advancing to term 3
I20260709 12:16:40.191027 14261 raft_consensus.cc:2468] T 198351c1731b414e8e762c8fb310a495 P 8bb06b6aa2094f4eb96be724153f5312 [term 3 FOLLOWER]: Leader election vote request: Granting yes vote for candidate e725908b7fa14a4a96943952f3f8bd10 in term 3.
I20260709 12:16:40.192291 14154 leader_election.cc:304] T 198351c1731b414e8e762c8fb310a495 P e725908b7fa14a4a96943952f3f8bd10 [CANDIDATE]: Term 3 election: Election decided. Result: candidate won. Election summary: received 2 responses out of 3 voters: 2 yes votes; 0 no votes. yes voters: 8bb06b6aa2094f4eb96be724153f5312, e725908b7fa14a4a96943952f3f8bd10; no voters: 
I20260709 12:16:40.193028 14337 raft_consensus.cc:2468] T 198351c1731b414e8e762c8fb310a495 P 28454ec1ce3c47d59b65236b9b4daade [term 3 FOLLOWER]: Leader election vote request: Granting yes vote for candidate e725908b7fa14a4a96943952f3f8bd10 in term 3.
I20260709 12:16:40.193127 14415 raft_consensus.cc:2804] T 198351c1731b414e8e762c8fb310a495 P e725908b7fa14a4a96943952f3f8bd10 [term 3 FOLLOWER]: Leader election won for term 3
I20260709 12:16:40.194401 14415 raft_consensus.cc:697] T 198351c1731b414e8e762c8fb310a495 P e725908b7fa14a4a96943952f3f8bd10 [term 3 LEADER]: Becoming Leader. State: Replica: e725908b7fa14a4a96943952f3f8bd10, State: Running, Role: LEADER
I20260709 12:16:40.195209 14415 consensus_queue.cc:237] T 198351c1731b414e8e762c8fb310a495 P e725908b7fa14a4a96943952f3f8bd10 [LEADER]: Queue going to LEADER mode. State: All replicated index: 0, Majority replicated index: 2, Committed index: 2, Last appended: 2.2, Last appended by leader: 2, Current term: 3, Majority size: 2, State: 0, Mode: LEADER, active raft config: opid_index: -1 OBSOLETE_local: false peers { permanent_uuid: "e725908b7fa14a4a96943952f3f8bd10" member_type: VOTER last_known_addr { host: "127.13.55.65" port: 42347 } } peers { permanent_uuid: "8bb06b6aa2094f4eb96be724153f5312" member_type: VOTER last_known_addr { host: "127.13.55.66" port: 41515 } } peers { permanent_uuid: "28454ec1ce3c47d59b65236b9b4daade" member_type: VOTER last_known_addr { host: "127.13.55.67" port: 35663 } }
I20260709 12:16:40.205076 14083 catalog_manager.cc:5697] T 198351c1731b414e8e762c8fb310a495 P e725908b7fa14a4a96943952f3f8bd10 reported cstate change: term changed from 2 to 3, leader changed from 28454ec1ce3c47d59b65236b9b4daade (127.13.55.67) to e725908b7fa14a4a96943952f3f8bd10 (127.13.55.65). New cstate: current_term: 3 leader_uuid: "e725908b7fa14a4a96943952f3f8bd10" committed_config { opid_index: -1 OBSOLETE_local: false peers { permanent_uuid: "e725908b7fa14a4a96943952f3f8bd10" member_type: VOTER last_known_addr { host: "127.13.55.65" port: 42347 } health_report { overall_health: HEALTHY } } peers { permanent_uuid: "8bb06b6aa2094f4eb96be724153f5312" member_type: VOTER last_known_addr { host: "127.13.55.66" port: 41515 } health_report { overall_health: UNKNOWN } } peers { permanent_uuid: "28454ec1ce3c47d59b65236b9b4daade" member_type: VOTER last_known_addr { host: "127.13.55.67" port: 35663 } health_report { overall_health: UNKNOWN } } }
