I20260709 12:16:56.222246 14593 catalog_manager.cc:5697] T e5cdb0058d3041cb8cd4bea66063fe82 P a6fca6c32995491eab1a9539ad00385a reported cstate change: term changed from 0 to 1, leader changed from <none> to a6fca6c32995491eab1a9539ad00385a (127.13.55.67). New cstate: current_term: 1 leader_uuid: "a6fca6c32995491eab1a9539ad00385a" committed_config { opid_index: -1 OBSOLETE_local: false peers { permanent_uuid: "fb0effe4db3f4135b594d57380bd537e" member_type: VOTER last_known_addr { host: "127.13.55.65" port: 39323 } health_report { overall_health: UNKNOWN } } peers { permanent_uuid: "080d98c830a44248b0e49a130ffab5ba" member_type: VOTER last_known_addr { host: "127.13.55.66" port: 44905 } health_report { overall_health: UNKNOWN } } peers { permanent_uuid: "a6fca6c32995491eab1a9539ad00385a" member_type: VOTER last_known_addr { host: "127.13.55.67" port: 41691 } health_report { overall_health: HEALTHY } } }
I20260709 12:16:56.223678 14885 tablet_bootstrap.cc:492] T e03edbf185db4142b891b5d9a847208f P 080d98c830a44248b0e49a130ffab5ba: No bootstrap required, opened a new log
I20260709 12:16:56.224149 14885 ts_tablet_manager.cc:1403] T e03edbf185db4142b891b5d9a847208f P 080d98c830a44248b0e49a130ffab5ba: Time spent bootstrapping tablet: real 0.072s	user 0.007s	sys 0.009s
I20260709 12:16:56.224272 14695 tablet_service.cc:1917] Received RequestConsensusVote() RPC: tablet_id: "909620da2503410c8666a6abe78784d8" candidate_uuid: "a6fca6c32995491eab1a9539ad00385a" candidate_term: 1 candidate_status { last_received { term: 0 index: 0 } } ignore_live_leader: false dest_uuid: "fb0effe4db3f4135b594d57380bd537e"
W20260709 12:16:56.225495 14808 leader_election.cc:343] T 909620da2503410c8666a6abe78784d8 P a6fca6c32995491eab1a9539ad00385a [CANDIDATE]: Term 1 election: Tablet error from VoteRequest() call to peer fb0effe4db3f4135b594d57380bd537e (127.13.55.65:39323): Illegal state: must be running to vote when last-logged opid is not known
I20260709 12:16:56.230011 14769 raft_consensus.cc:2468] T 909620da2503410c8666a6abe78784d8 P 080d98c830a44248b0e49a130ffab5ba [term 1 FOLLOWER]: Leader election vote request: Granting yes vote for candidate a6fca6c32995491eab1a9539ad00385a in term 1.
I20260709 12:16:56.231547 14807 leader_election.cc:304] T 909620da2503410c8666a6abe78784d8 P a6fca6c32995491eab1a9539ad00385a [CANDIDATE]: Term 1 election: Election decided. Result: candidate won. Election summary: received 3 responses out of 3 voters: 2 yes votes; 1 no votes. yes voters: 080d98c830a44248b0e49a130ffab5ba, a6fca6c32995491eab1a9539ad00385a; no voters: fb0effe4db3f4135b594d57380bd537e
I20260709 12:16:56.232808 14911 raft_consensus.cc:2804] T 909620da2503410c8666a6abe78784d8 P a6fca6c32995491eab1a9539ad00385a [term 1 FOLLOWER]: Leader election won for term 1
I20260709 12:16:56.233480 14911 raft_consensus.cc:697] T 909620da2503410c8666a6abe78784d8 P a6fca6c32995491eab1a9539ad00385a [term 1 LEADER]: Becoming Leader. State: Replica: a6fca6c32995491eab1a9539ad00385a, State: Running, Role: LEADER
I20260709 12:16:56.228823 14889 leader_election.cc:290] T 909620da2503410c8666a6abe78784d8 P a6fca6c32995491eab1a9539ad00385a [CANDIDATE]: Term 1 election: Requested vote from peers fb0effe4db3f4135b594d57380bd537e (127.13.55.65:39323), 080d98c830a44248b0e49a130ffab5ba (127.13.55.66:44905)
I20260709 12:16:56.234875 14911 consensus_queue.cc:237] T 909620da2503410c8666a6abe78784d8 P a6fca6c32995491eab1a9539ad00385a [LEADER]: Queue going to LEADER mode. State: All replicated index: 0, Majority replicated index: 0, Committed index: 0, Last appended: 0.0, Last appended by leader: 0, Current term: 1, Majority size: 2, State: 0, Mode: LEADER, active raft config: opid_index: -1 OBSOLETE_local: false peers { permanent_uuid: "fb0effe4db3f4135b594d57380bd537e" member_type: VOTER last_known_addr { host: "127.13.55.65" port: 39323 } } peers { permanent_uuid: "080d98c830a44248b0e49a130ffab5ba" member_type: VOTER last_known_addr { host: "127.13.55.66" port: 44905 } } peers { permanent_uuid: "a6fca6c32995491eab1a9539ad00385a" member_type: VOTER last_known_addr { host: "127.13.55.67" port: 41691 } }
W20260709 12:16:56.236971 14796 tablet.cc:2406] T 24beaf11d1eb42c9b7e884def16dbbce P 080d98c830a44248b0e49a130ffab5ba: Can't schedule compaction. Clean time has not been advanced past its initial value.
I20260709 12:16:56.238484 14886 tablet_bootstrap.cc:654] T 333667aecdfa49619d270cb5f0a92925 P fb0effe4db3f4135b594d57380bd537e: Neither blocks nor log segments found. Creating new log.
I20260709 12:16:56.243067 14885 raft_consensus.cc:359] T e03edbf185db4142b891b5d9a847208f P 080d98c830a44248b0e49a130ffab5ba [term 0 FOLLOWER]: Replica starting. Triggering 0 pending ops. Active config: opid_index: -1 OBSOLETE_local: false peers { permanent_uuid: "fb0effe4db3f4135b594d57380bd537e" member_type: VOTER last_known_addr { host: "127.13.55.65" port: 39323 } } peers { permanent_uuid: "080d98c830a44248b0e49a130ffab5ba" member_type: VOTER last_known_addr { host: "127.13.55.66" port: 44905 } } peers { permanent_uuid: "a6fca6c32995491eab1a9539ad00385a" member_type: VOTER last_known_addr { host: "127.13.55.67" port: 41691 } }
I20260709 12:16:56.244131 14885 raft_consensus.cc:385] T e03edbf185db4142b891b5d9a847208f P 080d98c830a44248b0e49a130ffab5ba [term 0 FOLLOWER]: Consensus starting up: Expiring failure detector timer to make a prompt election more likely
I20260709 12:16:56.244503 14885 raft_consensus.cc:740] T e03edbf185db4142b891b5d9a847208f P 080d98c830a44248b0e49a130ffab5ba [term 0 FOLLOWER]: Becoming Follower/Learner. State: Replica: 080d98c830a44248b0e49a130ffab5ba, State: Initialized, Role: FOLLOWER
I20260709 12:16:56.245445 14885 consensus_queue.cc:260] T e03edbf185db4142b891b5d9a847208f P 080d98c830a44248b0e49a130ffab5ba [NON_LEADER]: Queue going to NON_LEADER mode. State: All replicated index: 0, Majority replicated index: 0, Committed index: 0, Last appended: 0.0, Last appended by leader: 0, Current term: 0, Majority size: -1, State: 0, Mode: NON_LEADER, active raft config: opid_index: -1 OBSOLETE_local: false peers { permanent_uuid: "fb0effe4db3f4135b594d57380bd537e" member_type: VOTER last_known_addr { host: "127.13.55.65" port: 39323 } } peers { permanent_uuid: "080d98c830a44248b0e49a130ffab5ba" member_type: VOTER last_known_addr { host: "127.13.55.66" port: 44905 } } peers { permanent_uuid: "a6fca6c32995491eab1a9539ad00385a" member_type: VOTER last_known_addr { host: "127.13.55.67" port: 41691 } }
I20260709 12:16:56.252828 14885 ts_tablet_manager.cc:1434] T e03edbf185db4142b891b5d9a847208f P 080d98c830a44248b0e49a130ffab5ba: Time spent starting tablet: real 0.028s	user 0.009s	sys 0.000s
I20260709 12:16:56.253837 14885 tablet_bootstrap.cc:492] T e5cdb0058d3041cb8cd4bea66063fe82 P 080d98c830a44248b0e49a130ffab5ba: Bootstrap starting.
I20260709 12:16:56.255100 14886 tablet_bootstrap.cc:492] T 333667aecdfa49619d270cb5f0a92925 P fb0effe4db3f4135b594d57380bd537e: No bootstrap required, opened a new log
I20260709 12:16:56.255508 14886 ts_tablet_manager.cc:1403] T 333667aecdfa49619d270cb5f0a92925 P fb0effe4db3f4135b594d57380bd537e: Time spent bootstrapping tablet: real 0.084s	user 0.016s	sys 0.000s
I20260709 12:16:56.257491 14886 raft_consensus.cc:359] T 333667aecdfa49619d270cb5f0a92925 P fb0effe4db3f4135b594d57380bd537e [term 0 FOLLOWER]: Replica starting. Triggering 0 pending ops. Active config: opid_index: -1 OBSOLETE_local: false peers { permanent_uuid: "fb0effe4db3f4135b594d57380bd537e" member_type: VOTER last_known_addr { host: "127.13.55.65" port: 39323 } } peers { permanent_uuid: "080d98c830a44248b0e49a130ffab5ba" member_type: VOTER last_known_addr { host: "127.13.55.66" port: 44905 } } peers { permanent_uuid: "a6fca6c32995491eab1a9539ad00385a" member_type: VOTER last_known_addr { host: "127.13.55.67" port: 41691 } }
I20260709 12:16:56.257091 14591 catalog_manager.cc:5697] T 909620da2503410c8666a6abe78784d8 P a6fca6c32995491eab1a9539ad00385a reported cstate change: term changed from 0 to 1, leader changed from <none> to a6fca6c32995491eab1a9539ad00385a (127.13.55.67). New cstate: current_term: 1 leader_uuid: "a6fca6c32995491eab1a9539ad00385a" committed_config { opid_index: -1 OBSOLETE_local: false peers { permanent_uuid: "fb0effe4db3f4135b594d57380bd537e" member_type: VOTER last_known_addr { host: "127.13.55.65" port: 39323 } health_report { overall_health: UNKNOWN } } peers { permanent_uuid: "080d98c830a44248b0e49a130ffab5ba" member_type: VOTER last_known_addr { host: "127.13.55.66" port: 44905 } health_report { overall_health: UNKNOWN } } peers { permanent_uuid: "a6fca6c32995491eab1a9539ad00385a" member_type: VOTER last_known_addr { host: "127.13.55.67" port: 41691 } health_report { overall_health: HEALTHY } } }
I20260709 12:16:56.258050 14886 raft_consensus.cc:385] T 333667aecdfa49619d270cb5f0a92925 P fb0effe4db3f4135b594d57380bd537e [term 0 FOLLOWER]: Consensus starting up: Expiring failure detector timer to make a prompt election more likely
I20260709 12:16:56.258373 14886 raft_consensus.cc:740] T 333667aecdfa49619d270cb5f0a92925 P fb0effe4db3f4135b594d57380bd537e [term 0 FOLLOWER]: Becoming Follower/Learner. State: Replica: fb0effe4db3f4135b594d57380bd537e, State: Initialized, Role: FOLLOWER
I20260709 12:16:56.259004 14886 consensus_queue.cc:260] T 333667aecdfa49619d270cb5f0a92925 P fb0effe4db3f4135b594d57380bd537e [NON_LEADER]: Queue going to NON_LEADER mode. State: All replicated index: 0, Majority replicated index: 0, Committed index: 0, Last appended: 0.0, Last appended by leader: 0, Current term: 0, Majority size: -1, State: 0, Mode: NON_LEADER, active raft config: opid_index: -1 OBSOLETE_local: false peers { permanent_uuid: "fb0effe4db3f4135b594d57380bd537e" member_type: VOTER last_known_addr { host: "127.13.55.65" port: 39323 } } peers { permanent_uuid: "080d98c830a44248b0e49a130ffab5ba" member_type: VOTER last_known_addr { host: "127.13.55.66" port: 44905 } } peers { permanent_uuid: "a6fca6c32995491eab1a9539ad00385a" member_type: VOTER last_known_addr { host: "127.13.55.67" port: 41691 } }
I20260709 12:16:56.259825 14885 tablet_bootstrap.cc:654] T e5cdb0058d3041cb8cd4bea66063fe82 P 080d98c830a44248b0e49a130ffab5ba: Neither blocks nor log segments found. Creating new log.
I20260709 12:16:56.263556 14884 tablet_bootstrap.cc:492] T 9b2341abd8f84a2ab60b47c1122d1f7c P a6fca6c32995491eab1a9539ad00385a: No bootstrap required, opened a new log
I20260709 12:16:56.264067 14884 ts_tablet_manager.cc:1403] T 9b2341abd8f84a2ab60b47c1122d1f7c P a6fca6c32995491eab1a9539ad00385a: Time spent bootstrapping tablet: real 0.053s	user 0.018s	sys 0.000s
I20260709 12:16:56.266685 14884 raft_consensus.cc:359] T 9b2341abd8f84a2ab60b47c1122d1f7c P a6fca6c32995491eab1a9539ad00385a [term 0 FOLLOWER]: Replica starting. Triggering 0 pending ops. Active config: opid_index: -1 OBSOLETE_local: false peers { permanent_uuid: "fb0effe4db3f4135b594d57380bd537e" member_type: VOTER last_known_addr { host: "127.13.55.65" port: 39323 } } peers { permanent_uuid: "080d98c830a44248b0e49a130ffab5ba" member_type: VOTER last_known_addr { host: "127.13.55.66" port: 44905 } } peers { permanent_uuid: "a6fca6c32995491eab1a9539ad00385a" member_type: VOTER last_known_addr { host: "127.13.55.67" port: 41691 } }
I20260709 12:16:56.267397 14884 raft_consensus.cc:385] T 9b2341abd8f84a2ab60b47c1122d1f7c P a6fca6c32995491eab1a9539ad00385a [term 0 FOLLOWER]: Consensus starting up: Expiring failure detector timer to make a prompt election more likely
I20260709 12:16:56.267704 14884 raft_consensus.cc:740] T 9b2341abd8f84a2ab60b47c1122d1f7c P a6fca6c32995491eab1a9539ad00385a [term 0 FOLLOWER]: Becoming Follower/Learner. State: Replica: a6fca6c32995491eab1a9539ad00385a, State: Initialized, Role: FOLLOWER
I20260709 12:16:56.268421 14884 consensus_queue.cc:260] T 9b2341abd8f84a2ab60b47c1122d1f7c P a6fca6c32995491eab1a9539ad00385a [NON_LEADER]: Queue going to NON_LEADER mode. State: All replicated index: 0, Majority replicated index: 0, Committed index: 0, Last appended: 0.0, Last appended by leader: 0, Current term: 0, Majority size: -1, State: 0, Mode: NON_LEADER, active raft config: opid_index: -1 OBSOLETE_local: false peers { permanent_uuid: "fb0effe4db3f4135b594d57380bd537e" member_type: VOTER last_known_addr { host: "127.13.55.65" port: 39323 } } peers { permanent_uuid: "080d98c830a44248b0e49a130ffab5ba" member_type: VOTER last_known_addr { host: "127.13.55.66" port: 44905 } } peers { permanent_uuid: "a6fca6c32995491eab1a9539ad00385a" member_type: VOTER last_known_addr { host: "127.13.55.67" port: 41691 } }
I20260709 12:16:56.270530 14884 ts_tablet_manager.cc:1434] T 9b2341abd8f84a2ab60b47c1122d1f7c P a6fca6c32995491eab1a9539ad00385a: Time spent starting tablet: real 0.006s	user 0.005s	sys 0.000s
I20260709 12:16:56.271370 14885 tablet_bootstrap.cc:492] T e5cdb0058d3041cb8cd4bea66063fe82 P 080d98c830a44248b0e49a130ffab5ba: No bootstrap required, opened a new log
I20260709 12:16:56.271422 14884 tablet_bootstrap.cc:492] T eb7e801a1b504e7781e1d4a2defebf96 P a6fca6c32995491eab1a9539ad00385a: Bootstrap starting.
I20260709 12:16:56.271893 14885 ts_tablet_manager.cc:1403] T e5cdb0058d3041cb8cd4bea66063fe82 P 080d98c830a44248b0e49a130ffab5ba: Time spent bootstrapping tablet: real 0.018s	user 0.008s	sys 0.007s
I20260709 12:16:56.273943 14886 ts_tablet_manager.cc:1434] T 333667aecdfa49619d270cb5f0a92925 P fb0effe4db3f4135b594d57380bd537e: Time spent starting tablet: real 0.018s	user 0.002s	sys 0.003s
I20260709 12:16:56.274448 14885 raft_consensus.cc:359] T e5cdb0058d3041cb8cd4bea66063fe82 P 080d98c830a44248b0e49a130ffab5ba [term 0 FOLLOWER]: Replica starting. Triggering 0 pending ops. Active config: opid_index: -1 OBSOLETE_local: false peers { permanent_uuid: "fb0effe4db3f4135b594d57380bd537e" member_type: VOTER last_known_addr { host: "127.13.55.65" port: 39323 } } peers { permanent_uuid: "080d98c830a44248b0e49a130ffab5ba" member_type: VOTER last_known_addr { host: "127.13.55.66" port: 44905 } } peers { permanent_uuid: "a6fca6c32995491eab1a9539ad00385a" member_type: VOTER last_known_addr { host: "127.13.55.67" port: 41691 } }
I20260709 12:16:56.275130 14885 raft_consensus.cc:385] T e5cdb0058d3041cb8cd4bea66063fe82 P 080d98c830a44248b0e49a130ffab5ba [term 0 FOLLOWER]: Consensus starting up: Expiring failure detector timer to make a prompt election more likely
I20260709 12:16:56.275398 14885 raft_consensus.cc:740] T e5cdb0058d3041cb8cd4bea66063fe82 P 080d98c830a44248b0e49a130ffab5ba [term 0 FOLLOWER]: Becoming Follower/Learner. State: Replica: 080d98c830a44248b0e49a130ffab5ba, State: Initialized, Role: FOLLOWER
I20260709 12:16:56.276175 14885 consensus_queue.cc:260] T e5cdb0058d3041cb8cd4bea66063fe82 P 080d98c830a44248b0e49a130ffab5ba [NON_LEADER]: Queue going to NON_LEADER mode. State: All replicated index: 0, Majority replicated index: 0, Committed index: 0, Last appended: 0.0, Last appended by leader: 0, Current term: 0, Majority size: -1, State: 0, Mode: NON_LEADER, active raft config: opid_index: -1 OBSOLETE_local: false peers { permanent_uuid: "fb0effe4db3f4135b594d57380bd537e" member_type: VOTER last_known_addr { host: "127.13.55.65" port: 39323 } } peers { permanent_uuid: "080d98c830a44248b0e49a130ffab5ba" member_type: VOTER last_known_addr { host: "127.13.55.66" port: 44905 } } peers { permanent_uuid: "a6fca6c32995491eab1a9539ad00385a" member_type: VOTER last_known_addr { host: "127.13.55.67" port: 41691 } }
I20260709 12:16:56.278008 14884 tablet_bootstrap.cc:654] T eb7e801a1b504e7781e1d4a2defebf96 P a6fca6c32995491eab1a9539ad00385a: Neither blocks nor log segments found. Creating new log.
I20260709 12:16:56.278378 14885 ts_tablet_manager.cc:1434] T e5cdb0058d3041cb8cd4bea66063fe82 P 080d98c830a44248b0e49a130ffab5ba: Time spent starting tablet: real 0.006s	user 0.001s	sys 0.004s
I20260709 12:16:56.279564 14885 tablet_bootstrap.cc:492] T e5ad58a935e143438de10c65cd25b47d P 080d98c830a44248b0e49a130ffab5ba: Bootstrap starting.
I20260709 12:16:56.285014 14885 tablet_bootstrap.cc:654] T e5ad58a935e143438de10c65cd25b47d P 080d98c830a44248b0e49a130ffab5ba: Neither blocks nor log segments found. Creating new log.
I20260709 12:16:56.285459 14886 tablet_bootstrap.cc:492] T 8f232cce549349a3bf04b75e69728634 P fb0effe4db3f4135b594d57380bd537e: Bootstrap starting.
I20260709 12:16:56.286391 14884 tablet_bootstrap.cc:492] T eb7e801a1b504e7781e1d4a2defebf96 P a6fca6c32995491eab1a9539ad00385a: No bootstrap required, opened a new log
I20260709 12:16:56.286823 14884 ts_tablet_manager.cc:1403] T eb7e801a1b504e7781e1d4a2defebf96 P a6fca6c32995491eab1a9539ad00385a: Time spent bootstrapping tablet: real 0.016s	user 0.013s	sys 0.000s
I20260709 12:16:56.289955 14884 raft_consensus.cc:359] T eb7e801a1b504e7781e1d4a2defebf96 P a6fca6c32995491eab1a9539ad00385a [term 0 FOLLOWER]: Replica starting. Triggering 0 pending ops. Active config: opid_index: -1 OBSOLETE_local: false peers { permanent_uuid: "fb0effe4db3f4135b594d57380bd537e" member_type: VOTER last_known_addr { host: "127.13.55.65" port: 39323 } } peers { permanent_uuid: "080d98c830a44248b0e49a130ffab5ba" member_type: VOTER last_known_addr { host: "127.13.55.66" port: 44905 } } peers { permanent_uuid: "a6fca6c32995491eab1a9539ad00385a" member_type: VOTER last_known_addr { host: "127.13.55.67" port: 41691 } }
I20260709 12:16:56.290822 14884 raft_consensus.cc:385] T eb7e801a1b504e7781e1d4a2defebf96 P a6fca6c32995491eab1a9539ad00385a [term 0 FOLLOWER]: Consensus starting up: Expiring failure detector timer to make a prompt election more likely
I20260709 12:16:56.291159 14884 raft_consensus.cc:740] T eb7e801a1b504e7781e1d4a2defebf96 P a6fca6c32995491eab1a9539ad00385a [term 0 FOLLOWER]: Becoming Follower/Learner. State: Replica: a6fca6c32995491eab1a9539ad00385a, State: Initialized, Role: FOLLOWER
I20260709 12:16:56.291484 14886 tablet_bootstrap.cc:654] T 8f232cce549349a3bf04b75e69728634 P fb0effe4db3f4135b594d57380bd537e: Neither blocks nor log segments found. Creating new log.
I20260709 12:16:56.292241 14884 consensus_queue.cc:260] T eb7e801a1b504e7781e1d4a2defebf96 P a6fca6c32995491eab1a9539ad00385a [NON_LEADER]: Queue going to NON_LEADER mode. State: All replicated index: 0, Majority replicated index: 0, Committed index: 0, Last appended: 0.0, Last appended by leader: 0, Current term: 0, Majority size: -1, State: 0, Mode: NON_LEADER, active raft config: opid_index: -1 OBSOLETE_local: false peers { permanent_uuid: "fb0effe4db3f4135b594d57380bd537e" member_type: VOTER last_known_addr { host: "127.13.55.65" port: 39323 } } peers { permanent_uuid: "080d98c830a44248b0e49a130ffab5ba" member_type: VOTER last_known_addr { host: "127.13.55.66" port: 44905 } } peers { permanent_uuid: "a6fca6c32995491eab1a9539ad00385a" member_type: VOTER last_known_addr { host: "127.13.55.67" port: 41691 } }
I20260709 12:16:56.295521 14884 ts_tablet_manager.cc:1434] T eb7e801a1b504e7781e1d4a2defebf96 P a6fca6c32995491eab1a9539ad00385a: Time spent starting tablet: real 0.008s	user 0.007s	sys 0.000s
I20260709 12:16:56.296694 14884 tablet_bootstrap.cc:492] T e5ad58a935e143438de10c65cd25b47d P a6fca6c32995491eab1a9539ad00385a: Bootstrap starting.
I20260709 12:16:56.298413 14886 tablet_bootstrap.cc:492] T 8f232cce549349a3bf04b75e69728634 P fb0effe4db3f4135b594d57380bd537e: No bootstrap required, opened a new log
I20260709 12:16:56.298882 14886 ts_tablet_manager.cc:1403] T 8f232cce549349a3bf04b75e69728634 P fb0effe4db3f4135b594d57380bd537e: Time spent bootstrapping tablet: real 0.014s	user 0.012s	sys 0.001s
I20260709 12:16:56.299011 14885 tablet_bootstrap.cc:492] T e5ad58a935e143438de10c65cd25b47d P 080d98c830a44248b0e49a130ffab5ba: No bootstrap required, opened a new log
I20260709 12:16:56.299476 14885 ts_tablet_manager.cc:1403] T e5ad58a935e143438de10c65cd25b47d P 080d98c830a44248b0e49a130ffab5ba: Time spent bootstrapping tablet: real 0.020s	user 0.008s	sys 0.008s
I20260709 12:16:56.301752 14886 raft_consensus.cc:359] T 8f232cce549349a3bf04b75e69728634 P fb0effe4db3f4135b594d57380bd537e [term 0 FOLLOWER]: Replica starting. Triggering 0 pending ops. Active config: opid_index: -1 OBSOLETE_local: false peers { permanent_uuid: "fb0effe4db3f4135b594d57380bd537e" member_type: VOTER last_known_addr { host: "127.13.55.65" port: 39323 } } peers { permanent_uuid: "080d98c830a44248b0e49a130ffab5ba" member_type: VOTER last_known_addr { host: "127.13.55.66" port: 44905 } } peers { permanent_uuid: "a6fca6c32995491eab1a9539ad00385a" member_type: VOTER last_known_addr { host: "127.13.55.67" port: 41691 } }
I20260709 12:16:56.301946 14885 raft_consensus.cc:359] T e5ad58a935e143438de10c65cd25b47d P 080d98c830a44248b0e49a130ffab5ba [term 0 FOLLOWER]: Replica starting. Triggering 0 pending ops. Active config: opid_index: -1 OBSOLETE_local: false peers { permanent_uuid: "fb0effe4db3f4135b594d57380bd537e" member_type: VOTER last_known_addr { host: "127.13.55.65" port: 39323 } } peers { permanent_uuid: "080d98c830a44248b0e49a130ffab5ba" member_type: VOTER last_known_addr { host: "127.13.55.66" port: 44905 } } peers { permanent_uuid: "a6fca6c32995491eab1a9539ad00385a" member_type: VOTER last_known_addr { host: "127.13.55.67" port: 41691 } }
I20260709 12:16:56.302387 14884 tablet_bootstrap.cc:654] T e5ad58a935e143438de10c65cd25b47d P a6fca6c32995491eab1a9539ad00385a: Neither blocks nor log segments found. Creating new log.
I20260709 12:16:56.302590 14886 raft_consensus.cc:385] T 8f232cce549349a3bf04b75e69728634 P fb0effe4db3f4135b594d57380bd537e [term 0 FOLLOWER]: Consensus starting up: Expiring failure detector timer to make a prompt election more likely
I20260709 12:16:56.304100 14885 raft_consensus.cc:385] T e5ad58a935e143438de10c65cd25b47d P 080d98c830a44248b0e49a130ffab5ba [term 0 FOLLOWER]: Consensus starting up: Expiring failure detector timer to make a prompt election more likely
I20260709 12:16:56.304284 14886 raft_consensus.cc:740] T 8f232cce549349a3bf04b75e69728634 P fb0effe4db3f4135b594d57380bd537e [term 0 FOLLOWER]: Becoming Follower/Learner. State: Replica: fb0effe4db3f4135b594d57380bd537e, State: Initialized, Role: FOLLOWER
I20260709 12:16:56.304404 14885 raft_consensus.cc:740] T e5ad58a935e143438de10c65cd25b47d P 080d98c830a44248b0e49a130ffab5ba [term 0 FOLLOWER]: Becoming Follower/Learner. State: Replica: 080d98c830a44248b0e49a130ffab5ba, State: Initialized, Role: FOLLOWER
I20260709 12:16:56.305256 14885 consensus_queue.cc:260] T e5ad58a935e143438de10c65cd25b47d P 080d98c830a44248b0e49a130ffab5ba [NON_LEADER]: Queue going to NON_LEADER mode. State: All replicated index: 0, Majority replicated index: 0, Committed index: 0, Last appended: 0.0, Last appended by leader: 0, Current term: 0, Majority size: -1, State: 0, Mode: NON_LEADER, active raft config: opid_index: -1 OBSOLETE_local: false peers { permanent_uuid: "fb0effe4db3f4135b594d57380bd537e" member_type: VOTER last_known_addr { host: "127.13.55.65" port: 39323 } } peers { permanent_uuid: "080d98c830a44248b0e49a130ffab5ba" member_type: VOTER last_known_addr { host: "127.13.55.66" port: 44905 } } peers { permanent_uuid: "a6fca6c32995491eab1a9539ad00385a" member_type: VOTER last_known_addr { host: "127.13.55.67" port: 41691 } }
I20260709 12:16:56.305256 14886 consensus_queue.cc:260] T 8f232cce549349a3bf04b75e69728634 P fb0effe4db3f4135b594d57380bd537e [NON_LEADER]: Queue going to NON_LEADER mode. State: All replicated index: 0, Majority replicated index: 0, Committed index: 0, Last appended: 0.0, Last appended by leader: 0, Current term: 0, Majority size: -1, State: 0, Mode: NON_LEADER, active raft config: opid_index: -1 OBSOLETE_local: false peers { permanent_uuid: "fb0effe4db3f4135b594d57380bd537e" member_type: VOTER last_known_addr { host: "127.13.55.65" port: 39323 } } peers { permanent_uuid: "080d98c830a44248b0e49a130ffab5ba" member_type: VOTER last_known_addr { host: "127.13.55.66" port: 44905 } } peers { permanent_uuid: "a6fca6c32995491eab1a9539ad00385a" member_type: VOTER last_known_addr { host: "127.13.55.67" port: 41691 } }
I20260709 12:16:56.311314 14885 ts_tablet_manager.cc:1434] T e5ad58a935e143438de10c65cd25b47d P 080d98c830a44248b0e49a130ffab5ba: Time spent starting tablet: real 0.012s	user 0.006s	sys 0.001s
I20260709 12:16:56.312438 14885 tablet_bootstrap.cc:492] T 7ee5d87541b14807a47cf86734c744cc P 080d98c830a44248b0e49a130ffab5ba: Bootstrap starting.
I20260709 12:16:56.317566 14886 ts_tablet_manager.cc:1434] T 8f232cce549349a3bf04b75e69728634 P fb0effe4db3f4135b594d57380bd537e: Time spent starting tablet: real 0.018s	user 0.003s	sys 0.003s
I20260709 12:16:56.318320 14885 tablet_bootstrap.cc:654] T 7ee5d87541b14807a47cf86734c744cc P 080d98c830a44248b0e49a130ffab5ba: Neither blocks nor log segments found. Creating new log.
I20260709 12:16:56.322064 14886 tablet_bootstrap.cc:492] T 55c5ef66dd1140dba2b124061d5ed709 P fb0effe4db3f4135b594d57380bd537e: Bootstrap starting.
I20260709 12:16:56.323308 14885 tablet_bootstrap.cc:492] T 7ee5d87541b14807a47cf86734c744cc P 080d98c830a44248b0e49a130ffab5ba: No bootstrap required, opened a new log
I20260709 12:16:56.323731 14885 ts_tablet_manager.cc:1403] T 7ee5d87541b14807a47cf86734c744cc P 080d98c830a44248b0e49a130ffab5ba: Time spent bootstrapping tablet: real 0.011s	user 0.009s	sys 0.000s
I20260709 12:16:56.326257 14885 raft_consensus.cc:359] T 7ee5d87541b14807a47cf86734c744cc P 080d98c830a44248b0e49a130ffab5ba [term 0 FOLLOWER]: Replica starting. Triggering 0 pending ops. Active config: opid_index: -1 OBSOLETE_local: false peers { permanent_uuid: "fb0effe4db3f4135b594d57380bd537e" member_type: VOTER last_known_addr { host: "127.13.55.65" port: 39323 } } peers { permanent_uuid: "080d98c830a44248b0e49a130ffab5ba" member_type: VOTER last_known_addr { host: "127.13.55.66" port: 44905 } } peers { permanent_uuid: "a6fca6c32995491eab1a9539ad00385a" member_type: VOTER last_known_addr { host: "127.13.55.67" port: 41691 } }
I20260709 12:16:56.326921 14885 raft_consensus.cc:385] T 7ee5d87541b14807a47cf86734c744cc P 080d98c830a44248b0e49a130ffab5ba [term 0 FOLLOWER]: Consensus starting up: Expiring failure detector timer to make a prompt election more likely
I20260709 12:16:56.327186 14885 raft_consensus.cc:740] T 7ee5d87541b14807a47cf86734c744cc P 080d98c830a44248b0e49a130ffab5ba [term 0 FOLLOWER]: Becoming Follower/Learner. State: Replica: 080d98c830a44248b0e49a130ffab5ba, State: Initialized, Role: FOLLOWER
I20260709 12:16:56.327783 14885 consensus_queue.cc:260] T 7ee5d87541b14807a47cf86734c744cc P 080d98c830a44248b0e49a130ffab5ba [NON_LEADER]: Queue going to NON_LEADER mode. State: All replicated index: 0, Majority replicated index: 0, Committed index: 0, Last appended: 0.0, Last appended by leader: 0, Current term: 0, Majority size: -1, State: 0, Mode: NON_LEADER, active raft config: opid_index: -1 OBSOLETE_local: false peers { permanent_uuid: "fb0effe4db3f4135b594d57380bd537e" member_type: VOTER last_known_addr { host: "127.13.55.65" port: 39323 } } peers { permanent_uuid: "080d98c830a44248b0e49a130ffab5ba" member_type: VOTER last_known_addr { host: "127.13.55.66" port: 44905 } } peers { permanent_uuid: "a6fca6c32995491eab1a9539ad00385a" member_type: VOTER last_known_addr { host: "127.13.55.67" port: 41691 } }
I20260709 12:16:56.328693 14886 tablet_bootstrap.cc:654] T 55c5ef66dd1140dba2b124061d5ed709 P fb0effe4db3f4135b594d57380bd537e: Neither blocks nor log segments found. Creating new log.
I20260709 12:16:56.329833 14885 ts_tablet_manager.cc:1434] T 7ee5d87541b14807a47cf86734c744cc P 080d98c830a44248b0e49a130ffab5ba: Time spent starting tablet: real 0.006s	user 0.004s	sys 0.001s
I20260709 12:16:56.330914 14885 tablet_bootstrap.cc:492] T 8f232cce549349a3bf04b75e69728634 P 080d98c830a44248b0e49a130ffab5ba: Bootstrap starting.
I20260709 12:16:56.333550 14884 tablet_bootstrap.cc:492] T e5ad58a935e143438de10c65cd25b47d P a6fca6c32995491eab1a9539ad00385a: No bootstrap required, opened a new log
I20260709 12:16:56.333974 14884 ts_tablet_manager.cc:1403] T e5ad58a935e143438de10c65cd25b47d P a6fca6c32995491eab1a9539ad00385a: Time spent bootstrapping tablet: real 0.037s	user 0.015s	sys 0.017s
I20260709 12:16:56.336524 14884 raft_consensus.cc:359] T e5ad58a935e143438de10c65cd25b47d P a6fca6c32995491eab1a9539ad00385a [term 0 FOLLOWER]: Replica starting. Triggering 0 pending ops. Active config: opid_index: -1 OBSOLETE_local: false peers { permanent_uuid: "fb0effe4db3f4135b594d57380bd537e" member_type: VOTER last_known_addr { host: "127.13.55.65" port: 39323 } } peers { permanent_uuid: "080d98c830a44248b0e49a130ffab5ba" member_type: VOTER last_known_addr { host: "127.13.55.66" port: 44905 } } peers { permanent_uuid: "a6fca6c32995491eab1a9539ad00385a" member_type: VOTER last_known_addr { host: "127.13.55.67" port: 41691 } }
I20260709 12:16:56.337172 14884 raft_consensus.cc:385] T e5ad58a935e143438de10c65cd25b47d P a6fca6c32995491eab1a9539ad00385a [term 0 FOLLOWER]: Consensus starting up: Expiring failure detector timer to make a prompt election more likely
I20260709 12:16:56.337452 14884 raft_consensus.cc:740] T e5ad58a935e143438de10c65cd25b47d P a6fca6c32995491eab1a9539ad00385a [term 0 FOLLOWER]: Becoming Follower/Learner. State: Replica: a6fca6c32995491eab1a9539ad00385a, State: Initialized, Role: FOLLOWER
I20260709 12:16:56.338142 14885 tablet_bootstrap.cc:654] T 8f232cce549349a3bf04b75e69728634 P 080d98c830a44248b0e49a130ffab5ba: Neither blocks nor log segments found. Creating new log.
I20260709 12:16:56.338197 14884 consensus_queue.cc:260] T e5ad58a935e143438de10c65cd25b47d P a6fca6c32995491eab1a9539ad00385a [NON_LEADER]: Queue going to NON_LEADER mode. State: All replicated index: 0, Majority replicated index: 0, Committed index: 0, Last appended: 0.0, Last appended by leader: 0, Current term: 0, Majority size: -1, State: 0, Mode: NON_LEADER, active raft config: opid_index: -1 OBSOLETE_local: false peers { permanent_uuid: "fb0effe4db3f4135b594d57380bd537e" member_type: VOTER last_known_addr { host: "127.13.55.65" port: 39323 } } peers { permanent_uuid: "080d98c830a44248b0e49a130ffab5ba" member_type: VOTER last_known_addr { host: "127.13.55.66" port: 44905 } } peers { permanent_uuid: "a6fca6c32995491eab1a9539ad00385a" member_type: VOTER last_known_addr { host: "127.13.55.67" port: 41691 } }
I20260709 12:16:56.340731 14884 ts_tablet_manager.cc:1434] T e5ad58a935e143438de10c65cd25b47d P a6fca6c32995491eab1a9539ad00385a: Time spent starting tablet: real 0.006s	user 0.006s	sys 0.001s
I20260709 12:16:56.341568 14884 tablet_bootstrap.cc:492] T 38ed0956dd864a40be44e6b560d5022c P a6fca6c32995491eab1a9539ad00385a: Bootstrap starting.
I20260709 12:16:56.346695 14884 tablet_bootstrap.cc:654] T 38ed0956dd864a40be44e6b560d5022c P a6fca6c32995491eab1a9539ad00385a: Neither blocks nor log segments found. Creating new log.
I20260709 12:16:56.350962 14885 tablet_bootstrap.cc:492] T 8f232cce549349a3bf04b75e69728634 P 080d98c830a44248b0e49a130ffab5ba: No bootstrap required, opened a new log
I20260709 12:16:56.351388 14885 ts_tablet_manager.cc:1403] T 8f232cce549349a3bf04b75e69728634 P 080d98c830a44248b0e49a130ffab5ba: Time spent bootstrapping tablet: real 0.021s	user 0.008s	sys 0.012s
I20260709 12:16:56.353001 14884 tablet_bootstrap.cc:492] T 38ed0956dd864a40be44e6b560d5022c P a6fca6c32995491eab1a9539ad00385a: No bootstrap required, opened a new log
I20260709 12:16:56.353482 14884 ts_tablet_manager.cc:1403] T 38ed0956dd864a40be44e6b560d5022c P a6fca6c32995491eab1a9539ad00385a: Time spent bootstrapping tablet: real 0.012s	user 0.008s	sys 0.002s
I20260709 12:16:56.354036 14885 raft_consensus.cc:359] T 8f232cce549349a3bf04b75e69728634 P 080d98c830a44248b0e49a130ffab5ba [term 0 FOLLOWER]: Replica starting. Triggering 0 pending ops. Active config: opid_index: -1 OBSOLETE_local: false peers { permanent_uuid: "fb0effe4db3f4135b594d57380bd537e" member_type: VOTER last_known_addr { host: "127.13.55.65" port: 39323 } } peers { permanent_uuid: "080d98c830a44248b0e49a130ffab5ba" member_type: VOTER last_known_addr { host: "127.13.55.66" port: 44905 } } peers { permanent_uuid: "a6fca6c32995491eab1a9539ad00385a" member_type: VOTER last_known_addr { host: "127.13.55.67" port: 41691 } }
I20260709 12:16:56.354698 14885 raft_consensus.cc:385] T 8f232cce549349a3bf04b75e69728634 P 080d98c830a44248b0e49a130ffab5ba [term 0 FOLLOWER]: Consensus starting up: Expiring failure detector timer to make a prompt election more likely
I20260709 12:16:56.354969 14885 raft_consensus.cc:740] T 8f232cce549349a3bf04b75e69728634 P 080d98c830a44248b0e49a130ffab5ba [term 0 FOLLOWER]: Becoming Follower/Learner. State: Replica: 080d98c830a44248b0e49a130ffab5ba, State: Initialized, Role: FOLLOWER
I20260709 12:16:56.355577 14885 consensus_queue.cc:260] T 8f232cce549349a3bf04b75e69728634 P 080d98c830a44248b0e49a130ffab5ba [NON_LEADER]: Queue going to NON_LEADER mode. State: All replicated index: 0, Majority replicated index: 0, Committed index: 0, Last appended: 0.0, Last appended by leader: 0, Current term: 0, Majority size: -1, State: 0, Mode: NON_LEADER, active raft config: opid_index: -1 OBSOLETE_local: false peers { permanent_uuid: "fb0effe4db3f4135b594d57380bd537e" member_type: VOTER last_known_addr { host: "127.13.55.65" port: 39323 } } peers { permanent_uuid: "080d98c830a44248b0e49a130ffab5ba" member_type: VOTER last_known_addr { host: "127.13.55.66" port: 44905 } } peers { permanent_uuid: "a6fca6c32995491eab1a9539ad00385a" member_type: VOTER last_known_addr { host: "127.13.55.67" port: 41691 } }
I20260709 12:16:56.356084 14895 raft_consensus.cc:493] T 8f232cce549349a3bf04b75e69728634 P fb0effe4db3f4135b594d57380bd537e [term 0 FOLLOWER]: Starting pre-election (no leader contacted us within the election timeout)
I20260709 12:16:56.356495 14884 raft_consensus.cc:359] T 38ed0956dd864a40be44e6b560d5022c P a6fca6c32995491eab1a9539ad00385a [term 0 FOLLOWER]: Replica starting. Triggering 0 pending ops. Active config: opid_index: -1 OBSOLETE_local: false peers { permanent_uuid: "fb0effe4db3f4135b594d57380bd537e" member_type: VOTER last_known_addr { host: "127.13.55.65" port: 39323 } } peers { permanent_uuid: "080d98c830a44248b0e49a130ffab5ba" member_type: VOTER last_known_addr { host: "127.13.55.66" port: 44905 } } peers { permanent_uuid: "a6fca6c32995491eab1a9539ad00385a" member_type: VOTER last_known_addr { host: "127.13.55.67" port: 41691 } }
I20260709 12:16:56.356580 14895 raft_consensus.cc:515] T 8f232cce549349a3bf04b75e69728634 P fb0effe4db3f4135b594d57380bd537e [term 0 FOLLOWER]: Starting pre-election with config: opid_index: -1 OBSOLETE_local: false peers { permanent_uuid: "fb0effe4db3f4135b594d57380bd537e" member_type: VOTER last_known_addr { host: "127.13.55.65" port: 39323 } } peers { permanent_uuid: "080d98c830a44248b0e49a130ffab5ba" member_type: VOTER last_known_addr { host: "127.13.55.66" port: 44905 } } peers { permanent_uuid: "a6fca6c32995491eab1a9539ad00385a" member_type: VOTER last_known_addr { host: "127.13.55.67" port: 41691 } }
I20260709 12:16:56.357195 14884 raft_consensus.cc:385] T 38ed0956dd864a40be44e6b560d5022c P a6fca6c32995491eab1a9539ad00385a [term 0 FOLLOWER]: Consensus starting up: Expiring failure detector timer to make a prompt election more likely
I20260709 12:16:56.357497 14884 raft_consensus.cc:740] T 38ed0956dd864a40be44e6b560d5022c P a6fca6c32995491eab1a9539ad00385a [term 0 FOLLOWER]: Becoming Follower/Learner. State: Replica: a6fca6c32995491eab1a9539ad00385a, State: Initialized, Role: FOLLOWER
I20260709 12:16:56.358142 14884 consensus_queue.cc:260] T 38ed0956dd864a40be44e6b560d5022c P a6fca6c32995491eab1a9539ad00385a [NON_LEADER]: Queue going to NON_LEADER mode. State: All replicated index: 0, Majority replicated index: 0, Committed index: 0, Last appended: 0.0, Last appended by leader: 0, Current term: 0, Majority size: -1, State: 0, Mode: NON_LEADER, active raft config: opid_index: -1 OBSOLETE_local: false peers { permanent_uuid: "fb0effe4db3f4135b594d57380bd537e" member_type: VOTER last_known_addr { host: "127.13.55.65" port: 39323 } } peers { permanent_uuid: "080d98c830a44248b0e49a130ffab5ba" member_type: VOTER last_known_addr { host: "127.13.55.66" port: 44905 } } peers { permanent_uuid: "a6fca6c32995491eab1a9539ad00385a" member_type: VOTER last_known_addr { host: "127.13.55.67" port: 41691 } }
I20260709 12:16:56.358718 14895 leader_election.cc:290] T 8f232cce549349a3bf04b75e69728634 P fb0effe4db3f4135b594d57380bd537e [CANDIDATE]: Term 1 pre-election: Requested pre-vote from peers 080d98c830a44248b0e49a130ffab5ba (127.13.55.66:44905), a6fca6c32995491eab1a9539ad00385a (127.13.55.67:41691)
I20260709 12:16:56.359669 14769 tablet_service.cc:1917] Received RequestConsensusVote() RPC: tablet_id: "8f232cce549349a3bf04b75e69728634" candidate_uuid: "fb0effe4db3f4135b594d57380bd537e" candidate_term: 1 candidate_status { last_received { term: 0 index: 0 } } ignore_live_leader: false dest_uuid: "080d98c830a44248b0e49a130ffab5ba" is_pre_election: true
I20260709 12:16:56.360145 14884 ts_tablet_manager.cc:1434] T 38ed0956dd864a40be44e6b560d5022c P a6fca6c32995491eab1a9539ad00385a: Time spent starting tablet: real 0.006s	user 0.006s	sys 0.000s
I20260709 12:16:56.360260 14885 ts_tablet_manager.cc:1434] T 8f232cce549349a3bf04b75e69728634 P 080d98c830a44248b0e49a130ffab5ba: Time spent starting tablet: real 0.009s	user 0.003s	sys 0.003s
I20260709 12:16:56.360620 14769 raft_consensus.cc:2468] T 8f232cce549349a3bf04b75e69728634 P 080d98c830a44248b0e49a130ffab5ba [term 0 FOLLOWER]: Leader pre-election vote request: Granting yes vote for candidate fb0effe4db3f4135b594d57380bd537e in term 0.
I20260709 12:16:56.361039 14843 tablet_service.cc:1917] Received RequestConsensusVote() RPC: tablet_id: "8f232cce549349a3bf04b75e69728634" candidate_uuid: "fb0effe4db3f4135b594d57380bd537e" candidate_term: 1 candidate_status { last_received { term: 0 index: 0 } } ignore_live_leader: false dest_uuid: "a6fca6c32995491eab1a9539ad00385a" is_pre_election: true
I20260709 12:16:56.361155 14885 tablet_bootstrap.cc:492] T dfea36c581e14d0d878c8d77708716b8 P 080d98c830a44248b0e49a130ffab5ba: Bootstrap starting.
I20260709 12:16:56.361676 14843 raft_consensus.cc:2468] T 8f232cce549349a3bf04b75e69728634 P a6fca6c32995491eab1a9539ad00385a [term 0 FOLLOWER]: Leader pre-election vote request: Granting yes vote for candidate fb0effe4db3f4135b594d57380bd537e in term 0.
I20260709 12:16:56.362082 14658 leader_election.cc:304] T 8f232cce549349a3bf04b75e69728634 P fb0effe4db3f4135b594d57380bd537e [CANDIDATE]: Term 1 pre-election: Election decided. Result: candidate won. Election summary: received 2 responses out of 3 voters: 2 yes votes; 0 no votes. yes voters: 080d98c830a44248b0e49a130ffab5ba, fb0effe4db3f4135b594d57380bd537e; no voters: 
I20260709 12:16:56.363189 14911 raft_consensus.cc:493] T 38ed0956dd864a40be44e6b560d5022c P a6fca6c32995491eab1a9539ad00385a [term 0 FOLLOWER]: Starting pre-election (no leader contacted us within the election timeout)
I20260709 12:16:56.361157 14884 tablet_bootstrap.cc:492] T 96ebd2270c874edb87a31c9f126b36be P a6fca6c32995491eab1a9539ad00385a: Bootstrap starting.
I20260709 12:16:56.367038 14886 tablet_bootstrap.cc:492] T 55c5ef66dd1140dba2b124061d5ed709 P fb0effe4db3f4135b594d57380bd537e: No bootstrap required, opened a new log
I20260709 12:16:56.367503 14886 ts_tablet_manager.cc:1403] T 55c5ef66dd1140dba2b124061d5ed709 P fb0effe4db3f4135b594d57380bd537e: Time spent bootstrapping tablet: real 0.046s	user 0.007s	sys 0.010s
I20260709 12:16:56.368531 14885 tablet_bootstrap.cc:654] T dfea36c581e14d0d878c8d77708716b8 P 080d98c830a44248b0e49a130ffab5ba: Neither blocks nor log segments found. Creating new log.
I20260709 12:16:56.363682 14911 raft_consensus.cc:515] T 38ed0956dd864a40be44e6b560d5022c P a6fca6c32995491eab1a9539ad00385a [term 0 FOLLOWER]: Starting pre-election with config: opid_index: -1 OBSOLETE_local: false peers { permanent_uuid: "fb0effe4db3f4135b594d57380bd537e" member_type: VOTER last_known_addr { host: "127.13.55.65" port: 39323 } } peers { permanent_uuid: "080d98c830a44248b0e49a130ffab5ba" member_type: VOTER last_known_addr { host: "127.13.55.66" port: 44905 } } peers { permanent_uuid: "a6fca6c32995491eab1a9539ad00385a" member_type: VOTER last_known_addr { host: "127.13.55.67" port: 41691 } }
I20260709 12:16:56.370268 14886 raft_consensus.cc:359] T 55c5ef66dd1140dba2b124061d5ed709 P fb0effe4db3f4135b594d57380bd537e [term 0 FOLLOWER]: Replica starting. Triggering 0 pending ops. Active config: opid_index: -1 OBSOLETE_local: false peers { permanent_uuid: "fb0effe4db3f4135b594d57380bd537e" member_type: VOTER last_known_addr { host: "127.13.55.65" port: 39323 } } peers { permanent_uuid: "080d98c830a44248b0e49a130ffab5ba" member_type: VOTER last_known_addr { host: "127.13.55.66" port: 44905 } } peers { permanent_uuid: "a6fca6c32995491eab1a9539ad00385a" member_type: VOTER last_known_addr { host: "127.13.55.67" port: 41691 } }
I20260709 12:16:56.370926 14886 raft_consensus.cc:385] T 55c5ef66dd1140dba2b124061d5ed709 P fb0effe4db3f4135b594d57380bd537e [term 0 FOLLOWER]: Consensus starting up: Expiring failure detector timer to make a prompt election more likely
I20260709 12:16:56.371079 14892 raft_consensus.cc:493] T 333667aecdfa49619d270cb5f0a92925 P 080d98c830a44248b0e49a130ffab5ba [term 0 FOLLOWER]: Starting pre-election (no leader contacted us within the election timeout)
I20260709 12:16:56.371280 14886 raft_consensus.cc:740] T 55c5ef66dd1140dba2b124061d5ed709 P fb0effe4db3f4135b594d57380bd537e [term 0 FOLLOWER]: Becoming Follower/Learner. State: Replica: fb0effe4db3f4135b594d57380bd537e, State: Initialized, Role: FOLLOWER
I20260709 12:16:56.371675 14911 leader_election.cc:290] T 38ed0956dd864a40be44e6b560d5022c P a6fca6c32995491eab1a9539ad00385a [CANDIDATE]: Term 1 pre-election: Requested pre-vote from peers fb0effe4db3f4135b594d57380bd537e (127.13.55.65:39323), 080d98c830a44248b0e49a130ffab5ba (127.13.55.66:44905)
I20260709 12:16:56.371590 14892 raft_consensus.cc:515] T 333667aecdfa49619d270cb5f0a92925 P 080d98c830a44248b0e49a130ffab5ba [term 0 FOLLOWER]: Starting pre-election with config: opid_index: -1 OBSOLETE_local: false peers { permanent_uuid: "fb0effe4db3f4135b594d57380bd537e" member_type: VOTER last_known_addr { host: "127.13.55.65" port: 39323 } } peers { permanent_uuid: "080d98c830a44248b0e49a130ffab5ba" member_type: VOTER last_known_addr { host: "127.13.55.66" port: 44905 } } peers { permanent_uuid: "a6fca6c32995491eab1a9539ad00385a" member_type: VOTER last_known_addr { host: "127.13.55.67" port: 41691 } }
I20260709 12:16:56.372148 14889 raft_consensus.cc:493] T 9b2341abd8f84a2ab60b47c1122d1f7c P a6fca6c32995491eab1a9539ad00385a [term 0 FOLLOWER]: Starting pre-election (no leader contacted us within the election timeout)
I20260709 12:16:56.372146 14886 consensus_queue.cc:260] T 55c5ef66dd1140dba2b124061d5ed709 P fb0effe4db3f4135b594d57380bd537e [NON_LEADER]: Queue going to NON_LEADER mode. State: All replicated index: 0, Majority replicated index: 0, Committed index: 0, Last appended: 0.0, Last appended by leader: 0, Current term: 0, Majority size: -1, State: 0, Mode: NON_LEADER, active raft config: opid_index: -1 OBSOLETE_local: false peers { permanent_uuid: "fb0effe4db3f4135b594d57380bd537e" member_type: VOTER last_known_addr { host: "127.13.55.65" port: 39323 } } peers { permanent_uuid: "080d98c830a44248b0e49a130ffab5ba" member_type: VOTER last_known_addr { host: "127.13.55.66" port: 44905 } } peers { permanent_uuid: "a6fca6c32995491eab1a9539ad00385a" member_type: VOTER last_known_addr { host: "127.13.55.67" port: 41691 } }
I20260709 12:16:56.372720 14889 raft_consensus.cc:515] T 9b2341abd8f84a2ab60b47c1122d1f7c P a6fca6c32995491eab1a9539ad00385a [term 0 FOLLOWER]: Starting pre-election with config: opid_index: -1 OBSOLETE_local: false peers { permanent_uuid: "fb0effe4db3f4135b594d57380bd537e" member_type: VOTER last_known_addr { host: "127.13.55.65" port: 39323 } } peers { permanent_uuid: "080d98c830a44248b0e49a130ffab5ba" member_type: VOTER last_known_addr { host: "127.13.55.66" port: 44905 } } peers { permanent_uuid: "a6fca6c32995491eab1a9539ad00385a" member_type: VOTER last_known_addr { host: "127.13.55.67" port: 41691 } }
I20260709 12:16:56.373765 14892 leader_election.cc:290] T 333667aecdfa49619d270cb5f0a92925 P 080d98c830a44248b0e49a130ffab5ba [CANDIDATE]: Term 1 pre-election: Requested pre-vote from peers fb0effe4db3f4135b594d57380bd537e (127.13.55.65:39323), a6fca6c32995491eab1a9539ad00385a (127.13.55.67:41691)
I20260709 12:16:56.374451 14886 ts_tablet_manager.cc:1434] T 55c5ef66dd1140dba2b124061d5ed709 P fb0effe4db3f4135b594d57380bd537e: Time spent starting tablet: real 0.007s	user 0.004s	sys 0.004s
I20260709 12:16:56.374567 14889 leader_election.cc:290] T 9b2341abd8f84a2ab60b47c1122d1f7c P a6fca6c32995491eab1a9539ad00385a [CANDIDATE]: Term 1 pre-election: Requested pre-vote from peers fb0effe4db3f4135b594d57380bd537e (127.13.55.65:39323), 080d98c830a44248b0e49a130ffab5ba (127.13.55.66:44905)
I20260709 12:16:56.375108 14912 raft_consensus.cc:2804] T 8f232cce549349a3bf04b75e69728634 P fb0effe4db3f4135b594d57380bd537e [term 0 FOLLOWER]: Leader pre-election won for term 1
I20260709 12:16:56.375394 14886 tablet_bootstrap.cc:492] T e5ad58a935e143438de10c65cd25b47d P fb0effe4db3f4135b594d57380bd537e: Bootstrap starting.
I20260709 12:16:56.375451 14912 raft_consensus.cc:493] T 8f232cce549349a3bf04b75e69728634 P fb0effe4db3f4135b594d57380bd537e [term 0 FOLLOWER]: Starting leader election (no leader contacted us within the election timeout)
I20260709 12:16:56.375854 14884 tablet_bootstrap.cc:654] T 96ebd2270c874edb87a31c9f126b36be P a6fca6c32995491eab1a9539ad00385a: Neither blocks nor log segments found. Creating new log.
I20260709 12:16:56.376240 14695 tablet_service.cc:1917] Received RequestConsensusVote() RPC: tablet_id: "333667aecdfa49619d270cb5f0a92925" candidate_uuid: "080d98c830a44248b0e49a130ffab5ba" candidate_term: 1 candidate_status { last_received { term: 0 index: 0 } } ignore_live_leader: false dest_uuid: "fb0effe4db3f4135b594d57380bd537e" is_pre_election: true
I20260709 12:16:56.376864 14695 raft_consensus.cc:2468] T 333667aecdfa49619d270cb5f0a92925 P fb0effe4db3f4135b594d57380bd537e [term 0 FOLLOWER]: Leader pre-election vote request: Granting yes vote for candidate 080d98c830a44248b0e49a130ffab5ba in term 0.
I20260709 12:16:56.378171 14734 leader_election.cc:304] T 333667aecdfa49619d270cb5f0a92925 P 080d98c830a44248b0e49a130ffab5ba [CANDIDATE]: Term 1 pre-election: Election decided. Result: candidate won. Election summary: received 2 responses out of 3 voters: 2 yes votes; 0 no votes. yes voters: 080d98c830a44248b0e49a130ffab5ba, fb0effe4db3f4135b594d57380bd537e; no voters: 
I20260709 12:16:56.379029 14892 raft_consensus.cc:2804] T 333667aecdfa49619d270cb5f0a92925 P 080d98c830a44248b0e49a130ffab5ba [term 0 FOLLOWER]: Leader pre-election won for term 1
I20260709 12:16:56.379412 14892 raft_consensus.cc:493] T 333667aecdfa49619d270cb5f0a92925 P 080d98c830a44248b0e49a130ffab5ba [term 0 FOLLOWER]: Starting leader election (no leader contacted us within the election timeout)
I20260709 12:16:56.375883 14912 raft_consensus.cc:3060] T 8f232cce549349a3bf04b75e69728634 P fb0effe4db3f4135b594d57380bd537e [term 0 FOLLOWER]: Advancing to term 1
I20260709 12:16:56.381263 14769 tablet_service.cc:1917] Received RequestConsensusVote() RPC: tablet_id: "38ed0956dd864a40be44e6b560d5022c" candidate_uuid: "a6fca6c32995491eab1a9539ad00385a" candidate_term: 1 candidate_status { last_received { term: 0 index: 0 } } ignore_live_leader: false dest_uuid: "080d98c830a44248b0e49a130ffab5ba" is_pre_election: true
I20260709 12:16:56.382171 14886 tablet_bootstrap.cc:654] T e5ad58a935e143438de10c65cd25b47d P fb0effe4db3f4135b594d57380bd537e: Neither blocks nor log segments found. Creating new log.
I20260709 12:16:56.379791 14892 raft_consensus.cc:3060] T 333667aecdfa49619d270cb5f0a92925 P 080d98c830a44248b0e49a130ffab5ba [term 0 FOLLOWER]: Advancing to term 1
W20260709 12:16:56.382759 14807 leader_election.cc:343] T 38ed0956dd864a40be44e6b560d5022c P a6fca6c32995491eab1a9539ad00385a [CANDIDATE]: Term 1 pre-election: Tablet error from VoteRequest() call to peer 080d98c830a44248b0e49a130ffab5ba (127.13.55.66:44905): Illegal state: must be running to vote when last-logged opid is not known
I20260709 12:16:56.387692 14843 tablet_service.cc:1917] Received RequestConsensusVote() RPC: tablet_id: "333667aecdfa49619d270cb5f0a92925" candidate_uuid: "080d98c830a44248b0e49a130ffab5ba" candidate_term: 1 candidate_status { last_received { term: 0 index: 0 } } ignore_live_leader: false dest_uuid: "a6fca6c32995491eab1a9539ad00385a" is_pre_election: true
I20260709 12:16:56.392699 14770 tablet_service.cc:1917] Received RequestConsensusVote() RPC: tablet_id: "9b2341abd8f84a2ab60b47c1122d1f7c" candidate_uuid: "a6fca6c32995491eab1a9539ad00385a" candidate_term: 1 candidate_status { last_received { term: 0 index: 0 } } ignore_live_leader: false dest_uuid: "080d98c830a44248b0e49a130ffab5ba" is_pre_election: true
W20260709 12:16:56.394049 14807 leader_election.cc:343] T 9b2341abd8f84a2ab60b47c1122d1f7c P a6fca6c32995491eab1a9539ad00385a [CANDIDATE]: Term 1 pre-election: Tablet error from VoteRequest() call to peer 080d98c830a44248b0e49a130ffab5ba (127.13.55.66:44905): Illegal state: must be running to vote when last-logged opid is not known
I20260709 12:16:56.394423 14695 tablet_service.cc:1917] Received RequestConsensusVote() RPC: tablet_id: "38ed0956dd864a40be44e6b560d5022c" candidate_uuid: "a6fca6c32995491eab1a9539ad00385a" candidate_term: 1 candidate_status { last_received { term: 0 index: 0 } } ignore_live_leader: false dest_uuid: "fb0effe4db3f4135b594d57380bd537e" is_pre_election: true
I20260709 12:16:56.395534 14694 tablet_service.cc:1917] Received RequestConsensusVote() RPC: tablet_id: "9b2341abd8f84a2ab60b47c1122d1f7c" candidate_uuid: "a6fca6c32995491eab1a9539ad00385a" candidate_term: 1 candidate_status { last_received { term: 0 index: 0 } } ignore_live_leader: false dest_uuid: "fb0effe4db3f4135b594d57380bd537e" is_pre_election: true
